{"id":13302,"date":"2026-04-27T04:41:06","date_gmt":"2026-04-27T04:41:06","guid":{"rendered":""},"modified":"2026-04-27T04:41:06","modified_gmt":"2026-04-27T04:41:06","slug":"nizka-cena-luftuj-vyustka-vzt-pro-rekuperaci-luftomet-sky-beton-kruh-standard-sedy-13302","status":"publish","type":"product","link":"https:\/\/www.oknobuild.com\/index.php\/produkt\/nizka-cena-luftuj-vyustka-vzt-pro-rekuperaci-luftomet-sky-beton-kruh-standard-sedy-13302\/","title":{"rendered":"N\u00edzk\u00e1 Cena Luftuj Vy\u00fastka VZT pro rekuperaci LUFTOMET Sky beton kruh standard \u0161ed\u00fd"},"content":{"rendered":"<div class=\"ProductDetail-content NoFixImageContainer\" id=\"productDescription\">\n<div class=\"Heading\">\n<h2 class=\"Heading-title\">Popis produktu <span class=''>Luftuj Vy\u00fastka VZT pro rekuperaci LUFTOMET Sky beton kruh standard \u0161ed\u00fd<\/span><\/h2>\n<\/p><\/div>\n<div class=\"ProductDetailContent\">                                                                    <\/div>\n<div class=\"ProductDetailContent\">\n<div class=\"ProductDetailContent-item\">\n<p><strong>V\u011btr\u00e1 a vypad\u00e1 skv\u011ble,&nbsp; bale<\/strong><strong>n\u00ed Single Pack &#8211; v\u0161e co pot\u0159ebujete v jednom bal\u00ed\u010dku<\/strong><\/p>\n<p>Produktov\u00e1 \u0159ada vy\u00fastek s ozna\u010den\u00edm LUFTOMET\u00ae Sky je speci\u00e1ln\u011b dimenzovan\u00e1 jako koncov\u00fd interi\u00e9rov\u00fd prvek v\u011btr\u00e1n\u00ed s centr\u00e1ln\u00ed ventila\u010dn\u00ed rekupera\u010dn\u00ed jednotkou. Lze jej pou\u017e\u00edt v rodinn\u00fdch domech, bytech a mal\u00fdch provozovn\u00e1ch.&nbsp; Zaji\u0161\u0165uje <strong>p\u0159\u00edvod a odvod vzduchu<\/strong> s mal\u00fdmi tlakov\u00fdmi ztr\u00e1tami a v\u00fdborn\u00fdmi hlukov\u00fdmi parametry.<\/p>\n<ul>\n<li>skv\u011bl\u00fd modern\u00ed design<\/li>\n<li>funkce vzduchotechnick\u00e9 vy\u00fastky &#8211; p\u0159iv\u00e1d\u00ed nebo odv\u00e1d\u00ed vzduch (neobsahuje ventil\u00e1tor)<\/li>\n<li>snadn\u00e1 mont\u00e1\u017e zd\u011b\u0159e i designov\u00e9 tal\u00ed\u0159e na zd\u011b\u0159 (neodymov\u00e9 magnety)<\/li>\n<li>t\u011bsn\u00e9 a tich\u00e9 \u0159e\u0161en\u00ed<\/li>\n<li>n\u00edzk\u00e1 tlakov\u00e1 ztr\u00e1ta<\/li>\n<li>vhodn\u00e9 pro reziden\u010dn\u00ed v\u011btr\u00e1n\u00ed<\/li>\n<li>vhodn\u00e9 pro potrub\u00ed SPIRO (i tvarovky) nebo pro stropn\u00ed boxy syst\u00e9mu 75 nebo 90 mm<\/li>\n<\/ul>\n<h3><span style=\"color:#3598db\">Design<\/span><\/h3>\n<p>Precizn\u00ed proveden\u00ed a skv\u011bl\u00fd design p\u0159edur\u010duje v\u0161echny typy na\u0161ich koncov\u00fdch element\u016f vzduchotechniky s n\u00e1zvem LUFTOMET\u00ae k tomu, \u017ee na tuto technickou \u010d\u00e1st Va\u0161eho interi\u00e9ru budete n\u00e1le\u017eit\u011b py\u0161n\u00ed. Tento designov\u00fd prvek p\u0159inese do Va\u0161eho interi\u00e9ru nejen \u010derstv\u00fd vzduch, ale i originalitu, na kterou se r\u00e1di pod\u00edv\u00e1te.<\/p>\n<\/p>\n<h3><span style=\"color:#3598db\">Obsah balen\u00ed<\/span><\/h3>\n<\/p>\n<p>&nbsp;<\/p>\n<table border=\"1\" cellspacing=\"0\" style=\"border-collapse:collapse; height:89.6px; width:900px\">\n<tbody>\n<tr>\n<td style=\"height:22.4px; width:52.0337%\">1) p\u0159epravn\u00ed box se vsadkou (LP-B-1)<\/td>\n<td style=\"height:22.4px; width:47.9663%\">4) 4 x kotv\u00edc\u00ed vrut<\/td>\n<\/tr>\n<tr>\n<td style=\"height:44.8px; width:52.0337%\">2) mont\u00e1\u017en\u00ed r\u00e1me\u010dek SKY (LR-L-XXX)&nbsp; &#8211; 100, 125 nebo 160 mm<\/td>\n<td style=\"height:44.8px; width:47.9663%\">5) 4 x natloukac\u00ed hmo\u017edinka DuoPower (vhodn\u00e1 pro s\u00e1drokarton, cihly apod.)<\/td>\n<\/tr>\n<tr>\n<td style=\"height:22.4px; width:52.0337%\">3) pohledov\u00fd tal\u00ed\u0159 SKY (LS-XX-XX)<\/td>\n<td style=\"height:22.4px; width:47.9663%\">6) n\u00e1vod &nbsp;<\/td>\n<\/tr>\n<\/tbody>\n<\/table>\n<p>&nbsp;<\/p>\n<h3><span style=\"color:#3598db\">Mont\u00e1\u017en\u00ed r\u00e1me\u010dek<\/span><\/h3>\n<p>Unik\u00e1tn\u011b \u0159e\u0161en\u00e1 zd\u011b\u0159 je vyrobena z materi\u00e1lu ABS a PETG. T\u011bsn\u00edc\u00ed guma je vyrobena z EPDM. Zd\u011b\u0159 obsahuje \u010dty\u0159i neodymov\u00e9 magnety (ka\u017ed\u00fd s nosnost\u00ed 4 kg).<\/p>\n<p>Pro LUFTOMET\u00ae Sky je mont\u00e1\u017en\u00ed r\u00e1me\u010dek vyr\u00e1b\u011bn <strong>pro potrub\u00ed nebo boxy velikosti 100, 125 mm a 160 mm.<\/strong><\/p>\n<\/p>\n<p>&nbsp;<\/p>\n<p>&nbsp;<\/p>\n<h4>V\u00fdhody mont\u00e1\u017en\u00ed r\u00e1me\u010dku (zd\u011b\u0159e)<\/h4>\n<p>1) EPDM guma pro dokonalou t\u011bsnost a snadnou mont\u00e1\u017e &#8211; zd\u011b\u0159 je po sund\u00e1n\u00ed t\u011bsn\u00edc\u00ed gumi\u010dky vhodn\u00e1 i pro mont\u00e1\u017e p\u0159\u00edmo do SPIRO tvarovek<\/p>\n<\/p>\n<p>&nbsp;<\/p>\n<p>2) kotven\u00ed zd\u011b\u0159e &#8211; kotv\u00ed se pomoc\u00ed \u010dty\u0159 vrut\u016f p\u0159es s\u00e1drokarton do boxu s lemem nebo do natloukac\u00ed hmo\u017edinky. Vruty jsou dokonale skryty uvnit\u0159 &#8222;kapi\u010dky&#8220; na spodn\u00ed stran\u011b zd\u011b\u0159e a jsou dostate\u010dn\u011b vzd\u00e1leny od hrany otvoru v s\u00e1drokartonu<\/p>\n<\/p>\n<p>&nbsp;<\/p>\n<\/p>\n<p>&nbsp;<\/p>\n<p>3) kotven\u00ed designov\u00e9ho tal\u00ed\u0159e &#8211; elegantn\u00ed a snadn\u00e9 \u0159e\u0161en\u00ed pomoc\u00ed \u010dty\u0159 neodymov\u00fdch magnet\u016f<\/p>\n<\/p>\n<p>&nbsp;<\/p>\n<p>4) bezpe\u010dn\u00e9 uchycen\u00ed designov\u00e9ho pohledov\u00e9ho tal\u00ed\u0159e d\u00edky areta\u010dn\u00edm v\u00fdstupk\u016fm a sly\u0161iteln\u00e9mu dvojit\u00e9mu kliknut\u00ed<\/p>\n<p>&nbsp;<\/p>\n<\/p>\n<h3>&nbsp;<\/h3>\n<h3><span style=\"color:#3598db\">Rozm\u011bry<\/span><\/h3>\n<p>&nbsp; <\/p>\n<p>&nbsp;<\/p>\n<table border=\"1\" cellspacing=\"0\" style=\"border-collapse:collapse; width:99.9684%\">\n<tbody>\n<tr>\n<td style=\"width:14.5739%\">C= 78,8 mm<\/td>\n<td style=\"width:29.5318%\">D1=141 mm<\/td>\n<td style=\"width:32.4389%\">A typ plast:&nbsp; 5 mm<\/td>\n<td style=\"width:23.3182%\">B&nbsp; typ &nbsp;kruh: 200 mm<\/td>\n<\/tr>\n<tr>\n<td style=\"width:14.5739%\">L= 44 mm<\/td>\n<td style=\"width:29.5318%\">D2 &nbsp;rozm\u011br 100 mm: 90 mm<\/td>\n<td style=\"width:32.4389%\">A typ d\u0159evo: 20 mm<\/td>\n<td style=\"width:23.3182%\">B typ \u010dtverec: 200 mm<\/td>\n<\/tr>\n<tr>\n<td style=\"width:14.5739%\">H= 4,1 mm<\/td>\n<td style=\"width:29.5318%\">D2 &nbsp;rozm\u011br 125 mm: 115 mm<\/td>\n<td style=\"width:32.4389%\">A typ beton: 5-10 mm (+-2 mm)<\/td>\n<td style=\"width:23.3182%\">F= 12 mm<\/td>\n<\/tr>\n<tr>\n<td style=\"width:14.5739%\">&nbsp;<\/td>\n<td style=\"width:29.5318%\">D2 rozm\u011br 160: 150 mm<\/td>\n<td style=\"width:32.4389%\">A typ sklo: 4 mm<\/td>\n<td style=\"width:23.3182%\">&nbsp;<\/td>\n<\/tr>\n<\/tbody>\n<\/table>\n<p>&nbsp;<\/p>\n<h3><span style=\"color:#3598db\">Materi\u00e1ly a p\u00e9\u010de o designov\u00e9 tal\u00ed\u0159e LUFTOMET\u00ae Sky<\/span><\/h3>\n<p>\u010cist\u011bte pomoc\u00ed lehce vlhk\u00e9ho had\u0159\u00edku bez chemick\u00fdch l\u00e1tek.<br \/>Skladujte v teplot\u011b 10-40\u00b0 C, relativn\u00ed vlhkost 20-80 % bez p\u0159\u00edm\u00e9ho slune\u010dn\u00edho z\u00e1\u0159en\u00ed. V p\u0159\u00edpad\u011b skladov\u00e1n\u00ed v neorigin\u00e1ln\u00edch krabic\u00edch je nutn\u00e9 prokl\u00e1dat jednotliv\u00e9 tal\u00ed\u0159e, nejl\u00e9pe korkem. Jinak hroz\u00ed po\u0161kr\u00e1b\u00e1n\u00ed.<\/p>\n<p>LS-P-&#8230;.. PLEXISKLO+ LS-G-&#8230;.SKLO + LS-3G-&#8230;. 3D SKLO: &nbsp;Chra\u0148te p\u0159ed po\u0161kr\u00e1b\u00e1n\u00edm. S tal\u00ed\u0159em manipulujte pomoc\u00ed textiln\u00edch rukavic, ot\u00edrejte antistatickou textili\u00ed.<\/p>\n<p>LS-W-&#8230;.. D\u0158EVO: Ka\u017ed\u00fd kus je origin\u00e1l a li\u0161\u00ed se kresbou, tvarem, trhlinami a \u017e\u00edh\u00e1n\u00edm, proto se nemus\u00ed zcela shodovat s vyobrazen\u00fdm vzorkem. D\u0159evo je pe\u010dliv\u011b su\u0161en\u00e9. Vznik dal\u0161\u00edch prasklin a zm\u011bny kresby a barevnosti z\u00e1vis\u00ed na prost\u0159ed\u00ed a jsou p\u0159irozenou charakteristikou materi\u00e1lu. Slune\u010dn\u00ed z\u00e1\u0159en\u00ed m\u016f\u017ee zp\u016fsobit zm\u011bnu odst\u00ednu. V p\u0159\u00edpad\u011b pou\u017eit\u00ed v extr\u00e9mn\u011b vlhk\u00e9m prost\u0159ed\u00ed pou\u017eijte vhodn\u00fd nez\u00e1vadn\u00fd n\u00e1t\u011br a obnovujte jej dle n\u00e1vodu v\u00fdrobce.<\/p>\n<p>LS-C-&#8230;.. BETON: Ka\u017ed\u00fd kus je origin\u00e1l, proto se nemus\u00ed zcela shodovat s vyobrazen\u00fdm proveden\u00edm. Slune\u010dn\u00ed z\u00e1\u0159en\u00ed m\u016f\u017ee zp\u016fsobit zm\u011bnu odst\u00ednu. V p\u0159\u00edpad\u011b pou\u017eit\u00ed ve vlhk\u00e9m prost\u0159ed\u00ed pou\u017eijte vhodn\u00fd nez\u00e1vadn\u00fd n\u00e1t\u011br a obnovujte jej dle n\u00e1vodu v\u00fdrobce. P\u0159i manipulaci zabra\u0148te kontaktu s mastnotou a jin\u00fdmi ne\u010distotami. Pou\u017e\u00edvejte \u010dist\u00e9 textiln\u00ed rukavice. LUFTOMET\u00ae z betonu nen\u00ed ur\u010den pro vertik\u00e1ln\u00ed mont\u00e1\u017e (na st\u011bnu), tuto instalaci konzultujte s v\u00fdrobcem\/dodavatelem.<\/p>\n<h3><span style=\"color:#3598db\">Servis<\/span><\/h3>\n<p>D\u00edky magnet\u016fm je \u010di\u0161t\u011bn\u00ed pohledov\u00e9ho tal\u00ed\u0159e i p\u0159\u00edpadn\u00fd servis vzduchovod\u016f snadn\u00fd. Po sejmut\u00ed designov\u00e9ho tal\u00ed\u0159e ze zd\u011b\u0159e je pro \u010di\u0161t\u011bn\u00ed vzduchovodu p\u0159ipraven kompletn\u011b voln\u00fd pr\u016f\u0159ez.<\/p>\n<p>\u0158e\u0161en\u00ed spl\u0148uje nejvy\u0161\u0161\u00ed n\u00e1roky na design i funkcionalitu (pevnost, t\u011bsnost, snadn\u00e9 kotven\u00ed atd.)<\/p>\n<h3><span style=\"color:#3598db\">Voliteln\u00e9 p\u0159\u00edslu\u0161enstv\u00ed<\/span><\/h3>\n<p><span style=\"color:#000000\">1)&nbsp;<\/span>Deflektor pro LUFTOMET 95 stup\u0148\u016f b\u00edl\u00fd nebo \u010dern\u00fd<\/p>\n<p><span style=\"color:#000000\">2)&nbsp;<\/span>Filtra\u010dn\u00ed set do zd\u011b\u0159e LUFTOMET<\/p>\n<p>3) Regul\u00e1tor pr\u016ftoku s tlum\u00edc\u00edmi \u00fa\u010dinky PF 100, 125, 160 mm<\/p>\n<p>*** Design LUFTOMET\u00ae Lumen a Sky chr\u00e1n\u011bn pomoc\u00ed EUPIO- Registered Community Design***<\/p>\n<div>P\u0159ed prac\u00ed s magnety si p\u0159e\u010dt\u011bte bezpe\u010dnostn\u00ed list<\/div>\n<div>&nbsp;<\/div>\n<h4>Mont\u00e1\u017en\u00ed video n\u00e1vod:<\/h4>\n<\/p>\n<p>&nbsp;<\/p>\n<h4>Obsah balen\u00ed Single Pack<\/h4>\n<\/p><\/div>\n<\/p><\/div>\n<\/p><\/div>\n<\/p><\/div>\n<\/p><\/div>\n","protected":false},"excerpt":{"rendered":"<p>Popis produktu Luftuj Vy\u00fastka VZT pro rekuperaci LUFTOMET Sky beton kruh standard \u0161ed\u00fd V\u011btr\u00e1 a vypad\u00e1 skv\u011ble,&nbsp; balen\u00ed Single Pack &#8211; v\u0161e co pot\u0159ebujete v jednom bal\u00ed\u010dku Produktov\u00e1 \u0159ada vy\u00fastek s ozna\u010den\u00edm LUFTOMET\u00ae Sky je speci\u00e1ln\u011b dimenzovan\u00e1 jako koncov\u00fd interi\u00e9rov\u00fd prvek v\u011btr\u00e1n\u00ed s centr\u00e1ln\u00ed ventila\u010dn\u00ed rekupera\u010dn\u00ed jednotkou. Lze jej pou\u017e\u00edt v rodinn\u00fdch domech, bytech a [&hellip;]<\/p>\n","protected":false},"featured_media":13402,"comment_status":"open","ping_status":"open","template":"","meta":[],"product_brand":[],"product_cat":[70],"product_tag":[],"class_list":{"0":"post-13302","1":"product","2":"type-product","3":"status-publish","4":"has-post-thumbnail","6":"product_cat-rekuperace-vzduchu-a-vody-vetrani","8":"first","9":"instock","10":"sale","11":"shipping-taxable","12":"purchasable","13":"product-type-simple"},"yoast_head":"<!-- This site is optimized with the Yoast SEO plugin v26.8 - https:\/\/yoast.com\/product\/yoast-seo-wordpress\/ -->\n<title>N\u00edzk\u00e1 Cena Luftuj Vy\u00fastka VZT pro rekuperaci LUFTOMET Sky beton kruh standard \u0161ed\u00fd -<\/title>\n<meta name=\"robots\" content=\"index, follow, max-snippet:-1, max-image-preview:large, max-video-preview:-1\" \/>\n<link rel=\"canonical\" href=\"https:\/\/www.oknobuild.com\/index.php\/produkt\/nizka-cena-luftuj-vyustka-vzt-pro-rekuperaci-luftomet-sky-beton-kruh-standard-sedy-13302\/\" \/>\n<meta property=\"og:locale\" content=\"cs_CZ\" \/>\n<meta property=\"og:type\" content=\"article\" \/>\n<meta property=\"og:title\" content=\"N\u00edzk\u00e1 Cena Luftuj Vy\u00fastka VZT pro rekuperaci LUFTOMET Sky beton kruh standard \u0161ed\u00fd -\" \/>\n<meta property=\"og:description\" content=\"Popis produktu Luftuj Vy\u00fastka VZT pro rekuperaci LUFTOMET Sky beton kruh standard \u0161ed\u00fd V\u011btr\u00e1 a vypad\u00e1 skv\u011ble,&nbsp; balen\u00ed Single Pack &#8211; v\u0161e co pot\u0159ebujete v jednom bal\u00ed\u010dku Produktov\u00e1 \u0159ada vy\u00fastek s ozna\u010den\u00edm LUFTOMET\u00ae Sky je speci\u00e1ln\u011b dimenzovan\u00e1 jako koncov\u00fd interi\u00e9rov\u00fd prvek v\u011btr\u00e1n\u00ed s centr\u00e1ln\u00ed ventila\u010dn\u00ed rekupera\u010dn\u00ed jednotkou. Lze jej pou\u017e\u00edt v rodinn\u00fdch domech, bytech a [&hellip;]\" \/>\n<meta property=\"og:url\" content=\"https:\/\/www.oknobuild.com\/index.php\/produkt\/nizka-cena-luftuj-vyustka-vzt-pro-rekuperaci-luftomet-sky-beton-kruh-standard-sedy-13302\/\" \/>\n<meta property=\"og:image\" content=\"https:\/\/www.oknobuild.com\/wp-content\/uploads\/2026\/SK0019454-CZ20260425-092632-0-1777080397-luftuj-vyustka-vzt-pro-rekuperaci-luftomet-sky-beton-kruh-s.webp\" \/>\n\t<meta property=\"og:image:width\" content=\"454\" \/>\n\t<meta property=\"og:image:height\" content=\"454\" \/>\n\t<meta property=\"og:image:type\" content=\"image\/webp\" \/>\n<meta name=\"twitter:card\" content=\"summary_large_image\" \/>\n<meta name=\"twitter:label1\" content=\"Odhadovan\u00e1 doba \u010dten\u00ed\" \/>\n\t<meta name=\"twitter:data1\" content=\"5 minut\" \/>\n<script type=\"application\/ld+json\" class=\"yoast-schema-graph\">{\"@context\":\"https:\/\/schema.org\",\"@graph\":[{\"@type\":\"WebPage\",\"@id\":\"https:\/\/www.oknobuild.com\/index.php\/produkt\/nizka-cena-luftuj-vyustka-vzt-pro-rekuperaci-luftomet-sky-beton-kruh-standard-sedy-13302\/\",\"url\":\"https:\/\/www.oknobuild.com\/index.php\/produkt\/nizka-cena-luftuj-vyustka-vzt-pro-rekuperaci-luftomet-sky-beton-kruh-standard-sedy-13302\/\",\"name\":\"N\u00edzk\u00e1 Cena Luftuj Vy\u00fastka VZT pro rekuperaci LUFTOMET Sky beton kruh standard \u0161ed\u00fd -\",\"isPartOf\":{\"@id\":\"https:\/\/www.oknobuild.com\/#website\"},\"primaryImageOfPage\":{\"@id\":\"https:\/\/www.oknobuild.com\/index.php\/produkt\/nizka-cena-luftuj-vyustka-vzt-pro-rekuperaci-luftomet-sky-beton-kruh-standard-sedy-13302\/#primaryimage\"},\"image\":{\"@id\":\"https:\/\/www.oknobuild.com\/index.php\/produkt\/nizka-cena-luftuj-vyustka-vzt-pro-rekuperaci-luftomet-sky-beton-kruh-standard-sedy-13302\/#primaryimage\"},\"thumbnailUrl\":\"https:\/\/www.oknobuild.com\/wp-content\/uploads\/2026\/SK0019454-CZ20260425-092632-0-1777080397-luftuj-vyustka-vzt-pro-rekuperaci-luftomet-sky-beton-kruh-s.webp\",\"datePublished\":\"2026-04-27T04:41:06+00:00\",\"breadcrumb\":{\"@id\":\"https:\/\/www.oknobuild.com\/index.php\/produkt\/nizka-cena-luftuj-vyustka-vzt-pro-rekuperaci-luftomet-sky-beton-kruh-standard-sedy-13302\/#breadcrumb\"},\"inLanguage\":\"cs\",\"potentialAction\":[{\"@type\":\"ReadAction\",\"target\":[\"https:\/\/www.oknobuild.com\/index.php\/produkt\/nizka-cena-luftuj-vyustka-vzt-pro-rekuperaci-luftomet-sky-beton-kruh-standard-sedy-13302\/\"]}]},{\"@type\":\"ImageObject\",\"inLanguage\":\"cs\",\"@id\":\"https:\/\/www.oknobuild.com\/index.php\/produkt\/nizka-cena-luftuj-vyustka-vzt-pro-rekuperaci-luftomet-sky-beton-kruh-standard-sedy-13302\/#primaryimage\",\"url\":\"https:\/\/www.oknobuild.com\/wp-content\/uploads\/2026\/SK0019454-CZ20260425-092632-0-1777080397-luftuj-vyustka-vzt-pro-rekuperaci-luftomet-sky-beton-kruh-s.webp\",\"contentUrl\":\"https:\/\/www.oknobuild.com\/wp-content\/uploads\/2026\/SK0019454-CZ20260425-092632-0-1777080397-luftuj-vyustka-vzt-pro-rekuperaci-luftomet-sky-beton-kruh-s.webp\",\"width\":454,\"height\":454},{\"@type\":\"BreadcrumbList\",\"@id\":\"https:\/\/www.oknobuild.com\/index.php\/produkt\/nizka-cena-luftuj-vyustka-vzt-pro-rekuperaci-luftomet-sky-beton-kruh-standard-sedy-13302\/#breadcrumb\",\"itemListElement\":[{\"@type\":\"ListItem\",\"position\":1,\"name\":\"Home\",\"item\":\"https:\/\/www.oknobuild.com\/\"},{\"@type\":\"ListItem\",\"position\":2,\"name\":\"Products\",\"item\":\"https:\/\/www.oknobuild.com\/index.php\/products\/\"},{\"@type\":\"ListItem\",\"position\":3,\"name\":\"N\u00edzk\u00e1 Cena Luftuj Vy\u00fastka VZT pro rekuperaci LUFTOMET Sky beton kruh standard \u0161ed\u00fd\"}]},{\"@type\":\"WebSite\",\"@id\":\"https:\/\/www.oknobuild.com\/#website\",\"url\":\"https:\/\/www.oknobuild.com\/\",\"name\":\"\",\"description\":\"\",\"potentialAction\":[{\"@type\":\"SearchAction\",\"target\":{\"@type\":\"EntryPoint\",\"urlTemplate\":\"https:\/\/www.oknobuild.com\/?s={search_term_string}\"},\"query-input\":{\"@type\":\"PropertyValueSpecification\",\"valueRequired\":true,\"valueName\":\"search_term_string\"}}],\"inLanguage\":\"cs\"}]}<\/script>\n<!-- \/ Yoast SEO plugin. -->","yoast_head_json":{"title":"N\u00edzk\u00e1 Cena Luftuj Vy\u00fastka VZT pro rekuperaci LUFTOMET Sky beton kruh standard \u0161ed\u00fd -","robots":{"index":"index","follow":"follow","max-snippet":"max-snippet:-1","max-image-preview":"max-image-preview:large","max-video-preview":"max-video-preview:-1"},"canonical":"https:\/\/www.oknobuild.com\/index.php\/produkt\/nizka-cena-luftuj-vyustka-vzt-pro-rekuperaci-luftomet-sky-beton-kruh-standard-sedy-13302\/","og_locale":"cs_CZ","og_type":"article","og_title":"N\u00edzk\u00e1 Cena Luftuj Vy\u00fastka VZT pro rekuperaci LUFTOMET Sky beton kruh standard \u0161ed\u00fd -","og_description":"Popis produktu Luftuj Vy\u00fastka VZT pro rekuperaci LUFTOMET Sky beton kruh standard \u0161ed\u00fd V\u011btr\u00e1 a vypad\u00e1 skv\u011ble,&nbsp; balen\u00ed Single Pack &#8211; v\u0161e co pot\u0159ebujete v jednom bal\u00ed\u010dku Produktov\u00e1 \u0159ada vy\u00fastek s ozna\u010den\u00edm LUFTOMET\u00ae Sky je speci\u00e1ln\u011b dimenzovan\u00e1 jako koncov\u00fd interi\u00e9rov\u00fd prvek v\u011btr\u00e1n\u00ed s centr\u00e1ln\u00ed ventila\u010dn\u00ed rekupera\u010dn\u00ed jednotkou. Lze jej pou\u017e\u00edt v rodinn\u00fdch domech, bytech a [&hellip;]","og_url":"https:\/\/www.oknobuild.com\/index.php\/produkt\/nizka-cena-luftuj-vyustka-vzt-pro-rekuperaci-luftomet-sky-beton-kruh-standard-sedy-13302\/","og_image":[{"width":454,"height":454,"url":"https:\/\/www.oknobuild.com\/wp-content\/uploads\/2026\/SK0019454-CZ20260425-092632-0-1777080397-luftuj-vyustka-vzt-pro-rekuperaci-luftomet-sky-beton-kruh-s.webp","type":"image\/webp"}],"twitter_card":"summary_large_image","twitter_misc":{"Odhadovan\u00e1 doba \u010dten\u00ed":"5 minut"},"schema":{"@context":"https:\/\/schema.org","@graph":[{"@type":"WebPage","@id":"https:\/\/www.oknobuild.com\/index.php\/produkt\/nizka-cena-luftuj-vyustka-vzt-pro-rekuperaci-luftomet-sky-beton-kruh-standard-sedy-13302\/","url":"https:\/\/www.oknobuild.com\/index.php\/produkt\/nizka-cena-luftuj-vyustka-vzt-pro-rekuperaci-luftomet-sky-beton-kruh-standard-sedy-13302\/","name":"N\u00edzk\u00e1 Cena Luftuj Vy\u00fastka VZT pro rekuperaci LUFTOMET Sky beton kruh standard \u0161ed\u00fd -","isPartOf":{"@id":"https:\/\/www.oknobuild.com\/#website"},"primaryImageOfPage":{"@id":"https:\/\/www.oknobuild.com\/index.php\/produkt\/nizka-cena-luftuj-vyustka-vzt-pro-rekuperaci-luftomet-sky-beton-kruh-standard-sedy-13302\/#primaryimage"},"image":{"@id":"https:\/\/www.oknobuild.com\/index.php\/produkt\/nizka-cena-luftuj-vyustka-vzt-pro-rekuperaci-luftomet-sky-beton-kruh-standard-sedy-13302\/#primaryimage"},"thumbnailUrl":"https:\/\/www.oknobuild.com\/wp-content\/uploads\/2026\/SK0019454-CZ20260425-092632-0-1777080397-luftuj-vyustka-vzt-pro-rekuperaci-luftomet-sky-beton-kruh-s.webp","datePublished":"2026-04-27T04:41:06+00:00","breadcrumb":{"@id":"https:\/\/www.oknobuild.com\/index.php\/produkt\/nizka-cena-luftuj-vyustka-vzt-pro-rekuperaci-luftomet-sky-beton-kruh-standard-sedy-13302\/#breadcrumb"},"inLanguage":"cs","potentialAction":[{"@type":"ReadAction","target":["https:\/\/www.oknobuild.com\/index.php\/produkt\/nizka-cena-luftuj-vyustka-vzt-pro-rekuperaci-luftomet-sky-beton-kruh-standard-sedy-13302\/"]}]},{"@type":"ImageObject","inLanguage":"cs","@id":"https:\/\/www.oknobuild.com\/index.php\/produkt\/nizka-cena-luftuj-vyustka-vzt-pro-rekuperaci-luftomet-sky-beton-kruh-standard-sedy-13302\/#primaryimage","url":"https:\/\/www.oknobuild.com\/wp-content\/uploads\/2026\/SK0019454-CZ20260425-092632-0-1777080397-luftuj-vyustka-vzt-pro-rekuperaci-luftomet-sky-beton-kruh-s.webp","contentUrl":"https:\/\/www.oknobuild.com\/wp-content\/uploads\/2026\/SK0019454-CZ20260425-092632-0-1777080397-luftuj-vyustka-vzt-pro-rekuperaci-luftomet-sky-beton-kruh-s.webp","width":454,"height":454},{"@type":"BreadcrumbList","@id":"https:\/\/www.oknobuild.com\/index.php\/produkt\/nizka-cena-luftuj-vyustka-vzt-pro-rekuperaci-luftomet-sky-beton-kruh-standard-sedy-13302\/#breadcrumb","itemListElement":[{"@type":"ListItem","position":1,"name":"Home","item":"https:\/\/www.oknobuild.com\/"},{"@type":"ListItem","position":2,"name":"Products","item":"https:\/\/www.oknobuild.com\/index.php\/products\/"},{"@type":"ListItem","position":3,"name":"N\u00edzk\u00e1 Cena Luftuj Vy\u00fastka VZT pro rekuperaci LUFTOMET Sky beton kruh standard \u0161ed\u00fd"}]},{"@type":"WebSite","@id":"https:\/\/www.oknobuild.com\/#website","url":"https:\/\/www.oknobuild.com\/","name":"","description":"","potentialAction":[{"@type":"SearchAction","target":{"@type":"EntryPoint","urlTemplate":"https:\/\/www.oknobuild.com\/?s={search_term_string}"},"query-input":{"@type":"PropertyValueSpecification","valueRequired":true,"valueName":"search_term_string"}}],"inLanguage":"cs"}]}},"_links":{"self":[{"href":"https:\/\/www.oknobuild.com\/index.php\/wp-json\/wp\/v2\/product\/13302","targetHints":{"allow":["GET"]}}],"collection":[{"href":"https:\/\/www.oknobuild.com\/index.php\/wp-json\/wp\/v2\/product"}],"about":[{"href":"https:\/\/www.oknobuild.com\/index.php\/wp-json\/wp\/v2\/types\/product"}],"replies":[{"embeddable":true,"href":"https:\/\/www.oknobuild.com\/index.php\/wp-json\/wp\/v2\/comments?post=13302"}],"wp:featuredmedia":[{"embeddable":true,"href":"https:\/\/www.oknobuild.com\/index.php\/wp-json\/wp\/v2\/media\/13402"}],"wp:attachment":[{"href":"https:\/\/www.oknobuild.com\/index.php\/wp-json\/wp\/v2\/media?parent=13302"}],"wp:term":[{"taxonomy":"product_brand","embeddable":true,"href":"https:\/\/www.oknobuild.com\/index.php\/wp-json\/wp\/v2\/product_brand?post=13302"},{"taxonomy":"product_cat","embeddable":true,"href":"https:\/\/www.oknobuild.com\/index.php\/wp-json\/wp\/v2\/product_cat?post=13302"},{"taxonomy":"product_tag","embeddable":true,"href":"https:\/\/www.oknobuild.com\/index.php\/wp-json\/wp\/v2\/product_tag?post=13302"}],"curies":[{"name":"wp","href":"https:\/\/api.w.org\/{rel}","templated":true}]}}