{"id":13558,"date":"2026-04-27T04:41:06","date_gmt":"2026-04-27T04:41:06","guid":{"rendered":""},"modified":"2026-04-27T04:41:06","modified_gmt":"2026-04-27T04:41:06","slug":"akce-novaservis-rohovy-kulovy-kohout-ke-kotlum-dlouhy-13558","status":"publish","type":"product","link":"https:\/\/www.oknobuild.com\/index.php\/produkt\/akce-novaservis-rohovy-kulovy-kohout-ke-kotlum-dlouhy-13558\/","title":{"rendered":"Akce Novaservis Rohov\u00fd kulov\u00fd kohout, ke kotl\u016fm dlouh\u00fd"},"content":{"rendered":"<div class=\"ProductDetail-content NoFixImageContainer\" id=\"productDescription\">\n<div class=\"Heading\">\n<h2 class=\"Heading-title\">Popis produktu <span class=''>Novaservis Rohov\u00fd kulov\u00fd kohout, ke kotl\u016fm dlouh\u00fd<\/span><\/h2>\n<\/p><\/div>\n<div class=\"ProductDetailContent\">                                                                    <\/div>\n<div class=\"ProductDetailContent\">\n<div class=\"ProductDetailContent-item\">\n<ul>\n<li>Maxim\u00e1ln\u00ed pracovn\u00ed tlak: <strong>10 bar<\/strong><\/li>\n<li>Proveden\u00ed: <strong>1\/2&#8243; a 3\/4&#8243;<\/strong><\/li>\n<li>P\u0159epravovan\u00e9 m\u00e9dium: <strong>voda &#8211; glykol 50% <\/strong><\/li>\n<\/ul><\/div>\n<div class=\"ProductDetailContent-item\">\n<ul>\n<li>Proveden\u00ed: <strong>1\/2&#8243;<\/strong><\/li>\n<li>Maxim\u00e1ln\u00ed pracovn\u00ed tlak [bar]: <strong>10 bar<\/strong><\/li>\n<li>P\u0159epravovan\u00e9 m\u00e9dium: <strong>voda &#8211; glykol 50%<\/strong><\/li>\n<li>Maxim\u00e1ln\u00ed pracovn\u00ed teplota [\u00b0C]: <strong>100 \u00b0C<\/strong><\/li>\n<li>Nomin\u00e1ln\u00ed tlak [bar]: <strong>10 bar<\/strong><\/li>\n<li>Ovl\u00e1dac\u00ed rukoje\u0165: <strong>Ano<\/strong><\/li>\n<li>DN: <strong>DN15<\/strong><\/li>\n<li>Dodate\u010dn\u00e9 t\u011bsn\u011bn\u00ed p\u0159ipojen\u00ed: <strong>ploch\u00e9 t\u011bsn\u011bn\u00ed z EPDM<\/strong><\/li>\n<li>Materi\u00e1l t\u011bla\/materi\u00e1l proveden\u00ed: <strong>mosaz CW617N &#8211; 4MS<\/strong><\/li>\n<li>Materi\u00e1l koule: <strong>Mosaz<\/strong><\/li>\n<li>Materi\u00e1l t\u011bsn\u011bn\u00ed koule: <strong>PTFE<\/strong><\/li>\n<li>Materi\u00e1l t\u011bsn\u011bn\u00ed d\u0159\u00edku: <strong>PTFE<\/strong><\/li>\n<li>M\u00e9dia: <strong>voda,50% glykol<\/strong><\/li>\n<li>BEZ NIKLU: <strong>Ano<\/strong><\/li>\n<li>Typ p\u0159ipojen\u00ed: <strong>s polovi\u010dn\u00edm \u0161rouben\u00edm<\/strong><\/li>\n<li>Typ \u00fachytu: <strong>mot\u00fdlek<\/strong><\/li>\n<li>Zp\u016fsob jednotkov\u00e9ho balen\u00ed: <strong>ve\u0161\u00e1k<\/strong><\/li>\n<li>Rozm\u011br A: <strong>G1\/2<\/strong><\/li>\n<li>Rozm\u011br E: <strong>37<\/strong><\/li>\n<li>Rozm\u011br F: <strong>51.3<\/strong><\/li>\n<li>Rozm\u011br H: <strong>54.5<\/strong><\/li>\n<li>Rozm\u011br J: <strong>33.5<\/strong><\/li>\n<li>Rozm\u011br d: <strong>13.5<\/strong><\/li>\n<li>Rozm\u011br C: <strong>63<\/strong><\/li>\n<li>Rozm\u011br D: <strong>10<\/strong><\/li>\n<li>Kv [m3\/h]: <strong>3,7 m3\/h<\/strong><\/li>\n<li>Barva p\u00e1ky ventilu: <strong>\u010derven\u00e1<\/strong><\/li>\n<\/ul><\/div>\n<div class=\"ProductDetailContent-item\">\n<div style=\"background-color:#f9f9f9; border-left:5px solid #4caf50; border-radius:8px; box-shadow:0 4px 12px rgba(0,0,0,0.1); font-family:Arial,sans-serif; margin-bottom:20px; padding:25px 20px 20px 20px; position:relative\"><!-- Ikona info v lev\u00e9m horn\u00edm rohu --><\/p>\n<div style=\"align-items:center; background-color:#4caf50; border-radius:50%; color:#ffffff; display:flex; font-size:18px; font-weight:bold; height:30px; justify-content:center; left:-10px; position:absolute; top:-10px; width:30px\">i<\/div>\n<h3 style=\"margin-left:15px\">\u2705 Zna\u010den\u00ed z\u00e1vit\u016f<\/h3>\n<ul>\n<li><strong>F<\/strong> \u2013 znamen\u00e1 <strong>\u201cfemale\u201d<\/strong>, tedy <strong>vnit\u0159n\u00ed z\u00e1vit<\/strong>.<\/li>\n<li><strong>M<\/strong> \u2013 znamen\u00e1 <strong>\u201cmale\u201d<\/strong>, tedy <strong>vn\u011bj\u0161\u00ed z\u00e1vit<\/strong>.<\/li>\n<li><strong>Fu<\/strong> \u2013 znamen\u00e1 <strong>\u201cfemale union\u201d<\/strong>, tedy <strong>vnit\u0159n\u00ed z\u00e1vit s p\u0159evle\u010dnou matic\u00ed<\/strong>, kter\u00e1 umo\u017e\u0148uje rychl\u00e9 a snadn\u00e9 spojen\u00ed.<\/li>\n<li><strong>Cu<\/strong> \u2013 ozna\u010den\u00ed <strong>m\u011bd\u011bn\u00e9ho p\u0159ipojen\u00ed s mo\u017enost\u00ed p\u00e1jen\u00ed nebo nasazen\u00ed na m\u011bd\u011bn\u00e9 trubky<\/strong> (angl. \u201cadapted for copper\u201d).<\/li>\n<\/ul>\n<h3>Tvar z\u00e1vit\u016f a t\u011bsn\u011bn\u00ed<\/h3>\n<p>Zna\u010den\u00ed <strong>G<\/strong> = <strong>BSPP (British Standard Pipe Parallel)<\/strong><\/p>\n<ul>\n<li><strong>Tvar z\u00e1vitu:<\/strong> rovn\u00fd, nikoli ku\u017eelov\u00fd.<\/li>\n<li><strong>T\u011bsn\u011bn\u00ed:<\/strong> obvykle zaji\u0161\u0165uje <strong>t\u011bsn\u00edc\u00ed krou\u017eek (O-krou\u017eek)<\/strong> nebo t\u011bsnic\u00ed p\u00e1ska.<\/li>\n<li><strong>Pou\u017eit\u00ed:<\/strong> pro vodn\u00ed rozvody, topn\u00e9 syst\u00e9my a jin\u00e9 aplikace <strong>s n\u00edzk\u00fdm tlakem<\/strong>.<\/li>\n<\/ul>\n<p>Zna\u010den\u00ed <strong>R<\/strong> = <strong>BSPT (British Standard Pipe Taper)<\/strong><\/p>\n<ul>\n<li><strong>Tvar z\u00e1vitu:<\/strong> ku\u017eelov\u00fd (z\u00fa\u017een\u00fd sm\u011brem k zakon\u010den\u00ed)<\/li>\n<li><strong>T\u011bsn\u011bn\u00ed:<\/strong> t\u011bsn\u00ed se <strong>vlastn\u00ed geometri\u00ed z\u00e1vitu<\/strong>, p\u0159\u00edpadn\u011b dopln\u011bno <strong>t\u011bsnic\u00ed p\u00e1skou<\/strong> nebo <strong>konop\u00edm<\/strong><\/li>\n<li><strong>Pou\u017eit\u00ed:<\/strong> pro potrubn\u00ed spoje, kde se vy\u017eaduje pevn\u00e9 t\u011bsn\u011bn\u00ed bez dal\u0161\u00edho t\u011bsnic\u00edho prvku, \u010dasto v instalac\u00edch <strong>s vy\u0161\u0161\u00edm tlakem<\/strong><\/li>\n<\/ul>\n<\/div><\/div>\n<\/p><\/div>\n<\/p><\/div>\n<\/p><\/div>\n<\/p><\/div>\n","protected":false},"excerpt":{"rendered":"<p>Popis produktu Novaservis Rohov\u00fd kulov\u00fd kohout, ke kotl\u016fm dlouh\u00fd Maxim\u00e1ln\u00ed pracovn\u00ed tlak: 10 bar Proveden\u00ed: 1\/2&#8243; a 3\/4&#8243; P\u0159epravovan\u00e9 m\u00e9dium: voda &#8211; glykol 50% Proveden\u00ed: 1\/2&#8243; Maxim\u00e1ln\u00ed pracovn\u00ed tlak [bar]: 10 bar P\u0159epravovan\u00e9 m\u00e9dium: voda &#8211; glykol 50% Maxim\u00e1ln\u00ed pracovn\u00ed teplota [\u00b0C]: 100 \u00b0C Nomin\u00e1ln\u00ed tlak [bar]: 10 bar Ovl\u00e1dac\u00ed rukoje\u0165: Ano DN: DN15 Dodate\u010dn\u00e9 [&hellip;]<\/p>\n","protected":false},"featured_media":13658,"comment_status":"open","ping_status":"open","template":"","meta":[],"product_brand":[],"product_cat":[67],"product_tag":[],"class_list":{"0":"post-13558","1":"product","2":"type-product","3":"status-publish","4":"has-post-thumbnail","6":"product_cat-topeni","8":"first","9":"instock","10":"sale","11":"shipping-taxable","12":"purchasable","13":"product-type-simple"},"yoast_head":"<!-- This site is optimized with the Yoast SEO plugin v26.8 - https:\/\/yoast.com\/product\/yoast-seo-wordpress\/ -->\n<title>Akce Novaservis Rohov\u00fd kulov\u00fd kohout, ke kotl\u016fm dlouh\u00fd -<\/title>\n<meta name=\"robots\" content=\"index, follow, max-snippet:-1, max-image-preview:large, max-video-preview:-1\" \/>\n<link rel=\"canonical\" href=\"https:\/\/www.oknobuild.com\/index.php\/produkt\/akce-novaservis-rohovy-kulovy-kohout-ke-kotlum-dlouhy-13558\/\" \/>\n<meta property=\"og:locale\" content=\"cs_CZ\" \/>\n<meta property=\"og:type\" content=\"article\" \/>\n<meta property=\"og:title\" content=\"Akce Novaservis Rohov\u00fd kulov\u00fd kohout, ke kotl\u016fm dlouh\u00fd -\" \/>\n<meta property=\"og:description\" content=\"Popis produktu Novaservis Rohov\u00fd kulov\u00fd kohout, ke kotl\u016fm dlouh\u00fd Maxim\u00e1ln\u00ed pracovn\u00ed tlak: 10 bar Proveden\u00ed: 1\/2&#8243; a 3\/4&#8243; P\u0159epravovan\u00e9 m\u00e9dium: voda &#8211; glykol 50% Proveden\u00ed: 1\/2&#8243; Maxim\u00e1ln\u00ed pracovn\u00ed tlak [bar]: 10 bar P\u0159epravovan\u00e9 m\u00e9dium: voda &#8211; glykol 50% Maxim\u00e1ln\u00ed pracovn\u00ed teplota [\u00b0C]: 100 \u00b0C Nomin\u00e1ln\u00ed tlak [bar]: 10 bar Ovl\u00e1dac\u00ed rukoje\u0165: Ano DN: DN15 Dodate\u010dn\u00e9 [&hellip;]\" \/>\n<meta property=\"og:url\" content=\"https:\/\/www.oknobuild.com\/index.php\/produkt\/akce-novaservis-rohovy-kulovy-kohout-ke-kotlum-dlouhy-13558\/\" \/>\n<meta property=\"og:image\" content=\"https:\/\/www.oknobuild.com\/wp-content\/uploads\/2026\/SK0019624-CZ20260425-092632-0-1777080397-novaservis-rohovy-kulovy-kohout-ke-kotlum-dlouhy-1231800.jp.webp\" \/>\n\t<meta property=\"og:image:width\" content=\"479\" \/>\n\t<meta property=\"og:image:height\" content=\"600\" \/>\n\t<meta property=\"og:image:type\" content=\"image\/webp\" \/>\n<meta name=\"twitter:card\" content=\"summary_large_image\" \/>\n<meta name=\"twitter:label1\" content=\"Odhadovan\u00e1 doba \u010dten\u00ed\" \/>\n\t<meta name=\"twitter:data1\" content=\"2 minuty\" \/>\n<script type=\"application\/ld+json\" class=\"yoast-schema-graph\">{\"@context\":\"https:\/\/schema.org\",\"@graph\":[{\"@type\":\"WebPage\",\"@id\":\"https:\/\/www.oknobuild.com\/index.php\/produkt\/akce-novaservis-rohovy-kulovy-kohout-ke-kotlum-dlouhy-13558\/\",\"url\":\"https:\/\/www.oknobuild.com\/index.php\/produkt\/akce-novaservis-rohovy-kulovy-kohout-ke-kotlum-dlouhy-13558\/\",\"name\":\"Akce Novaservis Rohov\u00fd kulov\u00fd kohout, ke kotl\u016fm dlouh\u00fd -\",\"isPartOf\":{\"@id\":\"https:\/\/www.oknobuild.com\/#website\"},\"primaryImageOfPage\":{\"@id\":\"https:\/\/www.oknobuild.com\/index.php\/produkt\/akce-novaservis-rohovy-kulovy-kohout-ke-kotlum-dlouhy-13558\/#primaryimage\"},\"image\":{\"@id\":\"https:\/\/www.oknobuild.com\/index.php\/produkt\/akce-novaservis-rohovy-kulovy-kohout-ke-kotlum-dlouhy-13558\/#primaryimage\"},\"thumbnailUrl\":\"https:\/\/www.oknobuild.com\/wp-content\/uploads\/2026\/SK0019624-CZ20260425-092632-0-1777080397-novaservis-rohovy-kulovy-kohout-ke-kotlum-dlouhy-1231800.jp.webp\",\"datePublished\":\"2026-04-27T04:41:06+00:00\",\"breadcrumb\":{\"@id\":\"https:\/\/www.oknobuild.com\/index.php\/produkt\/akce-novaservis-rohovy-kulovy-kohout-ke-kotlum-dlouhy-13558\/#breadcrumb\"},\"inLanguage\":\"cs\",\"potentialAction\":[{\"@type\":\"ReadAction\",\"target\":[\"https:\/\/www.oknobuild.com\/index.php\/produkt\/akce-novaservis-rohovy-kulovy-kohout-ke-kotlum-dlouhy-13558\/\"]}]},{\"@type\":\"ImageObject\",\"inLanguage\":\"cs\",\"@id\":\"https:\/\/www.oknobuild.com\/index.php\/produkt\/akce-novaservis-rohovy-kulovy-kohout-ke-kotlum-dlouhy-13558\/#primaryimage\",\"url\":\"https:\/\/www.oknobuild.com\/wp-content\/uploads\/2026\/SK0019624-CZ20260425-092632-0-1777080397-novaservis-rohovy-kulovy-kohout-ke-kotlum-dlouhy-1231800.jp.webp\",\"contentUrl\":\"https:\/\/www.oknobuild.com\/wp-content\/uploads\/2026\/SK0019624-CZ20260425-092632-0-1777080397-novaservis-rohovy-kulovy-kohout-ke-kotlum-dlouhy-1231800.jp.webp\",\"width\":479,\"height\":600},{\"@type\":\"BreadcrumbList\",\"@id\":\"https:\/\/www.oknobuild.com\/index.php\/produkt\/akce-novaservis-rohovy-kulovy-kohout-ke-kotlum-dlouhy-13558\/#breadcrumb\",\"itemListElement\":[{\"@type\":\"ListItem\",\"position\":1,\"name\":\"Home\",\"item\":\"https:\/\/www.oknobuild.com\/\"},{\"@type\":\"ListItem\",\"position\":2,\"name\":\"Products\",\"item\":\"https:\/\/www.oknobuild.com\/index.php\/products\/\"},{\"@type\":\"ListItem\",\"position\":3,\"name\":\"Akce Novaservis Rohov\u00fd kulov\u00fd kohout, ke kotl\u016fm dlouh\u00fd\"}]},{\"@type\":\"WebSite\",\"@id\":\"https:\/\/www.oknobuild.com\/#website\",\"url\":\"https:\/\/www.oknobuild.com\/\",\"name\":\"\",\"description\":\"\",\"potentialAction\":[{\"@type\":\"SearchAction\",\"target\":{\"@type\":\"EntryPoint\",\"urlTemplate\":\"https:\/\/www.oknobuild.com\/?s={search_term_string}\"},\"query-input\":{\"@type\":\"PropertyValueSpecification\",\"valueRequired\":true,\"valueName\":\"search_term_string\"}}],\"inLanguage\":\"cs\"}]}<\/script>\n<!-- \/ Yoast SEO plugin. -->","yoast_head_json":{"title":"Akce Novaservis Rohov\u00fd kulov\u00fd kohout, ke kotl\u016fm dlouh\u00fd -","robots":{"index":"index","follow":"follow","max-snippet":"max-snippet:-1","max-image-preview":"max-image-preview:large","max-video-preview":"max-video-preview:-1"},"canonical":"https:\/\/www.oknobuild.com\/index.php\/produkt\/akce-novaservis-rohovy-kulovy-kohout-ke-kotlum-dlouhy-13558\/","og_locale":"cs_CZ","og_type":"article","og_title":"Akce Novaservis Rohov\u00fd kulov\u00fd kohout, ke kotl\u016fm dlouh\u00fd -","og_description":"Popis produktu Novaservis Rohov\u00fd kulov\u00fd kohout, ke kotl\u016fm dlouh\u00fd Maxim\u00e1ln\u00ed pracovn\u00ed tlak: 10 bar Proveden\u00ed: 1\/2&#8243; a 3\/4&#8243; P\u0159epravovan\u00e9 m\u00e9dium: voda &#8211; glykol 50% Proveden\u00ed: 1\/2&#8243; Maxim\u00e1ln\u00ed pracovn\u00ed tlak [bar]: 10 bar P\u0159epravovan\u00e9 m\u00e9dium: voda &#8211; glykol 50% Maxim\u00e1ln\u00ed pracovn\u00ed teplota [\u00b0C]: 100 \u00b0C Nomin\u00e1ln\u00ed tlak [bar]: 10 bar Ovl\u00e1dac\u00ed rukoje\u0165: Ano DN: DN15 Dodate\u010dn\u00e9 [&hellip;]","og_url":"https:\/\/www.oknobuild.com\/index.php\/produkt\/akce-novaservis-rohovy-kulovy-kohout-ke-kotlum-dlouhy-13558\/","og_image":[{"width":479,"height":600,"url":"https:\/\/www.oknobuild.com\/wp-content\/uploads\/2026\/SK0019624-CZ20260425-092632-0-1777080397-novaservis-rohovy-kulovy-kohout-ke-kotlum-dlouhy-1231800.jp.webp","type":"image\/webp"}],"twitter_card":"summary_large_image","twitter_misc":{"Odhadovan\u00e1 doba \u010dten\u00ed":"2 minuty"},"schema":{"@context":"https:\/\/schema.org","@graph":[{"@type":"WebPage","@id":"https:\/\/www.oknobuild.com\/index.php\/produkt\/akce-novaservis-rohovy-kulovy-kohout-ke-kotlum-dlouhy-13558\/","url":"https:\/\/www.oknobuild.com\/index.php\/produkt\/akce-novaservis-rohovy-kulovy-kohout-ke-kotlum-dlouhy-13558\/","name":"Akce Novaservis Rohov\u00fd kulov\u00fd kohout, ke kotl\u016fm dlouh\u00fd -","isPartOf":{"@id":"https:\/\/www.oknobuild.com\/#website"},"primaryImageOfPage":{"@id":"https:\/\/www.oknobuild.com\/index.php\/produkt\/akce-novaservis-rohovy-kulovy-kohout-ke-kotlum-dlouhy-13558\/#primaryimage"},"image":{"@id":"https:\/\/www.oknobuild.com\/index.php\/produkt\/akce-novaservis-rohovy-kulovy-kohout-ke-kotlum-dlouhy-13558\/#primaryimage"},"thumbnailUrl":"https:\/\/www.oknobuild.com\/wp-content\/uploads\/2026\/SK0019624-CZ20260425-092632-0-1777080397-novaservis-rohovy-kulovy-kohout-ke-kotlum-dlouhy-1231800.jp.webp","datePublished":"2026-04-27T04:41:06+00:00","breadcrumb":{"@id":"https:\/\/www.oknobuild.com\/index.php\/produkt\/akce-novaservis-rohovy-kulovy-kohout-ke-kotlum-dlouhy-13558\/#breadcrumb"},"inLanguage":"cs","potentialAction":[{"@type":"ReadAction","target":["https:\/\/www.oknobuild.com\/index.php\/produkt\/akce-novaservis-rohovy-kulovy-kohout-ke-kotlum-dlouhy-13558\/"]}]},{"@type":"ImageObject","inLanguage":"cs","@id":"https:\/\/www.oknobuild.com\/index.php\/produkt\/akce-novaservis-rohovy-kulovy-kohout-ke-kotlum-dlouhy-13558\/#primaryimage","url":"https:\/\/www.oknobuild.com\/wp-content\/uploads\/2026\/SK0019624-CZ20260425-092632-0-1777080397-novaservis-rohovy-kulovy-kohout-ke-kotlum-dlouhy-1231800.jp.webp","contentUrl":"https:\/\/www.oknobuild.com\/wp-content\/uploads\/2026\/SK0019624-CZ20260425-092632-0-1777080397-novaservis-rohovy-kulovy-kohout-ke-kotlum-dlouhy-1231800.jp.webp","width":479,"height":600},{"@type":"BreadcrumbList","@id":"https:\/\/www.oknobuild.com\/index.php\/produkt\/akce-novaservis-rohovy-kulovy-kohout-ke-kotlum-dlouhy-13558\/#breadcrumb","itemListElement":[{"@type":"ListItem","position":1,"name":"Home","item":"https:\/\/www.oknobuild.com\/"},{"@type":"ListItem","position":2,"name":"Products","item":"https:\/\/www.oknobuild.com\/index.php\/products\/"},{"@type":"ListItem","position":3,"name":"Akce Novaservis Rohov\u00fd kulov\u00fd kohout, ke kotl\u016fm dlouh\u00fd"}]},{"@type":"WebSite","@id":"https:\/\/www.oknobuild.com\/#website","url":"https:\/\/www.oknobuild.com\/","name":"","description":"","potentialAction":[{"@type":"SearchAction","target":{"@type":"EntryPoint","urlTemplate":"https:\/\/www.oknobuild.com\/?s={search_term_string}"},"query-input":{"@type":"PropertyValueSpecification","valueRequired":true,"valueName":"search_term_string"}}],"inLanguage":"cs"}]}},"_links":{"self":[{"href":"https:\/\/www.oknobuild.com\/index.php\/wp-json\/wp\/v2\/product\/13558","targetHints":{"allow":["GET"]}}],"collection":[{"href":"https:\/\/www.oknobuild.com\/index.php\/wp-json\/wp\/v2\/product"}],"about":[{"href":"https:\/\/www.oknobuild.com\/index.php\/wp-json\/wp\/v2\/types\/product"}],"replies":[{"embeddable":true,"href":"https:\/\/www.oknobuild.com\/index.php\/wp-json\/wp\/v2\/comments?post=13558"}],"wp:featuredmedia":[{"embeddable":true,"href":"https:\/\/www.oknobuild.com\/index.php\/wp-json\/wp\/v2\/media\/13658"}],"wp:attachment":[{"href":"https:\/\/www.oknobuild.com\/index.php\/wp-json\/wp\/v2\/media?parent=13558"}],"wp:term":[{"taxonomy":"product_brand","embeddable":true,"href":"https:\/\/www.oknobuild.com\/index.php\/wp-json\/wp\/v2\/product_brand?post=13558"},{"taxonomy":"product_cat","embeddable":true,"href":"https:\/\/www.oknobuild.com\/index.php\/wp-json\/wp\/v2\/product_cat?post=13558"},{"taxonomy":"product_tag","embeddable":true,"href":"https:\/\/www.oknobuild.com\/index.php\/wp-json\/wp\/v2\/product_tag?post=13558"}],"curies":[{"name":"wp","href":"https:\/\/api.w.org\/{rel}","templated":true}]}}