{"id":13747,"date":"2026-04-27T04:41:07","date_gmt":"2026-04-27T04:41:07","guid":{"rendered":""},"modified":"2026-04-27T04:41:07","modified_gmt":"2026-04-27T04:41:07","slug":"zlevneny-umyvadlo-na-desku-rea-roxy-c-49x31-cm-svetle-sedy-kamen-rea-u6651-13747","status":"publish","type":"product","link":"https:\/\/www.oknobuild.com\/index.php\/produkt\/zlevneny-umyvadlo-na-desku-rea-roxy-c-49x31-cm-svetle-sedy-kamen-rea-u6651-13747\/","title":{"rendered":"Zlevn\u011bn\u00fd Umyvadlo na desku Rea Roxy C 49&#215;31 cm sv\u011btle \u0161ed\u00fd k\u00e1men &#8211; REA-U6651"},"content":{"rendered":"<div class=\"ProductDetail-content NoFixImageContainer\" id=\"productDescription\">\n<div class=\"Heading\">\n<h2 class=\"Heading-title\">Popis produktu <span class=''>Umyvadlo na desku Rea Roxy C 49&#215;31 cm sv\u011btle \u0161ed\u00fd k\u00e1men &#8211; REA-U6651<\/span><\/h2>\n<\/p><\/div>\n<div class=\"ProductDetailContent\">                                                                    <\/div>\n<div class=\"ProductDetailContent\">\n<div class=\"ProductDetailContent-item\">\n<ul>\n<li>Zp\u016fsob mont\u00e1\u017ee: <strong>Na desku\t<\/strong><\/li>\n<li>Materi\u00e1l: <strong>Sanit\u00e1rn\u00ed keramika<\/strong><\/li>\n<li>Barva: <strong>Imitace kamene<\/strong><\/li>\n<li>Proveden\u00ed: <strong>Matn\u00fd<\/strong><\/li>\n<li>D\u00e9lka: <strong>490<\/strong><\/li>\n<li>\u0160\u00ed\u0159ka : <strong>310<\/strong><\/li>\n<li>V\u00fd\u0161ka : <strong>135<\/strong><\/li>\n<li>Hloubka: <strong>100<\/strong><\/li>\n<li>Tvar: <strong>Ov\u00e1ln\u00fd<\/strong><\/li>\n<\/ul><\/div>\n<\/p><\/div>\n<\/p><\/div>\n<\/p><\/div>\n<\/p><\/div>\n","protected":false},"excerpt":{"rendered":"<p>Popis produktu Umyvadlo na desku Rea Roxy C 49&#215;31 cm sv\u011btle \u0161ed\u00fd k\u00e1men &#8211; REA-U6651 Zp\u016fsob mont\u00e1\u017ee: Na desku Materi\u00e1l: Sanit\u00e1rn\u00ed keramika Barva: Imitace kamene Proveden\u00ed: Matn\u00fd D\u00e9lka: 490 \u0160\u00ed\u0159ka : 310 V\u00fd\u0161ka : 135 Hloubka: 100 Tvar: Ov\u00e1ln\u00fd<\/p>\n","protected":false},"featured_media":13847,"comment_status":"open","ping_status":"open","template":"","meta":[],"product_brand":[],"product_cat":[65],"product_tag":[],"class_list":{"0":"post-13747","1":"product","2":"type-product","3":"status-publish","4":"has-post-thumbnail","6":"product_cat-koupelny","8":"first","9":"instock","10":"sale","11":"shipping-taxable","12":"purchasable","13":"product-type-simple"},"yoast_head":"<!-- This site is optimized with the Yoast SEO plugin v26.8 - https:\/\/yoast.com\/product\/yoast-seo-wordpress\/ -->\n<title>Zlevn\u011bn\u00fd Umyvadlo na desku Rea Roxy C 49x31 cm sv\u011btle \u0161ed\u00fd k\u00e1men - REA-U6651 -<\/title>\n<meta name=\"robots\" content=\"index, follow, max-snippet:-1, max-image-preview:large, max-video-preview:-1\" \/>\n<link rel=\"canonical\" href=\"https:\/\/www.oknobuild.com\/index.php\/produkt\/zlevneny-umyvadlo-na-desku-rea-roxy-c-49x31-cm-svetle-sedy-kamen-rea-u6651-13747\/\" \/>\n<meta property=\"og:locale\" content=\"cs_CZ\" \/>\n<meta property=\"og:type\" content=\"article\" \/>\n<meta property=\"og:title\" content=\"Zlevn\u011bn\u00fd Umyvadlo na desku Rea Roxy C 49x31 cm sv\u011btle \u0161ed\u00fd k\u00e1men - REA-U6651 -\" \/>\n<meta property=\"og:description\" content=\"Popis produktu Umyvadlo na desku Rea Roxy C 49&#215;31 cm sv\u011btle \u0161ed\u00fd k\u00e1men &#8211; REA-U6651 Zp\u016fsob mont\u00e1\u017ee: Na desku Materi\u00e1l: Sanit\u00e1rn\u00ed keramika Barva: Imitace kamene Proveden\u00ed: Matn\u00fd D\u00e9lka: 490 \u0160\u00ed\u0159ka : 310 V\u00fd\u0161ka : 135 Hloubka: 100 Tvar: Ov\u00e1ln\u00fd\" \/>\n<meta property=\"og:url\" content=\"https:\/\/www.oknobuild.com\/index.php\/produkt\/zlevneny-umyvadlo-na-desku-rea-roxy-c-49x31-cm-svetle-sedy-kamen-rea-u6651-13747\/\" \/>\n<meta property=\"og:image\" content=\"https:\/\/www.oknobuild.com\/wp-content\/uploads\/2026\/SK0019713-CZ20260425-092632-0-1777080397-umyvadlo-na-desku-rea-roxy-c-49x31-cm-svetle-sedy-kamen-rea.webp\" \/>\n\t<meta property=\"og:image:width\" content=\"600\" \/>\n\t<meta property=\"og:image:height\" content=\"524\" \/>\n\t<meta property=\"og:image:type\" content=\"image\/webp\" \/>\n<meta name=\"twitter:card\" content=\"summary_large_image\" \/>\n<script type=\"application\/ld+json\" class=\"yoast-schema-graph\">{\"@context\":\"https:\/\/schema.org\",\"@graph\":[{\"@type\":\"WebPage\",\"@id\":\"https:\/\/www.oknobuild.com\/index.php\/produkt\/zlevneny-umyvadlo-na-desku-rea-roxy-c-49x31-cm-svetle-sedy-kamen-rea-u6651-13747\/\",\"url\":\"https:\/\/www.oknobuild.com\/index.php\/produkt\/zlevneny-umyvadlo-na-desku-rea-roxy-c-49x31-cm-svetle-sedy-kamen-rea-u6651-13747\/\",\"name\":\"Zlevn\u011bn\u00fd Umyvadlo na desku Rea Roxy C 49x31 cm sv\u011btle \u0161ed\u00fd k\u00e1men - REA-U6651 -\",\"isPartOf\":{\"@id\":\"https:\/\/www.oknobuild.com\/#website\"},\"primaryImageOfPage\":{\"@id\":\"https:\/\/www.oknobuild.com\/index.php\/produkt\/zlevneny-umyvadlo-na-desku-rea-roxy-c-49x31-cm-svetle-sedy-kamen-rea-u6651-13747\/#primaryimage\"},\"image\":{\"@id\":\"https:\/\/www.oknobuild.com\/index.php\/produkt\/zlevneny-umyvadlo-na-desku-rea-roxy-c-49x31-cm-svetle-sedy-kamen-rea-u6651-13747\/#primaryimage\"},\"thumbnailUrl\":\"https:\/\/www.oknobuild.com\/wp-content\/uploads\/2026\/SK0019713-CZ20260425-092632-0-1777080397-umyvadlo-na-desku-rea-roxy-c-49x31-cm-svetle-sedy-kamen-rea.webp\",\"datePublished\":\"2026-04-27T04:41:07+00:00\",\"breadcrumb\":{\"@id\":\"https:\/\/www.oknobuild.com\/index.php\/produkt\/zlevneny-umyvadlo-na-desku-rea-roxy-c-49x31-cm-svetle-sedy-kamen-rea-u6651-13747\/#breadcrumb\"},\"inLanguage\":\"cs\",\"potentialAction\":[{\"@type\":\"ReadAction\",\"target\":[\"https:\/\/www.oknobuild.com\/index.php\/produkt\/zlevneny-umyvadlo-na-desku-rea-roxy-c-49x31-cm-svetle-sedy-kamen-rea-u6651-13747\/\"]}]},{\"@type\":\"ImageObject\",\"inLanguage\":\"cs\",\"@id\":\"https:\/\/www.oknobuild.com\/index.php\/produkt\/zlevneny-umyvadlo-na-desku-rea-roxy-c-49x31-cm-svetle-sedy-kamen-rea-u6651-13747\/#primaryimage\",\"url\":\"https:\/\/www.oknobuild.com\/wp-content\/uploads\/2026\/SK0019713-CZ20260425-092632-0-1777080397-umyvadlo-na-desku-rea-roxy-c-49x31-cm-svetle-sedy-kamen-rea.webp\",\"contentUrl\":\"https:\/\/www.oknobuild.com\/wp-content\/uploads\/2026\/SK0019713-CZ20260425-092632-0-1777080397-umyvadlo-na-desku-rea-roxy-c-49x31-cm-svetle-sedy-kamen-rea.webp\",\"width\":600,\"height\":524},{\"@type\":\"BreadcrumbList\",\"@id\":\"https:\/\/www.oknobuild.com\/index.php\/produkt\/zlevneny-umyvadlo-na-desku-rea-roxy-c-49x31-cm-svetle-sedy-kamen-rea-u6651-13747\/#breadcrumb\",\"itemListElement\":[{\"@type\":\"ListItem\",\"position\":1,\"name\":\"Home\",\"item\":\"https:\/\/www.oknobuild.com\/\"},{\"@type\":\"ListItem\",\"position\":2,\"name\":\"Products\",\"item\":\"https:\/\/www.oknobuild.com\/index.php\/products\/\"},{\"@type\":\"ListItem\",\"position\":3,\"name\":\"Zlevn\u011bn\u00fd Umyvadlo na desku Rea Roxy C 49&#215;31 cm sv\u011btle \u0161ed\u00fd k\u00e1men &#8211; REA-U6651\"}]},{\"@type\":\"WebSite\",\"@id\":\"https:\/\/www.oknobuild.com\/#website\",\"url\":\"https:\/\/www.oknobuild.com\/\",\"name\":\"\",\"description\":\"\",\"potentialAction\":[{\"@type\":\"SearchAction\",\"target\":{\"@type\":\"EntryPoint\",\"urlTemplate\":\"https:\/\/www.oknobuild.com\/?s={search_term_string}\"},\"query-input\":{\"@type\":\"PropertyValueSpecification\",\"valueRequired\":true,\"valueName\":\"search_term_string\"}}],\"inLanguage\":\"cs\"}]}<\/script>\n<!-- \/ Yoast SEO plugin. -->","yoast_head_json":{"title":"Zlevn\u011bn\u00fd Umyvadlo na desku Rea Roxy C 49x31 cm sv\u011btle \u0161ed\u00fd k\u00e1men - REA-U6651 -","robots":{"index":"index","follow":"follow","max-snippet":"max-snippet:-1","max-image-preview":"max-image-preview:large","max-video-preview":"max-video-preview:-1"},"canonical":"https:\/\/www.oknobuild.com\/index.php\/produkt\/zlevneny-umyvadlo-na-desku-rea-roxy-c-49x31-cm-svetle-sedy-kamen-rea-u6651-13747\/","og_locale":"cs_CZ","og_type":"article","og_title":"Zlevn\u011bn\u00fd Umyvadlo na desku Rea Roxy C 49x31 cm sv\u011btle \u0161ed\u00fd k\u00e1men - REA-U6651 -","og_description":"Popis produktu Umyvadlo na desku Rea Roxy C 49&#215;31 cm sv\u011btle \u0161ed\u00fd k\u00e1men &#8211; REA-U6651 Zp\u016fsob mont\u00e1\u017ee: Na desku Materi\u00e1l: Sanit\u00e1rn\u00ed keramika Barva: Imitace kamene Proveden\u00ed: Matn\u00fd D\u00e9lka: 490 \u0160\u00ed\u0159ka : 310 V\u00fd\u0161ka : 135 Hloubka: 100 Tvar: Ov\u00e1ln\u00fd","og_url":"https:\/\/www.oknobuild.com\/index.php\/produkt\/zlevneny-umyvadlo-na-desku-rea-roxy-c-49x31-cm-svetle-sedy-kamen-rea-u6651-13747\/","og_image":[{"width":600,"height":524,"url":"https:\/\/www.oknobuild.com\/wp-content\/uploads\/2026\/SK0019713-CZ20260425-092632-0-1777080397-umyvadlo-na-desku-rea-roxy-c-49x31-cm-svetle-sedy-kamen-rea.webp","type":"image\/webp"}],"twitter_card":"summary_large_image","schema":{"@context":"https:\/\/schema.org","@graph":[{"@type":"WebPage","@id":"https:\/\/www.oknobuild.com\/index.php\/produkt\/zlevneny-umyvadlo-na-desku-rea-roxy-c-49x31-cm-svetle-sedy-kamen-rea-u6651-13747\/","url":"https:\/\/www.oknobuild.com\/index.php\/produkt\/zlevneny-umyvadlo-na-desku-rea-roxy-c-49x31-cm-svetle-sedy-kamen-rea-u6651-13747\/","name":"Zlevn\u011bn\u00fd Umyvadlo na desku Rea Roxy C 49x31 cm sv\u011btle \u0161ed\u00fd k\u00e1men - REA-U6651 -","isPartOf":{"@id":"https:\/\/www.oknobuild.com\/#website"},"primaryImageOfPage":{"@id":"https:\/\/www.oknobuild.com\/index.php\/produkt\/zlevneny-umyvadlo-na-desku-rea-roxy-c-49x31-cm-svetle-sedy-kamen-rea-u6651-13747\/#primaryimage"},"image":{"@id":"https:\/\/www.oknobuild.com\/index.php\/produkt\/zlevneny-umyvadlo-na-desku-rea-roxy-c-49x31-cm-svetle-sedy-kamen-rea-u6651-13747\/#primaryimage"},"thumbnailUrl":"https:\/\/www.oknobuild.com\/wp-content\/uploads\/2026\/SK0019713-CZ20260425-092632-0-1777080397-umyvadlo-na-desku-rea-roxy-c-49x31-cm-svetle-sedy-kamen-rea.webp","datePublished":"2026-04-27T04:41:07+00:00","breadcrumb":{"@id":"https:\/\/www.oknobuild.com\/index.php\/produkt\/zlevneny-umyvadlo-na-desku-rea-roxy-c-49x31-cm-svetle-sedy-kamen-rea-u6651-13747\/#breadcrumb"},"inLanguage":"cs","potentialAction":[{"@type":"ReadAction","target":["https:\/\/www.oknobuild.com\/index.php\/produkt\/zlevneny-umyvadlo-na-desku-rea-roxy-c-49x31-cm-svetle-sedy-kamen-rea-u6651-13747\/"]}]},{"@type":"ImageObject","inLanguage":"cs","@id":"https:\/\/www.oknobuild.com\/index.php\/produkt\/zlevneny-umyvadlo-na-desku-rea-roxy-c-49x31-cm-svetle-sedy-kamen-rea-u6651-13747\/#primaryimage","url":"https:\/\/www.oknobuild.com\/wp-content\/uploads\/2026\/SK0019713-CZ20260425-092632-0-1777080397-umyvadlo-na-desku-rea-roxy-c-49x31-cm-svetle-sedy-kamen-rea.webp","contentUrl":"https:\/\/www.oknobuild.com\/wp-content\/uploads\/2026\/SK0019713-CZ20260425-092632-0-1777080397-umyvadlo-na-desku-rea-roxy-c-49x31-cm-svetle-sedy-kamen-rea.webp","width":600,"height":524},{"@type":"BreadcrumbList","@id":"https:\/\/www.oknobuild.com\/index.php\/produkt\/zlevneny-umyvadlo-na-desku-rea-roxy-c-49x31-cm-svetle-sedy-kamen-rea-u6651-13747\/#breadcrumb","itemListElement":[{"@type":"ListItem","position":1,"name":"Home","item":"https:\/\/www.oknobuild.com\/"},{"@type":"ListItem","position":2,"name":"Products","item":"https:\/\/www.oknobuild.com\/index.php\/products\/"},{"@type":"ListItem","position":3,"name":"Zlevn\u011bn\u00fd Umyvadlo na desku Rea Roxy C 49&#215;31 cm sv\u011btle \u0161ed\u00fd k\u00e1men &#8211; REA-U6651"}]},{"@type":"WebSite","@id":"https:\/\/www.oknobuild.com\/#website","url":"https:\/\/www.oknobuild.com\/","name":"","description":"","potentialAction":[{"@type":"SearchAction","target":{"@type":"EntryPoint","urlTemplate":"https:\/\/www.oknobuild.com\/?s={search_term_string}"},"query-input":{"@type":"PropertyValueSpecification","valueRequired":true,"valueName":"search_term_string"}}],"inLanguage":"cs"}]}},"_links":{"self":[{"href":"https:\/\/www.oknobuild.com\/index.php\/wp-json\/wp\/v2\/product\/13747","targetHints":{"allow":["GET"]}}],"collection":[{"href":"https:\/\/www.oknobuild.com\/index.php\/wp-json\/wp\/v2\/product"}],"about":[{"href":"https:\/\/www.oknobuild.com\/index.php\/wp-json\/wp\/v2\/types\/product"}],"replies":[{"embeddable":true,"href":"https:\/\/www.oknobuild.com\/index.php\/wp-json\/wp\/v2\/comments?post=13747"}],"wp:featuredmedia":[{"embeddable":true,"href":"https:\/\/www.oknobuild.com\/index.php\/wp-json\/wp\/v2\/media\/13847"}],"wp:attachment":[{"href":"https:\/\/www.oknobuild.com\/index.php\/wp-json\/wp\/v2\/media?parent=13747"}],"wp:term":[{"taxonomy":"product_brand","embeddable":true,"href":"https:\/\/www.oknobuild.com\/index.php\/wp-json\/wp\/v2\/product_brand?post=13747"},{"taxonomy":"product_cat","embeddable":true,"href":"https:\/\/www.oknobuild.com\/index.php\/wp-json\/wp\/v2\/product_cat?post=13747"},{"taxonomy":"product_tag","embeddable":true,"href":"https:\/\/www.oknobuild.com\/index.php\/wp-json\/wp\/v2\/product_tag?post=13747"}],"curies":[{"name":"wp","href":"https:\/\/api.w.org\/{rel}","templated":true}]}}