{"id":14548,"date":"2026-04-27T04:41:09","date_gmt":"2026-04-27T04:41:09","guid":{"rendered":""},"modified":"2026-04-27T04:41:09","modified_gmt":"2026-04-27T04:41:09","slug":"znackovy-gedy-pirenei-drzak-rucniku-zlato-pi7087-14548","status":"publish","type":"product","link":"https:\/\/www.oknobuild.com\/index.php\/produkt\/znackovy-gedy-pirenei-drzak-rucniku-zlato-pi7087-14548\/","title":{"rendered":"Zna\u010dkov\u00fd Gedy PIRENEI dr\u017e\u00e1k ru\u010dn\u00edk\u016f, zlato PI7087"},"content":{"rendered":"<div class=\"tabs__content-outer\" id=\"tab_description\" data-hash=\"description\" data-tabindex=\"-1\">\n<div class=\"tabs__content toggle_description\" id=\"content_description\">\n<div class=\"wysiwyg-content\">\n<div class=\"product__tab product__description full-width\">\n<div class=\"container\">\n<div >\n<h3>Gedy PIRENEI dr\u017e\u00e1k ru\u010dn\u00edk\u016f, zlato PI7087<\/h3>\n<p style=\"text-align: justify;\">Snad inspirov\u00e1n pohledem na kr\u00e1su Pyrenej\u00ed navrhl design\u00e9r s\u00e9rii dopl\u0148k\u016f PIRENEI. Masivn\u00ed z\u00e1kladna, kombinace p\u0159\u00edm\u00fdch lini\u00ed a zaoblen\u00fdch hran je spojen\u00edm elegance a majest\u00e1tnosti. Na v\u00fdb\u011br jsou dopl\u0148ky v proveden\u00ed v chromov\u00e9, matn\u00e9 \u010dern\u00e9, matn\u00e9 b\u00edl\u00e9, zlat\u00e9 a matn\u00e9 zlat\u00e9 variant\u011b.<\/p>\n<div class=\"product-explanation-item\">\n<h3>PVD povrchov\u00e1 \u00faprava<\/h3>\n<p style=\"text-align: justify;\">Technologie nan\u00e1\u0161en\u00ed tenk\u00fdch vrstev napa\u0159ov\u00e1n\u00edm ve vakuov\u00e9 komo\u0159e. Nan\u00e1\u0161en\u00fd materi\u00e1l se spojuje s podkladem na molekul\u00e1rn\u00ed b\u00e1zi. D\u00edky tomu se povrch stane tvrd\u00fdm, odoln\u00fdm korozi, kyselin\u00e1m, ot\u011bru a vysok\u00fdm teplot\u00e1m. Tato technologie je nav\u00edc \u0161etrn\u00e1 k \u017eivotn\u00edmu prost\u0159ed\u00ed.<\/p>\n<\/p><\/div>\n<p><\/p>\n<p><b>Vlastnosti<\/b><\/p>\n<ul>\n<li><span>Materi\u00e1l:<\/span> Slitina<\/li>\n<li><span>Barva:<\/span> Zlat\u00e1<\/li>\n<li><span>Instalace:<\/span> Vrt\u00e1n\u00ed<\/li>\n<li><span>Tvar:<\/span> Hranat\u00e9<\/li>\n<li><span>Rozm\u011br:<\/span> 230x150x50 mm<\/li>\n<li><span>Druh:<\/span> Dr\u017e\u00e1k ru\u010dn\u00edk\u016f: kruh<\/li>\n<li><span>\u0160\u00ed\u0159ka:<\/span> 230 mm<\/li>\n<li><span>V\u00fd\u0161ka:<\/span> 150 mm<\/li>\n<li><span>Hloubka:<\/span> 50 mm<\/li>\n<li><span>V\u00fdbava:<\/span> PVD povrchov\u00e1 \u00faprava<\/li>\n<\/ul>\n<\/div><\/div>\n<\/p><\/div>\n<\/p><\/div>\n<\/p><\/div>\n","protected":false},"excerpt":{"rendered":"<p>Gedy PIRENEI dr\u017e\u00e1k ru\u010dn\u00edk\u016f, zlato PI7087 Snad inspirov\u00e1n pohledem na kr\u00e1su Pyrenej\u00ed navrhl design\u00e9r s\u00e9rii dopl\u0148k\u016f PIRENEI. Masivn\u00ed z\u00e1kladna, kombinace p\u0159\u00edm\u00fdch lini\u00ed a zaoblen\u00fdch hran je spojen\u00edm elegance a majest\u00e1tnosti. Na v\u00fdb\u011br jsou dopl\u0148ky v proveden\u00ed v chromov\u00e9, matn\u00e9 \u010dern\u00e9, matn\u00e9 b\u00edl\u00e9, zlat\u00e9 a matn\u00e9 zlat\u00e9 variant\u011b. PVD povrchov\u00e1 \u00faprava Technologie nan\u00e1\u0161en\u00ed tenk\u00fdch vrstev napa\u0159ov\u00e1n\u00edm [&hellip;]<\/p>\n","protected":false},"featured_media":14648,"comment_status":"open","ping_status":"open","template":"","meta":[],"product_brand":[],"product_cat":[71],"product_tag":[],"class_list":{"0":"post-14548","1":"product","2":"type-product","3":"status-publish","4":"has-post-thumbnail","6":"product_cat-koupelna","8":"first","9":"instock","10":"sale","11":"shipping-taxable","12":"purchasable","13":"product-type-simple"},"yoast_head":"<!-- This site is optimized with the Yoast SEO plugin v26.8 - https:\/\/yoast.com\/product\/yoast-seo-wordpress\/ -->\n<title>Zna\u010dkov\u00fd Gedy PIRENEI dr\u017e\u00e1k ru\u010dn\u00edk\u016f, zlato PI7087 -<\/title>\n<meta name=\"robots\" content=\"index, follow, max-snippet:-1, max-image-preview:large, max-video-preview:-1\" \/>\n<link rel=\"canonical\" href=\"https:\/\/www.oknobuild.com\/index.php\/produkt\/znackovy-gedy-pirenei-drzak-rucniku-zlato-pi7087-14548\/\" \/>\n<meta property=\"og:locale\" content=\"cs_CZ\" \/>\n<meta property=\"og:type\" content=\"article\" \/>\n<meta property=\"og:title\" content=\"Zna\u010dkov\u00fd Gedy PIRENEI dr\u017e\u00e1k ru\u010dn\u00edk\u016f, zlato PI7087 -\" \/>\n<meta property=\"og:description\" content=\"Gedy PIRENEI dr\u017e\u00e1k ru\u010dn\u00edk\u016f, zlato PI7087 Snad inspirov\u00e1n pohledem na kr\u00e1su Pyrenej\u00ed navrhl design\u00e9r s\u00e9rii dopl\u0148k\u016f PIRENEI. Masivn\u00ed z\u00e1kladna, kombinace p\u0159\u00edm\u00fdch lini\u00ed a zaoblen\u00fdch hran je spojen\u00edm elegance a majest\u00e1tnosti. Na v\u00fdb\u011br jsou dopl\u0148ky v proveden\u00ed v chromov\u00e9, matn\u00e9 \u010dern\u00e9, matn\u00e9 b\u00edl\u00e9, zlat\u00e9 a matn\u00e9 zlat\u00e9 variant\u011b. PVD povrchov\u00e1 \u00faprava Technologie nan\u00e1\u0161en\u00ed tenk\u00fdch vrstev napa\u0159ov\u00e1n\u00edm [&hellip;]\" \/>\n<meta property=\"og:url\" content=\"https:\/\/www.oknobuild.com\/index.php\/produkt\/znackovy-gedy-pirenei-drzak-rucniku-zlato-pi7087-14548\/\" \/>\n<meta property=\"og:image\" content=\"https:\/\/www.oknobuild.com\/wp-content\/uploads\/2026\/SK0015519-CZ20260425-093041-0-1777080643-65e53357110cb3626b440db6ada52fa8.webp\" \/>\n\t<meta property=\"og:image:width\" content=\"722\" \/>\n\t<meta property=\"og:image:height\" content=\"781\" \/>\n\t<meta property=\"og:image:type\" content=\"image\/webp\" \/>\n<meta name=\"twitter:card\" content=\"summary_large_image\" \/>\n<meta name=\"twitter:label1\" content=\"Odhadovan\u00e1 doba \u010dten\u00ed\" \/>\n\t<meta name=\"twitter:data1\" content=\"1 minuta\" \/>\n<script type=\"application\/ld+json\" class=\"yoast-schema-graph\">{\"@context\":\"https:\/\/schema.org\",\"@graph\":[{\"@type\":\"WebPage\",\"@id\":\"https:\/\/www.oknobuild.com\/index.php\/produkt\/znackovy-gedy-pirenei-drzak-rucniku-zlato-pi7087-14548\/\",\"url\":\"https:\/\/www.oknobuild.com\/index.php\/produkt\/znackovy-gedy-pirenei-drzak-rucniku-zlato-pi7087-14548\/\",\"name\":\"Zna\u010dkov\u00fd Gedy PIRENEI dr\u017e\u00e1k ru\u010dn\u00edk\u016f, zlato PI7087 -\",\"isPartOf\":{\"@id\":\"https:\/\/www.oknobuild.com\/#website\"},\"primaryImageOfPage\":{\"@id\":\"https:\/\/www.oknobuild.com\/index.php\/produkt\/znackovy-gedy-pirenei-drzak-rucniku-zlato-pi7087-14548\/#primaryimage\"},\"image\":{\"@id\":\"https:\/\/www.oknobuild.com\/index.php\/produkt\/znackovy-gedy-pirenei-drzak-rucniku-zlato-pi7087-14548\/#primaryimage\"},\"thumbnailUrl\":\"https:\/\/www.oknobuild.com\/wp-content\/uploads\/2026\/SK0015519-CZ20260425-093041-0-1777080643-65e53357110cb3626b440db6ada52fa8.webp\",\"datePublished\":\"2026-04-27T04:41:09+00:00\",\"breadcrumb\":{\"@id\":\"https:\/\/www.oknobuild.com\/index.php\/produkt\/znackovy-gedy-pirenei-drzak-rucniku-zlato-pi7087-14548\/#breadcrumb\"},\"inLanguage\":\"cs\",\"potentialAction\":[{\"@type\":\"ReadAction\",\"target\":[\"https:\/\/www.oknobuild.com\/index.php\/produkt\/znackovy-gedy-pirenei-drzak-rucniku-zlato-pi7087-14548\/\"]}]},{\"@type\":\"ImageObject\",\"inLanguage\":\"cs\",\"@id\":\"https:\/\/www.oknobuild.com\/index.php\/produkt\/znackovy-gedy-pirenei-drzak-rucniku-zlato-pi7087-14548\/#primaryimage\",\"url\":\"https:\/\/www.oknobuild.com\/wp-content\/uploads\/2026\/SK0015519-CZ20260425-093041-0-1777080643-65e53357110cb3626b440db6ada52fa8.webp\",\"contentUrl\":\"https:\/\/www.oknobuild.com\/wp-content\/uploads\/2026\/SK0015519-CZ20260425-093041-0-1777080643-65e53357110cb3626b440db6ada52fa8.webp\",\"width\":722,\"height\":781},{\"@type\":\"BreadcrumbList\",\"@id\":\"https:\/\/www.oknobuild.com\/index.php\/produkt\/znackovy-gedy-pirenei-drzak-rucniku-zlato-pi7087-14548\/#breadcrumb\",\"itemListElement\":[{\"@type\":\"ListItem\",\"position\":1,\"name\":\"Home\",\"item\":\"https:\/\/www.oknobuild.com\/\"},{\"@type\":\"ListItem\",\"position\":2,\"name\":\"Products\",\"item\":\"https:\/\/www.oknobuild.com\/index.php\/products\/\"},{\"@type\":\"ListItem\",\"position\":3,\"name\":\"Zna\u010dkov\u00fd Gedy PIRENEI dr\u017e\u00e1k ru\u010dn\u00edk\u016f, zlato PI7087\"}]},{\"@type\":\"WebSite\",\"@id\":\"https:\/\/www.oknobuild.com\/#website\",\"url\":\"https:\/\/www.oknobuild.com\/\",\"name\":\"\",\"description\":\"\",\"potentialAction\":[{\"@type\":\"SearchAction\",\"target\":{\"@type\":\"EntryPoint\",\"urlTemplate\":\"https:\/\/www.oknobuild.com\/?s={search_term_string}\"},\"query-input\":{\"@type\":\"PropertyValueSpecification\",\"valueRequired\":true,\"valueName\":\"search_term_string\"}}],\"inLanguage\":\"cs\"}]}<\/script>\n<!-- \/ Yoast SEO plugin. -->","yoast_head_json":{"title":"Zna\u010dkov\u00fd Gedy PIRENEI dr\u017e\u00e1k ru\u010dn\u00edk\u016f, zlato PI7087 -","robots":{"index":"index","follow":"follow","max-snippet":"max-snippet:-1","max-image-preview":"max-image-preview:large","max-video-preview":"max-video-preview:-1"},"canonical":"https:\/\/www.oknobuild.com\/index.php\/produkt\/znackovy-gedy-pirenei-drzak-rucniku-zlato-pi7087-14548\/","og_locale":"cs_CZ","og_type":"article","og_title":"Zna\u010dkov\u00fd Gedy PIRENEI dr\u017e\u00e1k ru\u010dn\u00edk\u016f, zlato PI7087 -","og_description":"Gedy PIRENEI dr\u017e\u00e1k ru\u010dn\u00edk\u016f, zlato PI7087 Snad inspirov\u00e1n pohledem na kr\u00e1su Pyrenej\u00ed navrhl design\u00e9r s\u00e9rii dopl\u0148k\u016f PIRENEI. Masivn\u00ed z\u00e1kladna, kombinace p\u0159\u00edm\u00fdch lini\u00ed a zaoblen\u00fdch hran je spojen\u00edm elegance a majest\u00e1tnosti. Na v\u00fdb\u011br jsou dopl\u0148ky v proveden\u00ed v chromov\u00e9, matn\u00e9 \u010dern\u00e9, matn\u00e9 b\u00edl\u00e9, zlat\u00e9 a matn\u00e9 zlat\u00e9 variant\u011b. PVD povrchov\u00e1 \u00faprava Technologie nan\u00e1\u0161en\u00ed tenk\u00fdch vrstev napa\u0159ov\u00e1n\u00edm [&hellip;]","og_url":"https:\/\/www.oknobuild.com\/index.php\/produkt\/znackovy-gedy-pirenei-drzak-rucniku-zlato-pi7087-14548\/","og_image":[{"width":722,"height":781,"url":"https:\/\/www.oknobuild.com\/wp-content\/uploads\/2026\/SK0015519-CZ20260425-093041-0-1777080643-65e53357110cb3626b440db6ada52fa8.webp","type":"image\/webp"}],"twitter_card":"summary_large_image","twitter_misc":{"Odhadovan\u00e1 doba \u010dten\u00ed":"1 minuta"},"schema":{"@context":"https:\/\/schema.org","@graph":[{"@type":"WebPage","@id":"https:\/\/www.oknobuild.com\/index.php\/produkt\/znackovy-gedy-pirenei-drzak-rucniku-zlato-pi7087-14548\/","url":"https:\/\/www.oknobuild.com\/index.php\/produkt\/znackovy-gedy-pirenei-drzak-rucniku-zlato-pi7087-14548\/","name":"Zna\u010dkov\u00fd Gedy PIRENEI dr\u017e\u00e1k ru\u010dn\u00edk\u016f, zlato PI7087 -","isPartOf":{"@id":"https:\/\/www.oknobuild.com\/#website"},"primaryImageOfPage":{"@id":"https:\/\/www.oknobuild.com\/index.php\/produkt\/znackovy-gedy-pirenei-drzak-rucniku-zlato-pi7087-14548\/#primaryimage"},"image":{"@id":"https:\/\/www.oknobuild.com\/index.php\/produkt\/znackovy-gedy-pirenei-drzak-rucniku-zlato-pi7087-14548\/#primaryimage"},"thumbnailUrl":"https:\/\/www.oknobuild.com\/wp-content\/uploads\/2026\/SK0015519-CZ20260425-093041-0-1777080643-65e53357110cb3626b440db6ada52fa8.webp","datePublished":"2026-04-27T04:41:09+00:00","breadcrumb":{"@id":"https:\/\/www.oknobuild.com\/index.php\/produkt\/znackovy-gedy-pirenei-drzak-rucniku-zlato-pi7087-14548\/#breadcrumb"},"inLanguage":"cs","potentialAction":[{"@type":"ReadAction","target":["https:\/\/www.oknobuild.com\/index.php\/produkt\/znackovy-gedy-pirenei-drzak-rucniku-zlato-pi7087-14548\/"]}]},{"@type":"ImageObject","inLanguage":"cs","@id":"https:\/\/www.oknobuild.com\/index.php\/produkt\/znackovy-gedy-pirenei-drzak-rucniku-zlato-pi7087-14548\/#primaryimage","url":"https:\/\/www.oknobuild.com\/wp-content\/uploads\/2026\/SK0015519-CZ20260425-093041-0-1777080643-65e53357110cb3626b440db6ada52fa8.webp","contentUrl":"https:\/\/www.oknobuild.com\/wp-content\/uploads\/2026\/SK0015519-CZ20260425-093041-0-1777080643-65e53357110cb3626b440db6ada52fa8.webp","width":722,"height":781},{"@type":"BreadcrumbList","@id":"https:\/\/www.oknobuild.com\/index.php\/produkt\/znackovy-gedy-pirenei-drzak-rucniku-zlato-pi7087-14548\/#breadcrumb","itemListElement":[{"@type":"ListItem","position":1,"name":"Home","item":"https:\/\/www.oknobuild.com\/"},{"@type":"ListItem","position":2,"name":"Products","item":"https:\/\/www.oknobuild.com\/index.php\/products\/"},{"@type":"ListItem","position":3,"name":"Zna\u010dkov\u00fd Gedy PIRENEI dr\u017e\u00e1k ru\u010dn\u00edk\u016f, zlato PI7087"}]},{"@type":"WebSite","@id":"https:\/\/www.oknobuild.com\/#website","url":"https:\/\/www.oknobuild.com\/","name":"","description":"","potentialAction":[{"@type":"SearchAction","target":{"@type":"EntryPoint","urlTemplate":"https:\/\/www.oknobuild.com\/?s={search_term_string}"},"query-input":{"@type":"PropertyValueSpecification","valueRequired":true,"valueName":"search_term_string"}}],"inLanguage":"cs"}]}},"_links":{"self":[{"href":"https:\/\/www.oknobuild.com\/index.php\/wp-json\/wp\/v2\/product\/14548","targetHints":{"allow":["GET"]}}],"collection":[{"href":"https:\/\/www.oknobuild.com\/index.php\/wp-json\/wp\/v2\/product"}],"about":[{"href":"https:\/\/www.oknobuild.com\/index.php\/wp-json\/wp\/v2\/types\/product"}],"replies":[{"embeddable":true,"href":"https:\/\/www.oknobuild.com\/index.php\/wp-json\/wp\/v2\/comments?post=14548"}],"wp:featuredmedia":[{"embeddable":true,"href":"https:\/\/www.oknobuild.com\/index.php\/wp-json\/wp\/v2\/media\/14648"}],"wp:attachment":[{"href":"https:\/\/www.oknobuild.com\/index.php\/wp-json\/wp\/v2\/media?parent=14548"}],"wp:term":[{"taxonomy":"product_brand","embeddable":true,"href":"https:\/\/www.oknobuild.com\/index.php\/wp-json\/wp\/v2\/product_brand?post=14548"},{"taxonomy":"product_cat","embeddable":true,"href":"https:\/\/www.oknobuild.com\/index.php\/wp-json\/wp\/v2\/product_cat?post=14548"},{"taxonomy":"product_tag","embeddable":true,"href":"https:\/\/www.oknobuild.com\/index.php\/wp-json\/wp\/v2\/product_tag?post=14548"}],"curies":[{"name":"wp","href":"https:\/\/api.w.org\/{rel}","templated":true}]}}