{"id":14550,"date":"2026-04-27T04:41:09","date_gmt":"2026-04-27T04:41:09","guid":{"rendered":""},"modified":"2026-04-27T04:41:09","modified_gmt":"2026-04-27T04:41:09","slug":"dokud-zasoby-vydrzi-sapho-handicap-podperne-madlo-prave-500mm-nerez-lesk-xh534-14550","status":"publish","type":"product","link":"https:\/\/www.oknobuild.com\/index.php\/produkt\/dokud-zasoby-vydrzi-sapho-handicap-podperne-madlo-prave-500mm-nerez-lesk-xh534-14550\/","title":{"rendered":"Dokud Z\u00e1soby Vydr\u017e\u00ed Sapho HANDICAP podp\u011brn\u00e9 madlo PRAV\u00c9 500mm, nerez lesk XH534"},"content":{"rendered":"<div class=\"tabs__content-outer\" id=\"tab_description\" data-hash=\"description\" data-tabindex=\"-1\">\n<div class=\"tabs__content toggle_description\" id=\"content_description\">\n<div class=\"wysiwyg-content\">\n<div class=\"product__tab product__description full-width\">\n<div class=\"container\">\n<div >\n<h3>Sapho HANDICAP podp\u011brn\u00e9 madlo PRAV\u00c9 500mm, nerez lesk XH534<\/h3>\n<div>\n<p>Certifikovan\u00e9 st\u00e1tn\u00ed zku\u0161ebnou a odpov\u00eddaj\u00edc\u00ed legislativ\u011b \u010cR o instalaci produkt\u016f do bezbari\u00e9rov\u00fdch prostor.<\/p>\n<p>K uchycen\u00ed jsou dod\u00e1v\u00e1ny nerez \u0161rouby podle DIN 95, 6\u00d760 mm s hmo\u017edinkami z plastu pro mont\u00e1\u017e do pln\u00fdch cihel a betonu.<br \/>Pro jin\u00fd druh zdiva je nutno zvolit upev\u0148ovac\u00ed prvky odpov\u00eddaj\u00edc\u00ed nam\u00e1h\u00e1n\u00ed.<\/p>\n<\/div>\n<p><\/p>\n<p><b>Vlastnosti<\/b><\/p>\n<ul>\n<li><span>Materi\u00e1l:<\/span> Nerez<\/li>\n<li><span>Barva:<\/span> St\u0159\u00edbrn\u00e1<\/li>\n<li><span>Instalace:<\/span> Vrt\u00e1n\u00ed<\/li>\n<li><span>Tvar:<\/span> Kruhov\u00e9<\/li>\n<li><span>Rozm\u011br:<\/span> 235x380x516 mm<\/li>\n<li><span>Druh:<\/span> Madlo<\/li>\n<li><span>\u0160\u00ed\u0159ka:<\/span> 235 mm<\/li>\n<li><span>V\u00fd\u0161ka:<\/span> 380 mm<\/li>\n<li><span>Hloubka:<\/span> 516 mm<\/li>\n<li><span>Nosnost:<\/span> 120 kg<\/li>\n<\/ul>\n<\/div><\/div>\n<\/p><\/div>\n<\/p><\/div>\n<\/p><\/div>\n","protected":false},"excerpt":{"rendered":"<p>Sapho HANDICAP podp\u011brn\u00e9 madlo PRAV\u00c9 500mm, nerez lesk XH534 Certifikovan\u00e9 st\u00e1tn\u00ed zku\u0161ebnou a odpov\u00eddaj\u00edc\u00ed legislativ\u011b \u010cR o instalaci produkt\u016f do bezbari\u00e9rov\u00fdch prostor. K uchycen\u00ed jsou dod\u00e1v\u00e1ny nerez \u0161rouby podle DIN 95, 6\u00d760 mm s hmo\u017edinkami z plastu pro mont\u00e1\u017e do pln\u00fdch cihel a betonu.Pro jin\u00fd druh zdiva je nutno zvolit upev\u0148ovac\u00ed prvky odpov\u00eddaj\u00edc\u00ed nam\u00e1h\u00e1n\u00ed. Vlastnosti [&hellip;]<\/p>\n","protected":false},"featured_media":14650,"comment_status":"open","ping_status":"open","template":"","meta":[],"product_brand":[],"product_cat":[71],"product_tag":[],"class_list":{"0":"post-14550","1":"product","2":"type-product","3":"status-publish","4":"has-post-thumbnail","6":"product_cat-koupelna","8":"first","9":"instock","10":"sale","11":"shipping-taxable","12":"purchasable","13":"product-type-simple"},"yoast_head":"<!-- This site is optimized with the Yoast SEO plugin v26.8 - https:\/\/yoast.com\/product\/yoast-seo-wordpress\/ -->\n<title>Dokud Z\u00e1soby Vydr\u017e\u00ed Sapho HANDICAP podp\u011brn\u00e9 madlo PRAV\u00c9 500mm, nerez lesk XH534 -<\/title>\n<meta name=\"robots\" content=\"index, follow, max-snippet:-1, max-image-preview:large, max-video-preview:-1\" \/>\n<link rel=\"canonical\" href=\"https:\/\/www.oknobuild.com\/index.php\/produkt\/dokud-zasoby-vydrzi-sapho-handicap-podperne-madlo-prave-500mm-nerez-lesk-xh534-14550\/\" \/>\n<meta property=\"og:locale\" content=\"cs_CZ\" \/>\n<meta property=\"og:type\" content=\"article\" \/>\n<meta property=\"og:title\" content=\"Dokud Z\u00e1soby Vydr\u017e\u00ed Sapho HANDICAP podp\u011brn\u00e9 madlo PRAV\u00c9 500mm, nerez lesk XH534 -\" \/>\n<meta property=\"og:description\" content=\"Sapho HANDICAP podp\u011brn\u00e9 madlo PRAV\u00c9 500mm, nerez lesk XH534 Certifikovan\u00e9 st\u00e1tn\u00ed zku\u0161ebnou a odpov\u00eddaj\u00edc\u00ed legislativ\u011b \u010cR o instalaci produkt\u016f do bezbari\u00e9rov\u00fdch prostor. K uchycen\u00ed jsou dod\u00e1v\u00e1ny nerez \u0161rouby podle DIN 95, 6\u00d760 mm s hmo\u017edinkami z plastu pro mont\u00e1\u017e do pln\u00fdch cihel a betonu.Pro jin\u00fd druh zdiva je nutno zvolit upev\u0148ovac\u00ed prvky odpov\u00eddaj\u00edc\u00ed nam\u00e1h\u00e1n\u00ed. Vlastnosti [&hellip;]\" \/>\n<meta property=\"og:url\" content=\"https:\/\/www.oknobuild.com\/index.php\/produkt\/dokud-zasoby-vydrzi-sapho-handicap-podperne-madlo-prave-500mm-nerez-lesk-xh534-14550\/\" \/>\n<meta property=\"og:image\" content=\"https:\/\/www.oknobuild.com\/wp-content\/uploads\/2026\/SK0015521-CZ20260425-093041-0-1777080643-1c81c9299d1c68e1a392326cba782811.webp\" \/>\n\t<meta property=\"og:image:width\" content=\"470\" \/>\n\t<meta property=\"og:image:height\" content=\"800\" \/>\n\t<meta property=\"og:image:type\" content=\"image\/webp\" \/>\n<meta name=\"twitter:card\" content=\"summary_large_image\" \/>\n<script type=\"application\/ld+json\" class=\"yoast-schema-graph\">{\"@context\":\"https:\/\/schema.org\",\"@graph\":[{\"@type\":\"WebPage\",\"@id\":\"https:\/\/www.oknobuild.com\/index.php\/produkt\/dokud-zasoby-vydrzi-sapho-handicap-podperne-madlo-prave-500mm-nerez-lesk-xh534-14550\/\",\"url\":\"https:\/\/www.oknobuild.com\/index.php\/produkt\/dokud-zasoby-vydrzi-sapho-handicap-podperne-madlo-prave-500mm-nerez-lesk-xh534-14550\/\",\"name\":\"Dokud Z\u00e1soby Vydr\u017e\u00ed Sapho HANDICAP podp\u011brn\u00e9 madlo PRAV\u00c9 500mm, nerez lesk XH534 -\",\"isPartOf\":{\"@id\":\"https:\/\/www.oknobuild.com\/#website\"},\"primaryImageOfPage\":{\"@id\":\"https:\/\/www.oknobuild.com\/index.php\/produkt\/dokud-zasoby-vydrzi-sapho-handicap-podperne-madlo-prave-500mm-nerez-lesk-xh534-14550\/#primaryimage\"},\"image\":{\"@id\":\"https:\/\/www.oknobuild.com\/index.php\/produkt\/dokud-zasoby-vydrzi-sapho-handicap-podperne-madlo-prave-500mm-nerez-lesk-xh534-14550\/#primaryimage\"},\"thumbnailUrl\":\"https:\/\/www.oknobuild.com\/wp-content\/uploads\/2026\/SK0015521-CZ20260425-093041-0-1777080643-1c81c9299d1c68e1a392326cba782811.webp\",\"datePublished\":\"2026-04-27T04:41:09+00:00\",\"breadcrumb\":{\"@id\":\"https:\/\/www.oknobuild.com\/index.php\/produkt\/dokud-zasoby-vydrzi-sapho-handicap-podperne-madlo-prave-500mm-nerez-lesk-xh534-14550\/#breadcrumb\"},\"inLanguage\":\"cs\",\"potentialAction\":[{\"@type\":\"ReadAction\",\"target\":[\"https:\/\/www.oknobuild.com\/index.php\/produkt\/dokud-zasoby-vydrzi-sapho-handicap-podperne-madlo-prave-500mm-nerez-lesk-xh534-14550\/\"]}]},{\"@type\":\"ImageObject\",\"inLanguage\":\"cs\",\"@id\":\"https:\/\/www.oknobuild.com\/index.php\/produkt\/dokud-zasoby-vydrzi-sapho-handicap-podperne-madlo-prave-500mm-nerez-lesk-xh534-14550\/#primaryimage\",\"url\":\"https:\/\/www.oknobuild.com\/wp-content\/uploads\/2026\/SK0015521-CZ20260425-093041-0-1777080643-1c81c9299d1c68e1a392326cba782811.webp\",\"contentUrl\":\"https:\/\/www.oknobuild.com\/wp-content\/uploads\/2026\/SK0015521-CZ20260425-093041-0-1777080643-1c81c9299d1c68e1a392326cba782811.webp\",\"width\":470,\"height\":800},{\"@type\":\"BreadcrumbList\",\"@id\":\"https:\/\/www.oknobuild.com\/index.php\/produkt\/dokud-zasoby-vydrzi-sapho-handicap-podperne-madlo-prave-500mm-nerez-lesk-xh534-14550\/#breadcrumb\",\"itemListElement\":[{\"@type\":\"ListItem\",\"position\":1,\"name\":\"Home\",\"item\":\"https:\/\/www.oknobuild.com\/\"},{\"@type\":\"ListItem\",\"position\":2,\"name\":\"Products\",\"item\":\"https:\/\/www.oknobuild.com\/index.php\/products\/\"},{\"@type\":\"ListItem\",\"position\":3,\"name\":\"Dokud Z\u00e1soby Vydr\u017e\u00ed Sapho HANDICAP podp\u011brn\u00e9 madlo PRAV\u00c9 500mm, nerez lesk XH534\"}]},{\"@type\":\"WebSite\",\"@id\":\"https:\/\/www.oknobuild.com\/#website\",\"url\":\"https:\/\/www.oknobuild.com\/\",\"name\":\"\",\"description\":\"\",\"potentialAction\":[{\"@type\":\"SearchAction\",\"target\":{\"@type\":\"EntryPoint\",\"urlTemplate\":\"https:\/\/www.oknobuild.com\/?s={search_term_string}\"},\"query-input\":{\"@type\":\"PropertyValueSpecification\",\"valueRequired\":true,\"valueName\":\"search_term_string\"}}],\"inLanguage\":\"cs\"}]}<\/script>\n<!-- \/ Yoast SEO plugin. -->","yoast_head_json":{"title":"Dokud Z\u00e1soby Vydr\u017e\u00ed Sapho HANDICAP podp\u011brn\u00e9 madlo PRAV\u00c9 500mm, nerez lesk XH534 -","robots":{"index":"index","follow":"follow","max-snippet":"max-snippet:-1","max-image-preview":"max-image-preview:large","max-video-preview":"max-video-preview:-1"},"canonical":"https:\/\/www.oknobuild.com\/index.php\/produkt\/dokud-zasoby-vydrzi-sapho-handicap-podperne-madlo-prave-500mm-nerez-lesk-xh534-14550\/","og_locale":"cs_CZ","og_type":"article","og_title":"Dokud Z\u00e1soby Vydr\u017e\u00ed Sapho HANDICAP podp\u011brn\u00e9 madlo PRAV\u00c9 500mm, nerez lesk XH534 -","og_description":"Sapho HANDICAP podp\u011brn\u00e9 madlo PRAV\u00c9 500mm, nerez lesk XH534 Certifikovan\u00e9 st\u00e1tn\u00ed zku\u0161ebnou a odpov\u00eddaj\u00edc\u00ed legislativ\u011b \u010cR o instalaci produkt\u016f do bezbari\u00e9rov\u00fdch prostor. K uchycen\u00ed jsou dod\u00e1v\u00e1ny nerez \u0161rouby podle DIN 95, 6\u00d760 mm s hmo\u017edinkami z plastu pro mont\u00e1\u017e do pln\u00fdch cihel a betonu.Pro jin\u00fd druh zdiva je nutno zvolit upev\u0148ovac\u00ed prvky odpov\u00eddaj\u00edc\u00ed nam\u00e1h\u00e1n\u00ed. Vlastnosti [&hellip;]","og_url":"https:\/\/www.oknobuild.com\/index.php\/produkt\/dokud-zasoby-vydrzi-sapho-handicap-podperne-madlo-prave-500mm-nerez-lesk-xh534-14550\/","og_image":[{"width":470,"height":800,"url":"https:\/\/www.oknobuild.com\/wp-content\/uploads\/2026\/SK0015521-CZ20260425-093041-0-1777080643-1c81c9299d1c68e1a392326cba782811.webp","type":"image\/webp"}],"twitter_card":"summary_large_image","schema":{"@context":"https:\/\/schema.org","@graph":[{"@type":"WebPage","@id":"https:\/\/www.oknobuild.com\/index.php\/produkt\/dokud-zasoby-vydrzi-sapho-handicap-podperne-madlo-prave-500mm-nerez-lesk-xh534-14550\/","url":"https:\/\/www.oknobuild.com\/index.php\/produkt\/dokud-zasoby-vydrzi-sapho-handicap-podperne-madlo-prave-500mm-nerez-lesk-xh534-14550\/","name":"Dokud Z\u00e1soby Vydr\u017e\u00ed Sapho HANDICAP podp\u011brn\u00e9 madlo PRAV\u00c9 500mm, nerez lesk XH534 -","isPartOf":{"@id":"https:\/\/www.oknobuild.com\/#website"},"primaryImageOfPage":{"@id":"https:\/\/www.oknobuild.com\/index.php\/produkt\/dokud-zasoby-vydrzi-sapho-handicap-podperne-madlo-prave-500mm-nerez-lesk-xh534-14550\/#primaryimage"},"image":{"@id":"https:\/\/www.oknobuild.com\/index.php\/produkt\/dokud-zasoby-vydrzi-sapho-handicap-podperne-madlo-prave-500mm-nerez-lesk-xh534-14550\/#primaryimage"},"thumbnailUrl":"https:\/\/www.oknobuild.com\/wp-content\/uploads\/2026\/SK0015521-CZ20260425-093041-0-1777080643-1c81c9299d1c68e1a392326cba782811.webp","datePublished":"2026-04-27T04:41:09+00:00","breadcrumb":{"@id":"https:\/\/www.oknobuild.com\/index.php\/produkt\/dokud-zasoby-vydrzi-sapho-handicap-podperne-madlo-prave-500mm-nerez-lesk-xh534-14550\/#breadcrumb"},"inLanguage":"cs","potentialAction":[{"@type":"ReadAction","target":["https:\/\/www.oknobuild.com\/index.php\/produkt\/dokud-zasoby-vydrzi-sapho-handicap-podperne-madlo-prave-500mm-nerez-lesk-xh534-14550\/"]}]},{"@type":"ImageObject","inLanguage":"cs","@id":"https:\/\/www.oknobuild.com\/index.php\/produkt\/dokud-zasoby-vydrzi-sapho-handicap-podperne-madlo-prave-500mm-nerez-lesk-xh534-14550\/#primaryimage","url":"https:\/\/www.oknobuild.com\/wp-content\/uploads\/2026\/SK0015521-CZ20260425-093041-0-1777080643-1c81c9299d1c68e1a392326cba782811.webp","contentUrl":"https:\/\/www.oknobuild.com\/wp-content\/uploads\/2026\/SK0015521-CZ20260425-093041-0-1777080643-1c81c9299d1c68e1a392326cba782811.webp","width":470,"height":800},{"@type":"BreadcrumbList","@id":"https:\/\/www.oknobuild.com\/index.php\/produkt\/dokud-zasoby-vydrzi-sapho-handicap-podperne-madlo-prave-500mm-nerez-lesk-xh534-14550\/#breadcrumb","itemListElement":[{"@type":"ListItem","position":1,"name":"Home","item":"https:\/\/www.oknobuild.com\/"},{"@type":"ListItem","position":2,"name":"Products","item":"https:\/\/www.oknobuild.com\/index.php\/products\/"},{"@type":"ListItem","position":3,"name":"Dokud Z\u00e1soby Vydr\u017e\u00ed Sapho HANDICAP podp\u011brn\u00e9 madlo PRAV\u00c9 500mm, nerez lesk XH534"}]},{"@type":"WebSite","@id":"https:\/\/www.oknobuild.com\/#website","url":"https:\/\/www.oknobuild.com\/","name":"","description":"","potentialAction":[{"@type":"SearchAction","target":{"@type":"EntryPoint","urlTemplate":"https:\/\/www.oknobuild.com\/?s={search_term_string}"},"query-input":{"@type":"PropertyValueSpecification","valueRequired":true,"valueName":"search_term_string"}}],"inLanguage":"cs"}]}},"_links":{"self":[{"href":"https:\/\/www.oknobuild.com\/index.php\/wp-json\/wp\/v2\/product\/14550","targetHints":{"allow":["GET"]}}],"collection":[{"href":"https:\/\/www.oknobuild.com\/index.php\/wp-json\/wp\/v2\/product"}],"about":[{"href":"https:\/\/www.oknobuild.com\/index.php\/wp-json\/wp\/v2\/types\/product"}],"replies":[{"embeddable":true,"href":"https:\/\/www.oknobuild.com\/index.php\/wp-json\/wp\/v2\/comments?post=14550"}],"wp:featuredmedia":[{"embeddable":true,"href":"https:\/\/www.oknobuild.com\/index.php\/wp-json\/wp\/v2\/media\/14650"}],"wp:attachment":[{"href":"https:\/\/www.oknobuild.com\/index.php\/wp-json\/wp\/v2\/media?parent=14550"}],"wp:term":[{"taxonomy":"product_brand","embeddable":true,"href":"https:\/\/www.oknobuild.com\/index.php\/wp-json\/wp\/v2\/product_brand?post=14550"},{"taxonomy":"product_cat","embeddable":true,"href":"https:\/\/www.oknobuild.com\/index.php\/wp-json\/wp\/v2\/product_cat?post=14550"},{"taxonomy":"product_tag","embeddable":true,"href":"https:\/\/www.oknobuild.com\/index.php\/wp-json\/wp\/v2\/product_tag?post=14550"}],"curies":[{"name":"wp","href":"https:\/\/api.w.org\/{rel}","templated":true}]}}