{"id":14560,"date":"2026-04-27T04:41:09","date_gmt":"2026-04-27T04:41:09","guid":{"rendered":""},"modified":"2026-04-27T04:41:09","modified_gmt":"2026-04-27T04:41:09","slug":"cenova-bomba-bruckner-sieger-stojankova-umyvadlova-baterie-bez-vypusti-vyska-126mm-chrom-914-001-1-14560","status":"publish","type":"product","link":"https:\/\/www.oknobuild.com\/index.php\/produkt\/cenova-bomba-bruckner-sieger-stojankova-umyvadlova-baterie-bez-vypusti-vyska-126mm-chrom-914-001-1-14560\/","title":{"rendered":"Cenov\u00e1 Bomba Bruckner SIEGER stoj\u00e1nkov\u00e1 umyvadlov\u00e1 baterie bez v\u00fdpusti, v\u00fd\u0161ka 126mm, chrom 914.001.1"},"content":{"rendered":"<div class=\"tabs__content-outer\" id=\"tab_description\" data-hash=\"description\" data-tabindex=\"-1\">\n<div class=\"tabs__content toggle_description\" id=\"content_description\">\n<div class=\"wysiwyg-content\">\n<div class=\"product__tab product__description full-width\">\n<div class=\"container\">\n<div >\n<h3>Bruckner SIEGER stoj\u00e1nkov\u00e1 umyvadlov\u00e1 baterie bez v\u00fdpusti, v\u00fd\u0161ka 126mm, chrom 914.001.1<\/h3>\n<p style=\"text-align: justify;\">S\u00e9rie vodovodn\u00edch bateri\u00ed Sieger nab\u00edz\u00ed modern\u00ed design dopln\u011bn\u00fd oblou hranou. D\u00edky tomuto spojen\u00ed tvar\u016f se dob\u0159e kombinuj\u00ed s ostatn\u00edm za\u0159\u00edzen\u00edm koupelny.<\/p>\n<p><\/p>\n<p><b>Vlastnosti<\/b><\/p>\n<ul>\n<li><span>Materi\u00e1l:<\/span> Mosaz<\/li>\n<li><span>Barva:<\/span> St\u0159\u00edbrn\u00e1<\/li>\n<li><span>Instalace:<\/span> Stoj\u00e1nkov\u00e1<\/li>\n<li><span>Tvar:<\/span> Kruhov\u00e9<\/li>\n<li><span>\u0160\u00ed\u0159ka:<\/span> 50 mm<\/li>\n<li><span>V\u00fd\u0161ka:<\/span> 126 mm<\/li>\n<li><span>Druh ovl\u00e1d\u00e1n\u00ed:<\/span> P\u00e1ka<\/li>\n<li><span>Ostatn\u00ed:<\/span> Pro um\u00fdv\u00e1tko<\/li>\n<li><span>Pr\u016fm\u011br kartu\u0161e:<\/span> 35 mm<\/li>\n<li><span>Hloubka:<\/span> 112 mm<\/li>\n<li><span>V\u00fd\u0161ka v\u00fdtoku:<\/span> 68 mm<\/li>\n<\/ul>\n<\/div><\/div>\n<\/p><\/div>\n<\/p><\/div>\n<\/p><\/div>\n","protected":false},"excerpt":{"rendered":"<p>Bruckner SIEGER stoj\u00e1nkov\u00e1 umyvadlov\u00e1 baterie bez v\u00fdpusti, v\u00fd\u0161ka 126mm, chrom 914.001.1 S\u00e9rie vodovodn\u00edch bateri\u00ed Sieger nab\u00edz\u00ed modern\u00ed design dopln\u011bn\u00fd oblou hranou. D\u00edky tomuto spojen\u00ed tvar\u016f se dob\u0159e kombinuj\u00ed s ostatn\u00edm za\u0159\u00edzen\u00edm koupelny. Vlastnosti Materi\u00e1l: Mosaz Barva: St\u0159\u00edbrn\u00e1 Instalace: Stoj\u00e1nkov\u00e1 Tvar: Kruhov\u00e9 \u0160\u00ed\u0159ka: 50 mm V\u00fd\u0161ka: 126 mm Druh ovl\u00e1d\u00e1n\u00ed: P\u00e1ka Ostatn\u00ed: Pro um\u00fdv\u00e1tko Pr\u016fm\u011br kartu\u0161e: [&hellip;]<\/p>\n","protected":false},"featured_media":14660,"comment_status":"open","ping_status":"open","template":"","meta":[],"product_brand":[],"product_cat":[71],"product_tag":[],"class_list":{"0":"post-14560","1":"product","2":"type-product","3":"status-publish","4":"has-post-thumbnail","6":"product_cat-koupelna","8":"first","9":"instock","10":"sale","11":"shipping-taxable","12":"purchasable","13":"product-type-simple"},"yoast_head":"<!-- This site is optimized with the Yoast SEO plugin v26.8 - https:\/\/yoast.com\/product\/yoast-seo-wordpress\/ -->\n<title>Cenov\u00e1 Bomba Bruckner SIEGER stoj\u00e1nkov\u00e1 umyvadlov\u00e1 baterie bez v\u00fdpusti, v\u00fd\u0161ka 126mm, chrom 914.001.1 -<\/title>\n<meta name=\"robots\" content=\"index, follow, max-snippet:-1, max-image-preview:large, max-video-preview:-1\" \/>\n<link rel=\"canonical\" href=\"https:\/\/www.oknobuild.com\/index.php\/produkt\/cenova-bomba-bruckner-sieger-stojankova-umyvadlova-baterie-bez-vypusti-vyska-126mm-chrom-914-001-1-14560\/\" \/>\n<meta property=\"og:locale\" content=\"cs_CZ\" \/>\n<meta property=\"og:type\" content=\"article\" \/>\n<meta property=\"og:title\" content=\"Cenov\u00e1 Bomba Bruckner SIEGER stoj\u00e1nkov\u00e1 umyvadlov\u00e1 baterie bez v\u00fdpusti, v\u00fd\u0161ka 126mm, chrom 914.001.1 -\" \/>\n<meta property=\"og:description\" content=\"Bruckner SIEGER stoj\u00e1nkov\u00e1 umyvadlov\u00e1 baterie bez v\u00fdpusti, v\u00fd\u0161ka 126mm, chrom 914.001.1 S\u00e9rie vodovodn\u00edch bateri\u00ed Sieger nab\u00edz\u00ed modern\u00ed design dopln\u011bn\u00fd oblou hranou. D\u00edky tomuto spojen\u00ed tvar\u016f se dob\u0159e kombinuj\u00ed s ostatn\u00edm za\u0159\u00edzen\u00edm koupelny. Vlastnosti Materi\u00e1l: Mosaz Barva: St\u0159\u00edbrn\u00e1 Instalace: Stoj\u00e1nkov\u00e1 Tvar: Kruhov\u00e9 \u0160\u00ed\u0159ka: 50 mm V\u00fd\u0161ka: 126 mm Druh ovl\u00e1d\u00e1n\u00ed: P\u00e1ka Ostatn\u00ed: Pro um\u00fdv\u00e1tko Pr\u016fm\u011br kartu\u0161e: [&hellip;]\" \/>\n<meta property=\"og:url\" content=\"https:\/\/www.oknobuild.com\/index.php\/produkt\/cenova-bomba-bruckner-sieger-stojankova-umyvadlova-baterie-bez-vypusti-vyska-126mm-chrom-914-001-1-14560\/\" \/>\n<meta property=\"og:image\" content=\"https:\/\/www.oknobuild.com\/wp-content\/uploads\/2026\/SK0015531-CZ20260425-093041-0-1777080643-563292705dd9ecf35917a89e526dfb56.webp\" \/>\n\t<meta property=\"og:image:width\" content=\"360\" \/>\n\t<meta property=\"og:image:height\" content=\"348\" \/>\n\t<meta property=\"og:image:type\" content=\"image\/webp\" \/>\n<meta name=\"twitter:card\" content=\"summary_large_image\" \/>\n<script type=\"application\/ld+json\" class=\"yoast-schema-graph\">{\"@context\":\"https:\/\/schema.org\",\"@graph\":[{\"@type\":\"WebPage\",\"@id\":\"https:\/\/www.oknobuild.com\/index.php\/produkt\/cenova-bomba-bruckner-sieger-stojankova-umyvadlova-baterie-bez-vypusti-vyska-126mm-chrom-914-001-1-14560\/\",\"url\":\"https:\/\/www.oknobuild.com\/index.php\/produkt\/cenova-bomba-bruckner-sieger-stojankova-umyvadlova-baterie-bez-vypusti-vyska-126mm-chrom-914-001-1-14560\/\",\"name\":\"Cenov\u00e1 Bomba Bruckner SIEGER stoj\u00e1nkov\u00e1 umyvadlov\u00e1 baterie bez v\u00fdpusti, v\u00fd\u0161ka 126mm, chrom 914.001.1 -\",\"isPartOf\":{\"@id\":\"https:\/\/www.oknobuild.com\/#website\"},\"primaryImageOfPage\":{\"@id\":\"https:\/\/www.oknobuild.com\/index.php\/produkt\/cenova-bomba-bruckner-sieger-stojankova-umyvadlova-baterie-bez-vypusti-vyska-126mm-chrom-914-001-1-14560\/#primaryimage\"},\"image\":{\"@id\":\"https:\/\/www.oknobuild.com\/index.php\/produkt\/cenova-bomba-bruckner-sieger-stojankova-umyvadlova-baterie-bez-vypusti-vyska-126mm-chrom-914-001-1-14560\/#primaryimage\"},\"thumbnailUrl\":\"https:\/\/www.oknobuild.com\/wp-content\/uploads\/2026\/SK0015531-CZ20260425-093041-0-1777080643-563292705dd9ecf35917a89e526dfb56.webp\",\"datePublished\":\"2026-04-27T04:41:09+00:00\",\"breadcrumb\":{\"@id\":\"https:\/\/www.oknobuild.com\/index.php\/produkt\/cenova-bomba-bruckner-sieger-stojankova-umyvadlova-baterie-bez-vypusti-vyska-126mm-chrom-914-001-1-14560\/#breadcrumb\"},\"inLanguage\":\"cs\",\"potentialAction\":[{\"@type\":\"ReadAction\",\"target\":[\"https:\/\/www.oknobuild.com\/index.php\/produkt\/cenova-bomba-bruckner-sieger-stojankova-umyvadlova-baterie-bez-vypusti-vyska-126mm-chrom-914-001-1-14560\/\"]}]},{\"@type\":\"ImageObject\",\"inLanguage\":\"cs\",\"@id\":\"https:\/\/www.oknobuild.com\/index.php\/produkt\/cenova-bomba-bruckner-sieger-stojankova-umyvadlova-baterie-bez-vypusti-vyska-126mm-chrom-914-001-1-14560\/#primaryimage\",\"url\":\"https:\/\/www.oknobuild.com\/wp-content\/uploads\/2026\/SK0015531-CZ20260425-093041-0-1777080643-563292705dd9ecf35917a89e526dfb56.webp\",\"contentUrl\":\"https:\/\/www.oknobuild.com\/wp-content\/uploads\/2026\/SK0015531-CZ20260425-093041-0-1777080643-563292705dd9ecf35917a89e526dfb56.webp\",\"width\":360,\"height\":348},{\"@type\":\"BreadcrumbList\",\"@id\":\"https:\/\/www.oknobuild.com\/index.php\/produkt\/cenova-bomba-bruckner-sieger-stojankova-umyvadlova-baterie-bez-vypusti-vyska-126mm-chrom-914-001-1-14560\/#breadcrumb\",\"itemListElement\":[{\"@type\":\"ListItem\",\"position\":1,\"name\":\"Home\",\"item\":\"https:\/\/www.oknobuild.com\/\"},{\"@type\":\"ListItem\",\"position\":2,\"name\":\"Products\",\"item\":\"https:\/\/www.oknobuild.com\/index.php\/products\/\"},{\"@type\":\"ListItem\",\"position\":3,\"name\":\"Cenov\u00e1 Bomba Bruckner SIEGER stoj\u00e1nkov\u00e1 umyvadlov\u00e1 baterie bez v\u00fdpusti, v\u00fd\u0161ka 126mm, chrom 914.001.1\"}]},{\"@type\":\"WebSite\",\"@id\":\"https:\/\/www.oknobuild.com\/#website\",\"url\":\"https:\/\/www.oknobuild.com\/\",\"name\":\"\",\"description\":\"\",\"potentialAction\":[{\"@type\":\"SearchAction\",\"target\":{\"@type\":\"EntryPoint\",\"urlTemplate\":\"https:\/\/www.oknobuild.com\/?s={search_term_string}\"},\"query-input\":{\"@type\":\"PropertyValueSpecification\",\"valueRequired\":true,\"valueName\":\"search_term_string\"}}],\"inLanguage\":\"cs\"}]}<\/script>\n<!-- \/ Yoast SEO plugin. -->","yoast_head_json":{"title":"Cenov\u00e1 Bomba Bruckner SIEGER stoj\u00e1nkov\u00e1 umyvadlov\u00e1 baterie bez v\u00fdpusti, v\u00fd\u0161ka 126mm, chrom 914.001.1 -","robots":{"index":"index","follow":"follow","max-snippet":"max-snippet:-1","max-image-preview":"max-image-preview:large","max-video-preview":"max-video-preview:-1"},"canonical":"https:\/\/www.oknobuild.com\/index.php\/produkt\/cenova-bomba-bruckner-sieger-stojankova-umyvadlova-baterie-bez-vypusti-vyska-126mm-chrom-914-001-1-14560\/","og_locale":"cs_CZ","og_type":"article","og_title":"Cenov\u00e1 Bomba Bruckner SIEGER stoj\u00e1nkov\u00e1 umyvadlov\u00e1 baterie bez v\u00fdpusti, v\u00fd\u0161ka 126mm, chrom 914.001.1 -","og_description":"Bruckner SIEGER stoj\u00e1nkov\u00e1 umyvadlov\u00e1 baterie bez v\u00fdpusti, v\u00fd\u0161ka 126mm, chrom 914.001.1 S\u00e9rie vodovodn\u00edch bateri\u00ed Sieger nab\u00edz\u00ed modern\u00ed design dopln\u011bn\u00fd oblou hranou. D\u00edky tomuto spojen\u00ed tvar\u016f se dob\u0159e kombinuj\u00ed s ostatn\u00edm za\u0159\u00edzen\u00edm koupelny. Vlastnosti Materi\u00e1l: Mosaz Barva: St\u0159\u00edbrn\u00e1 Instalace: Stoj\u00e1nkov\u00e1 Tvar: Kruhov\u00e9 \u0160\u00ed\u0159ka: 50 mm V\u00fd\u0161ka: 126 mm Druh ovl\u00e1d\u00e1n\u00ed: P\u00e1ka Ostatn\u00ed: Pro um\u00fdv\u00e1tko Pr\u016fm\u011br kartu\u0161e: [&hellip;]","og_url":"https:\/\/www.oknobuild.com\/index.php\/produkt\/cenova-bomba-bruckner-sieger-stojankova-umyvadlova-baterie-bez-vypusti-vyska-126mm-chrom-914-001-1-14560\/","og_image":[{"width":360,"height":348,"url":"https:\/\/www.oknobuild.com\/wp-content\/uploads\/2026\/SK0015531-CZ20260425-093041-0-1777080643-563292705dd9ecf35917a89e526dfb56.webp","type":"image\/webp"}],"twitter_card":"summary_large_image","schema":{"@context":"https:\/\/schema.org","@graph":[{"@type":"WebPage","@id":"https:\/\/www.oknobuild.com\/index.php\/produkt\/cenova-bomba-bruckner-sieger-stojankova-umyvadlova-baterie-bez-vypusti-vyska-126mm-chrom-914-001-1-14560\/","url":"https:\/\/www.oknobuild.com\/index.php\/produkt\/cenova-bomba-bruckner-sieger-stojankova-umyvadlova-baterie-bez-vypusti-vyska-126mm-chrom-914-001-1-14560\/","name":"Cenov\u00e1 Bomba Bruckner SIEGER stoj\u00e1nkov\u00e1 umyvadlov\u00e1 baterie bez v\u00fdpusti, v\u00fd\u0161ka 126mm, chrom 914.001.1 -","isPartOf":{"@id":"https:\/\/www.oknobuild.com\/#website"},"primaryImageOfPage":{"@id":"https:\/\/www.oknobuild.com\/index.php\/produkt\/cenova-bomba-bruckner-sieger-stojankova-umyvadlova-baterie-bez-vypusti-vyska-126mm-chrom-914-001-1-14560\/#primaryimage"},"image":{"@id":"https:\/\/www.oknobuild.com\/index.php\/produkt\/cenova-bomba-bruckner-sieger-stojankova-umyvadlova-baterie-bez-vypusti-vyska-126mm-chrom-914-001-1-14560\/#primaryimage"},"thumbnailUrl":"https:\/\/www.oknobuild.com\/wp-content\/uploads\/2026\/SK0015531-CZ20260425-093041-0-1777080643-563292705dd9ecf35917a89e526dfb56.webp","datePublished":"2026-04-27T04:41:09+00:00","breadcrumb":{"@id":"https:\/\/www.oknobuild.com\/index.php\/produkt\/cenova-bomba-bruckner-sieger-stojankova-umyvadlova-baterie-bez-vypusti-vyska-126mm-chrom-914-001-1-14560\/#breadcrumb"},"inLanguage":"cs","potentialAction":[{"@type":"ReadAction","target":["https:\/\/www.oknobuild.com\/index.php\/produkt\/cenova-bomba-bruckner-sieger-stojankova-umyvadlova-baterie-bez-vypusti-vyska-126mm-chrom-914-001-1-14560\/"]}]},{"@type":"ImageObject","inLanguage":"cs","@id":"https:\/\/www.oknobuild.com\/index.php\/produkt\/cenova-bomba-bruckner-sieger-stojankova-umyvadlova-baterie-bez-vypusti-vyska-126mm-chrom-914-001-1-14560\/#primaryimage","url":"https:\/\/www.oknobuild.com\/wp-content\/uploads\/2026\/SK0015531-CZ20260425-093041-0-1777080643-563292705dd9ecf35917a89e526dfb56.webp","contentUrl":"https:\/\/www.oknobuild.com\/wp-content\/uploads\/2026\/SK0015531-CZ20260425-093041-0-1777080643-563292705dd9ecf35917a89e526dfb56.webp","width":360,"height":348},{"@type":"BreadcrumbList","@id":"https:\/\/www.oknobuild.com\/index.php\/produkt\/cenova-bomba-bruckner-sieger-stojankova-umyvadlova-baterie-bez-vypusti-vyska-126mm-chrom-914-001-1-14560\/#breadcrumb","itemListElement":[{"@type":"ListItem","position":1,"name":"Home","item":"https:\/\/www.oknobuild.com\/"},{"@type":"ListItem","position":2,"name":"Products","item":"https:\/\/www.oknobuild.com\/index.php\/products\/"},{"@type":"ListItem","position":3,"name":"Cenov\u00e1 Bomba Bruckner SIEGER stoj\u00e1nkov\u00e1 umyvadlov\u00e1 baterie bez v\u00fdpusti, v\u00fd\u0161ka 126mm, chrom 914.001.1"}]},{"@type":"WebSite","@id":"https:\/\/www.oknobuild.com\/#website","url":"https:\/\/www.oknobuild.com\/","name":"","description":"","potentialAction":[{"@type":"SearchAction","target":{"@type":"EntryPoint","urlTemplate":"https:\/\/www.oknobuild.com\/?s={search_term_string}"},"query-input":{"@type":"PropertyValueSpecification","valueRequired":true,"valueName":"search_term_string"}}],"inLanguage":"cs"}]}},"_links":{"self":[{"href":"https:\/\/www.oknobuild.com\/index.php\/wp-json\/wp\/v2\/product\/14560","targetHints":{"allow":["GET"]}}],"collection":[{"href":"https:\/\/www.oknobuild.com\/index.php\/wp-json\/wp\/v2\/product"}],"about":[{"href":"https:\/\/www.oknobuild.com\/index.php\/wp-json\/wp\/v2\/types\/product"}],"replies":[{"embeddable":true,"href":"https:\/\/www.oknobuild.com\/index.php\/wp-json\/wp\/v2\/comments?post=14560"}],"wp:featuredmedia":[{"embeddable":true,"href":"https:\/\/www.oknobuild.com\/index.php\/wp-json\/wp\/v2\/media\/14660"}],"wp:attachment":[{"href":"https:\/\/www.oknobuild.com\/index.php\/wp-json\/wp\/v2\/media?parent=14560"}],"wp:term":[{"taxonomy":"product_brand","embeddable":true,"href":"https:\/\/www.oknobuild.com\/index.php\/wp-json\/wp\/v2\/product_brand?post=14560"},{"taxonomy":"product_cat","embeddable":true,"href":"https:\/\/www.oknobuild.com\/index.php\/wp-json\/wp\/v2\/product_cat?post=14560"},{"taxonomy":"product_tag","embeddable":true,"href":"https:\/\/www.oknobuild.com\/index.php\/wp-json\/wp\/v2\/product_tag?post=14560"}],"curies":[{"name":"wp","href":"https:\/\/api.w.org\/{rel}","templated":true}]}}