{"id":15700,"date":"2026-04-27T04:41:12","date_gmt":"2026-04-27T04:41:12","guid":{"rendered":""},"modified":"2026-04-27T04:41:12","modified_gmt":"2026-04-27T04:41:12","slug":"akce-sapho-treos-skrinka-spodni-dvirkova-35x53x50-5cm-prava-leva-bila-mat-ts035-3131-15700","status":"publish","type":"product","link":"https:\/\/www.oknobuild.com\/index.php\/produkt\/akce-sapho-treos-skrinka-spodni-dvirkova-35x53x50-5cm-prava-leva-bila-mat-ts035-3131-15700\/","title":{"rendered":"Akce Sapho TREOS sk\u0159\u00ed\u0148ka spodn\u00ed dv\u00ed\u0159kov\u00e1 35x53x50, 5cm, prav\u00e1\/lev\u00e1, b\u00edl\u00e1 mat TS035-3131"},"content":{"rendered":"<div class=\"tabs__content-outer\" id=\"tab_description\" data-hash=\"description\" data-tabindex=\"-1\">\n<div class=\"tabs__content toggle_description\" id=\"content_description\">\n<div class=\"wysiwyg-content\">\n<div class=\"product__tab product__description full-width\">\n<div class=\"container\">\n<div >\n<h3>Sapho TREOS sk\u0159\u00ed\u0148ka spodn\u00ed dv\u00ed\u0159kov\u00e1 35x53x50, 5cm, prav\u00e1\/lev\u00e1, b\u00edl\u00e1 mat TS035-3131<\/h3>\n<ul>\n<li>1x dv\u00ed\u0159ka, uvnit\u0159 1x police <\/li>\n<li>mechanick\u00e9 z\u00e1v\u011bsy BLUM\u00ae a syst\u00e9m TIP-ON <\/li>\n<li>instalac\u00ed dv\u00ed\u0159ek a p\u0159ilo\u017een\u00e9ho syst\u00e9mu TIP-ON na levou\/pravou stranu z\u00edsk\u00e1te po\u017eadovanou variantu otev\u00edr\u00e1n\u00ed sk\u0159\u00ed\u0148ky<\/li>\n<\/ul>\n<p style=\"text-align: justify;\">Stavebnicov\u00fd syst\u00e9m TREOS umo\u017e\u0148uje vytvo\u0159en\u00ed origin\u00e1ln\u00edho koupelnov\u00e9ho interi\u00e9ru podle Va\u0161ich p\u0159edstav. Z\u00e1kladn\u00ed prvky inspiruj\u00ed ke kreativn\u00edmu n\u00e1vrhu unik\u00e1tn\u00ed sestavy podle konkr\u00e9tn\u00edch pot\u0159eb. Pro inspiraci jsme p\u0159ipravili n\u011bkolik sestav, sta\u010d\u00ed si vybrat barvu desky a sk\u0159\u00edn\u011bk. Kombinujte \u0161irokou \u0161k\u00e1lu barev nebo dekor\u016f d\u0159eva dle vzorn\u00edk\u016f. Popus\u0165te uzdu sv\u00e9 fantazii.<br \/>Z\u00e1suvkov\u00e9 sk\u0159\u00ed\u0148ky jsou bez\u00fachytkov\u00e9, vybaven\u00e9 pojezdy BLUM&reg; se syst\u00e9mem otev\u00edr\u00e1n\u00ed TIP-ON BLUMOTION. Tento syst\u00e9m je skv\u011blou kombinac\u00ed v\u00fdhod mechanick\u00e9ho zp\u016fsobu otv\u00edr\u00e1n\u00ed TIP-ON a osv\u011bd\u010den\u00e9ho tlumen\u00ed BLUMOTION. Z\u00e1suvky se otv\u00edraj\u00ed \u0165uknut\u00edm, r\u00e1zn\u011bj\u0161\u00edm p\u0159ibouchnut\u00edm aktivujete funkci TIP-ON a n\u00e1sledn\u011b BLUMOTION zajist\u00ed m\u011bkk\u00e9 a tich\u00e9 zav\u0159en\u00ed. Zvl\u00e1\u0161tnost\u00ed je kompletn\u011b mechanick\u00fd pr\u016fb\u011bh pohybu.<br \/>N\u00e1bytek nab\u00edz\u00edme standardn\u011b ve 4 barevn\u00fdch variant\u00e1ch. Na v\u00fdb\u011br je umyvadlo z Rockstone nebo umyvadla na postaven\u00ed. S\u00e9rii lze doplnit o dopl\u0148kov\u00e9 sk\u0159\u00ed\u0148ky ESPACE se z\u00e1v\u011bsy BLUM a syst\u00e9mem TIP-ON. Do n\u011bkter\u00fdch sk\u0159\u00edn\u011bk ESPACE lze dokoupit prateln\u00fd l\u00e1tkov\u00fd pr\u00e1deln\u00ed ko\u0161 na such\u00fd zip nebo vnit\u0159n\u00ed z\u00e1suvku.&nbsp;<br \/>Dal\u0161\u00ed barevn\u00e9 varianty lze objednat dle vzorn\u00edk\u016f barev a dekor\u016f.<\/p>\n<p style=\"text-align: justify;\">N\u00e1bytek je dod\u00e1v\u00e1n ve smontovan\u00e9m stavu, p\u0159ipraven k okam\u017eit\u00e9 instalaci. N\u00e1bytek instalujte na rovnou st\u011bnu.<br \/>Nevystavujte n\u00e1bytek trval\u00e9 vlhkosti a styku s vodou. Po pou\u017eit\u00ed koupelnu \u0159\u00e1dn\u011b odv\u011btrejte. Proti p\u0159\u00edpadn\u00e9mu zat\u00e9k\u00e1n\u00ed do sk\u0159\u00ed\u0148ky pou\u017eijte silikonov\u00fd tmel.<\/p>\n<p><strong>P\u0159\u00edklady sestav:<\/strong><\/p>\n<\/p>\n<div class=\"product-explanation-item\">\n<h3>Lze vyrobit v tomto barevn\u00e9m proveden\u00ed:<\/h3>\n<p><strong>Cenov\u00e1 skupina A <\/strong>p\u0159\u00edplatek 0%<\/p>\n<div style=\"float: left; width: 16%; text-align: center;\">30 B\u00edl\u00e1 lesk<\/div>\n<div style=\"float: left; width: 16%; text-align: center;\">11 Dub st\u0159\u00edbrn\u00fd<\/div>\n<div style=\"float: left; width: 16%; text-align: center;\">16 Borovice rustik<\/div>\n<div style=\"float: left; width: 16%; text-align: center;\">22 Dub alabama<\/div>\n<div style=\"float: left; width: 36%; text-align: center;\"><\/div>\n<div style=\"clear: both;\"><\/div>\n<div style=\"float: left; width: 100%; text-align: center;\"> <\/div>\n<div style=\"clear: both;\"><\/div>\n<p><strong>Cenov\u00e1 skupina B:<\/strong> p\u0159\u00edplatek 30%<\/p>\n<div style=\"float: left; width: 16%; text-align: center;\">10 Dub polar<\/div>\n<div style=\"float: left; width: 16%; text-align: center;\">12 Dub mocca<\/div>\n<div style=\"float: left; width: 16%; text-align: center;\">20 Dub texas<\/div>\n<div style=\"float: left; width: 16%; text-align: center;\">15 Dub sherwood<\/div>\n<div style=\"clear: both;\"><\/div>\n<div style=\"float: left; width: 100%; text-align: center;\"> <\/div>\n<div style=\"clear: both;\"><\/div>\n<div style=\"float: left; width: 16%; text-align: center;\">19 Dub collingwood<\/div>\n<div style=\"float: left; width: 16%; text-align: center;\">13 Jilm bardini<\/div>\n<div style=\"float: left; width: 16%; text-align: center;\">21 Mali wenge<\/div>\n<div style=\"float: left; width: 16%; text-align: center;\">17 O\u0159ech yosemite<\/div>\n<div style=\"float: left; width: 16%; text-align: center;\">18 Dub \u010dern\u00fd<\/div>\n<div style=\"clear: both;\"><\/div>\n<div style=\"float: left; width: 100%; text-align: center;\"> <\/div>\n<div style=\"clear: both;\"><\/div>\n<div style=\"float: left; width: 16%; text-align: center;\">31 B\u00edl\u00e1 mat<\/div>\n<div style=\"float: left; width: 16%; text-align: center;\">32 Ka\u0161m\u00edrov\u00e1 matn\u00e1<\/div>\n<div style=\"float: left; width: 16%; text-align: center;\">33 \u0160ed\u00e1 matn\u00e1<\/div>\n<div style=\"float: left; width: 16%; text-align: center;\">34 Antracit matn\u00fd<\/div>\n<div style=\"float: left; width: 16%; text-align: center;\">35 \u010cern\u00e1 matn\u00e1<\/div>\n<div style=\"clear: both;\"><\/div>\n<div style=\"float: left; width: 100%; text-align: center;\"> <\/div>\n<div style=\"clear: both;\"><\/div>\n<p><strong>Cenov\u00e1 skupina C:<\/strong> p\u0159\u00edplatek 50%<\/p>\n<div style=\"float: left; width: 16%; text-align: center;\">23 Dub alabama strip<br \/>(pouze dv\u00ed\u0159ka\/\u010delo)<\/div>\n<div style=\"clear: both;\"><\/div>\n<p>jak\u00e1koliv barva dle vzorn\u00edku RAL nebo NCS v leskl\u00e9m nebo matn\u00e9m proveden\u00ed<\/p>\n<div style=\"float: left; width: 16%; text-align: center;\">RAL1019 \u0160edob\u00e9\u017eov\u00e1<\/div>\n<div style=\"float: left; width: 16%; text-align: center;\">RAL3004 Bord\u00f3<\/div>\n<div style=\"float: left; width: 16%; text-align: center;\">RAL6004 Modrozelen\u00e1<\/div>\n<div style=\"float: left; width: 16%; text-align: center;\">RAL7031 \u0160edomodr\u00e1<\/div>\n<div style=\"clear: both;\"><\/div>\n<p>Dodac\u00ed lh\u016fta cenov\u00fdch skupin B a C je 6 t\u00fddn\u016f.<\/p>\n<\/p><\/div>\n<div class=\"product-explanation-item\">\n<h3>Sm\u011br otev\u00edr\u00e1n\u00ed &#8211; univerz\u00e1ln\u00ed<\/h3>\n<p style=\"text-align: justify;\">Instalace je mo\u017en\u00e1 s lev\u00fdm nebo prav\u00fdm otev\u00edr\u00e1n\u00edm dve\u0159\u00ed.<\/p>\n<\/p><\/div>\n<div class=\"product-explanation-item\">\n<h3>Zpomalovac\u00ed panty<\/h3>\n<div style=\"float: left;\"><\/div>\n<p>N\u00e1bytek je vybaven mechanismem zpomalovac\u00edch pant\u016f u dv\u00ed\u0159ek. Dv\u00ed\u0159ka sta\u010d\u00ed jen lehce postr\u010dit a ona se ji\u017e sama dov\u0159ou.<\/p>\n<\/p><\/div>\n<div class=\"product-explanation-item\">\n<h3><span>Bez\u00fachytkov\u00e9 otv\u00edr\u00e1n\u00ed<\/span><\/h3>\n<div style=\"float: left;\"><\/div>\n<p style=\"text-align: justify;\">N\u00e1bytek je vybaven syst\u00e9mem &#8222;Push to open&#8220; firmy Hettich nebo syst\u00e9mem TIP-ON firmy Blum &#8211; bez\u00fachytkov\u00e1 \u010dela a dv\u00ed\u0159ka pro komfortn\u00ed otev\u00edr\u00e1n\u00ed bez \u00fachytky. S<span>ta\u010d\u00ed na n\u011b jen kr\u00e1tce zlehka \u0165uknout. Pro zav\u0159en\u00ed na \u010delo nebo dve\u0159e lehounce zatla\u010dte.<\/span><\/p>\n<\/p><\/div>\n<p><\/p>\n<p><b>Vlastnosti<\/b><\/p>\n<ul>\n<li><span>Materi\u00e1l:<\/span> MDF\/lamino<\/li>\n<li><span>Barva:<\/span> B\u00edl\u00e1<\/li>\n<li><span>Instalace:<\/span> Z\u00e1v\u011bsn\u00e9 na st\u011bnu<\/li>\n<li><span>Rozm\u011br:<\/span> 35x53x50,5 cm<\/li>\n<li><span>Typ sk\u0159\u00ed\u0148ky:<\/span> Dv\u00ed\u0159ka<\/li>\n<li><span>\u0160\u00ed\u0159ka:<\/span> 350 mm<\/li>\n<li><span>V\u00fd\u0161ka:<\/span> 530 mm<\/li>\n<li><span>Hloubka:<\/span> 505 mm<\/li>\n<li><span>Jin\u00e9 barevn\u00e9 proveden\u00ed:<\/span> Dle vzorn\u00edku<\/li>\n<li><span>V\u00fdbava:<\/span> Zpomalovac\u00ed panty, Bez\u00fachytkov\u00e9 otv\u00edr\u00e1n\u00ed<\/li>\n<li><span>Sm\u011br otev\u00edr\u00e1n\u00ed:<\/span> Univerz\u00e1ln\u00ed<\/li>\n<\/ul>\n<\/div><\/div>\n<\/p><\/div>\n<\/p><\/div>\n<\/p><\/div>\n","protected":false},"excerpt":{"rendered":"<p>Sapho TREOS sk\u0159\u00ed\u0148ka spodn\u00ed dv\u00ed\u0159kov\u00e1 35x53x50, 5cm, prav\u00e1\/lev\u00e1, b\u00edl\u00e1 mat TS035-3131 1x dv\u00ed\u0159ka, uvnit\u0159 1x police mechanick\u00e9 z\u00e1v\u011bsy BLUM\u00ae a syst\u00e9m TIP-ON instalac\u00ed dv\u00ed\u0159ek a p\u0159ilo\u017een\u00e9ho syst\u00e9mu TIP-ON na levou\/pravou stranu z\u00edsk\u00e1te po\u017eadovanou variantu otev\u00edr\u00e1n\u00ed sk\u0159\u00ed\u0148ky Stavebnicov\u00fd syst\u00e9m TREOS umo\u017e\u0148uje vytvo\u0159en\u00ed origin\u00e1ln\u00edho koupelnov\u00e9ho interi\u00e9ru podle Va\u0161ich p\u0159edstav. Z\u00e1kladn\u00ed prvky inspiruj\u00ed ke kreativn\u00edmu n\u00e1vrhu unik\u00e1tn\u00ed sestavy [&hellip;]<\/p>\n","protected":false},"featured_media":15800,"comment_status":"open","ping_status":"open","template":"","meta":[],"product_brand":[],"product_cat":[71],"product_tag":[],"class_list":{"0":"post-15700","1":"product","2":"type-product","3":"status-publish","4":"has-post-thumbnail","6":"product_cat-koupelna","8":"first","9":"instock","10":"sale","11":"shipping-taxable","12":"purchasable","13":"product-type-simple"},"yoast_head":"<!-- This site is optimized with the Yoast SEO plugin v26.8 - https:\/\/yoast.com\/product\/yoast-seo-wordpress\/ -->\n<title>Akce Sapho TREOS sk\u0159\u00ed\u0148ka spodn\u00ed dv\u00ed\u0159kov\u00e1 35x53x50, 5cm, prav\u00e1\/lev\u00e1, b\u00edl\u00e1 mat TS035-3131 -<\/title>\n<meta name=\"robots\" content=\"index, follow, max-snippet:-1, max-image-preview:large, max-video-preview:-1\" \/>\n<link rel=\"canonical\" href=\"https:\/\/www.oknobuild.com\/index.php\/produkt\/akce-sapho-treos-skrinka-spodni-dvirkova-35x53x50-5cm-prava-leva-bila-mat-ts035-3131-15700\/\" \/>\n<meta property=\"og:locale\" content=\"cs_CZ\" \/>\n<meta property=\"og:type\" content=\"article\" \/>\n<meta property=\"og:title\" content=\"Akce Sapho TREOS sk\u0159\u00ed\u0148ka spodn\u00ed dv\u00ed\u0159kov\u00e1 35x53x50, 5cm, prav\u00e1\/lev\u00e1, b\u00edl\u00e1 mat TS035-3131 -\" \/>\n<meta property=\"og:description\" content=\"Sapho TREOS sk\u0159\u00ed\u0148ka spodn\u00ed dv\u00ed\u0159kov\u00e1 35x53x50, 5cm, prav\u00e1\/lev\u00e1, b\u00edl\u00e1 mat TS035-3131 1x dv\u00ed\u0159ka, uvnit\u0159 1x police mechanick\u00e9 z\u00e1v\u011bsy BLUM\u00ae a syst\u00e9m TIP-ON instalac\u00ed dv\u00ed\u0159ek a p\u0159ilo\u017een\u00e9ho syst\u00e9mu TIP-ON na levou\/pravou stranu z\u00edsk\u00e1te po\u017eadovanou variantu otev\u00edr\u00e1n\u00ed sk\u0159\u00ed\u0148ky Stavebnicov\u00fd syst\u00e9m TREOS umo\u017e\u0148uje vytvo\u0159en\u00ed origin\u00e1ln\u00edho koupelnov\u00e9ho interi\u00e9ru podle Va\u0161ich p\u0159edstav. Z\u00e1kladn\u00ed prvky inspiruj\u00ed ke kreativn\u00edmu n\u00e1vrhu unik\u00e1tn\u00ed sestavy [&hellip;]\" \/>\n<meta property=\"og:url\" content=\"https:\/\/www.oknobuild.com\/index.php\/produkt\/akce-sapho-treos-skrinka-spodni-dvirkova-35x53x50-5cm-prava-leva-bila-mat-ts035-3131-15700\/\" \/>\n<meta property=\"og:image\" content=\"https:\/\/www.oknobuild.com\/wp-content\/uploads\/2026\/SK0016105-CZ20260425-093041-0-1777080643-a4cf78e45e4d86aea9e977f07196cdf8.webp\" \/>\n\t<meta property=\"og:image:width\" content=\"599\" \/>\n\t<meta property=\"og:image:height\" content=\"800\" \/>\n\t<meta property=\"og:image:type\" content=\"image\/webp\" \/>\n<meta name=\"twitter:card\" content=\"summary_large_image\" \/>\n<meta name=\"twitter:label1\" content=\"Odhadovan\u00e1 doba \u010dten\u00ed\" \/>\n\t<meta name=\"twitter:data1\" content=\"3 minuty\" \/>\n<script type=\"application\/ld+json\" class=\"yoast-schema-graph\">{\"@context\":\"https:\/\/schema.org\",\"@graph\":[{\"@type\":\"WebPage\",\"@id\":\"https:\/\/www.oknobuild.com\/index.php\/produkt\/akce-sapho-treos-skrinka-spodni-dvirkova-35x53x50-5cm-prava-leva-bila-mat-ts035-3131-15700\/\",\"url\":\"https:\/\/www.oknobuild.com\/index.php\/produkt\/akce-sapho-treos-skrinka-spodni-dvirkova-35x53x50-5cm-prava-leva-bila-mat-ts035-3131-15700\/\",\"name\":\"Akce Sapho TREOS sk\u0159\u00ed\u0148ka spodn\u00ed dv\u00ed\u0159kov\u00e1 35x53x50, 5cm, prav\u00e1\/lev\u00e1, b\u00edl\u00e1 mat TS035-3131 -\",\"isPartOf\":{\"@id\":\"https:\/\/www.oknobuild.com\/#website\"},\"primaryImageOfPage\":{\"@id\":\"https:\/\/www.oknobuild.com\/index.php\/produkt\/akce-sapho-treos-skrinka-spodni-dvirkova-35x53x50-5cm-prava-leva-bila-mat-ts035-3131-15700\/#primaryimage\"},\"image\":{\"@id\":\"https:\/\/www.oknobuild.com\/index.php\/produkt\/akce-sapho-treos-skrinka-spodni-dvirkova-35x53x50-5cm-prava-leva-bila-mat-ts035-3131-15700\/#primaryimage\"},\"thumbnailUrl\":\"https:\/\/www.oknobuild.com\/wp-content\/uploads\/2026\/SK0016105-CZ20260425-093041-0-1777080643-a4cf78e45e4d86aea9e977f07196cdf8.webp\",\"datePublished\":\"2026-04-27T04:41:12+00:00\",\"breadcrumb\":{\"@id\":\"https:\/\/www.oknobuild.com\/index.php\/produkt\/akce-sapho-treos-skrinka-spodni-dvirkova-35x53x50-5cm-prava-leva-bila-mat-ts035-3131-15700\/#breadcrumb\"},\"inLanguage\":\"cs\",\"potentialAction\":[{\"@type\":\"ReadAction\",\"target\":[\"https:\/\/www.oknobuild.com\/index.php\/produkt\/akce-sapho-treos-skrinka-spodni-dvirkova-35x53x50-5cm-prava-leva-bila-mat-ts035-3131-15700\/\"]}]},{\"@type\":\"ImageObject\",\"inLanguage\":\"cs\",\"@id\":\"https:\/\/www.oknobuild.com\/index.php\/produkt\/akce-sapho-treos-skrinka-spodni-dvirkova-35x53x50-5cm-prava-leva-bila-mat-ts035-3131-15700\/#primaryimage\",\"url\":\"https:\/\/www.oknobuild.com\/wp-content\/uploads\/2026\/SK0016105-CZ20260425-093041-0-1777080643-a4cf78e45e4d86aea9e977f07196cdf8.webp\",\"contentUrl\":\"https:\/\/www.oknobuild.com\/wp-content\/uploads\/2026\/SK0016105-CZ20260425-093041-0-1777080643-a4cf78e45e4d86aea9e977f07196cdf8.webp\",\"width\":599,\"height\":800},{\"@type\":\"BreadcrumbList\",\"@id\":\"https:\/\/www.oknobuild.com\/index.php\/produkt\/akce-sapho-treos-skrinka-spodni-dvirkova-35x53x50-5cm-prava-leva-bila-mat-ts035-3131-15700\/#breadcrumb\",\"itemListElement\":[{\"@type\":\"ListItem\",\"position\":1,\"name\":\"Home\",\"item\":\"https:\/\/www.oknobuild.com\/\"},{\"@type\":\"ListItem\",\"position\":2,\"name\":\"Products\",\"item\":\"https:\/\/www.oknobuild.com\/index.php\/products\/\"},{\"@type\":\"ListItem\",\"position\":3,\"name\":\"Akce Sapho TREOS sk\u0159\u00ed\u0148ka spodn\u00ed dv\u00ed\u0159kov\u00e1 35x53x50, 5cm, prav\u00e1\/lev\u00e1, b\u00edl\u00e1 mat TS035-3131\"}]},{\"@type\":\"WebSite\",\"@id\":\"https:\/\/www.oknobuild.com\/#website\",\"url\":\"https:\/\/www.oknobuild.com\/\",\"name\":\"\",\"description\":\"\",\"potentialAction\":[{\"@type\":\"SearchAction\",\"target\":{\"@type\":\"EntryPoint\",\"urlTemplate\":\"https:\/\/www.oknobuild.com\/?s={search_term_string}\"},\"query-input\":{\"@type\":\"PropertyValueSpecification\",\"valueRequired\":true,\"valueName\":\"search_term_string\"}}],\"inLanguage\":\"cs\"}]}<\/script>\n<!-- \/ Yoast SEO plugin. -->","yoast_head_json":{"title":"Akce Sapho TREOS sk\u0159\u00ed\u0148ka spodn\u00ed dv\u00ed\u0159kov\u00e1 35x53x50, 5cm, prav\u00e1\/lev\u00e1, b\u00edl\u00e1 mat TS035-3131 -","robots":{"index":"index","follow":"follow","max-snippet":"max-snippet:-1","max-image-preview":"max-image-preview:large","max-video-preview":"max-video-preview:-1"},"canonical":"https:\/\/www.oknobuild.com\/index.php\/produkt\/akce-sapho-treos-skrinka-spodni-dvirkova-35x53x50-5cm-prava-leva-bila-mat-ts035-3131-15700\/","og_locale":"cs_CZ","og_type":"article","og_title":"Akce Sapho TREOS sk\u0159\u00ed\u0148ka spodn\u00ed dv\u00ed\u0159kov\u00e1 35x53x50, 5cm, prav\u00e1\/lev\u00e1, b\u00edl\u00e1 mat TS035-3131 -","og_description":"Sapho TREOS sk\u0159\u00ed\u0148ka spodn\u00ed dv\u00ed\u0159kov\u00e1 35x53x50, 5cm, prav\u00e1\/lev\u00e1, b\u00edl\u00e1 mat TS035-3131 1x dv\u00ed\u0159ka, uvnit\u0159 1x police mechanick\u00e9 z\u00e1v\u011bsy BLUM\u00ae a syst\u00e9m TIP-ON instalac\u00ed dv\u00ed\u0159ek a p\u0159ilo\u017een\u00e9ho syst\u00e9mu TIP-ON na levou\/pravou stranu z\u00edsk\u00e1te po\u017eadovanou variantu otev\u00edr\u00e1n\u00ed sk\u0159\u00ed\u0148ky Stavebnicov\u00fd syst\u00e9m TREOS umo\u017e\u0148uje vytvo\u0159en\u00ed origin\u00e1ln\u00edho koupelnov\u00e9ho interi\u00e9ru podle Va\u0161ich p\u0159edstav. Z\u00e1kladn\u00ed prvky inspiruj\u00ed ke kreativn\u00edmu n\u00e1vrhu unik\u00e1tn\u00ed sestavy [&hellip;]","og_url":"https:\/\/www.oknobuild.com\/index.php\/produkt\/akce-sapho-treos-skrinka-spodni-dvirkova-35x53x50-5cm-prava-leva-bila-mat-ts035-3131-15700\/","og_image":[{"width":599,"height":800,"url":"https:\/\/www.oknobuild.com\/wp-content\/uploads\/2026\/SK0016105-CZ20260425-093041-0-1777080643-a4cf78e45e4d86aea9e977f07196cdf8.webp","type":"image\/webp"}],"twitter_card":"summary_large_image","twitter_misc":{"Odhadovan\u00e1 doba \u010dten\u00ed":"3 minuty"},"schema":{"@context":"https:\/\/schema.org","@graph":[{"@type":"WebPage","@id":"https:\/\/www.oknobuild.com\/index.php\/produkt\/akce-sapho-treos-skrinka-spodni-dvirkova-35x53x50-5cm-prava-leva-bila-mat-ts035-3131-15700\/","url":"https:\/\/www.oknobuild.com\/index.php\/produkt\/akce-sapho-treos-skrinka-spodni-dvirkova-35x53x50-5cm-prava-leva-bila-mat-ts035-3131-15700\/","name":"Akce Sapho TREOS sk\u0159\u00ed\u0148ka spodn\u00ed dv\u00ed\u0159kov\u00e1 35x53x50, 5cm, prav\u00e1\/lev\u00e1, b\u00edl\u00e1 mat TS035-3131 -","isPartOf":{"@id":"https:\/\/www.oknobuild.com\/#website"},"primaryImageOfPage":{"@id":"https:\/\/www.oknobuild.com\/index.php\/produkt\/akce-sapho-treos-skrinka-spodni-dvirkova-35x53x50-5cm-prava-leva-bila-mat-ts035-3131-15700\/#primaryimage"},"image":{"@id":"https:\/\/www.oknobuild.com\/index.php\/produkt\/akce-sapho-treos-skrinka-spodni-dvirkova-35x53x50-5cm-prava-leva-bila-mat-ts035-3131-15700\/#primaryimage"},"thumbnailUrl":"https:\/\/www.oknobuild.com\/wp-content\/uploads\/2026\/SK0016105-CZ20260425-093041-0-1777080643-a4cf78e45e4d86aea9e977f07196cdf8.webp","datePublished":"2026-04-27T04:41:12+00:00","breadcrumb":{"@id":"https:\/\/www.oknobuild.com\/index.php\/produkt\/akce-sapho-treos-skrinka-spodni-dvirkova-35x53x50-5cm-prava-leva-bila-mat-ts035-3131-15700\/#breadcrumb"},"inLanguage":"cs","potentialAction":[{"@type":"ReadAction","target":["https:\/\/www.oknobuild.com\/index.php\/produkt\/akce-sapho-treos-skrinka-spodni-dvirkova-35x53x50-5cm-prava-leva-bila-mat-ts035-3131-15700\/"]}]},{"@type":"ImageObject","inLanguage":"cs","@id":"https:\/\/www.oknobuild.com\/index.php\/produkt\/akce-sapho-treos-skrinka-spodni-dvirkova-35x53x50-5cm-prava-leva-bila-mat-ts035-3131-15700\/#primaryimage","url":"https:\/\/www.oknobuild.com\/wp-content\/uploads\/2026\/SK0016105-CZ20260425-093041-0-1777080643-a4cf78e45e4d86aea9e977f07196cdf8.webp","contentUrl":"https:\/\/www.oknobuild.com\/wp-content\/uploads\/2026\/SK0016105-CZ20260425-093041-0-1777080643-a4cf78e45e4d86aea9e977f07196cdf8.webp","width":599,"height":800},{"@type":"BreadcrumbList","@id":"https:\/\/www.oknobuild.com\/index.php\/produkt\/akce-sapho-treos-skrinka-spodni-dvirkova-35x53x50-5cm-prava-leva-bila-mat-ts035-3131-15700\/#breadcrumb","itemListElement":[{"@type":"ListItem","position":1,"name":"Home","item":"https:\/\/www.oknobuild.com\/"},{"@type":"ListItem","position":2,"name":"Products","item":"https:\/\/www.oknobuild.com\/index.php\/products\/"},{"@type":"ListItem","position":3,"name":"Akce Sapho TREOS sk\u0159\u00ed\u0148ka spodn\u00ed dv\u00ed\u0159kov\u00e1 35x53x50, 5cm, prav\u00e1\/lev\u00e1, b\u00edl\u00e1 mat TS035-3131"}]},{"@type":"WebSite","@id":"https:\/\/www.oknobuild.com\/#website","url":"https:\/\/www.oknobuild.com\/","name":"","description":"","potentialAction":[{"@type":"SearchAction","target":{"@type":"EntryPoint","urlTemplate":"https:\/\/www.oknobuild.com\/?s={search_term_string}"},"query-input":{"@type":"PropertyValueSpecification","valueRequired":true,"valueName":"search_term_string"}}],"inLanguage":"cs"}]}},"_links":{"self":[{"href":"https:\/\/www.oknobuild.com\/index.php\/wp-json\/wp\/v2\/product\/15700","targetHints":{"allow":["GET"]}}],"collection":[{"href":"https:\/\/www.oknobuild.com\/index.php\/wp-json\/wp\/v2\/product"}],"about":[{"href":"https:\/\/www.oknobuild.com\/index.php\/wp-json\/wp\/v2\/types\/product"}],"replies":[{"embeddable":true,"href":"https:\/\/www.oknobuild.com\/index.php\/wp-json\/wp\/v2\/comments?post=15700"}],"wp:featuredmedia":[{"embeddable":true,"href":"https:\/\/www.oknobuild.com\/index.php\/wp-json\/wp\/v2\/media\/15800"}],"wp:attachment":[{"href":"https:\/\/www.oknobuild.com\/index.php\/wp-json\/wp\/v2\/media?parent=15700"}],"wp:term":[{"taxonomy":"product_brand","embeddable":true,"href":"https:\/\/www.oknobuild.com\/index.php\/wp-json\/wp\/v2\/product_brand?post=15700"},{"taxonomy":"product_cat","embeddable":true,"href":"https:\/\/www.oknobuild.com\/index.php\/wp-json\/wp\/v2\/product_cat?post=15700"},{"taxonomy":"product_tag","embeddable":true,"href":"https:\/\/www.oknobuild.com\/index.php\/wp-json\/wp\/v2\/product_tag?post=15700"}],"curies":[{"name":"wp","href":"https:\/\/api.w.org\/{rel}","templated":true}]}}