{"id":15924,"date":"2026-04-27T04:41:12","date_gmt":"2026-04-27T04:41:12","guid":{"rendered":""},"modified":"2026-04-27T04:41:12","modified_gmt":"2026-04-27T04:41:12","slug":"znackovy-sapho-cirasa-umyvadlova-skrinka-59-2x64x46cm-borovice-rustik-cr601-1616-15924","status":"publish","type":"product","link":"https:\/\/www.oknobuild.com\/index.php\/produkt\/znackovy-sapho-cirasa-umyvadlova-skrinka-59-2x64x46cm-borovice-rustik-cr601-1616-15924\/","title":{"rendered":"Zna\u010dkov\u00fd Sapho CIRASA umyvadlov\u00e1 sk\u0159\u00ed\u0148ka 59, 2x64x46cm, borovice rustik CR601-1616"},"content":{"rendered":"<div class=\"tabs__content-outer\" id=\"tab_description\" data-hash=\"description\" data-tabindex=\"-1\">\n<div class=\"tabs__content toggle_description\" id=\"content_description\">\n<div class=\"wysiwyg-content\">\n<div class=\"product__tab product__description full-width\">\n<div class=\"container\">\n<div >\n<h3>Sapho CIRASA umyvadlov\u00e1 sk\u0159\u00ed\u0148ka 59, 2x64x46cm, borovice rustik CR601-1616<\/h3>\n<ul>\n<li>Standardn\u011b dod\u00e1v\u00e1no s \u00fachytkou CT192C <\/li>\n<\/ul>\n<p style=\"text-align: justify;\">S\u00e9rie CIRASA nab\u00edz\u00ed z\u00e1suvkov\u00e9 sk\u0159\u00ed\u0148ky s umyvadly z lit\u00e9ho mramoru SIDRA a se 3 typy tenk\u00fdch keramick\u00fdch umyvadel PIEDRA, PRACTICO a SLIM. Umyvadla PRACTICO maj\u00ed hloubku pouh\u00fdch 40 cm, jsou proto vhodn\u00e1 do koupelen men\u0161\u00edch rozm\u011br\u016f. Sk\u0159\u00ed\u0148ky s umyvadlem SIDRA, PIEDRA nebo SLIM lze kombinovat se spodn\u00ed dv\u00ed\u0159kovou sk\u0159\u00ed\u0148kou. U sk\u0159\u00edn\u011bk s \u0161\u00ed\u0159kou 70, 80 a 100 cm lze umyvadlo nahradit deskou pro umyvadlo na postaven\u00ed. T\u00edm vznik\u00e1 v\u00edce rozm\u011brov\u00fdch a designov\u00fdch variant.&nbsp;Sk\u0159\u00ed\u0148ky jsou dod\u00e1v\u00e1ny s \u00fachytkami v chromov\u00e9m proveden\u00ed, ale lze dokoupit i jin\u00e9 typy \u00fachytek. <br \/>Velkou v\u00fdhodou je mo\u017enost objedn\u00e1n\u00ed praktick\u00fdch organiz\u00e9r\u016f a misek LINDO pro ulo\u017een\u00ed p\u0159edm\u011bt\u016f ka\u017edodenn\u00ed pot\u0159eby do horn\u00ed i spodn\u00ed z\u00e1suvky. Z\u00e1suvky jsou vybaveny v\u00fdsuvy s pomal\u00fdm dojezdem a automatick\u00fdm dov\u0159en\u00edm, dv\u00ed\u0159ka maj\u00ed kov\u00e1n\u00ed s tlumen\u00fdm dov\u00edr\u00e1n\u00edm. \u00dalo\u017en\u00fd prostor lze roz\u0161\u00ed\u0159it p\u0159id\u00e1n\u00edm dopl\u0148kov\u00fdch sk\u0159\u00edn\u011bk ESPACE.<\/p>\n<p style=\"text-align: justify;\">N\u00e1bytek je dod\u00e1v\u00e1n ve smontovan\u00e9m stavu, p\u0159ipraven k okam\u017eit\u00e9 instalaci. N\u00e1bytek instalujte na rovnou st\u011bnu. P\u0159i zkroucen\u00ed korpusu sk\u0159\u00ed\u0148ky m\u016f\u017ee doj\u00edt k poru\u0161e funkce dov\u00edrac\u00edch mechanism\u016f. Nevystavujte n\u00e1bytek trval\u00e9 vlhkosti a styku s vodou. Po pou\u017eit\u00ed koupelnu \u0159\u00e1dn\u011b odv\u011btrejte. Proti p\u0159\u00edpadn\u00e9mu zat\u00e9k\u00e1n\u00ed do sk\u0159\u00ed\u0148ky pou\u017eijte silikonov\u00fd tmel.<\/p>\n<p style=\"text-align: justify;\">\n<div class=\"product-explanation-item\">\n<h3>Lze vyrobit v tomto barevn\u00e9m proveden\u00ed:<\/h3>\n<p><strong>Cenov\u00e1 skupina A<\/strong> p\u0159\u00edplatek 0%<\/p>\n<div style=\"float: left; width: 16%; text-align: center;\">30 B\u00edl\u00e1 lesk<\/div>\n<div style=\"float: left; width: 16%; text-align: center;\">11 Dub st\u0159\u00edbrn\u00fd<\/div>\n<div style=\"float: left; width: 16%; text-align: center;\">16 Borovice rustik<\/div>\n<div style=\"float: left; width: 16%; text-align: center;\">22 Dub alabama<\/div>\n<div style=\"float: left; width: 36%; text-align: center;\"><\/div>\n<div style=\"clear: both;\"><\/div>\n<div style=\"float: left; width: 100%; text-align: center;\"> <\/div>\n<div style=\"clear: both;\"><\/div>\n<p><strong>Cenov\u00e1 skupina B:<\/strong> p\u0159\u00edplatek 30%<\/p>\n<div style=\"float: left; width: 16%; text-align: center;\">10 Dub polar<\/div>\n<div style=\"float: left; width: 16%; text-align: center;\">12 Dub mocca<\/div>\n<div style=\"float: left; width: 16%; text-align: center;\">20 Dub texas<\/div>\n<div style=\"float: left; width: 16%; text-align: center;\">15 Dub sherwood<\/div>\n<div style=\"clear: both;\"><\/div>\n<div style=\"float: left; width: 100%; text-align: center;\"> <\/div>\n<div style=\"clear: both;\"><\/div>\n<div style=\"float: left; width: 16%; text-align: center;\">19 Dub collingwood<\/div>\n<div style=\"float: left; width: 16%; text-align: center;\">13 Jilm bardini<\/div>\n<div style=\"float: left; width: 16%; text-align: center;\">21 Mali wenge<\/div>\n<div style=\"float: left; width: 16%; text-align: center;\">17 O\u0159ech yosemite<\/div>\n<div style=\"float: left; width: 16%; text-align: center;\">18 Dub \u010dern\u00fd<\/div>\n<div style=\"clear: both;\"><\/div>\n<div style=\"float: left; width: 100%; text-align: center;\"> <\/div>\n<div style=\"clear: both;\"><\/div>\n<div style=\"float: left; width: 16%; text-align: center;\">31 B\u00edl\u00e1 mat<\/div>\n<div style=\"float: left; width: 16%; text-align: center;\">32 Ka\u0161m\u00edrov\u00e1 matn\u00e1<\/div>\n<div style=\"float: left; width: 16%; text-align: center;\">33 \u0160ed\u00e1 matn\u00e1<\/div>\n<div style=\"float: left; width: 16%; text-align: center;\">34 Antracit matn\u00fd<\/div>\n<div style=\"float: left; width: 16%; text-align: center;\">35 \u010cern\u00e1 matn\u00e1<\/div>\n<div style=\"clear: both;\"><\/div>\n<div style=\"float: left; width: 100%; text-align: center;\"> <\/div>\n<div style=\"clear: both;\"><\/div>\n<p><strong>Cenov\u00e1 skupina C:<\/strong> p\u0159\u00edplatek 50%<\/p>\n<div style=\"float: left; width: 16%; text-align: center;\">23 Dub alabama strip<br \/>(pouze dv\u00ed\u0159ka\/\u010delo)<\/div>\n<div style=\"float: left; width: 16%; text-align: center;\">41 Carina<br \/>41S Carina strip<br \/>(pouze dv\u00ed\u0159ka\/\u010delo)<\/div>\n<div style=\"float: left; width: 16%; text-align: center;\">42 Siena<br \/>42S Siena strip<br \/>(pouze dv\u00ed\u0159ka\/\u010delo)<\/div>\n<div style=\"float: left; width: 16%; text-align: center;\">43 Agila<br \/>43S Agila strip<br \/>(pouze dv\u00ed\u0159ka\/\u010delo)<\/div>\n<div style=\"float: left; width: 16%; text-align: center;\">44 Verde<br \/>44S Verde strip<br \/>(pouze dv\u00ed\u0159ka\/\u010delo)<\/div>\n<div style=\"clear: both;\"><\/div>\n<p>jak\u00e1koliv barva dle vzorn\u00edku RAL nebo NCS v leskl\u00e9m nebo matn\u00e9m proveden\u00ed<\/p>\n<div style=\"float: left; width: 16%; text-align: center;\">RAL1019 \u0160edob\u00e9\u017eov\u00e1<\/div>\n<div style=\"float: left; width: 16%; text-align: center;\">RAL3004 Bord\u00f3<\/div>\n<div style=\"float: left; width: 16%; text-align: center;\">RAL6004 Modrozelen\u00e1<\/div>\n<div style=\"float: left; width: 16%; text-align: center;\">RAL7031 \u0160edomodr\u00e1<\/div>\n<div style=\"clear: both;\"><\/div>\n<p>Dodac\u00ed lh\u016fta cenov\u00fdch skupin B a C je 6 t\u00fddn\u016f.<\/p>\n<\/p><\/div>\n<div class=\"product-explanation-item\">\n<h3>Tich\u00e9 a plynul\u00e9 zav\u00edr\u00e1n\u00ed<\/h3>\n<div style=\"float: left;\"><\/div>\n<p style=\"text-align: justify;\">N\u00e1bytek je vybaven pojezdy z\u00e1suvek s pomal\u00fdm dojezdem a syst\u00e9mem automatick\u00e9ho dov\u0159en\u00ed z\u00e1suvek. Ji\u017e \u017e\u00e1dn\u00e9 hlu\u010dn\u00e9 dov\u00edr\u00e1n\u00ed.<\/p>\n<\/p><\/div>\n<p><\/p>\n<p><b>Vlastnosti<\/b><\/p>\n<ul>\n<li><span>Materi\u00e1l:<\/span> MDF\/lamino<\/li>\n<li><span>Barva:<\/span> Hn\u011bd\u00e1<\/li>\n<li><span>Instalace:<\/span> Z\u00e1v\u011bsn\u00e9 na st\u011bnu<\/li>\n<li><span>Rozm\u011br:<\/span> 59,2x64x46 cm<\/li>\n<li><span>Typ sk\u0159\u00ed\u0148ky:<\/span> Z\u00e1suvky<\/li>\n<li><span>\u0160\u00ed\u0159ka:<\/span> 592 mm<\/li>\n<li><span>V\u00fd\u0161ka:<\/span> 640 mm<\/li>\n<li><span>Hloubka:<\/span> 460 mm<\/li>\n<li><span>Mont\u00e1\u017e umyvadla:<\/span> Klasick\u00e9 umyvadlo<\/li>\n<li><span>Jin\u00e9 barevn\u00e9 proveden\u00ed:<\/span> Dle vzorn\u00edku<\/li>\n<li><span>V\u00fdbava:<\/span> Tich\u00e9 a plynul\u00e9 zav\u00edr\u00e1n\u00ed<\/li>\n<li><span>Dekor:<\/span> Borovice rustik<\/li>\n<li><span>Balen\u00ed neobsahuje:<\/span> Umyvadlo<\/li>\n<li><span>Balen\u00ed obsahuje:<\/span> \u00dachytka<\/li>\n<\/ul>\n<\/div><\/div>\n<\/p><\/div>\n<\/p><\/div>\n<\/p><\/div>\n","protected":false},"excerpt":{"rendered":"<p>Sapho CIRASA umyvadlov\u00e1 sk\u0159\u00ed\u0148ka 59, 2x64x46cm, borovice rustik CR601-1616 Standardn\u011b dod\u00e1v\u00e1no s \u00fachytkou CT192C S\u00e9rie CIRASA nab\u00edz\u00ed z\u00e1suvkov\u00e9 sk\u0159\u00ed\u0148ky s umyvadly z lit\u00e9ho mramoru SIDRA a se 3 typy tenk\u00fdch keramick\u00fdch umyvadel PIEDRA, PRACTICO a SLIM. Umyvadla PRACTICO maj\u00ed hloubku pouh\u00fdch 40 cm, jsou proto vhodn\u00e1 do koupelen men\u0161\u00edch rozm\u011br\u016f. Sk\u0159\u00ed\u0148ky s umyvadlem SIDRA, PIEDRA [&hellip;]<\/p>\n","protected":false},"featured_media":16024,"comment_status":"open","ping_status":"open","template":"","meta":[],"product_brand":[],"product_cat":[71],"product_tag":[],"class_list":{"0":"post-15924","1":"product","2":"type-product","3":"status-publish","4":"has-post-thumbnail","6":"product_cat-koupelna","8":"first","9":"instock","10":"sale","11":"shipping-taxable","12":"purchasable","13":"product-type-simple"},"yoast_head":"<!-- This site is optimized with the Yoast SEO plugin v26.8 - https:\/\/yoast.com\/product\/yoast-seo-wordpress\/ -->\n<title>Zna\u010dkov\u00fd Sapho CIRASA umyvadlov\u00e1 sk\u0159\u00ed\u0148ka 59, 2x64x46cm, borovice rustik CR601-1616 -<\/title>\n<meta name=\"robots\" content=\"index, follow, max-snippet:-1, max-image-preview:large, max-video-preview:-1\" \/>\n<link rel=\"canonical\" href=\"https:\/\/www.oknobuild.com\/index.php\/produkt\/znackovy-sapho-cirasa-umyvadlova-skrinka-59-2x64x46cm-borovice-rustik-cr601-1616-15924\/\" \/>\n<meta property=\"og:locale\" content=\"cs_CZ\" \/>\n<meta property=\"og:type\" content=\"article\" \/>\n<meta property=\"og:title\" content=\"Zna\u010dkov\u00fd Sapho CIRASA umyvadlov\u00e1 sk\u0159\u00ed\u0148ka 59, 2x64x46cm, borovice rustik CR601-1616 -\" \/>\n<meta property=\"og:description\" content=\"Sapho CIRASA umyvadlov\u00e1 sk\u0159\u00ed\u0148ka 59, 2x64x46cm, borovice rustik CR601-1616 Standardn\u011b dod\u00e1v\u00e1no s \u00fachytkou CT192C S\u00e9rie CIRASA nab\u00edz\u00ed z\u00e1suvkov\u00e9 sk\u0159\u00ed\u0148ky s umyvadly z lit\u00e9ho mramoru SIDRA a se 3 typy tenk\u00fdch keramick\u00fdch umyvadel PIEDRA, PRACTICO a SLIM. Umyvadla PRACTICO maj\u00ed hloubku pouh\u00fdch 40 cm, jsou proto vhodn\u00e1 do koupelen men\u0161\u00edch rozm\u011br\u016f. Sk\u0159\u00ed\u0148ky s umyvadlem SIDRA, PIEDRA [&hellip;]\" \/>\n<meta property=\"og:url\" content=\"https:\/\/www.oknobuild.com\/index.php\/produkt\/znackovy-sapho-cirasa-umyvadlova-skrinka-59-2x64x46cm-borovice-rustik-cr601-1616-15924\/\" \/>\n<meta property=\"og:image\" content=\"https:\/\/www.oknobuild.com\/wp-content\/uploads\/2026\/SK0016234-CZ20260425-093041-0-1777080643-8c048c5f15e86a6a92fca108f317e086.webp\" \/>\n\t<meta property=\"og:image:width\" content=\"707\" \/>\n\t<meta property=\"og:image:height\" content=\"800\" \/>\n\t<meta property=\"og:image:type\" content=\"image\/webp\" \/>\n<meta name=\"twitter:card\" content=\"summary_large_image\" \/>\n<meta name=\"twitter:label1\" content=\"Odhadovan\u00e1 doba \u010dten\u00ed\" \/>\n\t<meta name=\"twitter:data1\" content=\"2 minuty\" \/>\n<script type=\"application\/ld+json\" class=\"yoast-schema-graph\">{\"@context\":\"https:\/\/schema.org\",\"@graph\":[{\"@type\":\"WebPage\",\"@id\":\"https:\/\/www.oknobuild.com\/index.php\/produkt\/znackovy-sapho-cirasa-umyvadlova-skrinka-59-2x64x46cm-borovice-rustik-cr601-1616-15924\/\",\"url\":\"https:\/\/www.oknobuild.com\/index.php\/produkt\/znackovy-sapho-cirasa-umyvadlova-skrinka-59-2x64x46cm-borovice-rustik-cr601-1616-15924\/\",\"name\":\"Zna\u010dkov\u00fd Sapho CIRASA umyvadlov\u00e1 sk\u0159\u00ed\u0148ka 59, 2x64x46cm, borovice rustik CR601-1616 -\",\"isPartOf\":{\"@id\":\"https:\/\/www.oknobuild.com\/#website\"},\"primaryImageOfPage\":{\"@id\":\"https:\/\/www.oknobuild.com\/index.php\/produkt\/znackovy-sapho-cirasa-umyvadlova-skrinka-59-2x64x46cm-borovice-rustik-cr601-1616-15924\/#primaryimage\"},\"image\":{\"@id\":\"https:\/\/www.oknobuild.com\/index.php\/produkt\/znackovy-sapho-cirasa-umyvadlova-skrinka-59-2x64x46cm-borovice-rustik-cr601-1616-15924\/#primaryimage\"},\"thumbnailUrl\":\"https:\/\/www.oknobuild.com\/wp-content\/uploads\/2026\/SK0016234-CZ20260425-093041-0-1777080643-8c048c5f15e86a6a92fca108f317e086.webp\",\"datePublished\":\"2026-04-27T04:41:12+00:00\",\"breadcrumb\":{\"@id\":\"https:\/\/www.oknobuild.com\/index.php\/produkt\/znackovy-sapho-cirasa-umyvadlova-skrinka-59-2x64x46cm-borovice-rustik-cr601-1616-15924\/#breadcrumb\"},\"inLanguage\":\"cs\",\"potentialAction\":[{\"@type\":\"ReadAction\",\"target\":[\"https:\/\/www.oknobuild.com\/index.php\/produkt\/znackovy-sapho-cirasa-umyvadlova-skrinka-59-2x64x46cm-borovice-rustik-cr601-1616-15924\/\"]}]},{\"@type\":\"ImageObject\",\"inLanguage\":\"cs\",\"@id\":\"https:\/\/www.oknobuild.com\/index.php\/produkt\/znackovy-sapho-cirasa-umyvadlova-skrinka-59-2x64x46cm-borovice-rustik-cr601-1616-15924\/#primaryimage\",\"url\":\"https:\/\/www.oknobuild.com\/wp-content\/uploads\/2026\/SK0016234-CZ20260425-093041-0-1777080643-8c048c5f15e86a6a92fca108f317e086.webp\",\"contentUrl\":\"https:\/\/www.oknobuild.com\/wp-content\/uploads\/2026\/SK0016234-CZ20260425-093041-0-1777080643-8c048c5f15e86a6a92fca108f317e086.webp\",\"width\":707,\"height\":800},{\"@type\":\"BreadcrumbList\",\"@id\":\"https:\/\/www.oknobuild.com\/index.php\/produkt\/znackovy-sapho-cirasa-umyvadlova-skrinka-59-2x64x46cm-borovice-rustik-cr601-1616-15924\/#breadcrumb\",\"itemListElement\":[{\"@type\":\"ListItem\",\"position\":1,\"name\":\"Home\",\"item\":\"https:\/\/www.oknobuild.com\/\"},{\"@type\":\"ListItem\",\"position\":2,\"name\":\"Products\",\"item\":\"https:\/\/www.oknobuild.com\/index.php\/products\/\"},{\"@type\":\"ListItem\",\"position\":3,\"name\":\"Zna\u010dkov\u00fd Sapho CIRASA umyvadlov\u00e1 sk\u0159\u00ed\u0148ka 59, 2x64x46cm, borovice rustik CR601-1616\"}]},{\"@type\":\"WebSite\",\"@id\":\"https:\/\/www.oknobuild.com\/#website\",\"url\":\"https:\/\/www.oknobuild.com\/\",\"name\":\"\",\"description\":\"\",\"potentialAction\":[{\"@type\":\"SearchAction\",\"target\":{\"@type\":\"EntryPoint\",\"urlTemplate\":\"https:\/\/www.oknobuild.com\/?s={search_term_string}\"},\"query-input\":{\"@type\":\"PropertyValueSpecification\",\"valueRequired\":true,\"valueName\":\"search_term_string\"}}],\"inLanguage\":\"cs\"}]}<\/script>\n<!-- \/ Yoast SEO plugin. -->","yoast_head_json":{"title":"Zna\u010dkov\u00fd Sapho CIRASA umyvadlov\u00e1 sk\u0159\u00ed\u0148ka 59, 2x64x46cm, borovice rustik CR601-1616 -","robots":{"index":"index","follow":"follow","max-snippet":"max-snippet:-1","max-image-preview":"max-image-preview:large","max-video-preview":"max-video-preview:-1"},"canonical":"https:\/\/www.oknobuild.com\/index.php\/produkt\/znackovy-sapho-cirasa-umyvadlova-skrinka-59-2x64x46cm-borovice-rustik-cr601-1616-15924\/","og_locale":"cs_CZ","og_type":"article","og_title":"Zna\u010dkov\u00fd Sapho CIRASA umyvadlov\u00e1 sk\u0159\u00ed\u0148ka 59, 2x64x46cm, borovice rustik CR601-1616 -","og_description":"Sapho CIRASA umyvadlov\u00e1 sk\u0159\u00ed\u0148ka 59, 2x64x46cm, borovice rustik CR601-1616 Standardn\u011b dod\u00e1v\u00e1no s \u00fachytkou CT192C S\u00e9rie CIRASA nab\u00edz\u00ed z\u00e1suvkov\u00e9 sk\u0159\u00ed\u0148ky s umyvadly z lit\u00e9ho mramoru SIDRA a se 3 typy tenk\u00fdch keramick\u00fdch umyvadel PIEDRA, PRACTICO a SLIM. Umyvadla PRACTICO maj\u00ed hloubku pouh\u00fdch 40 cm, jsou proto vhodn\u00e1 do koupelen men\u0161\u00edch rozm\u011br\u016f. Sk\u0159\u00ed\u0148ky s umyvadlem SIDRA, PIEDRA [&hellip;]","og_url":"https:\/\/www.oknobuild.com\/index.php\/produkt\/znackovy-sapho-cirasa-umyvadlova-skrinka-59-2x64x46cm-borovice-rustik-cr601-1616-15924\/","og_image":[{"width":707,"height":800,"url":"https:\/\/www.oknobuild.com\/wp-content\/uploads\/2026\/SK0016234-CZ20260425-093041-0-1777080643-8c048c5f15e86a6a92fca108f317e086.webp","type":"image\/webp"}],"twitter_card":"summary_large_image","twitter_misc":{"Odhadovan\u00e1 doba \u010dten\u00ed":"2 minuty"},"schema":{"@context":"https:\/\/schema.org","@graph":[{"@type":"WebPage","@id":"https:\/\/www.oknobuild.com\/index.php\/produkt\/znackovy-sapho-cirasa-umyvadlova-skrinka-59-2x64x46cm-borovice-rustik-cr601-1616-15924\/","url":"https:\/\/www.oknobuild.com\/index.php\/produkt\/znackovy-sapho-cirasa-umyvadlova-skrinka-59-2x64x46cm-borovice-rustik-cr601-1616-15924\/","name":"Zna\u010dkov\u00fd Sapho CIRASA umyvadlov\u00e1 sk\u0159\u00ed\u0148ka 59, 2x64x46cm, borovice rustik CR601-1616 -","isPartOf":{"@id":"https:\/\/www.oknobuild.com\/#website"},"primaryImageOfPage":{"@id":"https:\/\/www.oknobuild.com\/index.php\/produkt\/znackovy-sapho-cirasa-umyvadlova-skrinka-59-2x64x46cm-borovice-rustik-cr601-1616-15924\/#primaryimage"},"image":{"@id":"https:\/\/www.oknobuild.com\/index.php\/produkt\/znackovy-sapho-cirasa-umyvadlova-skrinka-59-2x64x46cm-borovice-rustik-cr601-1616-15924\/#primaryimage"},"thumbnailUrl":"https:\/\/www.oknobuild.com\/wp-content\/uploads\/2026\/SK0016234-CZ20260425-093041-0-1777080643-8c048c5f15e86a6a92fca108f317e086.webp","datePublished":"2026-04-27T04:41:12+00:00","breadcrumb":{"@id":"https:\/\/www.oknobuild.com\/index.php\/produkt\/znackovy-sapho-cirasa-umyvadlova-skrinka-59-2x64x46cm-borovice-rustik-cr601-1616-15924\/#breadcrumb"},"inLanguage":"cs","potentialAction":[{"@type":"ReadAction","target":["https:\/\/www.oknobuild.com\/index.php\/produkt\/znackovy-sapho-cirasa-umyvadlova-skrinka-59-2x64x46cm-borovice-rustik-cr601-1616-15924\/"]}]},{"@type":"ImageObject","inLanguage":"cs","@id":"https:\/\/www.oknobuild.com\/index.php\/produkt\/znackovy-sapho-cirasa-umyvadlova-skrinka-59-2x64x46cm-borovice-rustik-cr601-1616-15924\/#primaryimage","url":"https:\/\/www.oknobuild.com\/wp-content\/uploads\/2026\/SK0016234-CZ20260425-093041-0-1777080643-8c048c5f15e86a6a92fca108f317e086.webp","contentUrl":"https:\/\/www.oknobuild.com\/wp-content\/uploads\/2026\/SK0016234-CZ20260425-093041-0-1777080643-8c048c5f15e86a6a92fca108f317e086.webp","width":707,"height":800},{"@type":"BreadcrumbList","@id":"https:\/\/www.oknobuild.com\/index.php\/produkt\/znackovy-sapho-cirasa-umyvadlova-skrinka-59-2x64x46cm-borovice-rustik-cr601-1616-15924\/#breadcrumb","itemListElement":[{"@type":"ListItem","position":1,"name":"Home","item":"https:\/\/www.oknobuild.com\/"},{"@type":"ListItem","position":2,"name":"Products","item":"https:\/\/www.oknobuild.com\/index.php\/products\/"},{"@type":"ListItem","position":3,"name":"Zna\u010dkov\u00fd Sapho CIRASA umyvadlov\u00e1 sk\u0159\u00ed\u0148ka 59, 2x64x46cm, borovice rustik CR601-1616"}]},{"@type":"WebSite","@id":"https:\/\/www.oknobuild.com\/#website","url":"https:\/\/www.oknobuild.com\/","name":"","description":"","potentialAction":[{"@type":"SearchAction","target":{"@type":"EntryPoint","urlTemplate":"https:\/\/www.oknobuild.com\/?s={search_term_string}"},"query-input":{"@type":"PropertyValueSpecification","valueRequired":true,"valueName":"search_term_string"}}],"inLanguage":"cs"}]}},"_links":{"self":[{"href":"https:\/\/www.oknobuild.com\/index.php\/wp-json\/wp\/v2\/product\/15924","targetHints":{"allow":["GET"]}}],"collection":[{"href":"https:\/\/www.oknobuild.com\/index.php\/wp-json\/wp\/v2\/product"}],"about":[{"href":"https:\/\/www.oknobuild.com\/index.php\/wp-json\/wp\/v2\/types\/product"}],"replies":[{"embeddable":true,"href":"https:\/\/www.oknobuild.com\/index.php\/wp-json\/wp\/v2\/comments?post=15924"}],"wp:featuredmedia":[{"embeddable":true,"href":"https:\/\/www.oknobuild.com\/index.php\/wp-json\/wp\/v2\/media\/16024"}],"wp:attachment":[{"href":"https:\/\/www.oknobuild.com\/index.php\/wp-json\/wp\/v2\/media?parent=15924"}],"wp:term":[{"taxonomy":"product_brand","embeddable":true,"href":"https:\/\/www.oknobuild.com\/index.php\/wp-json\/wp\/v2\/product_brand?post=15924"},{"taxonomy":"product_cat","embeddable":true,"href":"https:\/\/www.oknobuild.com\/index.php\/wp-json\/wp\/v2\/product_cat?post=15924"},{"taxonomy":"product_tag","embeddable":true,"href":"https:\/\/www.oknobuild.com\/index.php\/wp-json\/wp\/v2\/product_tag?post=15924"}],"curies":[{"name":"wp","href":"https:\/\/api.w.org\/{rel}","templated":true}]}}