{"id":16935,"date":"2026-04-27T04:41:15","date_gmt":"2026-04-27T04:41:15","guid":{"rendered":""},"modified":"2026-04-27T04:41:15","modified_gmt":"2026-04-27T04:41:15","slug":"znackovy-sapho-larissa-drzak-rucniku-600x72mm-chrom-ws010-16935","status":"publish","type":"product","link":"https:\/\/www.oknobuild.com\/index.php\/produkt\/znackovy-sapho-larissa-drzak-rucniku-600x72mm-chrom-ws010-16935\/","title":{"rendered":"Zna\u010dkov\u00fd Sapho LARISSA dr\u017e\u00e1k ru\u010dn\u00edk\u016f 600x72mm, chrom WS010"},"content":{"rendered":"<div class=\"tabs__content-outer\" id=\"tab_description\" data-hash=\"description\" data-tabindex=\"-1\">\n<div class=\"tabs__content toggle_description\" id=\"content_description\">\n<div class=\"wysiwyg-content\">\n<div class=\"product__tab product__description full-width\">\n<div class=\"container\">\n<div >\n<h3>Sapho LARISSA dr\u017e\u00e1k ru\u010dn\u00edk\u016f 600x72mm, chrom WS010<\/h3>\n<p style=\"text-align: justify;\">Kolekci LARISSA vystihuj\u00ed t\u0159i slova: kr\u00e1sa, elegance, nad\u010dasovost. Decentn\u00ed vroubkovan\u00e9 zdoben\u00ed na z\u00e1kladn\u00e1ch dopl\u0148k\u016f ji nav\u00edc p\u0159edur\u010duje ke kombinaci s kolekc\u00ed vodovodn\u00edch bateri\u00ed SOLARIS.<\/p>\n<p><\/p>\n<p><b>Vlastnosti<\/b><\/p>\n<ul>\n<li><span>Materi\u00e1l:<\/span> Slitina<\/li>\n<li><span>Barva:<\/span> St\u0159\u00edbrn\u00e1<\/li>\n<li><span>Instalace:<\/span> Vrt\u00e1n\u00ed<\/li>\n<li><span>Tvar:<\/span> Kruhov\u00e9<\/li>\n<li><span>Rozm\u011br:<\/span> 654x54x72 mm<\/li>\n<li><span>Druh:<\/span> Dr\u017e\u00e1k ru\u010dn\u00edk\u016f jednoramenn\u00fd<\/li>\n<li><span>\u0160\u00ed\u0159ka:<\/span> 654 mm<\/li>\n<li><span>V\u00fd\u0161ka:<\/span> 54 mm<\/li>\n<li><span>Hloubka:<\/span> 72 mm<\/li>\n<li><span>D\u00e9lka:<\/span> 654 mm<\/li>\n<\/ul>\n<\/div><\/div>\n<\/p><\/div>\n<\/p><\/div>\n<\/p><\/div>\n","protected":false},"excerpt":{"rendered":"<p>Sapho LARISSA dr\u017e\u00e1k ru\u010dn\u00edk\u016f 600x72mm, chrom WS010 Kolekci LARISSA vystihuj\u00ed t\u0159i slova: kr\u00e1sa, elegance, nad\u010dasovost. Decentn\u00ed vroubkovan\u00e9 zdoben\u00ed na z\u00e1kladn\u00e1ch dopl\u0148k\u016f ji nav\u00edc p\u0159edur\u010duje ke kombinaci s kolekc\u00ed vodovodn\u00edch bateri\u00ed SOLARIS. Vlastnosti Materi\u00e1l: Slitina Barva: St\u0159\u00edbrn\u00e1 Instalace: Vrt\u00e1n\u00ed Tvar: Kruhov\u00e9 Rozm\u011br: 654x54x72 mm Druh: Dr\u017e\u00e1k ru\u010dn\u00edk\u016f jednoramenn\u00fd \u0160\u00ed\u0159ka: 654 mm V\u00fd\u0161ka: 54 mm Hloubka: 72 [&hellip;]<\/p>\n","protected":false},"featured_media":17035,"comment_status":"open","ping_status":"open","template":"","meta":[],"product_brand":[],"product_cat":[71],"product_tag":[],"class_list":{"0":"post-16935","1":"product","2":"type-product","3":"status-publish","4":"has-post-thumbnail","6":"product_cat-koupelna","8":"first","9":"instock","10":"sale","11":"shipping-taxable","12":"purchasable","13":"product-type-simple"},"yoast_head":"<!-- This site is optimized with the Yoast SEO plugin v26.8 - https:\/\/yoast.com\/product\/yoast-seo-wordpress\/ -->\n<title>Zna\u010dkov\u00fd Sapho LARISSA dr\u017e\u00e1k ru\u010dn\u00edk\u016f 600x72mm, chrom WS010 -<\/title>\n<meta name=\"robots\" content=\"index, follow, max-snippet:-1, max-image-preview:large, max-video-preview:-1\" \/>\n<link rel=\"canonical\" href=\"https:\/\/www.oknobuild.com\/index.php\/produkt\/znackovy-sapho-larissa-drzak-rucniku-600x72mm-chrom-ws010-16935\/\" \/>\n<meta property=\"og:locale\" content=\"cs_CZ\" \/>\n<meta property=\"og:type\" content=\"article\" \/>\n<meta property=\"og:title\" content=\"Zna\u010dkov\u00fd Sapho LARISSA dr\u017e\u00e1k ru\u010dn\u00edk\u016f 600x72mm, chrom WS010 -\" \/>\n<meta property=\"og:description\" content=\"Sapho LARISSA dr\u017e\u00e1k ru\u010dn\u00edk\u016f 600x72mm, chrom WS010 Kolekci LARISSA vystihuj\u00ed t\u0159i slova: kr\u00e1sa, elegance, nad\u010dasovost. Decentn\u00ed vroubkovan\u00e9 zdoben\u00ed na z\u00e1kladn\u00e1ch dopl\u0148k\u016f ji nav\u00edc p\u0159edur\u010duje ke kombinaci s kolekc\u00ed vodovodn\u00edch bateri\u00ed SOLARIS. Vlastnosti Materi\u00e1l: Slitina Barva: St\u0159\u00edbrn\u00e1 Instalace: Vrt\u00e1n\u00ed Tvar: Kruhov\u00e9 Rozm\u011br: 654x54x72 mm Druh: Dr\u017e\u00e1k ru\u010dn\u00edk\u016f jednoramenn\u00fd \u0160\u00ed\u0159ka: 654 mm V\u00fd\u0161ka: 54 mm Hloubka: 72 [&hellip;]\" \/>\n<meta property=\"og:url\" content=\"https:\/\/www.oknobuild.com\/index.php\/produkt\/znackovy-sapho-larissa-drzak-rucniku-600x72mm-chrom-ws010-16935\/\" \/>\n<meta property=\"og:image\" content=\"https:\/\/www.oknobuild.com\/wp-content\/uploads\/2026\/SK0016787-CZ20260425-093041-0-1777080643-be385f09498aecb65501f848c5c4c27b.webp\" \/>\n\t<meta property=\"og:image:width\" content=\"800\" \/>\n\t<meta property=\"og:image:height\" content=\"800\" \/>\n\t<meta property=\"og:image:type\" content=\"image\/webp\" \/>\n<meta name=\"twitter:card\" content=\"summary_large_image\" \/>\n<script type=\"application\/ld+json\" class=\"yoast-schema-graph\">{\"@context\":\"https:\/\/schema.org\",\"@graph\":[{\"@type\":\"WebPage\",\"@id\":\"https:\/\/www.oknobuild.com\/index.php\/produkt\/znackovy-sapho-larissa-drzak-rucniku-600x72mm-chrom-ws010-16935\/\",\"url\":\"https:\/\/www.oknobuild.com\/index.php\/produkt\/znackovy-sapho-larissa-drzak-rucniku-600x72mm-chrom-ws010-16935\/\",\"name\":\"Zna\u010dkov\u00fd Sapho LARISSA dr\u017e\u00e1k ru\u010dn\u00edk\u016f 600x72mm, chrom WS010 -\",\"isPartOf\":{\"@id\":\"https:\/\/www.oknobuild.com\/#website\"},\"primaryImageOfPage\":{\"@id\":\"https:\/\/www.oknobuild.com\/index.php\/produkt\/znackovy-sapho-larissa-drzak-rucniku-600x72mm-chrom-ws010-16935\/#primaryimage\"},\"image\":{\"@id\":\"https:\/\/www.oknobuild.com\/index.php\/produkt\/znackovy-sapho-larissa-drzak-rucniku-600x72mm-chrom-ws010-16935\/#primaryimage\"},\"thumbnailUrl\":\"https:\/\/www.oknobuild.com\/wp-content\/uploads\/2026\/SK0016787-CZ20260425-093041-0-1777080643-be385f09498aecb65501f848c5c4c27b.webp\",\"datePublished\":\"2026-04-27T04:41:15+00:00\",\"breadcrumb\":{\"@id\":\"https:\/\/www.oknobuild.com\/index.php\/produkt\/znackovy-sapho-larissa-drzak-rucniku-600x72mm-chrom-ws010-16935\/#breadcrumb\"},\"inLanguage\":\"cs\",\"potentialAction\":[{\"@type\":\"ReadAction\",\"target\":[\"https:\/\/www.oknobuild.com\/index.php\/produkt\/znackovy-sapho-larissa-drzak-rucniku-600x72mm-chrom-ws010-16935\/\"]}]},{\"@type\":\"ImageObject\",\"inLanguage\":\"cs\",\"@id\":\"https:\/\/www.oknobuild.com\/index.php\/produkt\/znackovy-sapho-larissa-drzak-rucniku-600x72mm-chrom-ws010-16935\/#primaryimage\",\"url\":\"https:\/\/www.oknobuild.com\/wp-content\/uploads\/2026\/SK0016787-CZ20260425-093041-0-1777080643-be385f09498aecb65501f848c5c4c27b.webp\",\"contentUrl\":\"https:\/\/www.oknobuild.com\/wp-content\/uploads\/2026\/SK0016787-CZ20260425-093041-0-1777080643-be385f09498aecb65501f848c5c4c27b.webp\",\"width\":800,\"height\":800},{\"@type\":\"BreadcrumbList\",\"@id\":\"https:\/\/www.oknobuild.com\/index.php\/produkt\/znackovy-sapho-larissa-drzak-rucniku-600x72mm-chrom-ws010-16935\/#breadcrumb\",\"itemListElement\":[{\"@type\":\"ListItem\",\"position\":1,\"name\":\"Home\",\"item\":\"https:\/\/www.oknobuild.com\/\"},{\"@type\":\"ListItem\",\"position\":2,\"name\":\"Products\",\"item\":\"https:\/\/www.oknobuild.com\/index.php\/products\/\"},{\"@type\":\"ListItem\",\"position\":3,\"name\":\"Zna\u010dkov\u00fd Sapho LARISSA dr\u017e\u00e1k ru\u010dn\u00edk\u016f 600x72mm, chrom WS010\"}]},{\"@type\":\"WebSite\",\"@id\":\"https:\/\/www.oknobuild.com\/#website\",\"url\":\"https:\/\/www.oknobuild.com\/\",\"name\":\"\",\"description\":\"\",\"potentialAction\":[{\"@type\":\"SearchAction\",\"target\":{\"@type\":\"EntryPoint\",\"urlTemplate\":\"https:\/\/www.oknobuild.com\/?s={search_term_string}\"},\"query-input\":{\"@type\":\"PropertyValueSpecification\",\"valueRequired\":true,\"valueName\":\"search_term_string\"}}],\"inLanguage\":\"cs\"}]}<\/script>\n<!-- \/ Yoast SEO plugin. -->","yoast_head_json":{"title":"Zna\u010dkov\u00fd Sapho LARISSA dr\u017e\u00e1k ru\u010dn\u00edk\u016f 600x72mm, chrom WS010 -","robots":{"index":"index","follow":"follow","max-snippet":"max-snippet:-1","max-image-preview":"max-image-preview:large","max-video-preview":"max-video-preview:-1"},"canonical":"https:\/\/www.oknobuild.com\/index.php\/produkt\/znackovy-sapho-larissa-drzak-rucniku-600x72mm-chrom-ws010-16935\/","og_locale":"cs_CZ","og_type":"article","og_title":"Zna\u010dkov\u00fd Sapho LARISSA dr\u017e\u00e1k ru\u010dn\u00edk\u016f 600x72mm, chrom WS010 -","og_description":"Sapho LARISSA dr\u017e\u00e1k ru\u010dn\u00edk\u016f 600x72mm, chrom WS010 Kolekci LARISSA vystihuj\u00ed t\u0159i slova: kr\u00e1sa, elegance, nad\u010dasovost. Decentn\u00ed vroubkovan\u00e9 zdoben\u00ed na z\u00e1kladn\u00e1ch dopl\u0148k\u016f ji nav\u00edc p\u0159edur\u010duje ke kombinaci s kolekc\u00ed vodovodn\u00edch bateri\u00ed SOLARIS. Vlastnosti Materi\u00e1l: Slitina Barva: St\u0159\u00edbrn\u00e1 Instalace: Vrt\u00e1n\u00ed Tvar: Kruhov\u00e9 Rozm\u011br: 654x54x72 mm Druh: Dr\u017e\u00e1k ru\u010dn\u00edk\u016f jednoramenn\u00fd \u0160\u00ed\u0159ka: 654 mm V\u00fd\u0161ka: 54 mm Hloubka: 72 [&hellip;]","og_url":"https:\/\/www.oknobuild.com\/index.php\/produkt\/znackovy-sapho-larissa-drzak-rucniku-600x72mm-chrom-ws010-16935\/","og_image":[{"width":800,"height":800,"url":"https:\/\/www.oknobuild.com\/wp-content\/uploads\/2026\/SK0016787-CZ20260425-093041-0-1777080643-be385f09498aecb65501f848c5c4c27b.webp","type":"image\/webp"}],"twitter_card":"summary_large_image","schema":{"@context":"https:\/\/schema.org","@graph":[{"@type":"WebPage","@id":"https:\/\/www.oknobuild.com\/index.php\/produkt\/znackovy-sapho-larissa-drzak-rucniku-600x72mm-chrom-ws010-16935\/","url":"https:\/\/www.oknobuild.com\/index.php\/produkt\/znackovy-sapho-larissa-drzak-rucniku-600x72mm-chrom-ws010-16935\/","name":"Zna\u010dkov\u00fd Sapho LARISSA dr\u017e\u00e1k ru\u010dn\u00edk\u016f 600x72mm, chrom WS010 -","isPartOf":{"@id":"https:\/\/www.oknobuild.com\/#website"},"primaryImageOfPage":{"@id":"https:\/\/www.oknobuild.com\/index.php\/produkt\/znackovy-sapho-larissa-drzak-rucniku-600x72mm-chrom-ws010-16935\/#primaryimage"},"image":{"@id":"https:\/\/www.oknobuild.com\/index.php\/produkt\/znackovy-sapho-larissa-drzak-rucniku-600x72mm-chrom-ws010-16935\/#primaryimage"},"thumbnailUrl":"https:\/\/www.oknobuild.com\/wp-content\/uploads\/2026\/SK0016787-CZ20260425-093041-0-1777080643-be385f09498aecb65501f848c5c4c27b.webp","datePublished":"2026-04-27T04:41:15+00:00","breadcrumb":{"@id":"https:\/\/www.oknobuild.com\/index.php\/produkt\/znackovy-sapho-larissa-drzak-rucniku-600x72mm-chrom-ws010-16935\/#breadcrumb"},"inLanguage":"cs","potentialAction":[{"@type":"ReadAction","target":["https:\/\/www.oknobuild.com\/index.php\/produkt\/znackovy-sapho-larissa-drzak-rucniku-600x72mm-chrom-ws010-16935\/"]}]},{"@type":"ImageObject","inLanguage":"cs","@id":"https:\/\/www.oknobuild.com\/index.php\/produkt\/znackovy-sapho-larissa-drzak-rucniku-600x72mm-chrom-ws010-16935\/#primaryimage","url":"https:\/\/www.oknobuild.com\/wp-content\/uploads\/2026\/SK0016787-CZ20260425-093041-0-1777080643-be385f09498aecb65501f848c5c4c27b.webp","contentUrl":"https:\/\/www.oknobuild.com\/wp-content\/uploads\/2026\/SK0016787-CZ20260425-093041-0-1777080643-be385f09498aecb65501f848c5c4c27b.webp","width":800,"height":800},{"@type":"BreadcrumbList","@id":"https:\/\/www.oknobuild.com\/index.php\/produkt\/znackovy-sapho-larissa-drzak-rucniku-600x72mm-chrom-ws010-16935\/#breadcrumb","itemListElement":[{"@type":"ListItem","position":1,"name":"Home","item":"https:\/\/www.oknobuild.com\/"},{"@type":"ListItem","position":2,"name":"Products","item":"https:\/\/www.oknobuild.com\/index.php\/products\/"},{"@type":"ListItem","position":3,"name":"Zna\u010dkov\u00fd Sapho LARISSA dr\u017e\u00e1k ru\u010dn\u00edk\u016f 600x72mm, chrom WS010"}]},{"@type":"WebSite","@id":"https:\/\/www.oknobuild.com\/#website","url":"https:\/\/www.oknobuild.com\/","name":"","description":"","potentialAction":[{"@type":"SearchAction","target":{"@type":"EntryPoint","urlTemplate":"https:\/\/www.oknobuild.com\/?s={search_term_string}"},"query-input":{"@type":"PropertyValueSpecification","valueRequired":true,"valueName":"search_term_string"}}],"inLanguage":"cs"}]}},"_links":{"self":[{"href":"https:\/\/www.oknobuild.com\/index.php\/wp-json\/wp\/v2\/product\/16935","targetHints":{"allow":["GET"]}}],"collection":[{"href":"https:\/\/www.oknobuild.com\/index.php\/wp-json\/wp\/v2\/product"}],"about":[{"href":"https:\/\/www.oknobuild.com\/index.php\/wp-json\/wp\/v2\/types\/product"}],"replies":[{"embeddable":true,"href":"https:\/\/www.oknobuild.com\/index.php\/wp-json\/wp\/v2\/comments?post=16935"}],"wp:featuredmedia":[{"embeddable":true,"href":"https:\/\/www.oknobuild.com\/index.php\/wp-json\/wp\/v2\/media\/17035"}],"wp:attachment":[{"href":"https:\/\/www.oknobuild.com\/index.php\/wp-json\/wp\/v2\/media?parent=16935"}],"wp:term":[{"taxonomy":"product_brand","embeddable":true,"href":"https:\/\/www.oknobuild.com\/index.php\/wp-json\/wp\/v2\/product_brand?post=16935"},{"taxonomy":"product_cat","embeddable":true,"href":"https:\/\/www.oknobuild.com\/index.php\/wp-json\/wp\/v2\/product_cat?post=16935"},{"taxonomy":"product_tag","embeddable":true,"href":"https:\/\/www.oknobuild.com\/index.php\/wp-json\/wp\/v2\/product_tag?post=16935"}],"curies":[{"name":"wp","href":"https:\/\/api.w.org\/{rel}","templated":true}]}}