{"id":17771,"date":"2026-04-27T04:41:17","date_gmt":"2026-04-27T04:41:17","guid":{"rendered":""},"modified":"2026-04-27T04:41:17","modified_gmt":"2026-04-27T04:41:17","slug":"zlevneny-laufen-simibox-podomitkove-teleso-pro-vanove-a-sprchove-vrchni-sady-h3789800000001-17771","status":"publish","type":"product","link":"https:\/\/www.oknobuild.com\/index.php\/produkt\/zlevneny-laufen-simibox-podomitkove-teleso-pro-vanove-a-sprchove-vrchni-sady-h3789800000001-17771\/","title":{"rendered":"Zlevn\u011bn\u00fd Laufen Simibox, podom\u00edtkov\u00e9 t\u011bleso pro vanov\u00e9 a sprchov\u00e9 vrchn\u00ed sady  H3789800000001"},"content":{"rendered":"<div class=\"basic-description\">\n<h3>Detailn\u00ed popis produktu<\/h3>\n<p>                                    Laufen Simibox, podom\u00edtkov\u00e9 t\u011bleso pro vanov\u00e9 a sprchov\u00e9 vrchn\u00ed sady  H3789800000001, <\/p>\n<p>nov\u00e9 objednac\u00ed \u010d\u00edslo HF574007000000<\/p>\n<p>vhodn\u00e9 pro sprchov\u00e9 a vanov\u00e9 vrchn\u00ed sady<\/p>\n<p>instala\u010dn\u00ed hloubka od 102 mm<\/p>\n<p>d\u00edky 2 uzav\u00edrac\u00edm ventil\u016fm lze p\u0159\u00edmo v Simiboxu uzav\u0159\u00edt p\u0159\u00edvod tepl\u00e9 a studen\u00e9 vody (nemus\u00ed se uzav\u00edrat hlavn\u00ed p\u0159\u00edvod vody v objektu)<\/p>\n<p>lze oto\u010dit\/zam\u011bnit p\u0159\u00edvod tepl\u00e9 a studen\u00e9 vody a v\u00fdtoky sm\u00edchan\u00e9 vody<\/p>\n<p>pokud Simibox nebyl namontov\u00e1n p\u0159esn\u011b v horizont\u00e1ln\u00ed rovin\u011b, funk\u010dn\u00ed jednotka m\u016f\u017ee b\u00fdt n\u00e1sledn\u011b nastavena obousm\u011brn\u011b o 5 stup\u0148\u016f<\/p>\n<p>\u0160\u00ed\u0159ka: 50,5 cm<\/p>\n<p>Hloubka: 47,5 cm<\/p>\n<p>Hmotnost: 13,2 kg<\/p>\n<p>Barva: b\u00edl\u00e1<\/p>\n<p>INFORMACE<\/p>\n<p>N\u00e1bytkov\u00e9 z\u00e1v\u011bsn\u00e9 umyvadlo IRYDA s otvorem pro armaturu. Mo\u017enost mont\u00e1\u017ee s ozdobn\u00fdm sifonem, s polosloupem, sloupem nebo se sk\u0159\u00ed\u0148kami z \u0159ady IRYDA, ALPINA, XANTIA, TAZA.<\/p>\n<p>Bez baterie, mo\u017eno vybrat v souvisej\u00edc\u00edm zbo\u017e\u00ed n\u00ed\u017ee.                            <\/p><\/div>\n","protected":false},"excerpt":{"rendered":"<p>Detailn\u00ed popis produktu Laufen Simibox, podom\u00edtkov\u00e9 t\u011bleso pro vanov\u00e9 a sprchov\u00e9 vrchn\u00ed sady H3789800000001, nov\u00e9 objednac\u00ed \u010d\u00edslo HF574007000000 vhodn\u00e9 pro sprchov\u00e9 a vanov\u00e9 vrchn\u00ed sady instala\u010dn\u00ed hloubka od 102 mm d\u00edky 2 uzav\u00edrac\u00edm ventil\u016fm lze p\u0159\u00edmo v Simiboxu uzav\u0159\u00edt p\u0159\u00edvod tepl\u00e9 a studen\u00e9 vody (nemus\u00ed se uzav\u00edrat hlavn\u00ed p\u0159\u00edvod vody v objektu) lze oto\u010dit\/zam\u011bnit p\u0159\u00edvod [&hellip;]<\/p>\n","protected":false},"featured_media":17871,"comment_status":"open","ping_status":"open","template":"","meta":[],"product_brand":[],"product_cat":[72],"product_tag":[],"class_list":{"0":"post-17771","1":"product","2":"type-product","3":"status-publish","4":"has-post-thumbnail","6":"product_cat-koupelny-a-sanitarni-technika","8":"first","9":"instock","10":"sale","11":"shipping-taxable","12":"purchasable","13":"product-type-simple"},"yoast_head":"<!-- This site is optimized with the Yoast SEO plugin v26.8 - https:\/\/yoast.com\/product\/yoast-seo-wordpress\/ -->\n<title>Zlevn\u011bn\u00fd Laufen Simibox, podom\u00edtkov\u00e9 t\u011bleso pro vanov\u00e9 a sprchov\u00e9 vrchn\u00ed sady H3789800000001 -<\/title>\n<meta name=\"robots\" content=\"index, follow, max-snippet:-1, max-image-preview:large, max-video-preview:-1\" \/>\n<link rel=\"canonical\" href=\"https:\/\/www.oknobuild.com\/index.php\/produkt\/zlevneny-laufen-simibox-podomitkove-teleso-pro-vanove-a-sprchove-vrchni-sady-h3789800000001-17771\/\" \/>\n<meta property=\"og:locale\" content=\"cs_CZ\" \/>\n<meta property=\"og:type\" content=\"article\" \/>\n<meta property=\"og:title\" content=\"Zlevn\u011bn\u00fd Laufen Simibox, podom\u00edtkov\u00e9 t\u011bleso pro vanov\u00e9 a sprchov\u00e9 vrchn\u00ed sady H3789800000001 -\" \/>\n<meta property=\"og:description\" content=\"Detailn\u00ed popis produktu Laufen Simibox, podom\u00edtkov\u00e9 t\u011bleso pro vanov\u00e9 a sprchov\u00e9 vrchn\u00ed sady H3789800000001, nov\u00e9 objednac\u00ed \u010d\u00edslo HF574007000000 vhodn\u00e9 pro sprchov\u00e9 a vanov\u00e9 vrchn\u00ed sady instala\u010dn\u00ed hloubka od 102 mm d\u00edky 2 uzav\u00edrac\u00edm ventil\u016fm lze p\u0159\u00edmo v Simiboxu uzav\u0159\u00edt p\u0159\u00edvod tepl\u00e9 a studen\u00e9 vody (nemus\u00ed se uzav\u00edrat hlavn\u00ed p\u0159\u00edvod vody v objektu) lze oto\u010dit\/zam\u011bnit p\u0159\u00edvod [&hellip;]\" \/>\n<meta property=\"og:url\" content=\"https:\/\/www.oknobuild.com\/index.php\/produkt\/zlevneny-laufen-simibox-podomitkove-teleso-pro-vanove-a-sprchove-vrchni-sady-h3789800000001-17771\/\" \/>\n<meta property=\"og:image\" content=\"https:\/\/www.oknobuild.com\/wp-content\/uploads\/2026\/SK0017741-CZ20260425-093351-0-1777080838-1014159_h3789800000001-jpg.webp\" \/>\n\t<meta property=\"og:image:width\" content=\"1000\" \/>\n\t<meta property=\"og:image:height\" content=\"750\" \/>\n\t<meta property=\"og:image:type\" content=\"image\/webp\" \/>\n<meta name=\"twitter:card\" content=\"summary_large_image\" \/>\n<meta name=\"twitter:label1\" content=\"Odhadovan\u00e1 doba \u010dten\u00ed\" \/>\n\t<meta name=\"twitter:data1\" content=\"1 minuta\" \/>\n<script type=\"application\/ld+json\" class=\"yoast-schema-graph\">{\"@context\":\"https:\/\/schema.org\",\"@graph\":[{\"@type\":\"WebPage\",\"@id\":\"https:\/\/www.oknobuild.com\/index.php\/produkt\/zlevneny-laufen-simibox-podomitkove-teleso-pro-vanove-a-sprchove-vrchni-sady-h3789800000001-17771\/\",\"url\":\"https:\/\/www.oknobuild.com\/index.php\/produkt\/zlevneny-laufen-simibox-podomitkove-teleso-pro-vanove-a-sprchove-vrchni-sady-h3789800000001-17771\/\",\"name\":\"Zlevn\u011bn\u00fd Laufen Simibox, podom\u00edtkov\u00e9 t\u011bleso pro vanov\u00e9 a sprchov\u00e9 vrchn\u00ed sady H3789800000001 -\",\"isPartOf\":{\"@id\":\"https:\/\/www.oknobuild.com\/#website\"},\"primaryImageOfPage\":{\"@id\":\"https:\/\/www.oknobuild.com\/index.php\/produkt\/zlevneny-laufen-simibox-podomitkove-teleso-pro-vanove-a-sprchove-vrchni-sady-h3789800000001-17771\/#primaryimage\"},\"image\":{\"@id\":\"https:\/\/www.oknobuild.com\/index.php\/produkt\/zlevneny-laufen-simibox-podomitkove-teleso-pro-vanove-a-sprchove-vrchni-sady-h3789800000001-17771\/#primaryimage\"},\"thumbnailUrl\":\"https:\/\/www.oknobuild.com\/wp-content\/uploads\/2026\/SK0017741-CZ20260425-093351-0-1777080838-1014159_h3789800000001-jpg.webp\",\"datePublished\":\"2026-04-27T04:41:17+00:00\",\"breadcrumb\":{\"@id\":\"https:\/\/www.oknobuild.com\/index.php\/produkt\/zlevneny-laufen-simibox-podomitkove-teleso-pro-vanove-a-sprchove-vrchni-sady-h3789800000001-17771\/#breadcrumb\"},\"inLanguage\":\"cs\",\"potentialAction\":[{\"@type\":\"ReadAction\",\"target\":[\"https:\/\/www.oknobuild.com\/index.php\/produkt\/zlevneny-laufen-simibox-podomitkove-teleso-pro-vanove-a-sprchove-vrchni-sady-h3789800000001-17771\/\"]}]},{\"@type\":\"ImageObject\",\"inLanguage\":\"cs\",\"@id\":\"https:\/\/www.oknobuild.com\/index.php\/produkt\/zlevneny-laufen-simibox-podomitkove-teleso-pro-vanove-a-sprchove-vrchni-sady-h3789800000001-17771\/#primaryimage\",\"url\":\"https:\/\/www.oknobuild.com\/wp-content\/uploads\/2026\/SK0017741-CZ20260425-093351-0-1777080838-1014159_h3789800000001-jpg.webp\",\"contentUrl\":\"https:\/\/www.oknobuild.com\/wp-content\/uploads\/2026\/SK0017741-CZ20260425-093351-0-1777080838-1014159_h3789800000001-jpg.webp\",\"width\":1000,\"height\":750},{\"@type\":\"BreadcrumbList\",\"@id\":\"https:\/\/www.oknobuild.com\/index.php\/produkt\/zlevneny-laufen-simibox-podomitkove-teleso-pro-vanove-a-sprchove-vrchni-sady-h3789800000001-17771\/#breadcrumb\",\"itemListElement\":[{\"@type\":\"ListItem\",\"position\":1,\"name\":\"Home\",\"item\":\"https:\/\/www.oknobuild.com\/\"},{\"@type\":\"ListItem\",\"position\":2,\"name\":\"Products\",\"item\":\"https:\/\/www.oknobuild.com\/index.php\/products\/\"},{\"@type\":\"ListItem\",\"position\":3,\"name\":\"Zlevn\u011bn\u00fd Laufen Simibox, podom\u00edtkov\u00e9 t\u011bleso pro vanov\u00e9 a sprchov\u00e9 vrchn\u00ed sady H3789800000001\"}]},{\"@type\":\"WebSite\",\"@id\":\"https:\/\/www.oknobuild.com\/#website\",\"url\":\"https:\/\/www.oknobuild.com\/\",\"name\":\"\",\"description\":\"\",\"potentialAction\":[{\"@type\":\"SearchAction\",\"target\":{\"@type\":\"EntryPoint\",\"urlTemplate\":\"https:\/\/www.oknobuild.com\/?s={search_term_string}\"},\"query-input\":{\"@type\":\"PropertyValueSpecification\",\"valueRequired\":true,\"valueName\":\"search_term_string\"}}],\"inLanguage\":\"cs\"}]}<\/script>\n<!-- \/ Yoast SEO plugin. -->","yoast_head_json":{"title":"Zlevn\u011bn\u00fd Laufen Simibox, podom\u00edtkov\u00e9 t\u011bleso pro vanov\u00e9 a sprchov\u00e9 vrchn\u00ed sady H3789800000001 -","robots":{"index":"index","follow":"follow","max-snippet":"max-snippet:-1","max-image-preview":"max-image-preview:large","max-video-preview":"max-video-preview:-1"},"canonical":"https:\/\/www.oknobuild.com\/index.php\/produkt\/zlevneny-laufen-simibox-podomitkove-teleso-pro-vanove-a-sprchove-vrchni-sady-h3789800000001-17771\/","og_locale":"cs_CZ","og_type":"article","og_title":"Zlevn\u011bn\u00fd Laufen Simibox, podom\u00edtkov\u00e9 t\u011bleso pro vanov\u00e9 a sprchov\u00e9 vrchn\u00ed sady H3789800000001 -","og_description":"Detailn\u00ed popis produktu Laufen Simibox, podom\u00edtkov\u00e9 t\u011bleso pro vanov\u00e9 a sprchov\u00e9 vrchn\u00ed sady H3789800000001, nov\u00e9 objednac\u00ed \u010d\u00edslo HF574007000000 vhodn\u00e9 pro sprchov\u00e9 a vanov\u00e9 vrchn\u00ed sady instala\u010dn\u00ed hloubka od 102 mm d\u00edky 2 uzav\u00edrac\u00edm ventil\u016fm lze p\u0159\u00edmo v Simiboxu uzav\u0159\u00edt p\u0159\u00edvod tepl\u00e9 a studen\u00e9 vody (nemus\u00ed se uzav\u00edrat hlavn\u00ed p\u0159\u00edvod vody v objektu) lze oto\u010dit\/zam\u011bnit p\u0159\u00edvod [&hellip;]","og_url":"https:\/\/www.oknobuild.com\/index.php\/produkt\/zlevneny-laufen-simibox-podomitkove-teleso-pro-vanove-a-sprchove-vrchni-sady-h3789800000001-17771\/","og_image":[{"width":1000,"height":750,"url":"https:\/\/www.oknobuild.com\/wp-content\/uploads\/2026\/SK0017741-CZ20260425-093351-0-1777080838-1014159_h3789800000001-jpg.webp","type":"image\/webp"}],"twitter_card":"summary_large_image","twitter_misc":{"Odhadovan\u00e1 doba \u010dten\u00ed":"1 minuta"},"schema":{"@context":"https:\/\/schema.org","@graph":[{"@type":"WebPage","@id":"https:\/\/www.oknobuild.com\/index.php\/produkt\/zlevneny-laufen-simibox-podomitkove-teleso-pro-vanove-a-sprchove-vrchni-sady-h3789800000001-17771\/","url":"https:\/\/www.oknobuild.com\/index.php\/produkt\/zlevneny-laufen-simibox-podomitkove-teleso-pro-vanove-a-sprchove-vrchni-sady-h3789800000001-17771\/","name":"Zlevn\u011bn\u00fd Laufen Simibox, podom\u00edtkov\u00e9 t\u011bleso pro vanov\u00e9 a sprchov\u00e9 vrchn\u00ed sady H3789800000001 -","isPartOf":{"@id":"https:\/\/www.oknobuild.com\/#website"},"primaryImageOfPage":{"@id":"https:\/\/www.oknobuild.com\/index.php\/produkt\/zlevneny-laufen-simibox-podomitkove-teleso-pro-vanove-a-sprchove-vrchni-sady-h3789800000001-17771\/#primaryimage"},"image":{"@id":"https:\/\/www.oknobuild.com\/index.php\/produkt\/zlevneny-laufen-simibox-podomitkove-teleso-pro-vanove-a-sprchove-vrchni-sady-h3789800000001-17771\/#primaryimage"},"thumbnailUrl":"https:\/\/www.oknobuild.com\/wp-content\/uploads\/2026\/SK0017741-CZ20260425-093351-0-1777080838-1014159_h3789800000001-jpg.webp","datePublished":"2026-04-27T04:41:17+00:00","breadcrumb":{"@id":"https:\/\/www.oknobuild.com\/index.php\/produkt\/zlevneny-laufen-simibox-podomitkove-teleso-pro-vanove-a-sprchove-vrchni-sady-h3789800000001-17771\/#breadcrumb"},"inLanguage":"cs","potentialAction":[{"@type":"ReadAction","target":["https:\/\/www.oknobuild.com\/index.php\/produkt\/zlevneny-laufen-simibox-podomitkove-teleso-pro-vanove-a-sprchove-vrchni-sady-h3789800000001-17771\/"]}]},{"@type":"ImageObject","inLanguage":"cs","@id":"https:\/\/www.oknobuild.com\/index.php\/produkt\/zlevneny-laufen-simibox-podomitkove-teleso-pro-vanove-a-sprchove-vrchni-sady-h3789800000001-17771\/#primaryimage","url":"https:\/\/www.oknobuild.com\/wp-content\/uploads\/2026\/SK0017741-CZ20260425-093351-0-1777080838-1014159_h3789800000001-jpg.webp","contentUrl":"https:\/\/www.oknobuild.com\/wp-content\/uploads\/2026\/SK0017741-CZ20260425-093351-0-1777080838-1014159_h3789800000001-jpg.webp","width":1000,"height":750},{"@type":"BreadcrumbList","@id":"https:\/\/www.oknobuild.com\/index.php\/produkt\/zlevneny-laufen-simibox-podomitkove-teleso-pro-vanove-a-sprchove-vrchni-sady-h3789800000001-17771\/#breadcrumb","itemListElement":[{"@type":"ListItem","position":1,"name":"Home","item":"https:\/\/www.oknobuild.com\/"},{"@type":"ListItem","position":2,"name":"Products","item":"https:\/\/www.oknobuild.com\/index.php\/products\/"},{"@type":"ListItem","position":3,"name":"Zlevn\u011bn\u00fd Laufen Simibox, podom\u00edtkov\u00e9 t\u011bleso pro vanov\u00e9 a sprchov\u00e9 vrchn\u00ed sady H3789800000001"}]},{"@type":"WebSite","@id":"https:\/\/www.oknobuild.com\/#website","url":"https:\/\/www.oknobuild.com\/","name":"","description":"","potentialAction":[{"@type":"SearchAction","target":{"@type":"EntryPoint","urlTemplate":"https:\/\/www.oknobuild.com\/?s={search_term_string}"},"query-input":{"@type":"PropertyValueSpecification","valueRequired":true,"valueName":"search_term_string"}}],"inLanguage":"cs"}]}},"_links":{"self":[{"href":"https:\/\/www.oknobuild.com\/index.php\/wp-json\/wp\/v2\/product\/17771","targetHints":{"allow":["GET"]}}],"collection":[{"href":"https:\/\/www.oknobuild.com\/index.php\/wp-json\/wp\/v2\/product"}],"about":[{"href":"https:\/\/www.oknobuild.com\/index.php\/wp-json\/wp\/v2\/types\/product"}],"replies":[{"embeddable":true,"href":"https:\/\/www.oknobuild.com\/index.php\/wp-json\/wp\/v2\/comments?post=17771"}],"wp:featuredmedia":[{"embeddable":true,"href":"https:\/\/www.oknobuild.com\/index.php\/wp-json\/wp\/v2\/media\/17871"}],"wp:attachment":[{"href":"https:\/\/www.oknobuild.com\/index.php\/wp-json\/wp\/v2\/media?parent=17771"}],"wp:term":[{"taxonomy":"product_brand","embeddable":true,"href":"https:\/\/www.oknobuild.com\/index.php\/wp-json\/wp\/v2\/product_brand?post=17771"},{"taxonomy":"product_cat","embeddable":true,"href":"https:\/\/www.oknobuild.com\/index.php\/wp-json\/wp\/v2\/product_cat?post=17771"},{"taxonomy":"product_tag","embeddable":true,"href":"https:\/\/www.oknobuild.com\/index.php\/wp-json\/wp\/v2\/product_tag?post=17771"}],"curies":[{"name":"wp","href":"https:\/\/api.w.org\/{rel}","templated":true}]}}