{"id":18568,"date":"2026-04-27T04:41:19","date_gmt":"2026-04-27T04:41:19","guid":{"rendered":""},"modified":"2026-04-27T04:41:19","modified_gmt":"2026-04-27T04:41:19","slug":"znackovy-jika-ovladaci-deska-pl8-dualflush-matny-chrom-leskly-krouzek-2tlacitko-25x16-h8936460070001-18568","status":"publish","type":"product","link":"https:\/\/www.oknobuild.com\/index.php\/produkt\/znackovy-jika-ovladaci-deska-pl8-dualflush-matny-chrom-leskly-krouzek-2tlacitko-25x16-h8936460070001-18568\/","title":{"rendered":"Zna\u010dkov\u00fd Jika ovl\u00e1d\u00e1c\u00ed deska PL8 DualFlush matn\u00fd chrom\/leskl\u00fd krou\u017eek 2tla\u010d\u00edtko 25&#215;16  H8936460070001"},"content":{"rendered":"<div class=\"basic-description\">\n<h3>Detailn\u00ed popis produktu<\/h3>\n<p>                                    Jika PL8 tla\u010d\u00edtko Dual Flush <\/p>\n<p>Rozm\u011br v\u00fdrobku:<\/p>\n<p>\u0160\u00ed\u0159ka: 250 mm<\/p>\n<p>V\u00fd\u0161ka: 160 mm<\/p>\n<p>Hloubka: 10 mm<\/p>\n<p>Modern\u00ed tla\u010d\u00edtka PL8 Dual Flush nab\u00edz\u00edme ve t\u0159ech variant\u00e1ch \u2013 v barv\u011b b\u00edl\u00e9 se zelen\u00fdm vnit\u0159n\u00edm krou\u017ekem, v proveden\u00ed chrom mat s leskl\u00fdm krou\u017ekem nebo v leskl\u00e9m chromov\u00e9m provedeni s matn\u00fdm krou\u017ekem. V p\u0159\u00edpad\u011b z\u00e1jmu lze obejdnat barevn\u00e9 krou\u017eky 8.9964.6 samostatn\u011b a snadno vym\u011bnit. Tla\u010d\u00edtko \u0159e\u0161\u00ed \u00fasporu vody \u2013 a\u0165 se spl\u00e1chne jakkoliv, \u0161et\u0159\u00ed se st\u00e1le. Tla\u010d\u00edtko lze nastavit na spl\u00e1chnut\u00ed nap\u0159. 4,5 litry pro klozety, kter\u00e9 jsou na tento objem certifikov\u00e1ny.<\/p><\/div>\n","protected":false},"excerpt":{"rendered":"<p>Detailn\u00ed popis produktu Jika PL8 tla\u010d\u00edtko Dual Flush Rozm\u011br v\u00fdrobku: \u0160\u00ed\u0159ka: 250 mm V\u00fd\u0161ka: 160 mm Hloubka: 10 mm Modern\u00ed tla\u010d\u00edtka PL8 Dual Flush nab\u00edz\u00edme ve t\u0159ech variant\u00e1ch \u2013 v barv\u011b b\u00edl\u00e9 se zelen\u00fdm vnit\u0159n\u00edm krou\u017ekem, v proveden\u00ed chrom mat s leskl\u00fdm krou\u017ekem nebo v leskl\u00e9m chromov\u00e9m provedeni s matn\u00fdm krou\u017ekem. V p\u0159\u00edpad\u011b z\u00e1jmu lze [&hellip;]<\/p>\n","protected":false},"featured_media":18668,"comment_status":"open","ping_status":"open","template":"","meta":[],"product_brand":[],"product_cat":[72],"product_tag":[],"class_list":{"0":"post-18568","1":"product","2":"type-product","3":"status-publish","4":"has-post-thumbnail","6":"product_cat-koupelny-a-sanitarni-technika","8":"first","9":"instock","10":"sale","11":"shipping-taxable","12":"purchasable","13":"product-type-simple"},"yoast_head":"<!-- This site is optimized with the Yoast SEO plugin v26.8 - https:\/\/yoast.com\/product\/yoast-seo-wordpress\/ -->\n<title>Zna\u010dkov\u00fd Jika ovl\u00e1d\u00e1c\u00ed deska PL8 DualFlush matn\u00fd chrom\/leskl\u00fd krou\u017eek 2tla\u010d\u00edtko 25x16 H8936460070001 -<\/title>\n<meta name=\"robots\" content=\"index, follow, max-snippet:-1, max-image-preview:large, max-video-preview:-1\" \/>\n<link rel=\"canonical\" href=\"https:\/\/www.oknobuild.com\/index.php\/produkt\/znackovy-jika-ovladaci-deska-pl8-dualflush-matny-chrom-leskly-krouzek-2tlacitko-25x16-h8936460070001-18568\/\" \/>\n<meta property=\"og:locale\" content=\"cs_CZ\" \/>\n<meta property=\"og:type\" content=\"article\" \/>\n<meta property=\"og:title\" content=\"Zna\u010dkov\u00fd Jika ovl\u00e1d\u00e1c\u00ed deska PL8 DualFlush matn\u00fd chrom\/leskl\u00fd krou\u017eek 2tla\u010d\u00edtko 25x16 H8936460070001 -\" \/>\n<meta property=\"og:description\" content=\"Detailn\u00ed popis produktu Jika PL8 tla\u010d\u00edtko Dual Flush Rozm\u011br v\u00fdrobku: \u0160\u00ed\u0159ka: 250 mm V\u00fd\u0161ka: 160 mm Hloubka: 10 mm Modern\u00ed tla\u010d\u00edtka PL8 Dual Flush nab\u00edz\u00edme ve t\u0159ech variant\u00e1ch \u2013 v barv\u011b b\u00edl\u00e9 se zelen\u00fdm vnit\u0159n\u00edm krou\u017ekem, v proveden\u00ed chrom mat s leskl\u00fdm krou\u017ekem nebo v leskl\u00e9m chromov\u00e9m provedeni s matn\u00fdm krou\u017ekem. V p\u0159\u00edpad\u011b z\u00e1jmu lze [&hellip;]\" \/>\n<meta property=\"og:url\" content=\"https:\/\/www.oknobuild.com\/index.php\/produkt\/znackovy-jika-ovladaci-deska-pl8-dualflush-matny-chrom-leskly-krouzek-2tlacitko-25x16-h8936460070001-18568\/\" \/>\n<meta property=\"og:image\" content=\"https:\/\/www.oknobuild.com\/wp-content\/uploads\/2026\/SK0018156-CZ20260425-093351-0-1777080838-994272_8-9364-6sch-jpg.webp\" \/>\n\t<meta property=\"og:image:width\" content=\"1000\" \/>\n\t<meta property=\"og:image:height\" content=\"750\" \/>\n\t<meta property=\"og:image:type\" content=\"image\/webp\" \/>\n<meta name=\"twitter:card\" content=\"summary_large_image\" \/>\n<meta name=\"twitter:label1\" content=\"Odhadovan\u00e1 doba \u010dten\u00ed\" \/>\n\t<meta name=\"twitter:data1\" content=\"1 minuta\" \/>\n<script type=\"application\/ld+json\" class=\"yoast-schema-graph\">{\"@context\":\"https:\/\/schema.org\",\"@graph\":[{\"@type\":\"WebPage\",\"@id\":\"https:\/\/www.oknobuild.com\/index.php\/produkt\/znackovy-jika-ovladaci-deska-pl8-dualflush-matny-chrom-leskly-krouzek-2tlacitko-25x16-h8936460070001-18568\/\",\"url\":\"https:\/\/www.oknobuild.com\/index.php\/produkt\/znackovy-jika-ovladaci-deska-pl8-dualflush-matny-chrom-leskly-krouzek-2tlacitko-25x16-h8936460070001-18568\/\",\"name\":\"Zna\u010dkov\u00fd Jika ovl\u00e1d\u00e1c\u00ed deska PL8 DualFlush matn\u00fd chrom\/leskl\u00fd krou\u017eek 2tla\u010d\u00edtko 25x16 H8936460070001 -\",\"isPartOf\":{\"@id\":\"https:\/\/www.oknobuild.com\/#website\"},\"primaryImageOfPage\":{\"@id\":\"https:\/\/www.oknobuild.com\/index.php\/produkt\/znackovy-jika-ovladaci-deska-pl8-dualflush-matny-chrom-leskly-krouzek-2tlacitko-25x16-h8936460070001-18568\/#primaryimage\"},\"image\":{\"@id\":\"https:\/\/www.oknobuild.com\/index.php\/produkt\/znackovy-jika-ovladaci-deska-pl8-dualflush-matny-chrom-leskly-krouzek-2tlacitko-25x16-h8936460070001-18568\/#primaryimage\"},\"thumbnailUrl\":\"https:\/\/www.oknobuild.com\/wp-content\/uploads\/2026\/SK0018156-CZ20260425-093351-0-1777080838-994272_8-9364-6sch-jpg.webp\",\"datePublished\":\"2026-04-27T04:41:19+00:00\",\"breadcrumb\":{\"@id\":\"https:\/\/www.oknobuild.com\/index.php\/produkt\/znackovy-jika-ovladaci-deska-pl8-dualflush-matny-chrom-leskly-krouzek-2tlacitko-25x16-h8936460070001-18568\/#breadcrumb\"},\"inLanguage\":\"cs\",\"potentialAction\":[{\"@type\":\"ReadAction\",\"target\":[\"https:\/\/www.oknobuild.com\/index.php\/produkt\/znackovy-jika-ovladaci-deska-pl8-dualflush-matny-chrom-leskly-krouzek-2tlacitko-25x16-h8936460070001-18568\/\"]}]},{\"@type\":\"ImageObject\",\"inLanguage\":\"cs\",\"@id\":\"https:\/\/www.oknobuild.com\/index.php\/produkt\/znackovy-jika-ovladaci-deska-pl8-dualflush-matny-chrom-leskly-krouzek-2tlacitko-25x16-h8936460070001-18568\/#primaryimage\",\"url\":\"https:\/\/www.oknobuild.com\/wp-content\/uploads\/2026\/SK0018156-CZ20260425-093351-0-1777080838-994272_8-9364-6sch-jpg.webp\",\"contentUrl\":\"https:\/\/www.oknobuild.com\/wp-content\/uploads\/2026\/SK0018156-CZ20260425-093351-0-1777080838-994272_8-9364-6sch-jpg.webp\",\"width\":1000,\"height\":750},{\"@type\":\"BreadcrumbList\",\"@id\":\"https:\/\/www.oknobuild.com\/index.php\/produkt\/znackovy-jika-ovladaci-deska-pl8-dualflush-matny-chrom-leskly-krouzek-2tlacitko-25x16-h8936460070001-18568\/#breadcrumb\",\"itemListElement\":[{\"@type\":\"ListItem\",\"position\":1,\"name\":\"Home\",\"item\":\"https:\/\/www.oknobuild.com\/\"},{\"@type\":\"ListItem\",\"position\":2,\"name\":\"Products\",\"item\":\"https:\/\/www.oknobuild.com\/index.php\/products\/\"},{\"@type\":\"ListItem\",\"position\":3,\"name\":\"Zna\u010dkov\u00fd Jika ovl\u00e1d\u00e1c\u00ed deska PL8 DualFlush matn\u00fd chrom\/leskl\u00fd krou\u017eek 2tla\u010d\u00edtko 25&#215;16 H8936460070001\"}]},{\"@type\":\"WebSite\",\"@id\":\"https:\/\/www.oknobuild.com\/#website\",\"url\":\"https:\/\/www.oknobuild.com\/\",\"name\":\"\",\"description\":\"\",\"potentialAction\":[{\"@type\":\"SearchAction\",\"target\":{\"@type\":\"EntryPoint\",\"urlTemplate\":\"https:\/\/www.oknobuild.com\/?s={search_term_string}\"},\"query-input\":{\"@type\":\"PropertyValueSpecification\",\"valueRequired\":true,\"valueName\":\"search_term_string\"}}],\"inLanguage\":\"cs\"}]}<\/script>\n<!-- \/ Yoast SEO plugin. -->","yoast_head_json":{"title":"Zna\u010dkov\u00fd Jika ovl\u00e1d\u00e1c\u00ed deska PL8 DualFlush matn\u00fd chrom\/leskl\u00fd krou\u017eek 2tla\u010d\u00edtko 25x16 H8936460070001 -","robots":{"index":"index","follow":"follow","max-snippet":"max-snippet:-1","max-image-preview":"max-image-preview:large","max-video-preview":"max-video-preview:-1"},"canonical":"https:\/\/www.oknobuild.com\/index.php\/produkt\/znackovy-jika-ovladaci-deska-pl8-dualflush-matny-chrom-leskly-krouzek-2tlacitko-25x16-h8936460070001-18568\/","og_locale":"cs_CZ","og_type":"article","og_title":"Zna\u010dkov\u00fd Jika ovl\u00e1d\u00e1c\u00ed deska PL8 DualFlush matn\u00fd chrom\/leskl\u00fd krou\u017eek 2tla\u010d\u00edtko 25x16 H8936460070001 -","og_description":"Detailn\u00ed popis produktu Jika PL8 tla\u010d\u00edtko Dual Flush Rozm\u011br v\u00fdrobku: \u0160\u00ed\u0159ka: 250 mm V\u00fd\u0161ka: 160 mm Hloubka: 10 mm Modern\u00ed tla\u010d\u00edtka PL8 Dual Flush nab\u00edz\u00edme ve t\u0159ech variant\u00e1ch \u2013 v barv\u011b b\u00edl\u00e9 se zelen\u00fdm vnit\u0159n\u00edm krou\u017ekem, v proveden\u00ed chrom mat s leskl\u00fdm krou\u017ekem nebo v leskl\u00e9m chromov\u00e9m provedeni s matn\u00fdm krou\u017ekem. V p\u0159\u00edpad\u011b z\u00e1jmu lze [&hellip;]","og_url":"https:\/\/www.oknobuild.com\/index.php\/produkt\/znackovy-jika-ovladaci-deska-pl8-dualflush-matny-chrom-leskly-krouzek-2tlacitko-25x16-h8936460070001-18568\/","og_image":[{"width":1000,"height":750,"url":"https:\/\/www.oknobuild.com\/wp-content\/uploads\/2026\/SK0018156-CZ20260425-093351-0-1777080838-994272_8-9364-6sch-jpg.webp","type":"image\/webp"}],"twitter_card":"summary_large_image","twitter_misc":{"Odhadovan\u00e1 doba \u010dten\u00ed":"1 minuta"},"schema":{"@context":"https:\/\/schema.org","@graph":[{"@type":"WebPage","@id":"https:\/\/www.oknobuild.com\/index.php\/produkt\/znackovy-jika-ovladaci-deska-pl8-dualflush-matny-chrom-leskly-krouzek-2tlacitko-25x16-h8936460070001-18568\/","url":"https:\/\/www.oknobuild.com\/index.php\/produkt\/znackovy-jika-ovladaci-deska-pl8-dualflush-matny-chrom-leskly-krouzek-2tlacitko-25x16-h8936460070001-18568\/","name":"Zna\u010dkov\u00fd Jika ovl\u00e1d\u00e1c\u00ed deska PL8 DualFlush matn\u00fd chrom\/leskl\u00fd krou\u017eek 2tla\u010d\u00edtko 25x16 H8936460070001 -","isPartOf":{"@id":"https:\/\/www.oknobuild.com\/#website"},"primaryImageOfPage":{"@id":"https:\/\/www.oknobuild.com\/index.php\/produkt\/znackovy-jika-ovladaci-deska-pl8-dualflush-matny-chrom-leskly-krouzek-2tlacitko-25x16-h8936460070001-18568\/#primaryimage"},"image":{"@id":"https:\/\/www.oknobuild.com\/index.php\/produkt\/znackovy-jika-ovladaci-deska-pl8-dualflush-matny-chrom-leskly-krouzek-2tlacitko-25x16-h8936460070001-18568\/#primaryimage"},"thumbnailUrl":"https:\/\/www.oknobuild.com\/wp-content\/uploads\/2026\/SK0018156-CZ20260425-093351-0-1777080838-994272_8-9364-6sch-jpg.webp","datePublished":"2026-04-27T04:41:19+00:00","breadcrumb":{"@id":"https:\/\/www.oknobuild.com\/index.php\/produkt\/znackovy-jika-ovladaci-deska-pl8-dualflush-matny-chrom-leskly-krouzek-2tlacitko-25x16-h8936460070001-18568\/#breadcrumb"},"inLanguage":"cs","potentialAction":[{"@type":"ReadAction","target":["https:\/\/www.oknobuild.com\/index.php\/produkt\/znackovy-jika-ovladaci-deska-pl8-dualflush-matny-chrom-leskly-krouzek-2tlacitko-25x16-h8936460070001-18568\/"]}]},{"@type":"ImageObject","inLanguage":"cs","@id":"https:\/\/www.oknobuild.com\/index.php\/produkt\/znackovy-jika-ovladaci-deska-pl8-dualflush-matny-chrom-leskly-krouzek-2tlacitko-25x16-h8936460070001-18568\/#primaryimage","url":"https:\/\/www.oknobuild.com\/wp-content\/uploads\/2026\/SK0018156-CZ20260425-093351-0-1777080838-994272_8-9364-6sch-jpg.webp","contentUrl":"https:\/\/www.oknobuild.com\/wp-content\/uploads\/2026\/SK0018156-CZ20260425-093351-0-1777080838-994272_8-9364-6sch-jpg.webp","width":1000,"height":750},{"@type":"BreadcrumbList","@id":"https:\/\/www.oknobuild.com\/index.php\/produkt\/znackovy-jika-ovladaci-deska-pl8-dualflush-matny-chrom-leskly-krouzek-2tlacitko-25x16-h8936460070001-18568\/#breadcrumb","itemListElement":[{"@type":"ListItem","position":1,"name":"Home","item":"https:\/\/www.oknobuild.com\/"},{"@type":"ListItem","position":2,"name":"Products","item":"https:\/\/www.oknobuild.com\/index.php\/products\/"},{"@type":"ListItem","position":3,"name":"Zna\u010dkov\u00fd Jika ovl\u00e1d\u00e1c\u00ed deska PL8 DualFlush matn\u00fd chrom\/leskl\u00fd krou\u017eek 2tla\u010d\u00edtko 25&#215;16 H8936460070001"}]},{"@type":"WebSite","@id":"https:\/\/www.oknobuild.com\/#website","url":"https:\/\/www.oknobuild.com\/","name":"","description":"","potentialAction":[{"@type":"SearchAction","target":{"@type":"EntryPoint","urlTemplate":"https:\/\/www.oknobuild.com\/?s={search_term_string}"},"query-input":{"@type":"PropertyValueSpecification","valueRequired":true,"valueName":"search_term_string"}}],"inLanguage":"cs"}]}},"_links":{"self":[{"href":"https:\/\/www.oknobuild.com\/index.php\/wp-json\/wp\/v2\/product\/18568","targetHints":{"allow":["GET"]}}],"collection":[{"href":"https:\/\/www.oknobuild.com\/index.php\/wp-json\/wp\/v2\/product"}],"about":[{"href":"https:\/\/www.oknobuild.com\/index.php\/wp-json\/wp\/v2\/types\/product"}],"replies":[{"embeddable":true,"href":"https:\/\/www.oknobuild.com\/index.php\/wp-json\/wp\/v2\/comments?post=18568"}],"wp:featuredmedia":[{"embeddable":true,"href":"https:\/\/www.oknobuild.com\/index.php\/wp-json\/wp\/v2\/media\/18668"}],"wp:attachment":[{"href":"https:\/\/www.oknobuild.com\/index.php\/wp-json\/wp\/v2\/media?parent=18568"}],"wp:term":[{"taxonomy":"product_brand","embeddable":true,"href":"https:\/\/www.oknobuild.com\/index.php\/wp-json\/wp\/v2\/product_brand?post=18568"},{"taxonomy":"product_cat","embeddable":true,"href":"https:\/\/www.oknobuild.com\/index.php\/wp-json\/wp\/v2\/product_cat?post=18568"},{"taxonomy":"product_tag","embeddable":true,"href":"https:\/\/www.oknobuild.com\/index.php\/wp-json\/wp\/v2\/product_tag?post=18568"}],"curies":[{"name":"wp","href":"https:\/\/api.w.org\/{rel}","templated":true}]}}