{"id":18705,"date":"2026-04-27T04:41:20","date_gmt":"2026-04-27T04:41:20","guid":{"rendered":""},"modified":"2026-04-27T04:41:20","modified_gmt":"2026-04-27T04:41:20","slug":"akce-jika-osvetleni-ella-300-led-ip44-1x6w-600lm-30x8x8-k-montazi-na-sklo-i-desku-18705","status":"publish","type":"product","link":"https:\/\/www.oknobuild.com\/index.php\/produkt\/akce-jika-osvetleni-ella-300-led-ip44-1x6w-600lm-30x8x8-k-montazi-na-sklo-i-desku-18705\/","title":{"rendered":"Akce Jika osv\u011btlen\u00ed ELLA 300 LED, IP44 , 1x6W, 600lm, 30x8x8, k mont\u00e1\u017ei na sklo i desku"},"content":{"rendered":"<div class=\"basic-description\">\n<h3>Detailn\u00ed popis produktu<\/h3>\n<p>                                    p\u0159\u00edslu\u0161enstv\u00ed k zrcadl\u016fm Clear, ale daj\u00ed se montovat i na jin\u00e1 zrcadla na desce.<\/p>\n<p>Sv\u011btlo ELLA 300 LED<\/p>\n<p>&#8211; IP44<\/p>\n<p>&#8211; 1x 6W, 600 lm<\/p>\n<p>&#8211; k mont\u00e1\u017ei na sklo i desku <\/p>\n<p>d\u00e9lka: 300 mm<\/p>\n<p>\u0161\u00ed\u0159ka: 80 mm<\/p>\n<p>v\u00fd\u0161ka: 80 mm                            <\/p><\/div>\n","protected":false},"excerpt":{"rendered":"<p>Detailn\u00ed popis produktu p\u0159\u00edslu\u0161enstv\u00ed k zrcadl\u016fm Clear, ale daj\u00ed se montovat i na jin\u00e1 zrcadla na desce. Sv\u011btlo ELLA 300 LED &#8211; IP44 &#8211; 1x 6W, 600 lm &#8211; k mont\u00e1\u017ei na sklo i desku d\u00e9lka: 300 mm \u0161\u00ed\u0159ka: 80 mm v\u00fd\u0161ka: 80 mm<\/p>\n","protected":false},"featured_media":18805,"comment_status":"open","ping_status":"open","template":"","meta":[],"product_brand":[],"product_cat":[72],"product_tag":[],"class_list":{"0":"post-18705","1":"product","2":"type-product","3":"status-publish","4":"has-post-thumbnail","6":"product_cat-koupelny-a-sanitarni-technika","8":"first","9":"instock","10":"sale","11":"shipping-taxable","12":"purchasable","13":"product-type-simple"},"yoast_head":"<!-- This site is optimized with the Yoast SEO plugin v26.8 - https:\/\/yoast.com\/product\/yoast-seo-wordpress\/ -->\n<title>Akce Jika osv\u011btlen\u00ed ELLA 300 LED, IP44 , 1x6W, 600lm, 30x8x8, k mont\u00e1\u017ei na sklo i desku -<\/title>\n<meta name=\"robots\" content=\"index, follow, max-snippet:-1, max-image-preview:large, max-video-preview:-1\" \/>\n<link rel=\"canonical\" href=\"https:\/\/www.oknobuild.com\/index.php\/produkt\/akce-jika-osvetleni-ella-300-led-ip44-1x6w-600lm-30x8x8-k-montazi-na-sklo-i-desku-18705\/\" \/>\n<meta property=\"og:locale\" content=\"cs_CZ\" \/>\n<meta property=\"og:type\" content=\"article\" \/>\n<meta property=\"og:title\" content=\"Akce Jika osv\u011btlen\u00ed ELLA 300 LED, IP44 , 1x6W, 600lm, 30x8x8, k mont\u00e1\u017ei na sklo i desku -\" \/>\n<meta property=\"og:description\" content=\"Detailn\u00ed popis produktu p\u0159\u00edslu\u0161enstv\u00ed k zrcadl\u016fm Clear, ale daj\u00ed se montovat i na jin\u00e1 zrcadla na desce. Sv\u011btlo ELLA 300 LED &#8211; IP44 &#8211; 1x 6W, 600 lm &#8211; k mont\u00e1\u017ei na sklo i desku d\u00e9lka: 300 mm \u0161\u00ed\u0159ka: 80 mm v\u00fd\u0161ka: 80 mm\" \/>\n<meta property=\"og:url\" content=\"https:\/\/www.oknobuild.com\/index.php\/produkt\/akce-jika-osvetleni-ella-300-led-ip44-1x6w-600lm-30x8x8-k-montazi-na-sklo-i-desku-18705\/\" \/>\n<meta property=\"og:image\" content=\"https:\/\/www.oknobuild.com\/wp-content\/uploads\/2026\/SK0018193-CZ20260425-093351-0-1777080838-993732_h47j7304200001-jpg.webp\" \/>\n\t<meta property=\"og:image:width\" content=\"1000\" \/>\n\t<meta property=\"og:image:height\" content=\"750\" \/>\n\t<meta property=\"og:image:type\" content=\"image\/webp\" \/>\n<meta name=\"twitter:card\" content=\"summary_large_image\" \/>\n<script type=\"application\/ld+json\" class=\"yoast-schema-graph\">{\"@context\":\"https:\/\/schema.org\",\"@graph\":[{\"@type\":\"WebPage\",\"@id\":\"https:\/\/www.oknobuild.com\/index.php\/produkt\/akce-jika-osvetleni-ella-300-led-ip44-1x6w-600lm-30x8x8-k-montazi-na-sklo-i-desku-18705\/\",\"url\":\"https:\/\/www.oknobuild.com\/index.php\/produkt\/akce-jika-osvetleni-ella-300-led-ip44-1x6w-600lm-30x8x8-k-montazi-na-sklo-i-desku-18705\/\",\"name\":\"Akce Jika osv\u011btlen\u00ed ELLA 300 LED, IP44 , 1x6W, 600lm, 30x8x8, k mont\u00e1\u017ei na sklo i desku -\",\"isPartOf\":{\"@id\":\"https:\/\/www.oknobuild.com\/#website\"},\"primaryImageOfPage\":{\"@id\":\"https:\/\/www.oknobuild.com\/index.php\/produkt\/akce-jika-osvetleni-ella-300-led-ip44-1x6w-600lm-30x8x8-k-montazi-na-sklo-i-desku-18705\/#primaryimage\"},\"image\":{\"@id\":\"https:\/\/www.oknobuild.com\/index.php\/produkt\/akce-jika-osvetleni-ella-300-led-ip44-1x6w-600lm-30x8x8-k-montazi-na-sklo-i-desku-18705\/#primaryimage\"},\"thumbnailUrl\":\"https:\/\/www.oknobuild.com\/wp-content\/uploads\/2026\/SK0018193-CZ20260425-093351-0-1777080838-993732_h47j7304200001-jpg.webp\",\"datePublished\":\"2026-04-27T04:41:20+00:00\",\"breadcrumb\":{\"@id\":\"https:\/\/www.oknobuild.com\/index.php\/produkt\/akce-jika-osvetleni-ella-300-led-ip44-1x6w-600lm-30x8x8-k-montazi-na-sklo-i-desku-18705\/#breadcrumb\"},\"inLanguage\":\"cs\",\"potentialAction\":[{\"@type\":\"ReadAction\",\"target\":[\"https:\/\/www.oknobuild.com\/index.php\/produkt\/akce-jika-osvetleni-ella-300-led-ip44-1x6w-600lm-30x8x8-k-montazi-na-sklo-i-desku-18705\/\"]}]},{\"@type\":\"ImageObject\",\"inLanguage\":\"cs\",\"@id\":\"https:\/\/www.oknobuild.com\/index.php\/produkt\/akce-jika-osvetleni-ella-300-led-ip44-1x6w-600lm-30x8x8-k-montazi-na-sklo-i-desku-18705\/#primaryimage\",\"url\":\"https:\/\/www.oknobuild.com\/wp-content\/uploads\/2026\/SK0018193-CZ20260425-093351-0-1777080838-993732_h47j7304200001-jpg.webp\",\"contentUrl\":\"https:\/\/www.oknobuild.com\/wp-content\/uploads\/2026\/SK0018193-CZ20260425-093351-0-1777080838-993732_h47j7304200001-jpg.webp\",\"width\":1000,\"height\":750},{\"@type\":\"BreadcrumbList\",\"@id\":\"https:\/\/www.oknobuild.com\/index.php\/produkt\/akce-jika-osvetleni-ella-300-led-ip44-1x6w-600lm-30x8x8-k-montazi-na-sklo-i-desku-18705\/#breadcrumb\",\"itemListElement\":[{\"@type\":\"ListItem\",\"position\":1,\"name\":\"Home\",\"item\":\"https:\/\/www.oknobuild.com\/\"},{\"@type\":\"ListItem\",\"position\":2,\"name\":\"Products\",\"item\":\"https:\/\/www.oknobuild.com\/index.php\/products\/\"},{\"@type\":\"ListItem\",\"position\":3,\"name\":\"Akce Jika osv\u011btlen\u00ed ELLA 300 LED, IP44 , 1x6W, 600lm, 30x8x8, k mont\u00e1\u017ei na sklo i desku\"}]},{\"@type\":\"WebSite\",\"@id\":\"https:\/\/www.oknobuild.com\/#website\",\"url\":\"https:\/\/www.oknobuild.com\/\",\"name\":\"\",\"description\":\"\",\"potentialAction\":[{\"@type\":\"SearchAction\",\"target\":{\"@type\":\"EntryPoint\",\"urlTemplate\":\"https:\/\/www.oknobuild.com\/?s={search_term_string}\"},\"query-input\":{\"@type\":\"PropertyValueSpecification\",\"valueRequired\":true,\"valueName\":\"search_term_string\"}}],\"inLanguage\":\"cs\"}]}<\/script>\n<!-- \/ Yoast SEO plugin. -->","yoast_head_json":{"title":"Akce Jika osv\u011btlen\u00ed ELLA 300 LED, IP44 , 1x6W, 600lm, 30x8x8, k mont\u00e1\u017ei na sklo i desku -","robots":{"index":"index","follow":"follow","max-snippet":"max-snippet:-1","max-image-preview":"max-image-preview:large","max-video-preview":"max-video-preview:-1"},"canonical":"https:\/\/www.oknobuild.com\/index.php\/produkt\/akce-jika-osvetleni-ella-300-led-ip44-1x6w-600lm-30x8x8-k-montazi-na-sklo-i-desku-18705\/","og_locale":"cs_CZ","og_type":"article","og_title":"Akce Jika osv\u011btlen\u00ed ELLA 300 LED, IP44 , 1x6W, 600lm, 30x8x8, k mont\u00e1\u017ei na sklo i desku -","og_description":"Detailn\u00ed popis produktu p\u0159\u00edslu\u0161enstv\u00ed k zrcadl\u016fm Clear, ale daj\u00ed se montovat i na jin\u00e1 zrcadla na desce. Sv\u011btlo ELLA 300 LED &#8211; IP44 &#8211; 1x 6W, 600 lm &#8211; k mont\u00e1\u017ei na sklo i desku d\u00e9lka: 300 mm \u0161\u00ed\u0159ka: 80 mm v\u00fd\u0161ka: 80 mm","og_url":"https:\/\/www.oknobuild.com\/index.php\/produkt\/akce-jika-osvetleni-ella-300-led-ip44-1x6w-600lm-30x8x8-k-montazi-na-sklo-i-desku-18705\/","og_image":[{"width":1000,"height":750,"url":"https:\/\/www.oknobuild.com\/wp-content\/uploads\/2026\/SK0018193-CZ20260425-093351-0-1777080838-993732_h47j7304200001-jpg.webp","type":"image\/webp"}],"twitter_card":"summary_large_image","schema":{"@context":"https:\/\/schema.org","@graph":[{"@type":"WebPage","@id":"https:\/\/www.oknobuild.com\/index.php\/produkt\/akce-jika-osvetleni-ella-300-led-ip44-1x6w-600lm-30x8x8-k-montazi-na-sklo-i-desku-18705\/","url":"https:\/\/www.oknobuild.com\/index.php\/produkt\/akce-jika-osvetleni-ella-300-led-ip44-1x6w-600lm-30x8x8-k-montazi-na-sklo-i-desku-18705\/","name":"Akce Jika osv\u011btlen\u00ed ELLA 300 LED, IP44 , 1x6W, 600lm, 30x8x8, k mont\u00e1\u017ei na sklo i desku -","isPartOf":{"@id":"https:\/\/www.oknobuild.com\/#website"},"primaryImageOfPage":{"@id":"https:\/\/www.oknobuild.com\/index.php\/produkt\/akce-jika-osvetleni-ella-300-led-ip44-1x6w-600lm-30x8x8-k-montazi-na-sklo-i-desku-18705\/#primaryimage"},"image":{"@id":"https:\/\/www.oknobuild.com\/index.php\/produkt\/akce-jika-osvetleni-ella-300-led-ip44-1x6w-600lm-30x8x8-k-montazi-na-sklo-i-desku-18705\/#primaryimage"},"thumbnailUrl":"https:\/\/www.oknobuild.com\/wp-content\/uploads\/2026\/SK0018193-CZ20260425-093351-0-1777080838-993732_h47j7304200001-jpg.webp","datePublished":"2026-04-27T04:41:20+00:00","breadcrumb":{"@id":"https:\/\/www.oknobuild.com\/index.php\/produkt\/akce-jika-osvetleni-ella-300-led-ip44-1x6w-600lm-30x8x8-k-montazi-na-sklo-i-desku-18705\/#breadcrumb"},"inLanguage":"cs","potentialAction":[{"@type":"ReadAction","target":["https:\/\/www.oknobuild.com\/index.php\/produkt\/akce-jika-osvetleni-ella-300-led-ip44-1x6w-600lm-30x8x8-k-montazi-na-sklo-i-desku-18705\/"]}]},{"@type":"ImageObject","inLanguage":"cs","@id":"https:\/\/www.oknobuild.com\/index.php\/produkt\/akce-jika-osvetleni-ella-300-led-ip44-1x6w-600lm-30x8x8-k-montazi-na-sklo-i-desku-18705\/#primaryimage","url":"https:\/\/www.oknobuild.com\/wp-content\/uploads\/2026\/SK0018193-CZ20260425-093351-0-1777080838-993732_h47j7304200001-jpg.webp","contentUrl":"https:\/\/www.oknobuild.com\/wp-content\/uploads\/2026\/SK0018193-CZ20260425-093351-0-1777080838-993732_h47j7304200001-jpg.webp","width":1000,"height":750},{"@type":"BreadcrumbList","@id":"https:\/\/www.oknobuild.com\/index.php\/produkt\/akce-jika-osvetleni-ella-300-led-ip44-1x6w-600lm-30x8x8-k-montazi-na-sklo-i-desku-18705\/#breadcrumb","itemListElement":[{"@type":"ListItem","position":1,"name":"Home","item":"https:\/\/www.oknobuild.com\/"},{"@type":"ListItem","position":2,"name":"Products","item":"https:\/\/www.oknobuild.com\/index.php\/products\/"},{"@type":"ListItem","position":3,"name":"Akce Jika osv\u011btlen\u00ed ELLA 300 LED, IP44 , 1x6W, 600lm, 30x8x8, k mont\u00e1\u017ei na sklo i desku"}]},{"@type":"WebSite","@id":"https:\/\/www.oknobuild.com\/#website","url":"https:\/\/www.oknobuild.com\/","name":"","description":"","potentialAction":[{"@type":"SearchAction","target":{"@type":"EntryPoint","urlTemplate":"https:\/\/www.oknobuild.com\/?s={search_term_string}"},"query-input":{"@type":"PropertyValueSpecification","valueRequired":true,"valueName":"search_term_string"}}],"inLanguage":"cs"}]}},"_links":{"self":[{"href":"https:\/\/www.oknobuild.com\/index.php\/wp-json\/wp\/v2\/product\/18705","targetHints":{"allow":["GET"]}}],"collection":[{"href":"https:\/\/www.oknobuild.com\/index.php\/wp-json\/wp\/v2\/product"}],"about":[{"href":"https:\/\/www.oknobuild.com\/index.php\/wp-json\/wp\/v2\/types\/product"}],"replies":[{"embeddable":true,"href":"https:\/\/www.oknobuild.com\/index.php\/wp-json\/wp\/v2\/comments?post=18705"}],"wp:featuredmedia":[{"embeddable":true,"href":"https:\/\/www.oknobuild.com\/index.php\/wp-json\/wp\/v2\/media\/18805"}],"wp:attachment":[{"href":"https:\/\/www.oknobuild.com\/index.php\/wp-json\/wp\/v2\/media?parent=18705"}],"wp:term":[{"taxonomy":"product_brand","embeddable":true,"href":"https:\/\/www.oknobuild.com\/index.php\/wp-json\/wp\/v2\/product_brand?post=18705"},{"taxonomy":"product_cat","embeddable":true,"href":"https:\/\/www.oknobuild.com\/index.php\/wp-json\/wp\/v2\/product_cat?post=18705"},{"taxonomy":"product_tag","embeddable":true,"href":"https:\/\/www.oknobuild.com\/index.php\/wp-json\/wp\/v2\/product_tag?post=18705"}],"curies":[{"name":"wp","href":"https:\/\/api.w.org\/{rel}","templated":true}]}}