{"id":19179,"date":"2026-04-27T04:41:21","date_gmt":"2026-04-27T04:41:21","guid":{"rendered":""},"modified":"2026-04-27T04:41:21","modified_gmt":"2026-04-27T04:41:21","slug":"zlevneny-jika-cubito-n-bila-skrinka-pod-umyvadlo-60x45-2-zasuvky-h40j4234025001-19179","status":"publish","type":"product","link":"https:\/\/www.oknobuild.com\/index.php\/produkt\/zlevneny-jika-cubito-n-bila-skrinka-pod-umyvadlo-60x45-2-zasuvky-h40j4234025001-19179\/","title":{"rendered":"Zlevn\u011bn\u00fd JIKA Cubito-N B\u00cdL\u00c1 sk\u0159\u00ed\u0148ka pod umyvadlo 60&#215;45, 2 z\u00e1suvky  H40J4234025001"},"content":{"rendered":"<div class=\"basic-description\">\n<h3>Detailn\u00ed popis produktu<\/h3>\n<p>                                    JIKA Cubito-N B\u00cdL\u00c1 sk\u0159\u00ed\u0148ka pod umyvadlo 60&#215;45, 2 z\u00e1suvky  H40J4234025001<\/p>\n<p>Sk\u0159\u00ed\u0148ka pod umyvadlo 600&#215;450 mm, 2 z\u00e1suvky.<\/p>\n<p>Umyvadlo nen\u00ed sou\u010d\u00e1st\u00ed v\u00fdrobku.<\/p>\n<p>Barva: b\u00edl\u00e1<\/p>\n<p>Rozm\u011bry:<\/p>\n<p>D\u00e9lka:  590 mm<\/p>\n<p>\u0160\u00ed\u0159ka:  427 mm<\/p>\n<p>V\u00fd\u0161ka:  683 mm<\/p>\n<p>Minimalistick\u00e9 a \u010dist\u00e9 proveden\u00ed sk\u0159\u00edn\u011bk Cubito-N zaujme na prvn\u00ed pohled a dod\u00e1 koupeln\u011b modern\u00ed vzhled. <\/p>\n<p>Bo\u010dn\u00ed z\u00e1v\u011bsn\u00e9 sk\u0159\u00ed\u0148ky obsahuj\u00ed kvalitn\u00edsklen\u011bn\u00e9 police, kter\u00e9 zab\u00edraj\u00ed minimum m\u00edsta. <\/p>\n<p>Sk\u0159\u00ed\u0148ky pod umyvadla u\u017e jsou osazeny z\u00e1v\u011bsn\u00fdm kov\u00e1n\u00edm s 3D se\u0159\u00edzen\u00edm. <\/p>\n<p>Elegantn\u00ed \u00fachytka zapu\u0161t\u011bn\u00e1 do hrany dv\u00ed\u0159ek nikde nep\u0159ek\u00e1\u017e\u00ed.                            <\/p><\/div>\n","protected":false},"excerpt":{"rendered":"<p>Detailn\u00ed popis produktu JIKA Cubito-N B\u00cdL\u00c1 sk\u0159\u00ed\u0148ka pod umyvadlo 60&#215;45, 2 z\u00e1suvky H40J4234025001 Sk\u0159\u00ed\u0148ka pod umyvadlo 600&#215;450 mm, 2 z\u00e1suvky. Umyvadlo nen\u00ed sou\u010d\u00e1st\u00ed v\u00fdrobku. Barva: b\u00edl\u00e1 Rozm\u011bry: D\u00e9lka: 590 mm \u0160\u00ed\u0159ka: 427 mm V\u00fd\u0161ka: 683 mm Minimalistick\u00e9 a \u010dist\u00e9 proveden\u00ed sk\u0159\u00edn\u011bk Cubito-N zaujme na prvn\u00ed pohled a dod\u00e1 koupeln\u011b modern\u00ed vzhled. Bo\u010dn\u00ed z\u00e1v\u011bsn\u00e9 sk\u0159\u00ed\u0148ky obsahuj\u00ed [&hellip;]<\/p>\n","protected":false},"featured_media":19279,"comment_status":"open","ping_status":"open","template":"","meta":[],"product_brand":[],"product_cat":[72],"product_tag":[],"class_list":{"0":"post-19179","1":"product","2":"type-product","3":"status-publish","4":"has-post-thumbnail","6":"product_cat-koupelny-a-sanitarni-technika","8":"first","9":"instock","10":"sale","11":"shipping-taxable","12":"purchasable","13":"product-type-simple"},"yoast_head":"<!-- This site is optimized with the Yoast SEO plugin v26.8 - https:\/\/yoast.com\/product\/yoast-seo-wordpress\/ -->\n<title>Zlevn\u011bn\u00fd JIKA Cubito-N B\u00cdL\u00c1 sk\u0159\u00ed\u0148ka pod umyvadlo 60x45, 2 z\u00e1suvky H40J4234025001 -<\/title>\n<meta name=\"robots\" content=\"index, follow, max-snippet:-1, max-image-preview:large, max-video-preview:-1\" \/>\n<link rel=\"canonical\" href=\"https:\/\/www.oknobuild.com\/index.php\/produkt\/zlevneny-jika-cubito-n-bila-skrinka-pod-umyvadlo-60x45-2-zasuvky-h40j4234025001-19179\/\" \/>\n<meta property=\"og:locale\" content=\"cs_CZ\" \/>\n<meta property=\"og:type\" content=\"article\" \/>\n<meta property=\"og:title\" content=\"Zlevn\u011bn\u00fd JIKA Cubito-N B\u00cdL\u00c1 sk\u0159\u00ed\u0148ka pod umyvadlo 60x45, 2 z\u00e1suvky H40J4234025001 -\" \/>\n<meta property=\"og:description\" content=\"Detailn\u00ed popis produktu JIKA Cubito-N B\u00cdL\u00c1 sk\u0159\u00ed\u0148ka pod umyvadlo 60&#215;45, 2 z\u00e1suvky H40J4234025001 Sk\u0159\u00ed\u0148ka pod umyvadlo 600&#215;450 mm, 2 z\u00e1suvky. Umyvadlo nen\u00ed sou\u010d\u00e1st\u00ed v\u00fdrobku. Barva: b\u00edl\u00e1 Rozm\u011bry: D\u00e9lka: 590 mm \u0160\u00ed\u0159ka: 427 mm V\u00fd\u0161ka: 683 mm Minimalistick\u00e9 a \u010dist\u00e9 proveden\u00ed sk\u0159\u00edn\u011bk Cubito-N zaujme na prvn\u00ed pohled a dod\u00e1 koupeln\u011b modern\u00ed vzhled. Bo\u010dn\u00ed z\u00e1v\u011bsn\u00e9 sk\u0159\u00ed\u0148ky obsahuj\u00ed [&hellip;]\" \/>\n<meta property=\"og:url\" content=\"https:\/\/www.oknobuild.com\/index.php\/produkt\/zlevneny-jika-cubito-n-bila-skrinka-pod-umyvadlo-60x45-2-zasuvky-h40j4234025001-19179\/\" \/>\n<meta property=\"og:image\" content=\"https:\/\/www.oknobuild.com\/wp-content\/uploads\/2026\/SK0018470-CZ20260425-093351-0-1777080838-952965_3-jpg.webp\" \/>\n\t<meta property=\"og:image:width\" content=\"1000\" \/>\n\t<meta property=\"og:image:height\" content=\"750\" \/>\n\t<meta property=\"og:image:type\" content=\"image\/webp\" \/>\n<meta name=\"twitter:card\" content=\"summary_large_image\" \/>\n<meta name=\"twitter:label1\" content=\"Odhadovan\u00e1 doba \u010dten\u00ed\" \/>\n\t<meta name=\"twitter:data1\" content=\"1 minuta\" \/>\n<script type=\"application\/ld+json\" class=\"yoast-schema-graph\">{\"@context\":\"https:\/\/schema.org\",\"@graph\":[{\"@type\":\"WebPage\",\"@id\":\"https:\/\/www.oknobuild.com\/index.php\/produkt\/zlevneny-jika-cubito-n-bila-skrinka-pod-umyvadlo-60x45-2-zasuvky-h40j4234025001-19179\/\",\"url\":\"https:\/\/www.oknobuild.com\/index.php\/produkt\/zlevneny-jika-cubito-n-bila-skrinka-pod-umyvadlo-60x45-2-zasuvky-h40j4234025001-19179\/\",\"name\":\"Zlevn\u011bn\u00fd JIKA Cubito-N B\u00cdL\u00c1 sk\u0159\u00ed\u0148ka pod umyvadlo 60x45, 2 z\u00e1suvky H40J4234025001 -\",\"isPartOf\":{\"@id\":\"https:\/\/www.oknobuild.com\/#website\"},\"primaryImageOfPage\":{\"@id\":\"https:\/\/www.oknobuild.com\/index.php\/produkt\/zlevneny-jika-cubito-n-bila-skrinka-pod-umyvadlo-60x45-2-zasuvky-h40j4234025001-19179\/#primaryimage\"},\"image\":{\"@id\":\"https:\/\/www.oknobuild.com\/index.php\/produkt\/zlevneny-jika-cubito-n-bila-skrinka-pod-umyvadlo-60x45-2-zasuvky-h40j4234025001-19179\/#primaryimage\"},\"thumbnailUrl\":\"https:\/\/www.oknobuild.com\/wp-content\/uploads\/2026\/SK0018470-CZ20260425-093351-0-1777080838-952965_3-jpg.webp\",\"datePublished\":\"2026-04-27T04:41:21+00:00\",\"breadcrumb\":{\"@id\":\"https:\/\/www.oknobuild.com\/index.php\/produkt\/zlevneny-jika-cubito-n-bila-skrinka-pod-umyvadlo-60x45-2-zasuvky-h40j4234025001-19179\/#breadcrumb\"},\"inLanguage\":\"cs\",\"potentialAction\":[{\"@type\":\"ReadAction\",\"target\":[\"https:\/\/www.oknobuild.com\/index.php\/produkt\/zlevneny-jika-cubito-n-bila-skrinka-pod-umyvadlo-60x45-2-zasuvky-h40j4234025001-19179\/\"]}]},{\"@type\":\"ImageObject\",\"inLanguage\":\"cs\",\"@id\":\"https:\/\/www.oknobuild.com\/index.php\/produkt\/zlevneny-jika-cubito-n-bila-skrinka-pod-umyvadlo-60x45-2-zasuvky-h40j4234025001-19179\/#primaryimage\",\"url\":\"https:\/\/www.oknobuild.com\/wp-content\/uploads\/2026\/SK0018470-CZ20260425-093351-0-1777080838-952965_3-jpg.webp\",\"contentUrl\":\"https:\/\/www.oknobuild.com\/wp-content\/uploads\/2026\/SK0018470-CZ20260425-093351-0-1777080838-952965_3-jpg.webp\",\"width\":1000,\"height\":750},{\"@type\":\"BreadcrumbList\",\"@id\":\"https:\/\/www.oknobuild.com\/index.php\/produkt\/zlevneny-jika-cubito-n-bila-skrinka-pod-umyvadlo-60x45-2-zasuvky-h40j4234025001-19179\/#breadcrumb\",\"itemListElement\":[{\"@type\":\"ListItem\",\"position\":1,\"name\":\"Home\",\"item\":\"https:\/\/www.oknobuild.com\/\"},{\"@type\":\"ListItem\",\"position\":2,\"name\":\"Products\",\"item\":\"https:\/\/www.oknobuild.com\/index.php\/products\/\"},{\"@type\":\"ListItem\",\"position\":3,\"name\":\"Zlevn\u011bn\u00fd JIKA Cubito-N B\u00cdL\u00c1 sk\u0159\u00ed\u0148ka pod umyvadlo 60&#215;45, 2 z\u00e1suvky H40J4234025001\"}]},{\"@type\":\"WebSite\",\"@id\":\"https:\/\/www.oknobuild.com\/#website\",\"url\":\"https:\/\/www.oknobuild.com\/\",\"name\":\"\",\"description\":\"\",\"potentialAction\":[{\"@type\":\"SearchAction\",\"target\":{\"@type\":\"EntryPoint\",\"urlTemplate\":\"https:\/\/www.oknobuild.com\/?s={search_term_string}\"},\"query-input\":{\"@type\":\"PropertyValueSpecification\",\"valueRequired\":true,\"valueName\":\"search_term_string\"}}],\"inLanguage\":\"cs\"}]}<\/script>\n<!-- \/ Yoast SEO plugin. -->","yoast_head_json":{"title":"Zlevn\u011bn\u00fd JIKA Cubito-N B\u00cdL\u00c1 sk\u0159\u00ed\u0148ka pod umyvadlo 60x45, 2 z\u00e1suvky H40J4234025001 -","robots":{"index":"index","follow":"follow","max-snippet":"max-snippet:-1","max-image-preview":"max-image-preview:large","max-video-preview":"max-video-preview:-1"},"canonical":"https:\/\/www.oknobuild.com\/index.php\/produkt\/zlevneny-jika-cubito-n-bila-skrinka-pod-umyvadlo-60x45-2-zasuvky-h40j4234025001-19179\/","og_locale":"cs_CZ","og_type":"article","og_title":"Zlevn\u011bn\u00fd JIKA Cubito-N B\u00cdL\u00c1 sk\u0159\u00ed\u0148ka pod umyvadlo 60x45, 2 z\u00e1suvky H40J4234025001 -","og_description":"Detailn\u00ed popis produktu JIKA Cubito-N B\u00cdL\u00c1 sk\u0159\u00ed\u0148ka pod umyvadlo 60&#215;45, 2 z\u00e1suvky H40J4234025001 Sk\u0159\u00ed\u0148ka pod umyvadlo 600&#215;450 mm, 2 z\u00e1suvky. Umyvadlo nen\u00ed sou\u010d\u00e1st\u00ed v\u00fdrobku. Barva: b\u00edl\u00e1 Rozm\u011bry: D\u00e9lka: 590 mm \u0160\u00ed\u0159ka: 427 mm V\u00fd\u0161ka: 683 mm Minimalistick\u00e9 a \u010dist\u00e9 proveden\u00ed sk\u0159\u00edn\u011bk Cubito-N zaujme na prvn\u00ed pohled a dod\u00e1 koupeln\u011b modern\u00ed vzhled. Bo\u010dn\u00ed z\u00e1v\u011bsn\u00e9 sk\u0159\u00ed\u0148ky obsahuj\u00ed [&hellip;]","og_url":"https:\/\/www.oknobuild.com\/index.php\/produkt\/zlevneny-jika-cubito-n-bila-skrinka-pod-umyvadlo-60x45-2-zasuvky-h40j4234025001-19179\/","og_image":[{"width":1000,"height":750,"url":"https:\/\/www.oknobuild.com\/wp-content\/uploads\/2026\/SK0018470-CZ20260425-093351-0-1777080838-952965_3-jpg.webp","type":"image\/webp"}],"twitter_card":"summary_large_image","twitter_misc":{"Odhadovan\u00e1 doba \u010dten\u00ed":"1 minuta"},"schema":{"@context":"https:\/\/schema.org","@graph":[{"@type":"WebPage","@id":"https:\/\/www.oknobuild.com\/index.php\/produkt\/zlevneny-jika-cubito-n-bila-skrinka-pod-umyvadlo-60x45-2-zasuvky-h40j4234025001-19179\/","url":"https:\/\/www.oknobuild.com\/index.php\/produkt\/zlevneny-jika-cubito-n-bila-skrinka-pod-umyvadlo-60x45-2-zasuvky-h40j4234025001-19179\/","name":"Zlevn\u011bn\u00fd JIKA Cubito-N B\u00cdL\u00c1 sk\u0159\u00ed\u0148ka pod umyvadlo 60x45, 2 z\u00e1suvky H40J4234025001 -","isPartOf":{"@id":"https:\/\/www.oknobuild.com\/#website"},"primaryImageOfPage":{"@id":"https:\/\/www.oknobuild.com\/index.php\/produkt\/zlevneny-jika-cubito-n-bila-skrinka-pod-umyvadlo-60x45-2-zasuvky-h40j4234025001-19179\/#primaryimage"},"image":{"@id":"https:\/\/www.oknobuild.com\/index.php\/produkt\/zlevneny-jika-cubito-n-bila-skrinka-pod-umyvadlo-60x45-2-zasuvky-h40j4234025001-19179\/#primaryimage"},"thumbnailUrl":"https:\/\/www.oknobuild.com\/wp-content\/uploads\/2026\/SK0018470-CZ20260425-093351-0-1777080838-952965_3-jpg.webp","datePublished":"2026-04-27T04:41:21+00:00","breadcrumb":{"@id":"https:\/\/www.oknobuild.com\/index.php\/produkt\/zlevneny-jika-cubito-n-bila-skrinka-pod-umyvadlo-60x45-2-zasuvky-h40j4234025001-19179\/#breadcrumb"},"inLanguage":"cs","potentialAction":[{"@type":"ReadAction","target":["https:\/\/www.oknobuild.com\/index.php\/produkt\/zlevneny-jika-cubito-n-bila-skrinka-pod-umyvadlo-60x45-2-zasuvky-h40j4234025001-19179\/"]}]},{"@type":"ImageObject","inLanguage":"cs","@id":"https:\/\/www.oknobuild.com\/index.php\/produkt\/zlevneny-jika-cubito-n-bila-skrinka-pod-umyvadlo-60x45-2-zasuvky-h40j4234025001-19179\/#primaryimage","url":"https:\/\/www.oknobuild.com\/wp-content\/uploads\/2026\/SK0018470-CZ20260425-093351-0-1777080838-952965_3-jpg.webp","contentUrl":"https:\/\/www.oknobuild.com\/wp-content\/uploads\/2026\/SK0018470-CZ20260425-093351-0-1777080838-952965_3-jpg.webp","width":1000,"height":750},{"@type":"BreadcrumbList","@id":"https:\/\/www.oknobuild.com\/index.php\/produkt\/zlevneny-jika-cubito-n-bila-skrinka-pod-umyvadlo-60x45-2-zasuvky-h40j4234025001-19179\/#breadcrumb","itemListElement":[{"@type":"ListItem","position":1,"name":"Home","item":"https:\/\/www.oknobuild.com\/"},{"@type":"ListItem","position":2,"name":"Products","item":"https:\/\/www.oknobuild.com\/index.php\/products\/"},{"@type":"ListItem","position":3,"name":"Zlevn\u011bn\u00fd JIKA Cubito-N B\u00cdL\u00c1 sk\u0159\u00ed\u0148ka pod umyvadlo 60&#215;45, 2 z\u00e1suvky H40J4234025001"}]},{"@type":"WebSite","@id":"https:\/\/www.oknobuild.com\/#website","url":"https:\/\/www.oknobuild.com\/","name":"","description":"","potentialAction":[{"@type":"SearchAction","target":{"@type":"EntryPoint","urlTemplate":"https:\/\/www.oknobuild.com\/?s={search_term_string}"},"query-input":{"@type":"PropertyValueSpecification","valueRequired":true,"valueName":"search_term_string"}}],"inLanguage":"cs"}]}},"_links":{"self":[{"href":"https:\/\/www.oknobuild.com\/index.php\/wp-json\/wp\/v2\/product\/19179","targetHints":{"allow":["GET"]}}],"collection":[{"href":"https:\/\/www.oknobuild.com\/index.php\/wp-json\/wp\/v2\/product"}],"about":[{"href":"https:\/\/www.oknobuild.com\/index.php\/wp-json\/wp\/v2\/types\/product"}],"replies":[{"embeddable":true,"href":"https:\/\/www.oknobuild.com\/index.php\/wp-json\/wp\/v2\/comments?post=19179"}],"wp:featuredmedia":[{"embeddable":true,"href":"https:\/\/www.oknobuild.com\/index.php\/wp-json\/wp\/v2\/media\/19279"}],"wp:attachment":[{"href":"https:\/\/www.oknobuild.com\/index.php\/wp-json\/wp\/v2\/media?parent=19179"}],"wp:term":[{"taxonomy":"product_brand","embeddable":true,"href":"https:\/\/www.oknobuild.com\/index.php\/wp-json\/wp\/v2\/product_brand?post=19179"},{"taxonomy":"product_cat","embeddable":true,"href":"https:\/\/www.oknobuild.com\/index.php\/wp-json\/wp\/v2\/product_cat?post=19179"},{"taxonomy":"product_tag","embeddable":true,"href":"https:\/\/www.oknobuild.com\/index.php\/wp-json\/wp\/v2\/product_tag?post=19179"}],"curies":[{"name":"wp","href":"https:\/\/api.w.org\/{rel}","templated":true}]}}