{"id":19187,"date":"2026-04-27T04:41:21","date_gmt":"2026-04-27T04:41:21","guid":{"rendered":""},"modified":"2026-04-27T04:41:21","modified_gmt":"2026-04-27T04:41:21","slug":"akce-jika-cubito-n-dub-skrinka-pro-umyv-65x48-1-zasuvka-h40j4243015191-19187","status":"publish","type":"product","link":"https:\/\/www.oknobuild.com\/index.php\/produkt\/akce-jika-cubito-n-dub-skrinka-pro-umyv-65x48-1-zasuvka-h40j4243015191-19187\/","title":{"rendered":"Akce JIKA Cubito-N DUB sk\u0159\u00ed\u0148ka pro umyv.65&#215;48, 1 z\u00e1suvka  H40J4243015191"},"content":{"rendered":"<div class=\"basic-description\">\n<h3>Detailn\u00ed popis produktu<\/h3>\n<p>                                    JIKA Cubito-N DUB sk\u0159\u00ed\u0148ka pro umyv.65&#215;48, 1 z\u00e1suvka  H40J4243015191<\/p>\n<p>Sk\u0159\u00ed\u0148ka pod umyvadlo 650&#215;485 mm, 1 z\u00e1suvka.<\/p>\n<p>Umyvadlo nen\u00ed sou\u010d\u00e1st\u00ed v\u00fdrobku.<\/p>\n<p>Barva: dub<\/p>\n<p>Rozm\u011bry:<\/p>\n<p>D\u00e9lka:  640 mm<\/p>\n<p>\u0160\u00ed\u0159ka:  467 mm<\/p>\n<p>V\u00fd\u0161ka:  480 mm<\/p>\n<p>Minimalistick\u00e9 a \u010dist\u00e9 proveden\u00ed sk\u0159\u00edn\u011bk Cubito-N zaujme na prvn\u00ed pohled a dod\u00e1 koupeln\u011b modern\u00ed vzhled. <\/p>\n<p>Bo\u010dn\u00ed z\u00e1v\u011bsn\u00e9 sk\u0159\u00ed\u0148ky obsahuj\u00ed kvalitn\u00edsklen\u011bn\u00e9 police, kter\u00e9 zab\u00edraj\u00ed minimum m\u00edsta. <\/p>\n<p>Sk\u0159\u00ed\u0148ky pod umyvadla u\u017e jsou osazeny z\u00e1v\u011bsn\u00fdm kov\u00e1n\u00edm s 3D se\u0159\u00edzen\u00edm. <\/p>\n<p>Elegantn\u00ed \u00fachytka zapu\u0161t\u011bn\u00e1 do hrany dv\u00ed\u0159ek nikde nep\u0159ek\u00e1\u017e\u00ed.                            <\/p><\/div>\n","protected":false},"excerpt":{"rendered":"<p>Detailn\u00ed popis produktu JIKA Cubito-N DUB sk\u0159\u00ed\u0148ka pro umyv.65&#215;48, 1 z\u00e1suvka H40J4243015191 Sk\u0159\u00ed\u0148ka pod umyvadlo 650&#215;485 mm, 1 z\u00e1suvka. Umyvadlo nen\u00ed sou\u010d\u00e1st\u00ed v\u00fdrobku. Barva: dub Rozm\u011bry: D\u00e9lka: 640 mm \u0160\u00ed\u0159ka: 467 mm V\u00fd\u0161ka: 480 mm Minimalistick\u00e9 a \u010dist\u00e9 proveden\u00ed sk\u0159\u00edn\u011bk Cubito-N zaujme na prvn\u00ed pohled a dod\u00e1 koupeln\u011b modern\u00ed vzhled. Bo\u010dn\u00ed z\u00e1v\u011bsn\u00e9 sk\u0159\u00ed\u0148ky obsahuj\u00ed kvalitn\u00edsklen\u011bn\u00e9 [&hellip;]<\/p>\n","protected":false},"featured_media":19287,"comment_status":"open","ping_status":"open","template":"","meta":[],"product_brand":[],"product_cat":[72],"product_tag":[],"class_list":{"0":"post-19187","1":"product","2":"type-product","3":"status-publish","4":"has-post-thumbnail","6":"product_cat-koupelny-a-sanitarni-technika","8":"first","9":"instock","10":"sale","11":"shipping-taxable","12":"purchasable","13":"product-type-simple"},"yoast_head":"<!-- This site is optimized with the Yoast SEO plugin v26.8 - https:\/\/yoast.com\/product\/yoast-seo-wordpress\/ -->\n<title>Akce JIKA Cubito-N DUB sk\u0159\u00ed\u0148ka pro umyv.65x48, 1 z\u00e1suvka H40J4243015191 -<\/title>\n<meta name=\"robots\" content=\"index, follow, max-snippet:-1, max-image-preview:large, max-video-preview:-1\" \/>\n<link rel=\"canonical\" href=\"https:\/\/www.oknobuild.com\/index.php\/produkt\/akce-jika-cubito-n-dub-skrinka-pro-umyv-65x48-1-zasuvka-h40j4243015191-19187\/\" \/>\n<meta property=\"og:locale\" content=\"cs_CZ\" \/>\n<meta property=\"og:type\" content=\"article\" \/>\n<meta property=\"og:title\" content=\"Akce JIKA Cubito-N DUB sk\u0159\u00ed\u0148ka pro umyv.65x48, 1 z\u00e1suvka H40J4243015191 -\" \/>\n<meta property=\"og:description\" content=\"Detailn\u00ed popis produktu JIKA Cubito-N DUB sk\u0159\u00ed\u0148ka pro umyv.65&#215;48, 1 z\u00e1suvka H40J4243015191 Sk\u0159\u00ed\u0148ka pod umyvadlo 650&#215;485 mm, 1 z\u00e1suvka. Umyvadlo nen\u00ed sou\u010d\u00e1st\u00ed v\u00fdrobku. Barva: dub Rozm\u011bry: D\u00e9lka: 640 mm \u0160\u00ed\u0159ka: 467 mm V\u00fd\u0161ka: 480 mm Minimalistick\u00e9 a \u010dist\u00e9 proveden\u00ed sk\u0159\u00edn\u011bk Cubito-N zaujme na prvn\u00ed pohled a dod\u00e1 koupeln\u011b modern\u00ed vzhled. Bo\u010dn\u00ed z\u00e1v\u011bsn\u00e9 sk\u0159\u00ed\u0148ky obsahuj\u00ed kvalitn\u00edsklen\u011bn\u00e9 [&hellip;]\" \/>\n<meta property=\"og:url\" content=\"https:\/\/www.oknobuild.com\/index.php\/produkt\/akce-jika-cubito-n-dub-skrinka-pro-umyv-65x48-1-zasuvka-h40j4243015191-19187\/\" \/>\n<meta property=\"og:image\" content=\"https:\/\/www.oknobuild.com\/wp-content\/uploads\/2026\/SK0018478-CZ20260425-093351-0-1777080838-952872_1-png.webp\" \/>\n\t<meta property=\"og:image:width\" content=\"1000\" \/>\n\t<meta property=\"og:image:height\" content=\"750\" \/>\n\t<meta property=\"og:image:type\" content=\"image\/webp\" \/>\n<meta name=\"twitter:card\" content=\"summary_large_image\" \/>\n<meta name=\"twitter:label1\" content=\"Odhadovan\u00e1 doba \u010dten\u00ed\" \/>\n\t<meta name=\"twitter:data1\" content=\"1 minuta\" \/>\n<script type=\"application\/ld+json\" class=\"yoast-schema-graph\">{\"@context\":\"https:\/\/schema.org\",\"@graph\":[{\"@type\":\"WebPage\",\"@id\":\"https:\/\/www.oknobuild.com\/index.php\/produkt\/akce-jika-cubito-n-dub-skrinka-pro-umyv-65x48-1-zasuvka-h40j4243015191-19187\/\",\"url\":\"https:\/\/www.oknobuild.com\/index.php\/produkt\/akce-jika-cubito-n-dub-skrinka-pro-umyv-65x48-1-zasuvka-h40j4243015191-19187\/\",\"name\":\"Akce JIKA Cubito-N DUB sk\u0159\u00ed\u0148ka pro umyv.65x48, 1 z\u00e1suvka H40J4243015191 -\",\"isPartOf\":{\"@id\":\"https:\/\/www.oknobuild.com\/#website\"},\"primaryImageOfPage\":{\"@id\":\"https:\/\/www.oknobuild.com\/index.php\/produkt\/akce-jika-cubito-n-dub-skrinka-pro-umyv-65x48-1-zasuvka-h40j4243015191-19187\/#primaryimage\"},\"image\":{\"@id\":\"https:\/\/www.oknobuild.com\/index.php\/produkt\/akce-jika-cubito-n-dub-skrinka-pro-umyv-65x48-1-zasuvka-h40j4243015191-19187\/#primaryimage\"},\"thumbnailUrl\":\"https:\/\/www.oknobuild.com\/wp-content\/uploads\/2026\/SK0018478-CZ20260425-093351-0-1777080838-952872_1-png.webp\",\"datePublished\":\"2026-04-27T04:41:21+00:00\",\"breadcrumb\":{\"@id\":\"https:\/\/www.oknobuild.com\/index.php\/produkt\/akce-jika-cubito-n-dub-skrinka-pro-umyv-65x48-1-zasuvka-h40j4243015191-19187\/#breadcrumb\"},\"inLanguage\":\"cs\",\"potentialAction\":[{\"@type\":\"ReadAction\",\"target\":[\"https:\/\/www.oknobuild.com\/index.php\/produkt\/akce-jika-cubito-n-dub-skrinka-pro-umyv-65x48-1-zasuvka-h40j4243015191-19187\/\"]}]},{\"@type\":\"ImageObject\",\"inLanguage\":\"cs\",\"@id\":\"https:\/\/www.oknobuild.com\/index.php\/produkt\/akce-jika-cubito-n-dub-skrinka-pro-umyv-65x48-1-zasuvka-h40j4243015191-19187\/#primaryimage\",\"url\":\"https:\/\/www.oknobuild.com\/wp-content\/uploads\/2026\/SK0018478-CZ20260425-093351-0-1777080838-952872_1-png.webp\",\"contentUrl\":\"https:\/\/www.oknobuild.com\/wp-content\/uploads\/2026\/SK0018478-CZ20260425-093351-0-1777080838-952872_1-png.webp\",\"width\":1000,\"height\":750},{\"@type\":\"BreadcrumbList\",\"@id\":\"https:\/\/www.oknobuild.com\/index.php\/produkt\/akce-jika-cubito-n-dub-skrinka-pro-umyv-65x48-1-zasuvka-h40j4243015191-19187\/#breadcrumb\",\"itemListElement\":[{\"@type\":\"ListItem\",\"position\":1,\"name\":\"Home\",\"item\":\"https:\/\/www.oknobuild.com\/\"},{\"@type\":\"ListItem\",\"position\":2,\"name\":\"Products\",\"item\":\"https:\/\/www.oknobuild.com\/index.php\/products\/\"},{\"@type\":\"ListItem\",\"position\":3,\"name\":\"Akce JIKA Cubito-N DUB sk\u0159\u00ed\u0148ka pro umyv.65&#215;48, 1 z\u00e1suvka H40J4243015191\"}]},{\"@type\":\"WebSite\",\"@id\":\"https:\/\/www.oknobuild.com\/#website\",\"url\":\"https:\/\/www.oknobuild.com\/\",\"name\":\"\",\"description\":\"\",\"potentialAction\":[{\"@type\":\"SearchAction\",\"target\":{\"@type\":\"EntryPoint\",\"urlTemplate\":\"https:\/\/www.oknobuild.com\/?s={search_term_string}\"},\"query-input\":{\"@type\":\"PropertyValueSpecification\",\"valueRequired\":true,\"valueName\":\"search_term_string\"}}],\"inLanguage\":\"cs\"}]}<\/script>\n<!-- \/ Yoast SEO plugin. -->","yoast_head_json":{"title":"Akce JIKA Cubito-N DUB sk\u0159\u00ed\u0148ka pro umyv.65x48, 1 z\u00e1suvka H40J4243015191 -","robots":{"index":"index","follow":"follow","max-snippet":"max-snippet:-1","max-image-preview":"max-image-preview:large","max-video-preview":"max-video-preview:-1"},"canonical":"https:\/\/www.oknobuild.com\/index.php\/produkt\/akce-jika-cubito-n-dub-skrinka-pro-umyv-65x48-1-zasuvka-h40j4243015191-19187\/","og_locale":"cs_CZ","og_type":"article","og_title":"Akce JIKA Cubito-N DUB sk\u0159\u00ed\u0148ka pro umyv.65x48, 1 z\u00e1suvka H40J4243015191 -","og_description":"Detailn\u00ed popis produktu JIKA Cubito-N DUB sk\u0159\u00ed\u0148ka pro umyv.65&#215;48, 1 z\u00e1suvka H40J4243015191 Sk\u0159\u00ed\u0148ka pod umyvadlo 650&#215;485 mm, 1 z\u00e1suvka. Umyvadlo nen\u00ed sou\u010d\u00e1st\u00ed v\u00fdrobku. Barva: dub Rozm\u011bry: D\u00e9lka: 640 mm \u0160\u00ed\u0159ka: 467 mm V\u00fd\u0161ka: 480 mm Minimalistick\u00e9 a \u010dist\u00e9 proveden\u00ed sk\u0159\u00edn\u011bk Cubito-N zaujme na prvn\u00ed pohled a dod\u00e1 koupeln\u011b modern\u00ed vzhled. Bo\u010dn\u00ed z\u00e1v\u011bsn\u00e9 sk\u0159\u00ed\u0148ky obsahuj\u00ed kvalitn\u00edsklen\u011bn\u00e9 [&hellip;]","og_url":"https:\/\/www.oknobuild.com\/index.php\/produkt\/akce-jika-cubito-n-dub-skrinka-pro-umyv-65x48-1-zasuvka-h40j4243015191-19187\/","og_image":[{"width":1000,"height":750,"url":"https:\/\/www.oknobuild.com\/wp-content\/uploads\/2026\/SK0018478-CZ20260425-093351-0-1777080838-952872_1-png.webp","type":"image\/webp"}],"twitter_card":"summary_large_image","twitter_misc":{"Odhadovan\u00e1 doba \u010dten\u00ed":"1 minuta"},"schema":{"@context":"https:\/\/schema.org","@graph":[{"@type":"WebPage","@id":"https:\/\/www.oknobuild.com\/index.php\/produkt\/akce-jika-cubito-n-dub-skrinka-pro-umyv-65x48-1-zasuvka-h40j4243015191-19187\/","url":"https:\/\/www.oknobuild.com\/index.php\/produkt\/akce-jika-cubito-n-dub-skrinka-pro-umyv-65x48-1-zasuvka-h40j4243015191-19187\/","name":"Akce JIKA Cubito-N DUB sk\u0159\u00ed\u0148ka pro umyv.65x48, 1 z\u00e1suvka H40J4243015191 -","isPartOf":{"@id":"https:\/\/www.oknobuild.com\/#website"},"primaryImageOfPage":{"@id":"https:\/\/www.oknobuild.com\/index.php\/produkt\/akce-jika-cubito-n-dub-skrinka-pro-umyv-65x48-1-zasuvka-h40j4243015191-19187\/#primaryimage"},"image":{"@id":"https:\/\/www.oknobuild.com\/index.php\/produkt\/akce-jika-cubito-n-dub-skrinka-pro-umyv-65x48-1-zasuvka-h40j4243015191-19187\/#primaryimage"},"thumbnailUrl":"https:\/\/www.oknobuild.com\/wp-content\/uploads\/2026\/SK0018478-CZ20260425-093351-0-1777080838-952872_1-png.webp","datePublished":"2026-04-27T04:41:21+00:00","breadcrumb":{"@id":"https:\/\/www.oknobuild.com\/index.php\/produkt\/akce-jika-cubito-n-dub-skrinka-pro-umyv-65x48-1-zasuvka-h40j4243015191-19187\/#breadcrumb"},"inLanguage":"cs","potentialAction":[{"@type":"ReadAction","target":["https:\/\/www.oknobuild.com\/index.php\/produkt\/akce-jika-cubito-n-dub-skrinka-pro-umyv-65x48-1-zasuvka-h40j4243015191-19187\/"]}]},{"@type":"ImageObject","inLanguage":"cs","@id":"https:\/\/www.oknobuild.com\/index.php\/produkt\/akce-jika-cubito-n-dub-skrinka-pro-umyv-65x48-1-zasuvka-h40j4243015191-19187\/#primaryimage","url":"https:\/\/www.oknobuild.com\/wp-content\/uploads\/2026\/SK0018478-CZ20260425-093351-0-1777080838-952872_1-png.webp","contentUrl":"https:\/\/www.oknobuild.com\/wp-content\/uploads\/2026\/SK0018478-CZ20260425-093351-0-1777080838-952872_1-png.webp","width":1000,"height":750},{"@type":"BreadcrumbList","@id":"https:\/\/www.oknobuild.com\/index.php\/produkt\/akce-jika-cubito-n-dub-skrinka-pro-umyv-65x48-1-zasuvka-h40j4243015191-19187\/#breadcrumb","itemListElement":[{"@type":"ListItem","position":1,"name":"Home","item":"https:\/\/www.oknobuild.com\/"},{"@type":"ListItem","position":2,"name":"Products","item":"https:\/\/www.oknobuild.com\/index.php\/products\/"},{"@type":"ListItem","position":3,"name":"Akce JIKA Cubito-N DUB sk\u0159\u00ed\u0148ka pro umyv.65&#215;48, 1 z\u00e1suvka H40J4243015191"}]},{"@type":"WebSite","@id":"https:\/\/www.oknobuild.com\/#website","url":"https:\/\/www.oknobuild.com\/","name":"","description":"","potentialAction":[{"@type":"SearchAction","target":{"@type":"EntryPoint","urlTemplate":"https:\/\/www.oknobuild.com\/?s={search_term_string}"},"query-input":{"@type":"PropertyValueSpecification","valueRequired":true,"valueName":"search_term_string"}}],"inLanguage":"cs"}]}},"_links":{"self":[{"href":"https:\/\/www.oknobuild.com\/index.php\/wp-json\/wp\/v2\/product\/19187","targetHints":{"allow":["GET"]}}],"collection":[{"href":"https:\/\/www.oknobuild.com\/index.php\/wp-json\/wp\/v2\/product"}],"about":[{"href":"https:\/\/www.oknobuild.com\/index.php\/wp-json\/wp\/v2\/types\/product"}],"replies":[{"embeddable":true,"href":"https:\/\/www.oknobuild.com\/index.php\/wp-json\/wp\/v2\/comments?post=19187"}],"wp:featuredmedia":[{"embeddable":true,"href":"https:\/\/www.oknobuild.com\/index.php\/wp-json\/wp\/v2\/media\/19287"}],"wp:attachment":[{"href":"https:\/\/www.oknobuild.com\/index.php\/wp-json\/wp\/v2\/media?parent=19187"}],"wp:term":[{"taxonomy":"product_brand","embeddable":true,"href":"https:\/\/www.oknobuild.com\/index.php\/wp-json\/wp\/v2\/product_brand?post=19187"},{"taxonomy":"product_cat","embeddable":true,"href":"https:\/\/www.oknobuild.com\/index.php\/wp-json\/wp\/v2\/product_cat?post=19187"},{"taxonomy":"product_tag","embeddable":true,"href":"https:\/\/www.oknobuild.com\/index.php\/wp-json\/wp\/v2\/product_tag?post=19187"}],"curies":[{"name":"wp","href":"https:\/\/api.w.org\/{rel}","templated":true}]}}