{"id":22953,"date":"2026-04-27T04:41:31","date_gmt":"2026-04-27T04:41:31","guid":{"rendered":""},"modified":"2026-04-27T04:41:31","modified_gmt":"2026-04-27T04:41:31","slug":"polysan-nosna-konstrukce-pro-asymetrickou-vanu-165x80cm-fr16580-nejlepsi-cena-22953","status":"publish","type":"product","link":"https:\/\/www.oknobuild.com\/index.php\/produkt\/polysan-nosna-konstrukce-pro-asymetrickou-vanu-165x80cm-fr16580-nejlepsi-cena-22953\/","title":{"rendered":"Polysan Nosn\u00e1 konstrukce pro asymetrickou vanu 165x80cm FR16580 Nejlep\u0161\u00ed Cena"},"content":{"rendered":"<div class=\"basic-description\">\n<h3>Detailn\u00ed popis produktu<\/h3>\n<p><\/p>\n<h2 class=\"props-title\">Vlastnosti<\/h2>\n<table>\n<tr>\n<th>Zna\u010dka<\/th>\n<td>POLYSAN<\/td>\n<\/tr>\n<tr>\n<th>Hmotnost \/ ks<\/th>\n<td>11.0000&nbsp;kg<\/td>\n<\/tr>\n<tr>\n<th>Balen\u00ed<\/th>\n<td>1&nbsp;ks<\/td>\n<\/tr>\n<tr>\n<th>EAN<\/th>\n<td>8590729001560<\/td>\n<\/tr>\n<tr>\n<th>Taric<\/th>\n<td>73269098<\/td>\n<\/tr>\n<tr>\n<th>Z\u00e1ruka<\/th>\n<td>2 roky<\/td>\n<\/tr>\n<\/table>\n<ul>\n<li>Dokumenty &#8211; N\u00e1vod<\/li>\n<li>Dokumenty &#8211; N\u00e1vod<\/li>\n<\/ul>\n<p>   Upozorn\u011bn\u00ed pro z\u00e1kazn\u00edky ke koupi produkt\u016f na objedn\u00e1n\u00ed: Toto zbo\u017e\u00ed nen\u00ed standardn\u00edm s\u00e9riov\u00fdm v\u00fdrobkem. Bude vyrobeno na p\u0159\u00e1n\u00ed z\u00e1kazn\u00edka a proto jej nelze dodavateli v z\u00e1konn\u00e9 lh\u016ft\u011b vr\u00e1tit. (viz \u00a71837 odst.d, ob\u010dansk\u00e9ho z\u00e1kon\u00edku). V tomto p\u0159\u00edpad\u011b m\u016f\u017eeme po\u017eadovat nevratnou z\u00e1lohu a\u017e do v\u00fd\u0161e 100 % z ceny v\u00fdrobku.                            <\/p><\/div>\n","protected":false},"excerpt":{"rendered":"<p>Detailn\u00ed popis produktu Vlastnosti Zna\u010dka POLYSAN Hmotnost \/ ks 11.0000&nbsp;kg Balen\u00ed 1&nbsp;ks EAN 8590729001560 Taric 73269098 Z\u00e1ruka 2 roky Dokumenty &#8211; N\u00e1vod Dokumenty &#8211; N\u00e1vod Upozorn\u011bn\u00ed pro z\u00e1kazn\u00edky ke koupi produkt\u016f na objedn\u00e1n\u00ed: Toto zbo\u017e\u00ed nen\u00ed standardn\u00edm s\u00e9riov\u00fdm v\u00fdrobkem. Bude vyrobeno na p\u0159\u00e1n\u00ed z\u00e1kazn\u00edka a proto jej nelze dodavateli v z\u00e1konn\u00e9 lh\u016ft\u011b vr\u00e1tit. (viz \u00a71837 [&hellip;]<\/p>\n","protected":false},"featured_media":23053,"comment_status":"open","ping_status":"open","template":"","meta":[],"product_brand":[],"product_cat":[77],"product_tag":[],"class_list":{"0":"post-22953","1":"product","2":"type-product","3":"status-publish","4":"has-post-thumbnail","6":"product_cat-vany","8":"first","9":"instock","10":"sale","11":"shipping-taxable","12":"purchasable","13":"product-type-simple"},"yoast_head":"<!-- This site is optimized with the Yoast SEO plugin v26.8 - https:\/\/yoast.com\/product\/yoast-seo-wordpress\/ -->\n<title>Polysan Nosn\u00e1 konstrukce pro asymetrickou vanu 165x80cm FR16580 Nejlep\u0161\u00ed Cena -<\/title>\n<meta name=\"robots\" content=\"index, follow, max-snippet:-1, max-image-preview:large, max-video-preview:-1\" \/>\n<link rel=\"canonical\" href=\"https:\/\/www.oknobuild.com\/index.php\/produkt\/polysan-nosna-konstrukce-pro-asymetrickou-vanu-165x80cm-fr16580-nejlepsi-cena-22953\/\" \/>\n<meta property=\"og:locale\" content=\"cs_CZ\" \/>\n<meta property=\"og:type\" content=\"article\" \/>\n<meta property=\"og:title\" content=\"Polysan Nosn\u00e1 konstrukce pro asymetrickou vanu 165x80cm FR16580 Nejlep\u0161\u00ed Cena -\" \/>\n<meta property=\"og:description\" content=\"Detailn\u00ed popis produktu Vlastnosti Zna\u010dka POLYSAN Hmotnost \/ ks 11.0000&nbsp;kg Balen\u00ed 1&nbsp;ks EAN 8590729001560 Taric 73269098 Z\u00e1ruka 2 roky Dokumenty &#8211; N\u00e1vod Dokumenty &#8211; N\u00e1vod Upozorn\u011bn\u00ed pro z\u00e1kazn\u00edky ke koupi produkt\u016f na objedn\u00e1n\u00ed: Toto zbo\u017e\u00ed nen\u00ed standardn\u00edm s\u00e9riov\u00fdm v\u00fdrobkem. Bude vyrobeno na p\u0159\u00e1n\u00ed z\u00e1kazn\u00edka a proto jej nelze dodavateli v z\u00e1konn\u00e9 lh\u016ft\u011b vr\u00e1tit. (viz \u00a71837 [&hellip;]\" \/>\n<meta property=\"og:url\" content=\"https:\/\/www.oknobuild.com\/index.php\/produkt\/polysan-nosna-konstrukce-pro-asymetrickou-vanu-165x80cm-fr16580-nejlepsi-cena-22953\/\" \/>\n<meta property=\"og:image\" content=\"https:\/\/www.oknobuild.com\/wp-content\/uploads\/2026\/SK0015133-CZ20260425-093631-0-1777080994-291528_fr16580-227122165579845.webp\" \/>\n\t<meta property=\"og:image:width\" content=\"1000\" \/>\n\t<meta property=\"og:image:height\" content=\"750\" \/>\n\t<meta property=\"og:image:type\" content=\"image\/webp\" \/>\n<meta name=\"twitter:card\" content=\"summary_large_image\" \/>\n<script type=\"application\/ld+json\" class=\"yoast-schema-graph\">{\"@context\":\"https:\/\/schema.org\",\"@graph\":[{\"@type\":\"WebPage\",\"@id\":\"https:\/\/www.oknobuild.com\/index.php\/produkt\/polysan-nosna-konstrukce-pro-asymetrickou-vanu-165x80cm-fr16580-nejlepsi-cena-22953\/\",\"url\":\"https:\/\/www.oknobuild.com\/index.php\/produkt\/polysan-nosna-konstrukce-pro-asymetrickou-vanu-165x80cm-fr16580-nejlepsi-cena-22953\/\",\"name\":\"Polysan Nosn\u00e1 konstrukce pro asymetrickou vanu 165x80cm FR16580 Nejlep\u0161\u00ed Cena -\",\"isPartOf\":{\"@id\":\"https:\/\/www.oknobuild.com\/#website\"},\"primaryImageOfPage\":{\"@id\":\"https:\/\/www.oknobuild.com\/index.php\/produkt\/polysan-nosna-konstrukce-pro-asymetrickou-vanu-165x80cm-fr16580-nejlepsi-cena-22953\/#primaryimage\"},\"image\":{\"@id\":\"https:\/\/www.oknobuild.com\/index.php\/produkt\/polysan-nosna-konstrukce-pro-asymetrickou-vanu-165x80cm-fr16580-nejlepsi-cena-22953\/#primaryimage\"},\"thumbnailUrl\":\"https:\/\/www.oknobuild.com\/wp-content\/uploads\/2026\/SK0015133-CZ20260425-093631-0-1777080994-291528_fr16580-227122165579845.webp\",\"datePublished\":\"2026-04-27T04:41:31+00:00\",\"breadcrumb\":{\"@id\":\"https:\/\/www.oknobuild.com\/index.php\/produkt\/polysan-nosna-konstrukce-pro-asymetrickou-vanu-165x80cm-fr16580-nejlepsi-cena-22953\/#breadcrumb\"},\"inLanguage\":\"cs\",\"potentialAction\":[{\"@type\":\"ReadAction\",\"target\":[\"https:\/\/www.oknobuild.com\/index.php\/produkt\/polysan-nosna-konstrukce-pro-asymetrickou-vanu-165x80cm-fr16580-nejlepsi-cena-22953\/\"]}]},{\"@type\":\"ImageObject\",\"inLanguage\":\"cs\",\"@id\":\"https:\/\/www.oknobuild.com\/index.php\/produkt\/polysan-nosna-konstrukce-pro-asymetrickou-vanu-165x80cm-fr16580-nejlepsi-cena-22953\/#primaryimage\",\"url\":\"https:\/\/www.oknobuild.com\/wp-content\/uploads\/2026\/SK0015133-CZ20260425-093631-0-1777080994-291528_fr16580-227122165579845.webp\",\"contentUrl\":\"https:\/\/www.oknobuild.com\/wp-content\/uploads\/2026\/SK0015133-CZ20260425-093631-0-1777080994-291528_fr16580-227122165579845.webp\",\"width\":1000,\"height\":750},{\"@type\":\"BreadcrumbList\",\"@id\":\"https:\/\/www.oknobuild.com\/index.php\/produkt\/polysan-nosna-konstrukce-pro-asymetrickou-vanu-165x80cm-fr16580-nejlepsi-cena-22953\/#breadcrumb\",\"itemListElement\":[{\"@type\":\"ListItem\",\"position\":1,\"name\":\"Home\",\"item\":\"https:\/\/www.oknobuild.com\/\"},{\"@type\":\"ListItem\",\"position\":2,\"name\":\"Products\",\"item\":\"https:\/\/www.oknobuild.com\/index.php\/products\/\"},{\"@type\":\"ListItem\",\"position\":3,\"name\":\"Polysan Nosn\u00e1 konstrukce pro asymetrickou vanu 165x80cm FR16580 Nejlep\u0161\u00ed Cena\"}]},{\"@type\":\"WebSite\",\"@id\":\"https:\/\/www.oknobuild.com\/#website\",\"url\":\"https:\/\/www.oknobuild.com\/\",\"name\":\"\",\"description\":\"\",\"potentialAction\":[{\"@type\":\"SearchAction\",\"target\":{\"@type\":\"EntryPoint\",\"urlTemplate\":\"https:\/\/www.oknobuild.com\/?s={search_term_string}\"},\"query-input\":{\"@type\":\"PropertyValueSpecification\",\"valueRequired\":true,\"valueName\":\"search_term_string\"}}],\"inLanguage\":\"cs\"}]}<\/script>\n<!-- \/ Yoast SEO plugin. -->","yoast_head_json":{"title":"Polysan Nosn\u00e1 konstrukce pro asymetrickou vanu 165x80cm FR16580 Nejlep\u0161\u00ed Cena -","robots":{"index":"index","follow":"follow","max-snippet":"max-snippet:-1","max-image-preview":"max-image-preview:large","max-video-preview":"max-video-preview:-1"},"canonical":"https:\/\/www.oknobuild.com\/index.php\/produkt\/polysan-nosna-konstrukce-pro-asymetrickou-vanu-165x80cm-fr16580-nejlepsi-cena-22953\/","og_locale":"cs_CZ","og_type":"article","og_title":"Polysan Nosn\u00e1 konstrukce pro asymetrickou vanu 165x80cm FR16580 Nejlep\u0161\u00ed Cena -","og_description":"Detailn\u00ed popis produktu Vlastnosti Zna\u010dka POLYSAN Hmotnost \/ ks 11.0000&nbsp;kg Balen\u00ed 1&nbsp;ks EAN 8590729001560 Taric 73269098 Z\u00e1ruka 2 roky Dokumenty &#8211; N\u00e1vod Dokumenty &#8211; N\u00e1vod Upozorn\u011bn\u00ed pro z\u00e1kazn\u00edky ke koupi produkt\u016f na objedn\u00e1n\u00ed: Toto zbo\u017e\u00ed nen\u00ed standardn\u00edm s\u00e9riov\u00fdm v\u00fdrobkem. Bude vyrobeno na p\u0159\u00e1n\u00ed z\u00e1kazn\u00edka a proto jej nelze dodavateli v z\u00e1konn\u00e9 lh\u016ft\u011b vr\u00e1tit. (viz \u00a71837 [&hellip;]","og_url":"https:\/\/www.oknobuild.com\/index.php\/produkt\/polysan-nosna-konstrukce-pro-asymetrickou-vanu-165x80cm-fr16580-nejlepsi-cena-22953\/","og_image":[{"width":1000,"height":750,"url":"https:\/\/www.oknobuild.com\/wp-content\/uploads\/2026\/SK0015133-CZ20260425-093631-0-1777080994-291528_fr16580-227122165579845.webp","type":"image\/webp"}],"twitter_card":"summary_large_image","schema":{"@context":"https:\/\/schema.org","@graph":[{"@type":"WebPage","@id":"https:\/\/www.oknobuild.com\/index.php\/produkt\/polysan-nosna-konstrukce-pro-asymetrickou-vanu-165x80cm-fr16580-nejlepsi-cena-22953\/","url":"https:\/\/www.oknobuild.com\/index.php\/produkt\/polysan-nosna-konstrukce-pro-asymetrickou-vanu-165x80cm-fr16580-nejlepsi-cena-22953\/","name":"Polysan Nosn\u00e1 konstrukce pro asymetrickou vanu 165x80cm FR16580 Nejlep\u0161\u00ed Cena -","isPartOf":{"@id":"https:\/\/www.oknobuild.com\/#website"},"primaryImageOfPage":{"@id":"https:\/\/www.oknobuild.com\/index.php\/produkt\/polysan-nosna-konstrukce-pro-asymetrickou-vanu-165x80cm-fr16580-nejlepsi-cena-22953\/#primaryimage"},"image":{"@id":"https:\/\/www.oknobuild.com\/index.php\/produkt\/polysan-nosna-konstrukce-pro-asymetrickou-vanu-165x80cm-fr16580-nejlepsi-cena-22953\/#primaryimage"},"thumbnailUrl":"https:\/\/www.oknobuild.com\/wp-content\/uploads\/2026\/SK0015133-CZ20260425-093631-0-1777080994-291528_fr16580-227122165579845.webp","datePublished":"2026-04-27T04:41:31+00:00","breadcrumb":{"@id":"https:\/\/www.oknobuild.com\/index.php\/produkt\/polysan-nosna-konstrukce-pro-asymetrickou-vanu-165x80cm-fr16580-nejlepsi-cena-22953\/#breadcrumb"},"inLanguage":"cs","potentialAction":[{"@type":"ReadAction","target":["https:\/\/www.oknobuild.com\/index.php\/produkt\/polysan-nosna-konstrukce-pro-asymetrickou-vanu-165x80cm-fr16580-nejlepsi-cena-22953\/"]}]},{"@type":"ImageObject","inLanguage":"cs","@id":"https:\/\/www.oknobuild.com\/index.php\/produkt\/polysan-nosna-konstrukce-pro-asymetrickou-vanu-165x80cm-fr16580-nejlepsi-cena-22953\/#primaryimage","url":"https:\/\/www.oknobuild.com\/wp-content\/uploads\/2026\/SK0015133-CZ20260425-093631-0-1777080994-291528_fr16580-227122165579845.webp","contentUrl":"https:\/\/www.oknobuild.com\/wp-content\/uploads\/2026\/SK0015133-CZ20260425-093631-0-1777080994-291528_fr16580-227122165579845.webp","width":1000,"height":750},{"@type":"BreadcrumbList","@id":"https:\/\/www.oknobuild.com\/index.php\/produkt\/polysan-nosna-konstrukce-pro-asymetrickou-vanu-165x80cm-fr16580-nejlepsi-cena-22953\/#breadcrumb","itemListElement":[{"@type":"ListItem","position":1,"name":"Home","item":"https:\/\/www.oknobuild.com\/"},{"@type":"ListItem","position":2,"name":"Products","item":"https:\/\/www.oknobuild.com\/index.php\/products\/"},{"@type":"ListItem","position":3,"name":"Polysan Nosn\u00e1 konstrukce pro asymetrickou vanu 165x80cm FR16580 Nejlep\u0161\u00ed Cena"}]},{"@type":"WebSite","@id":"https:\/\/www.oknobuild.com\/#website","url":"https:\/\/www.oknobuild.com\/","name":"","description":"","potentialAction":[{"@type":"SearchAction","target":{"@type":"EntryPoint","urlTemplate":"https:\/\/www.oknobuild.com\/?s={search_term_string}"},"query-input":{"@type":"PropertyValueSpecification","valueRequired":true,"valueName":"search_term_string"}}],"inLanguage":"cs"}]}},"_links":{"self":[{"href":"https:\/\/www.oknobuild.com\/index.php\/wp-json\/wp\/v2\/product\/22953","targetHints":{"allow":["GET"]}}],"collection":[{"href":"https:\/\/www.oknobuild.com\/index.php\/wp-json\/wp\/v2\/product"}],"about":[{"href":"https:\/\/www.oknobuild.com\/index.php\/wp-json\/wp\/v2\/types\/product"}],"replies":[{"embeddable":true,"href":"https:\/\/www.oknobuild.com\/index.php\/wp-json\/wp\/v2\/comments?post=22953"}],"wp:featuredmedia":[{"embeddable":true,"href":"https:\/\/www.oknobuild.com\/index.php\/wp-json\/wp\/v2\/media\/23053"}],"wp:attachment":[{"href":"https:\/\/www.oknobuild.com\/index.php\/wp-json\/wp\/v2\/media?parent=22953"}],"wp:term":[{"taxonomy":"product_brand","embeddable":true,"href":"https:\/\/www.oknobuild.com\/index.php\/wp-json\/wp\/v2\/product_brand?post=22953"},{"taxonomy":"product_cat","embeddable":true,"href":"https:\/\/www.oknobuild.com\/index.php\/wp-json\/wp\/v2\/product_cat?post=22953"},{"taxonomy":"product_tag","embeddable":true,"href":"https:\/\/www.oknobuild.com\/index.php\/wp-json\/wp\/v2\/product_tag?post=22953"}],"curies":[{"name":"wp","href":"https:\/\/api.w.org\/{rel}","templated":true}]}}