{"id":22980,"date":"2026-04-27T04:41:31","date_gmt":"2026-04-27T04:41:31","guid":{"rendered":""},"modified":"2026-04-27T04:41:31","modified_gmt":"2026-04-27T04:41:31","slug":"rychle-dodani-intedoor-storm-3d-koupelnova-skrinka-vysoka-storm-3d-sv-35-1d2z-p-a8916-22980","status":"publish","type":"product","link":"https:\/\/www.oknobuild.com\/index.php\/produkt\/rychle-dodani-intedoor-storm-3d-koupelnova-skrinka-vysoka-storm-3d-sv-35-1d2z-p-a8916-22980\/","title":{"rendered":"Rychl\u00e9 Dod\u00e1n\u00ed Intedoor Storm 3D, koupelnov\u00e1 sk\u0159\u00ed\u0148ka vysok\u00e1 &#8211; STORM 3D SV 35 1D2Z P A8916"},"content":{"rendered":"<div class=\"basic-description\">\n<h3>Detailn\u00ed popis produktu<\/h3>\n<p>Intedoor Storm 3D, koupelnov\u00e1 sk\u0159\u00ed\u0148ka vysok\u00e1 &#8211;<meta charset=\"utf-8\" \/>STORM 3D SV 35 1D2Z P A8916<br \/>\u010celn\u00ed plochy n\u00e1bytku STORM 3D utv\u00e1\u0159\u00ed geometrick\u00e9 struktury inspirovan\u00e9 dokonal\u00fdmi liniemi pyramid, nebo svisl\u00fdmi pruhy. Tvary jsou z\u00e1m\u011brn\u011b prezentov\u00e1ny ve sv\u00e9 trojrozm\u011brnosti s c\u00edlem vytvo\u0159it na n\u00e1bytku hry sv\u011btel a st\u00edn\u016f.<\/p>\n<p class=\"p1\">Kombinace dekor\u016f u STORM 3D nelze m\u011bnit.<\/p>\n<p>Laminovan\u00e9 a lakovan\u00e9 desky maj\u00ed vynikaj\u00edc\u00ed antibakteri\u00e1ln\u00ed vlastnosti. B\u011bhem 24 hodin se v\u00fdrazn\u011b sni\u017euje mno\u017estv\u00ed bakteri\u00ed a choroboplodn\u00fdch z\u00e1rodk\u016f na povrchu n\u00e1bytku.<\/p>\n<p class=\"p1\">Matn\u00fd povrch m\u00e1 ochranu proti otisk\u016fm prst\u016f.<\/p>\n<p>Rozm\u011br sk\u0159\u00ed\u0148ky s umyvadlem (\u0160 x H x V): 350 x 350 x 1718 mm<\/p>\n<p class=\"p1\"><meta charset=\"utf-8\" \/><br \/><meta charset=\"utf-8\" \/><\/p>\n<p class=\"p1\">V\u00fdroba na objedn\u00e1vku \u2013 dodac\u00ed lh\u016fta 3 \u2013 4 t\u00fddny.<\/p>\n<p class=\"p1\"><meta charset=\"utf-8\" \/><\/p>\n<p><meta charset=\"utf-8\" \/><strong>Sk\u0159\u00ed\u0148ky z\u00e1sadn\u011b dod\u00e1v\u00e1me smontovan\u00e9 a p\u0159ipraven\u00e9 k mont\u00e1\u017ei (instalaci).<\/strong><\/p>\n<p><span style=\"font-size: 14pt;\"><strong>Garance kvality<\/strong><\/span><\/p>\n<p>Certifikovan\u00e9 materi\u00e1ly v\u00fdznamn\u00fdch evropsk\u00fdch v\u00fdrobc\u016f.<br \/>Certifikace v\u00fdrobn\u00edho procesu LQS, T\u00dcV elektrov\u00fdzbroj a sv\u00edtidla.<br \/>Olepen\u00ed hran PUR lepidlem, se zv\u00fd\u0161enou ochranou proti vlhkosti.<br \/>P\u00e9\u010de o \u017eivotn\u00ed prost\u0159ed\u00ed s vyu\u017eit\u00edm BAT technologi\u00ed.<\/p>\n<p><meta charset=\"utf-8\" \/><meta charset=\"utf-8\" \/><br \/><meta charset=\"utf-8\" \/><\/p>\n<p><span style=\"font-size: 14pt;\"><strong>Technick\u00e9 informace<\/strong><\/span><\/p>\n<p>A) N\u00e1bytek<br \/>\u010celn\u00ed plochy n\u00e1bytku 18 &#8211; 22 mm<br \/>&#8211; Lakovan\u00e9 proveden\u00ed MDF 18 &#8211; 22 mm, sedmivrstv\u00fd n\u00e1st\u0159ik PUR (polyuretanov\u00fdmi)<br \/>barvami ve vysok\u00e9m lesku nebo matu.<br \/>&#8211; D\u0159evodekorov\u00e9 proveden\u00ed LTD 18 mm + hrana ABS 1 &#8211; 2 mm ve stejn\u00e9m dekoru.<br \/>Korpusy n\u00e1bytku jsou z LTD 12 &#8211; 32 mm<br \/>&#8211; Lakovan\u00e9 proveden\u00ed LTD + ABS 1 &#8211; 2 mm + 2 x n\u00e1st\u0159ik PUR barvou ve vysok\u00e9m lesku nebo matu.<br \/>&#8211; D\u0159evodekorov\u00e9 proveden\u00ed LTD 12 &#8211; 32 mm + hrana ABS 1 &#8211; 2 mm ve stejn\u00e9m dekoru a struktu\u0159e.<br \/>Lakov\u00e1n\u00ed<br \/>PUR barvy maj\u00ed zv\u00fd\u0161enou odolnost v\u016f\u010di vlhkosti, ot\u011bru a mechanick\u00e9mu po\u0161kozen\u00ed.<br \/>D\u0159evodekory a n\u00e1bytkov\u00e9 ABS hrany<br \/>LTD materi\u00e1l je v\u017edy olepen hranou ABS 0,5 &#8211; 2 mm, za pou\u017eit\u00ed PUR lepidla<br \/>(Jowat). PUR lepidlo je vhodn\u00e9 do vlhk\u00e9ho prost\u0159ed\u00ed, vynik\u00e1 vy\u0161\u0161\u00ed odolnost\u00ed proti vlhkosti a teplotn\u00ed stabilitou.<br \/>B) Kov\u00e1n\u00ed (panty, z\u00e1suvky)<br \/>&#8211; Panty (Hettich, Blum, Strong, Grass) jsou v\u017edy vybaveny tlumen\u00edm (soft closing).<br \/>&#8211; Z\u00e1suvky (Hettich, Blum, Strong) jsou op\u011bt v\u017edy vybaveny tlumen\u00fdm dov\u00edr\u00e1n\u00edm (soft closing), nebo<br \/>v proveden\u00ed bez \u00fachytek (InnoTech Atira &#8211; Hettich Push to open).<br \/>Z\u00e1suvky jsou v n\u011bkolika hloubk\u00e1ch (270 \u2013 450 mm), tak\u017ee sk\u0159\u00ed\u0148ky nab\u00edzej\u00ed maximum u\u017eitn\u00e9ho prostoru.<br \/>D\u00e1le jsou z\u00e1suvky ve 3 r\u016fzn\u00fdch v\u00fd\u0161k\u00e1ch. Do v\u0161ech typ\u016f z\u00e1suvek je mo\u017en\u00e9 objednat organiz\u00e9r.<br \/>C) Umyvadla<br \/>&#8211; Keramick\u00e1.<br \/>&#8211; P\u0159i pl\u00e1nov\u00e1n\u00ed koupelny je pot\u0159eba po\u010d\u00edtat s povolenou toleranc\u00ed ve velikosti umyvadel od &#8211; 5 do + 15 mm.<br \/>D) Osv\u011btlen\u00ed a elektrov\u00fdbava<br \/>&#8211; \u0160irok\u00fd v\u00fdb\u011br LED osv\u011btlen\u00ed, jak samostatn\u00fdch sv\u011btel tak integrovan\u00fdch v zrcadlech, nebo zrcadlov\u00fdch dv\u00ed\u0159k\u00e1ch sk\u0159\u00edn\u011bk.<br \/>&#8211; Z\u00e1suvky a vyp\u00edna\u010de Berker na v\u00fdb\u011br \u010dern\u00e1 nebo b\u00edl\u00e1.<br \/>V\u0161e s kryt\u00edm IP44 umo\u017e\u0148uj\u00edc\u00edm bezpe\u010dnou instalaci dle n\u00e1rodn\u00edch p\u0159edpis\u016f. Certifikace T\u00dcV.<br \/>E)Zrcadla &#8211; zrcadlov\u00e9 sk\u0159\u00ed\u0148ky<br \/>&#8211; Proveden\u00ed float 3 &#8211; 5 mm (Saint Gobain) s ochranou proti slepnut\u00ed.<br \/>&#8211; Oboustrann\u00e1 zrcadlov\u00e1 dv\u00ed\u0159ka float 6 mm (Saint Gobain).<br \/>F) \u00dachytky &#8211; v\u017edy celokovov\u00e9 s povrchovou \u00fapravou chrom u cel\u00e9ho sortimentu.<br \/>Cel\u00fd v\u00fdrobn\u00ed proces prob\u00edh\u00e1 na CNC stroj\u00edch (Homag, Venjakob &#8230;)<br \/>zaru\u010duj\u00edc\u00edch \u0161pi\u010dkov\u00e9 zpracov\u00e1n\u00ed hran, vrt\u00e1n\u00ed, fr\u00e9zov\u00e1n\u00ed, tuhost a pravo\u00fahlost n\u00e1bytku.<br \/>Sk\u0159\u00ed\u0148ky dod\u00e1v\u00e1me smontovan\u00e9 a p\u0159ipraven\u00e9 k mont\u00e1\u017ei (instalaci).<br \/>V\u0161e pe\u010dliv\u011b zabaleno do karton\u016f z p\u011btivrstv\u00e9 lepenky za pou\u017eit\u00ed ochrann\u00fdch roh\u016f z PVC, nebo polystyrenu a stre\u010dov\u00e9 f\u00f3lie.<br \/>Sou\u010d\u00e1st\u00ed balen\u00ed je n\u00e1vod na mont\u00e1\u017e a \u00fadr\u017ebu.<\/p>\n<p><strong>Upozorn\u011bn\u00ed pro z\u00e1kazn\u00edky ke koupi produkt\u016f na objedn\u00e1n\u00ed:<\/strong><span>&nbsp;Toto zbo\u017e\u00ed nen\u00ed standardn\u00edm s\u00e9riov\u00fdm v\u00fdrobkem. Bude vyrobeno na p\u0159\u00e1n\u00ed z\u00e1kazn\u00edka a proto jej&nbsp;<\/span><strong>nelze dodavateli v z\u00e1konn\u00e9 lh\u016ft\u011b vr\u00e1tit<\/strong><span>. (viz \u00a71837 odst.d, ob\u010dansk\u00e9ho z\u00e1kon\u00edku). V tomto p\u0159\u00edpad\u011b m\u016f\u017eeme po\u017eadovat nevratnou z\u00e1lohu a\u017e do v\u00fd\u0161e 100 % z ceny v\u00fdrobku.<\/span><\/p>\n<\/p><\/div>\n","protected":false},"excerpt":{"rendered":"<p>Detailn\u00ed popis produktu Intedoor Storm 3D, koupelnov\u00e1 sk\u0159\u00ed\u0148ka vysok\u00e1 &#8211;STORM 3D SV 35 1D2Z P A8916\u010celn\u00ed plochy n\u00e1bytku STORM 3D utv\u00e1\u0159\u00ed geometrick\u00e9 struktury inspirovan\u00e9 dokonal\u00fdmi liniemi pyramid, nebo svisl\u00fdmi pruhy. Tvary jsou z\u00e1m\u011brn\u011b prezentov\u00e1ny ve sv\u00e9 trojrozm\u011brnosti s c\u00edlem vytvo\u0159it na n\u00e1bytku hry sv\u011btel a st\u00edn\u016f. Kombinace dekor\u016f u STORM 3D nelze m\u011bnit. Laminovan\u00e9 a [&hellip;]<\/p>\n","protected":false},"featured_media":23080,"comment_status":"open","ping_status":"open","template":"","meta":[],"product_brand":[],"product_cat":[78],"product_tag":[],"class_list":{"0":"post-22980","1":"product","2":"type-product","3":"status-publish","4":"has-post-thumbnail","6":"product_cat-koupelnovy-nabytek","8":"first","9":"instock","10":"sale","11":"shipping-taxable","12":"purchasable","13":"product-type-simple"},"yoast_head":"<!-- This site is optimized with the Yoast SEO plugin v26.8 - https:\/\/yoast.com\/product\/yoast-seo-wordpress\/ -->\n<title>Rychl\u00e9 Dod\u00e1n\u00ed Intedoor Storm 3D, koupelnov\u00e1 sk\u0159\u00ed\u0148ka vysok\u00e1 - STORM 3D SV 35 1D2Z P A8916 -<\/title>\n<meta name=\"robots\" content=\"index, follow, max-snippet:-1, max-image-preview:large, max-video-preview:-1\" \/>\n<link rel=\"canonical\" href=\"https:\/\/www.oknobuild.com\/index.php\/produkt\/rychle-dodani-intedoor-storm-3d-koupelnova-skrinka-vysoka-storm-3d-sv-35-1d2z-p-a8916-22980\/\" \/>\n<meta property=\"og:locale\" content=\"cs_CZ\" \/>\n<meta property=\"og:type\" content=\"article\" \/>\n<meta property=\"og:title\" content=\"Rychl\u00e9 Dod\u00e1n\u00ed Intedoor Storm 3D, koupelnov\u00e1 sk\u0159\u00ed\u0148ka vysok\u00e1 - STORM 3D SV 35 1D2Z P A8916 -\" \/>\n<meta property=\"og:description\" content=\"Detailn\u00ed popis produktu Intedoor Storm 3D, koupelnov\u00e1 sk\u0159\u00ed\u0148ka vysok\u00e1 &#8211;STORM 3D SV 35 1D2Z P A8916\u010celn\u00ed plochy n\u00e1bytku STORM 3D utv\u00e1\u0159\u00ed geometrick\u00e9 struktury inspirovan\u00e9 dokonal\u00fdmi liniemi pyramid, nebo svisl\u00fdmi pruhy. Tvary jsou z\u00e1m\u011brn\u011b prezentov\u00e1ny ve sv\u00e9 trojrozm\u011brnosti s c\u00edlem vytvo\u0159it na n\u00e1bytku hry sv\u011btel a st\u00edn\u016f. Kombinace dekor\u016f u STORM 3D nelze m\u011bnit. Laminovan\u00e9 a [&hellip;]\" \/>\n<meta property=\"og:url\" content=\"https:\/\/www.oknobuild.com\/index.php\/produkt\/rychle-dodani-intedoor-storm-3d-koupelnova-skrinka-vysoka-storm-3d-sv-35-1d2z-p-a8916-22980\/\" \/>\n<meta property=\"og:image\" content=\"https:\/\/www.oknobuild.com\/wp-content\/uploads\/2026\/SK0015179-CZ20260425-093631-0-1777080994-291771-4_intedoor-storm-3d--koupelnova-skrinka-vysoka-storm.webp\" \/>\n\t<meta property=\"og:image:width\" content=\"1000\" \/>\n\t<meta property=\"og:image:height\" content=\"750\" \/>\n\t<meta property=\"og:image:type\" content=\"image\/webp\" \/>\n<meta name=\"twitter:card\" content=\"summary_large_image\" \/>\n<meta name=\"twitter:label1\" content=\"Odhadovan\u00e1 doba \u010dten\u00ed\" \/>\n\t<meta name=\"twitter:data1\" content=\"4 minuty\" \/>\n<script type=\"application\/ld+json\" class=\"yoast-schema-graph\">{\"@context\":\"https:\/\/schema.org\",\"@graph\":[{\"@type\":\"WebPage\",\"@id\":\"https:\/\/www.oknobuild.com\/index.php\/produkt\/rychle-dodani-intedoor-storm-3d-koupelnova-skrinka-vysoka-storm-3d-sv-35-1d2z-p-a8916-22980\/\",\"url\":\"https:\/\/www.oknobuild.com\/index.php\/produkt\/rychle-dodani-intedoor-storm-3d-koupelnova-skrinka-vysoka-storm-3d-sv-35-1d2z-p-a8916-22980\/\",\"name\":\"Rychl\u00e9 Dod\u00e1n\u00ed Intedoor Storm 3D, koupelnov\u00e1 sk\u0159\u00ed\u0148ka vysok\u00e1 - STORM 3D SV 35 1D2Z P A8916 -\",\"isPartOf\":{\"@id\":\"https:\/\/www.oknobuild.com\/#website\"},\"primaryImageOfPage\":{\"@id\":\"https:\/\/www.oknobuild.com\/index.php\/produkt\/rychle-dodani-intedoor-storm-3d-koupelnova-skrinka-vysoka-storm-3d-sv-35-1d2z-p-a8916-22980\/#primaryimage\"},\"image\":{\"@id\":\"https:\/\/www.oknobuild.com\/index.php\/produkt\/rychle-dodani-intedoor-storm-3d-koupelnova-skrinka-vysoka-storm-3d-sv-35-1d2z-p-a8916-22980\/#primaryimage\"},\"thumbnailUrl\":\"https:\/\/www.oknobuild.com\/wp-content\/uploads\/2026\/SK0015179-CZ20260425-093631-0-1777080994-291771-4_intedoor-storm-3d--koupelnova-skrinka-vysoka-storm.webp\",\"datePublished\":\"2026-04-27T04:41:31+00:00\",\"breadcrumb\":{\"@id\":\"https:\/\/www.oknobuild.com\/index.php\/produkt\/rychle-dodani-intedoor-storm-3d-koupelnova-skrinka-vysoka-storm-3d-sv-35-1d2z-p-a8916-22980\/#breadcrumb\"},\"inLanguage\":\"cs\",\"potentialAction\":[{\"@type\":\"ReadAction\",\"target\":[\"https:\/\/www.oknobuild.com\/index.php\/produkt\/rychle-dodani-intedoor-storm-3d-koupelnova-skrinka-vysoka-storm-3d-sv-35-1d2z-p-a8916-22980\/\"]}]},{\"@type\":\"ImageObject\",\"inLanguage\":\"cs\",\"@id\":\"https:\/\/www.oknobuild.com\/index.php\/produkt\/rychle-dodani-intedoor-storm-3d-koupelnova-skrinka-vysoka-storm-3d-sv-35-1d2z-p-a8916-22980\/#primaryimage\",\"url\":\"https:\/\/www.oknobuild.com\/wp-content\/uploads\/2026\/SK0015179-CZ20260425-093631-0-1777080994-291771-4_intedoor-storm-3d--koupelnova-skrinka-vysoka-storm.webp\",\"contentUrl\":\"https:\/\/www.oknobuild.com\/wp-content\/uploads\/2026\/SK0015179-CZ20260425-093631-0-1777080994-291771-4_intedoor-storm-3d--koupelnova-skrinka-vysoka-storm.webp\",\"width\":1000,\"height\":750},{\"@type\":\"BreadcrumbList\",\"@id\":\"https:\/\/www.oknobuild.com\/index.php\/produkt\/rychle-dodani-intedoor-storm-3d-koupelnova-skrinka-vysoka-storm-3d-sv-35-1d2z-p-a8916-22980\/#breadcrumb\",\"itemListElement\":[{\"@type\":\"ListItem\",\"position\":1,\"name\":\"Home\",\"item\":\"https:\/\/www.oknobuild.com\/\"},{\"@type\":\"ListItem\",\"position\":2,\"name\":\"Products\",\"item\":\"https:\/\/www.oknobuild.com\/index.php\/products\/\"},{\"@type\":\"ListItem\",\"position\":3,\"name\":\"Rychl\u00e9 Dod\u00e1n\u00ed Intedoor Storm 3D, koupelnov\u00e1 sk\u0159\u00ed\u0148ka vysok\u00e1 &#8211; STORM 3D SV 35 1D2Z P A8916\"}]},{\"@type\":\"WebSite\",\"@id\":\"https:\/\/www.oknobuild.com\/#website\",\"url\":\"https:\/\/www.oknobuild.com\/\",\"name\":\"\",\"description\":\"\",\"potentialAction\":[{\"@type\":\"SearchAction\",\"target\":{\"@type\":\"EntryPoint\",\"urlTemplate\":\"https:\/\/www.oknobuild.com\/?s={search_term_string}\"},\"query-input\":{\"@type\":\"PropertyValueSpecification\",\"valueRequired\":true,\"valueName\":\"search_term_string\"}}],\"inLanguage\":\"cs\"}]}<\/script>\n<!-- \/ Yoast SEO plugin. -->","yoast_head_json":{"title":"Rychl\u00e9 Dod\u00e1n\u00ed Intedoor Storm 3D, koupelnov\u00e1 sk\u0159\u00ed\u0148ka vysok\u00e1 - STORM 3D SV 35 1D2Z P A8916 -","robots":{"index":"index","follow":"follow","max-snippet":"max-snippet:-1","max-image-preview":"max-image-preview:large","max-video-preview":"max-video-preview:-1"},"canonical":"https:\/\/www.oknobuild.com\/index.php\/produkt\/rychle-dodani-intedoor-storm-3d-koupelnova-skrinka-vysoka-storm-3d-sv-35-1d2z-p-a8916-22980\/","og_locale":"cs_CZ","og_type":"article","og_title":"Rychl\u00e9 Dod\u00e1n\u00ed Intedoor Storm 3D, koupelnov\u00e1 sk\u0159\u00ed\u0148ka vysok\u00e1 - STORM 3D SV 35 1D2Z P A8916 -","og_description":"Detailn\u00ed popis produktu Intedoor Storm 3D, koupelnov\u00e1 sk\u0159\u00ed\u0148ka vysok\u00e1 &#8211;STORM 3D SV 35 1D2Z P A8916\u010celn\u00ed plochy n\u00e1bytku STORM 3D utv\u00e1\u0159\u00ed geometrick\u00e9 struktury inspirovan\u00e9 dokonal\u00fdmi liniemi pyramid, nebo svisl\u00fdmi pruhy. Tvary jsou z\u00e1m\u011brn\u011b prezentov\u00e1ny ve sv\u00e9 trojrozm\u011brnosti s c\u00edlem vytvo\u0159it na n\u00e1bytku hry sv\u011btel a st\u00edn\u016f. Kombinace dekor\u016f u STORM 3D nelze m\u011bnit. Laminovan\u00e9 a [&hellip;]","og_url":"https:\/\/www.oknobuild.com\/index.php\/produkt\/rychle-dodani-intedoor-storm-3d-koupelnova-skrinka-vysoka-storm-3d-sv-35-1d2z-p-a8916-22980\/","og_image":[{"width":1000,"height":750,"url":"https:\/\/www.oknobuild.com\/wp-content\/uploads\/2026\/SK0015179-CZ20260425-093631-0-1777080994-291771-4_intedoor-storm-3d--koupelnova-skrinka-vysoka-storm.webp","type":"image\/webp"}],"twitter_card":"summary_large_image","twitter_misc":{"Odhadovan\u00e1 doba \u010dten\u00ed":"4 minuty"},"schema":{"@context":"https:\/\/schema.org","@graph":[{"@type":"WebPage","@id":"https:\/\/www.oknobuild.com\/index.php\/produkt\/rychle-dodani-intedoor-storm-3d-koupelnova-skrinka-vysoka-storm-3d-sv-35-1d2z-p-a8916-22980\/","url":"https:\/\/www.oknobuild.com\/index.php\/produkt\/rychle-dodani-intedoor-storm-3d-koupelnova-skrinka-vysoka-storm-3d-sv-35-1d2z-p-a8916-22980\/","name":"Rychl\u00e9 Dod\u00e1n\u00ed Intedoor Storm 3D, koupelnov\u00e1 sk\u0159\u00ed\u0148ka vysok\u00e1 - STORM 3D SV 35 1D2Z P A8916 -","isPartOf":{"@id":"https:\/\/www.oknobuild.com\/#website"},"primaryImageOfPage":{"@id":"https:\/\/www.oknobuild.com\/index.php\/produkt\/rychle-dodani-intedoor-storm-3d-koupelnova-skrinka-vysoka-storm-3d-sv-35-1d2z-p-a8916-22980\/#primaryimage"},"image":{"@id":"https:\/\/www.oknobuild.com\/index.php\/produkt\/rychle-dodani-intedoor-storm-3d-koupelnova-skrinka-vysoka-storm-3d-sv-35-1d2z-p-a8916-22980\/#primaryimage"},"thumbnailUrl":"https:\/\/www.oknobuild.com\/wp-content\/uploads\/2026\/SK0015179-CZ20260425-093631-0-1777080994-291771-4_intedoor-storm-3d--koupelnova-skrinka-vysoka-storm.webp","datePublished":"2026-04-27T04:41:31+00:00","breadcrumb":{"@id":"https:\/\/www.oknobuild.com\/index.php\/produkt\/rychle-dodani-intedoor-storm-3d-koupelnova-skrinka-vysoka-storm-3d-sv-35-1d2z-p-a8916-22980\/#breadcrumb"},"inLanguage":"cs","potentialAction":[{"@type":"ReadAction","target":["https:\/\/www.oknobuild.com\/index.php\/produkt\/rychle-dodani-intedoor-storm-3d-koupelnova-skrinka-vysoka-storm-3d-sv-35-1d2z-p-a8916-22980\/"]}]},{"@type":"ImageObject","inLanguage":"cs","@id":"https:\/\/www.oknobuild.com\/index.php\/produkt\/rychle-dodani-intedoor-storm-3d-koupelnova-skrinka-vysoka-storm-3d-sv-35-1d2z-p-a8916-22980\/#primaryimage","url":"https:\/\/www.oknobuild.com\/wp-content\/uploads\/2026\/SK0015179-CZ20260425-093631-0-1777080994-291771-4_intedoor-storm-3d--koupelnova-skrinka-vysoka-storm.webp","contentUrl":"https:\/\/www.oknobuild.com\/wp-content\/uploads\/2026\/SK0015179-CZ20260425-093631-0-1777080994-291771-4_intedoor-storm-3d--koupelnova-skrinka-vysoka-storm.webp","width":1000,"height":750},{"@type":"BreadcrumbList","@id":"https:\/\/www.oknobuild.com\/index.php\/produkt\/rychle-dodani-intedoor-storm-3d-koupelnova-skrinka-vysoka-storm-3d-sv-35-1d2z-p-a8916-22980\/#breadcrumb","itemListElement":[{"@type":"ListItem","position":1,"name":"Home","item":"https:\/\/www.oknobuild.com\/"},{"@type":"ListItem","position":2,"name":"Products","item":"https:\/\/www.oknobuild.com\/index.php\/products\/"},{"@type":"ListItem","position":3,"name":"Rychl\u00e9 Dod\u00e1n\u00ed Intedoor Storm 3D, koupelnov\u00e1 sk\u0159\u00ed\u0148ka vysok\u00e1 &#8211; STORM 3D SV 35 1D2Z P A8916"}]},{"@type":"WebSite","@id":"https:\/\/www.oknobuild.com\/#website","url":"https:\/\/www.oknobuild.com\/","name":"","description":"","potentialAction":[{"@type":"SearchAction","target":{"@type":"EntryPoint","urlTemplate":"https:\/\/www.oknobuild.com\/?s={search_term_string}"},"query-input":{"@type":"PropertyValueSpecification","valueRequired":true,"valueName":"search_term_string"}}],"inLanguage":"cs"}]}},"_links":{"self":[{"href":"https:\/\/www.oknobuild.com\/index.php\/wp-json\/wp\/v2\/product\/22980","targetHints":{"allow":["GET"]}}],"collection":[{"href":"https:\/\/www.oknobuild.com\/index.php\/wp-json\/wp\/v2\/product"}],"about":[{"href":"https:\/\/www.oknobuild.com\/index.php\/wp-json\/wp\/v2\/types\/product"}],"replies":[{"embeddable":true,"href":"https:\/\/www.oknobuild.com\/index.php\/wp-json\/wp\/v2\/comments?post=22980"}],"wp:featuredmedia":[{"embeddable":true,"href":"https:\/\/www.oknobuild.com\/index.php\/wp-json\/wp\/v2\/media\/23080"}],"wp:attachment":[{"href":"https:\/\/www.oknobuild.com\/index.php\/wp-json\/wp\/v2\/media?parent=22980"}],"wp:term":[{"taxonomy":"product_brand","embeddable":true,"href":"https:\/\/www.oknobuild.com\/index.php\/wp-json\/wp\/v2\/product_brand?post=22980"},{"taxonomy":"product_cat","embeddable":true,"href":"https:\/\/www.oknobuild.com\/index.php\/wp-json\/wp\/v2\/product_cat?post=22980"},{"taxonomy":"product_tag","embeddable":true,"href":"https:\/\/www.oknobuild.com\/index.php\/wp-json\/wp\/v2\/product_tag?post=22980"}],"curies":[{"name":"wp","href":"https:\/\/api.w.org\/{rel}","templated":true}]}}