{"id":23160,"date":"2026-04-27T04:41:32","date_gmt":"2026-04-27T04:41:32","guid":{"rendered":""},"modified":"2026-04-27T04:41:32","modified_gmt":"2026-04-27T04:41:32","slug":"roth-llvb-750x1500-mm-bocni-stena-k-zastene-llv2-573-7500000-00-02-super-cena-23160","status":"publish","type":"product","link":"https:\/\/www.oknobuild.com\/index.php\/produkt\/roth-llvb-750x1500-mm-bocni-stena-k-zastene-llv2-573-7500000-00-02-super-cena-23160\/","title":{"rendered":"Roth LLVB 750&#215;1500 mm, bo\u010dn\u00ed st\u011bna k z\u00e1st\u011bn\u011b LLV2 &#8211; 573-7500000-00-02 Super Cena"},"content":{"rendered":"<div class=\"basic-description\">\n<h3>Detailn\u00ed popis produktu<\/h3>\n<p><strong>LLV2+LLVB <\/strong>je vanov\u00e1 z\u00e1st\u011bna s<strong>&nbsp;posuvn\u00fdmi <\/strong>dve\u0159mi a&nbsp;pevnou bo\u010dn\u00ed st\u011bnou<strong>.<\/strong> Tato z\u00e1st\u011bna je provedena ve stejn\u00e9m technick\u00e9m \u0159e\u0161en\u00ed jako produkty ze s\u00e9rie LEGA LINE a&nbsp;dok\u00e1\u017ee tak vyhov\u011bt <strong>v\u0161em<\/strong> va\u0161im <strong>po\u017eadavk\u016fm<\/strong>.<\/p>\n<p><meta charset=\"UTF-8\" \/><\/p>\n<div><span>Instala\u010dn\u00ed rozm\u011br (y):<\/span> <span>729-755<\/span><\/div>\n<div><span>V\u00fd\u0161ka (h):<\/span> <span>1500 mm<\/span><\/div>\n<h2>Technick\u00e9 proveden\u00ed<\/h2>\n<p>Tato z\u00e1st\u011bna se py\u0161n\u00ed <strong>hlin\u00edkov\u00fdmi<\/strong> profily v&nbsp;proveden\u00ed <strong>Brillant.<\/strong> Spolu s&nbsp;<strong>transparentn\u00ed<\/strong> (\u010dirou) v\u00fdpln\u00ed bezpe\u010dnostn\u00edch skel tvo\u0159\u00ed nad\u010dasovou dvojici. Dve\u0159e z\u00e1st\u011bny se pohybuj\u00ed po kvalitn\u00edch lo\u017eiskov\u00fdch<strong> dvojpojezdech<\/strong>.&nbsp;Spodn\u00ed dvojpojezdy umo\u017e\u0148uj\u00ed kvalitn\u011bj\u0161\u00ed, hlad\u0161\u00ed pohyb dve\u0159\u00ed a&nbsp;jsou vybaveny <strong>odkl\u00e1p\u011bn\u00edm<\/strong> pro <strong>snaz\u0161\u00ed \u00fadr\u017ebu<\/strong>.&nbsp;D\u00edky kombinaci kvalitn\u00edch profil\u016f a&nbsp;bo\u010dn\u00ed st\u011bny je zaji\u0161t\u011bna <strong>perfektn\u00ed stabilita<\/strong> cel\u00e9 z\u00e1st\u011bny.<\/p>\n<p>Z\u00e1st\u011bna se m\u016f\u017ee chlubit tak\u00e9 <strong>precizn\u00edm magnetick\u00fd <\/strong>t\u011bsn\u011bn\u00edm, v&nbsp;tomto p\u0159\u00edpad\u011b mezi dve\u0159mi a&nbsp;profilem, kter\u00e9 zaji\u0161\u0165uje <strong>dokonalou t\u011bsnost<\/strong>.&nbsp;Na spodn\u00ed hran\u011b dve\u0159\u00ed naleznete t\u011bsn\u00edc\u00ed<strong> silikonov\u00fd praporek<\/strong>, kter\u00fd zabra\u0148uje podst\u0159iku vody pod z\u00e1st\u011bnou a&nbsp;t\u00edm je zaji\u0161t\u011bna bezpe\u010dn\u00e1, such\u00e1 podlaha. Strach z&nbsp;uklouznut\u00ed u\u017e je pry\u010d.&nbsp;Zm\u00ednit mus\u00edme tak\u00e9 kvalitn\u00ed <strong>multifuk\u010dn\u00ed <\/strong>rovn\u011b tvarovan\u00e9<strong>&nbsp;madlo<\/strong><strong>,<\/strong> kter\u00e9 poslou\u017e\u00ed nejen k&nbsp;otev\u00edr\u00e1n\u00ed z\u00e1st\u011bny, ale tak\u00e9 k&nbsp;<strong>odlo\u017een\u00ed ru\u010dn\u00edku.<\/strong><\/p>\n<p>Vanov\u00e1 z\u00e1st\u011bna disponuje v\u00fd\u0161kou<strong> 1500 mm <\/strong>a&nbsp;\u0161\u00ed\u0159kou vstupn\u00edho otvoru <strong>485 mm<\/strong>.&nbsp;V\u00fd\u0161ka z\u00e1st\u011bny je m\u011b\u0159ena od horn\u00ed hrany vany a\u017e po horn\u00ed r\u00e1m z\u00e1st\u011bny.<\/p>\n<p>Na vanovou z\u00e1st\u011bnu LLV2+LLVB poskytujeme <strong>prodlou\u017eenou 5letou z\u00e1ruku<\/strong>.<\/p>\n<\/p>\n<h2>Odkl\u00e1p\u011bn\u00ed pro snadnou \u00fadr\u017ebu<\/h2>\n<p><span>Odklopen\u00ed dve\u0159\u00ed je velice snadn\u00e9.&nbsp;<\/span><span>Jak m\u016f\u017eete vid\u011bt na obr\u00e1zku, na pojezdech se nach\u00e1z\u00ed st\u0159\u00edbrn\u00fd <strong>&#8222;\u010dudl\u00edk&#8220;<\/strong>.&nbsp;\u010cudl\u00edk&nbsp;<\/span><strong>stla\u010dte<\/strong><span>&nbsp;sm\u011brem dol\u016f a&nbsp;n\u00e1sledn\u011b dve\u0159e u\u017e&nbsp;jen&nbsp;<\/span><strong>odklop\u00edte<\/strong><span>&nbsp;od li\u0161ty. Je nutn\u00e9 oba dva \u010dudl\u00edky na obou pojezdech stla\u010dit <\/span><strong>najednou<\/strong><span>, abyste sklo mohli bez probl\u00e9mu odklopit. Dve\u0159e se v\u0161ak d<\/span><span>aj\u00ed vyklopit pouze v&nbsp;<\/span><strong>doln\u00ed \u010d\u00e1sti<\/strong><span>, v&nbsp;horn\u00ed \u010d\u00e1sti z\u016fst\u00e1vaj\u00ed&nbsp;<\/span><strong>st\u00e1le<\/strong><span>&nbsp;<\/span><strong>p\u0159ipevn\u011bn\u00e9<\/strong><span>, co\u017e zaji\u0161\u0165uje, \u017ee na v\u00e1s dve\u0159e nespadnou a&nbsp;<\/span><strong>nezp\u016fsob\u00ed \u017e\u00e1dn\u00fd \u00faraz<\/strong><span>.&nbsp;<\/span><span>Po vy\u010di\u0161t\u011bn\u00ed pojezdy jen&nbsp;<\/span><strong>nacvaknete<\/strong><span>&nbsp;zp\u011bt do li\u0161ty. Neexistuje nic snaz\u0161\u00edho.<\/span><\/p>\n<h2>Bezpe\u010dnostn\u00ed skla s povrchovou \u00fapravou<\/h2>\n<p>Vanov\u00e1 z\u00e1st\u011bna<strong> LLV2+LLVB<\/strong> disponuje <strong>bezpe\u010dnostn\u00edmi skly o&nbsp;s\u00edle&nbsp;<\/strong><strong>4&nbsp;mm<\/strong>&nbsp;a&nbsp;<strong>5&nbsp;mm<\/strong>, <span>vyroben\u00fdmi tzv.&nbsp;<\/span><strong>kalen\u00edm<\/strong><span>&nbsp;(zah\u0159\u00e1t\u00edm a&nbsp;n\u00e1sledn\u011b prudk\u00fdm ochlazen\u00edm), kter\u00e9 vysoce zvy\u0161uje jejich mechanickou a&nbsp;tepelnou odolnost i&nbsp;ohybovou pevnost.&nbsp;<\/span> <span>V\u00fddr\u017e byla&nbsp;<strong>testov\u00e1na&nbsp;na 6&nbsp;mm <\/strong>bezpe\u010dnostn\u00edm skle, kdy byl na sklo vyvinut rovnom\u011brn\u00fd tlak odpov\u00eddaj\u00edc\u00ed 140 kg, koncentrovan\u00fd do st\u0159edu skla zav\u011b\u0161en\u00e9ho za hrany. D\u00edky tomu si m\u016f\u017eete ud\u011blat <strong>p\u0159ibli\u017enou p\u0159edstavu<\/strong> o&nbsp;v\u00fddr\u017ei tohoto skla.<\/span><span>&nbsp;Je velmi nepravd\u011bpodobn\u00e9, \u017ee by tato situace b\u011b\u017en\u011b nastala, a&nbsp;proto je <strong>\u0161ance na rozbit\u00ed skla minim\u00e1ln\u00ed<\/strong>.&nbsp;Pokud p\u0159esto dojde k&nbsp;po\u0161kozen\u00ed skla, rozpadne se (obdobn\u011b jako u&nbsp;autoskel) na drobn\u00e9 \u00falomky&nbsp;<strong>bez ostr\u00fdch hran<\/strong>, tak\u017ee se nemus\u00edte b\u00e1t poran\u011bn\u00ed.<\/span><\/p>\n<p>V\u0161echna bezpe\u010dnostn\u00ed skla jsou opat\u0159ena povrchovou&nbsp;\u00fapravou<strong>&nbsp;RothETC<\/strong>.&nbsp;Jedn\u00e1 se o&nbsp;nejnov\u011bj\u0161\u00ed&nbsp;<strong>nanotechnologii<\/strong>, kter\u00e1 z<strong>abra\u0148uje usazov\u00e1n\u00ed ne\u010distot, mastnot a&nbsp;vodn\u00edho kamene<\/strong>.&nbsp;Vzhledem k&nbsp;t\u00e9to povrchov\u00e9 \u00faprav\u011b si u\u017e nemus\u00edte l\u00e1mat hlavu s&nbsp;\u00fadr\u017ebou. Sta\u010d\u00ed sklo set\u0159\u00edt&nbsp;st\u011brkou.<\/p>\n<\/p>\n<p><strong>UPOZORN\u011aN\u00cd<\/strong>:&nbsp;<br \/> Pevn\u00e1 bo\u010dn\u00ed st\u011bna LLVB&nbsp;nen\u00ed sou\u010d\u00e1st\u00ed vanov\u00e9 z\u00e1st\u011bny LLV2. Pevnou bo\u010dn\u00ed st\u011bnu lze dokoupit zvl\u00e1\u0161\u0165 a m\u016f\u017eete si vybrat z r\u016fzn\u00fdch rozm\u011br\u016f: 70, 75, 80.&nbsp;<\/p>\n<p><strong>Upozorn\u011bn\u00ed pro z\u00e1kazn\u00edky ke koupi produkt\u016f na objedn\u00e1n\u00ed:<\/strong><span>&nbsp;Toto zbo\u017e\u00ed nen\u00ed standardn\u00edm s\u00e9riov\u00fdm v\u00fdrobkem. Bude vyrobeno na p\u0159\u00e1n\u00ed z\u00e1kazn\u00edka a proto jej&nbsp;<\/span><strong>nelze dodavateli v z\u00e1konn\u00e9 lh\u016ft\u011b vr\u00e1tit<\/strong><span>. (viz \u00a71837 odst.d, ob\u010dansk\u00e9ho z\u00e1kon\u00edku). V tomto p\u0159\u00edpad\u011b m\u016f\u017eeme po\u017eadovat nevratnou z\u00e1lohu a\u017e do v\u00fd\u0161e 100 % z ceny v\u00fdrobku.<\/span><\/p>\n<\/p><\/div>\n","protected":false},"excerpt":{"rendered":"<p>Detailn\u00ed popis produktu LLV2+LLVB je vanov\u00e1 z\u00e1st\u011bna s&nbsp;posuvn\u00fdmi dve\u0159mi a&nbsp;pevnou bo\u010dn\u00ed st\u011bnou. Tato z\u00e1st\u011bna je provedena ve stejn\u00e9m technick\u00e9m \u0159e\u0161en\u00ed jako produkty ze s\u00e9rie LEGA LINE a&nbsp;dok\u00e1\u017ee tak vyhov\u011bt v\u0161em va\u0161im po\u017eadavk\u016fm. Instala\u010dn\u00ed rozm\u011br (y): 729-755 V\u00fd\u0161ka (h): 1500 mm Technick\u00e9 proveden\u00ed Tato z\u00e1st\u011bna se py\u0161n\u00ed hlin\u00edkov\u00fdmi profily v&nbsp;proveden\u00ed Brillant. Spolu s&nbsp;transparentn\u00ed (\u010dirou) v\u00fdpln\u00ed bezpe\u010dnostn\u00edch [&hellip;]<\/p>\n","protected":false},"featured_media":23260,"comment_status":"open","ping_status":"open","template":"","meta":[],"product_brand":[],"product_cat":[77],"product_tag":[],"class_list":{"0":"post-23160","1":"product","2":"type-product","3":"status-publish","4":"has-post-thumbnail","6":"product_cat-vany","8":"first","9":"instock","10":"sale","11":"shipping-taxable","12":"purchasable","13":"product-type-simple"},"yoast_head":"<!-- This site is optimized with the Yoast SEO plugin v26.8 - https:\/\/yoast.com\/product\/yoast-seo-wordpress\/ -->\n<title>Roth LLVB 750x1500 mm, bo\u010dn\u00ed st\u011bna k z\u00e1st\u011bn\u011b LLV2 - 573-7500000-00-02 Super Cena -<\/title>\n<meta name=\"robots\" content=\"index, follow, max-snippet:-1, max-image-preview:large, max-video-preview:-1\" \/>\n<link rel=\"canonical\" href=\"https:\/\/www.oknobuild.com\/index.php\/produkt\/roth-llvb-750x1500-mm-bocni-stena-k-zastene-llv2-573-7500000-00-02-super-cena-23160\/\" \/>\n<meta property=\"og:locale\" content=\"cs_CZ\" \/>\n<meta property=\"og:type\" content=\"article\" \/>\n<meta property=\"og:title\" content=\"Roth LLVB 750x1500 mm, bo\u010dn\u00ed st\u011bna k z\u00e1st\u011bn\u011b LLV2 - 573-7500000-00-02 Super Cena -\" \/>\n<meta property=\"og:description\" content=\"Detailn\u00ed popis produktu LLV2+LLVB je vanov\u00e1 z\u00e1st\u011bna s&nbsp;posuvn\u00fdmi dve\u0159mi a&nbsp;pevnou bo\u010dn\u00ed st\u011bnou. Tato z\u00e1st\u011bna je provedena ve stejn\u00e9m technick\u00e9m \u0159e\u0161en\u00ed jako produkty ze s\u00e9rie LEGA LINE a&nbsp;dok\u00e1\u017ee tak vyhov\u011bt v\u0161em va\u0161im po\u017eadavk\u016fm. Instala\u010dn\u00ed rozm\u011br (y): 729-755 V\u00fd\u0161ka (h): 1500 mm Technick\u00e9 proveden\u00ed Tato z\u00e1st\u011bna se py\u0161n\u00ed hlin\u00edkov\u00fdmi profily v&nbsp;proveden\u00ed Brillant. Spolu s&nbsp;transparentn\u00ed (\u010dirou) v\u00fdpln\u00ed bezpe\u010dnostn\u00edch [&hellip;]\" \/>\n<meta property=\"og:url\" content=\"https:\/\/www.oknobuild.com\/index.php\/produkt\/roth-llvb-750x1500-mm-bocni-stena-k-zastene-llv2-573-7500000-00-02-super-cena-23160\/\" \/>\n<meta property=\"og:image\" content=\"https:\/\/www.oknobuild.com\/wp-content\/uploads\/2026\/SK0015314-CZ20260425-093631-0-1777080994-295593-7_roth-llvb-750x1500-mm--bocni-stena-k-zastene-llv2-.webp\" \/>\n\t<meta property=\"og:image:width\" content=\"1000\" \/>\n\t<meta property=\"og:image:height\" content=\"750\" \/>\n\t<meta property=\"og:image:type\" content=\"image\/webp\" \/>\n<meta name=\"twitter:card\" content=\"summary_large_image\" \/>\n<meta name=\"twitter:label1\" content=\"Odhadovan\u00e1 doba \u010dten\u00ed\" \/>\n\t<meta name=\"twitter:data1\" content=\"4 minuty\" \/>\n<script type=\"application\/ld+json\" class=\"yoast-schema-graph\">{\"@context\":\"https:\/\/schema.org\",\"@graph\":[{\"@type\":\"WebPage\",\"@id\":\"https:\/\/www.oknobuild.com\/index.php\/produkt\/roth-llvb-750x1500-mm-bocni-stena-k-zastene-llv2-573-7500000-00-02-super-cena-23160\/\",\"url\":\"https:\/\/www.oknobuild.com\/index.php\/produkt\/roth-llvb-750x1500-mm-bocni-stena-k-zastene-llv2-573-7500000-00-02-super-cena-23160\/\",\"name\":\"Roth LLVB 750x1500 mm, bo\u010dn\u00ed st\u011bna k z\u00e1st\u011bn\u011b LLV2 - 573-7500000-00-02 Super Cena -\",\"isPartOf\":{\"@id\":\"https:\/\/www.oknobuild.com\/#website\"},\"primaryImageOfPage\":{\"@id\":\"https:\/\/www.oknobuild.com\/index.php\/produkt\/roth-llvb-750x1500-mm-bocni-stena-k-zastene-llv2-573-7500000-00-02-super-cena-23160\/#primaryimage\"},\"image\":{\"@id\":\"https:\/\/www.oknobuild.com\/index.php\/produkt\/roth-llvb-750x1500-mm-bocni-stena-k-zastene-llv2-573-7500000-00-02-super-cena-23160\/#primaryimage\"},\"thumbnailUrl\":\"https:\/\/www.oknobuild.com\/wp-content\/uploads\/2026\/SK0015314-CZ20260425-093631-0-1777080994-295593-7_roth-llvb-750x1500-mm--bocni-stena-k-zastene-llv2-.webp\",\"datePublished\":\"2026-04-27T04:41:32+00:00\",\"breadcrumb\":{\"@id\":\"https:\/\/www.oknobuild.com\/index.php\/produkt\/roth-llvb-750x1500-mm-bocni-stena-k-zastene-llv2-573-7500000-00-02-super-cena-23160\/#breadcrumb\"},\"inLanguage\":\"cs\",\"potentialAction\":[{\"@type\":\"ReadAction\",\"target\":[\"https:\/\/www.oknobuild.com\/index.php\/produkt\/roth-llvb-750x1500-mm-bocni-stena-k-zastene-llv2-573-7500000-00-02-super-cena-23160\/\"]}]},{\"@type\":\"ImageObject\",\"inLanguage\":\"cs\",\"@id\":\"https:\/\/www.oknobuild.com\/index.php\/produkt\/roth-llvb-750x1500-mm-bocni-stena-k-zastene-llv2-573-7500000-00-02-super-cena-23160\/#primaryimage\",\"url\":\"https:\/\/www.oknobuild.com\/wp-content\/uploads\/2026\/SK0015314-CZ20260425-093631-0-1777080994-295593-7_roth-llvb-750x1500-mm--bocni-stena-k-zastene-llv2-.webp\",\"contentUrl\":\"https:\/\/www.oknobuild.com\/wp-content\/uploads\/2026\/SK0015314-CZ20260425-093631-0-1777080994-295593-7_roth-llvb-750x1500-mm--bocni-stena-k-zastene-llv2-.webp\",\"width\":1000,\"height\":750},{\"@type\":\"BreadcrumbList\",\"@id\":\"https:\/\/www.oknobuild.com\/index.php\/produkt\/roth-llvb-750x1500-mm-bocni-stena-k-zastene-llv2-573-7500000-00-02-super-cena-23160\/#breadcrumb\",\"itemListElement\":[{\"@type\":\"ListItem\",\"position\":1,\"name\":\"Home\",\"item\":\"https:\/\/www.oknobuild.com\/\"},{\"@type\":\"ListItem\",\"position\":2,\"name\":\"Products\",\"item\":\"https:\/\/www.oknobuild.com\/index.php\/products\/\"},{\"@type\":\"ListItem\",\"position\":3,\"name\":\"Roth LLVB 750&#215;1500 mm, bo\u010dn\u00ed st\u011bna k z\u00e1st\u011bn\u011b LLV2 &#8211; 573-7500000-00-02 Super Cena\"}]},{\"@type\":\"WebSite\",\"@id\":\"https:\/\/www.oknobuild.com\/#website\",\"url\":\"https:\/\/www.oknobuild.com\/\",\"name\":\"\",\"description\":\"\",\"potentialAction\":[{\"@type\":\"SearchAction\",\"target\":{\"@type\":\"EntryPoint\",\"urlTemplate\":\"https:\/\/www.oknobuild.com\/?s={search_term_string}\"},\"query-input\":{\"@type\":\"PropertyValueSpecification\",\"valueRequired\":true,\"valueName\":\"search_term_string\"}}],\"inLanguage\":\"cs\"}]}<\/script>\n<!-- \/ Yoast SEO plugin. -->","yoast_head_json":{"title":"Roth LLVB 750x1500 mm, bo\u010dn\u00ed st\u011bna k z\u00e1st\u011bn\u011b LLV2 - 573-7500000-00-02 Super Cena -","robots":{"index":"index","follow":"follow","max-snippet":"max-snippet:-1","max-image-preview":"max-image-preview:large","max-video-preview":"max-video-preview:-1"},"canonical":"https:\/\/www.oknobuild.com\/index.php\/produkt\/roth-llvb-750x1500-mm-bocni-stena-k-zastene-llv2-573-7500000-00-02-super-cena-23160\/","og_locale":"cs_CZ","og_type":"article","og_title":"Roth LLVB 750x1500 mm, bo\u010dn\u00ed st\u011bna k z\u00e1st\u011bn\u011b LLV2 - 573-7500000-00-02 Super Cena -","og_description":"Detailn\u00ed popis produktu LLV2+LLVB je vanov\u00e1 z\u00e1st\u011bna s&nbsp;posuvn\u00fdmi dve\u0159mi a&nbsp;pevnou bo\u010dn\u00ed st\u011bnou. Tato z\u00e1st\u011bna je provedena ve stejn\u00e9m technick\u00e9m \u0159e\u0161en\u00ed jako produkty ze s\u00e9rie LEGA LINE a&nbsp;dok\u00e1\u017ee tak vyhov\u011bt v\u0161em va\u0161im po\u017eadavk\u016fm. Instala\u010dn\u00ed rozm\u011br (y): 729-755 V\u00fd\u0161ka (h): 1500 mm Technick\u00e9 proveden\u00ed Tato z\u00e1st\u011bna se py\u0161n\u00ed hlin\u00edkov\u00fdmi profily v&nbsp;proveden\u00ed Brillant. Spolu s&nbsp;transparentn\u00ed (\u010dirou) v\u00fdpln\u00ed bezpe\u010dnostn\u00edch [&hellip;]","og_url":"https:\/\/www.oknobuild.com\/index.php\/produkt\/roth-llvb-750x1500-mm-bocni-stena-k-zastene-llv2-573-7500000-00-02-super-cena-23160\/","og_image":[{"width":1000,"height":750,"url":"https:\/\/www.oknobuild.com\/wp-content\/uploads\/2026\/SK0015314-CZ20260425-093631-0-1777080994-295593-7_roth-llvb-750x1500-mm--bocni-stena-k-zastene-llv2-.webp","type":"image\/webp"}],"twitter_card":"summary_large_image","twitter_misc":{"Odhadovan\u00e1 doba \u010dten\u00ed":"4 minuty"},"schema":{"@context":"https:\/\/schema.org","@graph":[{"@type":"WebPage","@id":"https:\/\/www.oknobuild.com\/index.php\/produkt\/roth-llvb-750x1500-mm-bocni-stena-k-zastene-llv2-573-7500000-00-02-super-cena-23160\/","url":"https:\/\/www.oknobuild.com\/index.php\/produkt\/roth-llvb-750x1500-mm-bocni-stena-k-zastene-llv2-573-7500000-00-02-super-cena-23160\/","name":"Roth LLVB 750x1500 mm, bo\u010dn\u00ed st\u011bna k z\u00e1st\u011bn\u011b LLV2 - 573-7500000-00-02 Super Cena -","isPartOf":{"@id":"https:\/\/www.oknobuild.com\/#website"},"primaryImageOfPage":{"@id":"https:\/\/www.oknobuild.com\/index.php\/produkt\/roth-llvb-750x1500-mm-bocni-stena-k-zastene-llv2-573-7500000-00-02-super-cena-23160\/#primaryimage"},"image":{"@id":"https:\/\/www.oknobuild.com\/index.php\/produkt\/roth-llvb-750x1500-mm-bocni-stena-k-zastene-llv2-573-7500000-00-02-super-cena-23160\/#primaryimage"},"thumbnailUrl":"https:\/\/www.oknobuild.com\/wp-content\/uploads\/2026\/SK0015314-CZ20260425-093631-0-1777080994-295593-7_roth-llvb-750x1500-mm--bocni-stena-k-zastene-llv2-.webp","datePublished":"2026-04-27T04:41:32+00:00","breadcrumb":{"@id":"https:\/\/www.oknobuild.com\/index.php\/produkt\/roth-llvb-750x1500-mm-bocni-stena-k-zastene-llv2-573-7500000-00-02-super-cena-23160\/#breadcrumb"},"inLanguage":"cs","potentialAction":[{"@type":"ReadAction","target":["https:\/\/www.oknobuild.com\/index.php\/produkt\/roth-llvb-750x1500-mm-bocni-stena-k-zastene-llv2-573-7500000-00-02-super-cena-23160\/"]}]},{"@type":"ImageObject","inLanguage":"cs","@id":"https:\/\/www.oknobuild.com\/index.php\/produkt\/roth-llvb-750x1500-mm-bocni-stena-k-zastene-llv2-573-7500000-00-02-super-cena-23160\/#primaryimage","url":"https:\/\/www.oknobuild.com\/wp-content\/uploads\/2026\/SK0015314-CZ20260425-093631-0-1777080994-295593-7_roth-llvb-750x1500-mm--bocni-stena-k-zastene-llv2-.webp","contentUrl":"https:\/\/www.oknobuild.com\/wp-content\/uploads\/2026\/SK0015314-CZ20260425-093631-0-1777080994-295593-7_roth-llvb-750x1500-mm--bocni-stena-k-zastene-llv2-.webp","width":1000,"height":750},{"@type":"BreadcrumbList","@id":"https:\/\/www.oknobuild.com\/index.php\/produkt\/roth-llvb-750x1500-mm-bocni-stena-k-zastene-llv2-573-7500000-00-02-super-cena-23160\/#breadcrumb","itemListElement":[{"@type":"ListItem","position":1,"name":"Home","item":"https:\/\/www.oknobuild.com\/"},{"@type":"ListItem","position":2,"name":"Products","item":"https:\/\/www.oknobuild.com\/index.php\/products\/"},{"@type":"ListItem","position":3,"name":"Roth LLVB 750&#215;1500 mm, bo\u010dn\u00ed st\u011bna k z\u00e1st\u011bn\u011b LLV2 &#8211; 573-7500000-00-02 Super Cena"}]},{"@type":"WebSite","@id":"https:\/\/www.oknobuild.com\/#website","url":"https:\/\/www.oknobuild.com\/","name":"","description":"","potentialAction":[{"@type":"SearchAction","target":{"@type":"EntryPoint","urlTemplate":"https:\/\/www.oknobuild.com\/?s={search_term_string}"},"query-input":{"@type":"PropertyValueSpecification","valueRequired":true,"valueName":"search_term_string"}}],"inLanguage":"cs"}]}},"_links":{"self":[{"href":"https:\/\/www.oknobuild.com\/index.php\/wp-json\/wp\/v2\/product\/23160","targetHints":{"allow":["GET"]}}],"collection":[{"href":"https:\/\/www.oknobuild.com\/index.php\/wp-json\/wp\/v2\/product"}],"about":[{"href":"https:\/\/www.oknobuild.com\/index.php\/wp-json\/wp\/v2\/types\/product"}],"replies":[{"embeddable":true,"href":"https:\/\/www.oknobuild.com\/index.php\/wp-json\/wp\/v2\/comments?post=23160"}],"wp:featuredmedia":[{"embeddable":true,"href":"https:\/\/www.oknobuild.com\/index.php\/wp-json\/wp\/v2\/media\/23260"}],"wp:attachment":[{"href":"https:\/\/www.oknobuild.com\/index.php\/wp-json\/wp\/v2\/media?parent=23160"}],"wp:term":[{"taxonomy":"product_brand","embeddable":true,"href":"https:\/\/www.oknobuild.com\/index.php\/wp-json\/wp\/v2\/product_brand?post=23160"},{"taxonomy":"product_cat","embeddable":true,"href":"https:\/\/www.oknobuild.com\/index.php\/wp-json\/wp\/v2\/product_cat?post=23160"},{"taxonomy":"product_tag","embeddable":true,"href":"https:\/\/www.oknobuild.com\/index.php\/wp-json\/wp\/v2\/product_tag?post=23160"}],"curies":[{"name":"wp","href":"https:\/\/api.w.org\/{rel}","templated":true}]}}