{"id":24168,"date":"2026-04-27T04:41:34","date_gmt":"2026-04-27T04:41:34","guid":{"rendered":""},"modified":"2026-04-27T04:41:34","modified_gmt":"2026-04-27T04:41:34","slug":"super-cena-santech-sterbinova-vypust-excellent-click-clack-100-cm-chrom-24168","status":"publish","type":"product","link":"https:\/\/www.oknobuild.com\/index.php\/produkt\/super-cena-santech-sterbinova-vypust-excellent-click-clack-100-cm-chrom-24168\/","title":{"rendered":"Super Cena Santech \u0161t\u011brbinov\u00e1 v\u00fdpust EXCELLENT click-clack 100 cm chrom"},"content":{"rendered":"<div class=\"basic-description\">\n<h3>Detailn\u00ed popis produktu<\/h3>\n<p><span>Neust\u00e1le popul\u00e1rn\u011bj\u0161\u00ed mechanick\u00e1 v\u00fdpus\u0165 se \u0161t\u011brbinov\u00fdm p\u0159epadem je vhodn\u00e1 pouze pro ur\u010dit\u00e9 typy van. \u0160terbinov\u00e1 v\u00fdpus\u0165 vy\u017eaduje speci\u00e1ln\u00ed p\u0159epadov\u00fd otvor, proto mus\u00ed b\u00fdt objedn\u00e1na sou\u010dasn\u011b s vanou.<\/span><\/p>\n<ul>\n<li>Proveden\u00ed: chrom\n<\/li>\n<li>D\u00e9lka: 1000 mm &#8211; d\u00e9lku lze zkr\u00e1tit\n<\/li>\n<li>K\u00f3d zbo\u017e\u00ed: VYPEXC100-PP\n<\/li>\n<li>Instala\u010dn\u00ed \u0161\u00ed\u0159ka p\u0159epadu na boku vany 40 mm\n<\/li>\n<li>Uzav\u00edr\u00e1n\u00ed odpadu pomoc\u00ed&nbsp;syst\u00e9mu CLICK-CLACK\n<\/li>\n<li>Snadn\u00e9 \u010di\u0161t\u011bn\u00ed sifonu shora\n<\/li>\n<li>Pochromovan\u00fd plastov\u00fd kryt p\u0159epadu\n<\/li>\n<li>Pochromovan\u00e1 kovov\u00e1 z\u00e1tka\n<\/li>\n<li>Nerezov\u00e1 m\u0159\u00ed\u017eka v\u00fdpusti\n<\/li>\n<li>Standardn\u00ed z\u00e1pachov\u00e1 uz\u00e1v\u011bra pr. 50 mm\n<\/li>\n<li>Mont\u00e1\u017en\u00ed set<\/li>\n<\/ul>\n<p>&nbsp;<\/p>\n<p><strong>Upozorn\u011bn\u00ed pro z\u00e1kazn\u00edky ke koupi produkt\u016f na objedn\u00e1n\u00ed:<\/strong><span>&nbsp;Toto zbo\u017e\u00ed nen\u00ed standardn\u00edm s\u00e9riov\u00fdm v\u00fdrobkem. Bude vyrobeno na p\u0159\u00e1n\u00ed z\u00e1kazn\u00edka a proto jej&nbsp;<\/span><strong>nelze dodavateli v z\u00e1konn\u00e9 lh\u016ft\u011b vr\u00e1tit<\/strong><span>. (viz \u00a71837 odst.d, ob\u010dansk\u00e9ho z\u00e1kon\u00edku). V tomto p\u0159\u00edpad\u011b m\u016f\u017eeme po\u017eadovat nevratnou z\u00e1lohu a\u017e do v\u00fd\u0161e 100 % z ceny v\u00fdrobku.<\/span><\/p>\n<\/p><\/div>\n","protected":false},"excerpt":{"rendered":"<p>Detailn\u00ed popis produktu Neust\u00e1le popul\u00e1rn\u011bj\u0161\u00ed mechanick\u00e1 v\u00fdpus\u0165 se \u0161t\u011brbinov\u00fdm p\u0159epadem je vhodn\u00e1 pouze pro ur\u010dit\u00e9 typy van. \u0160terbinov\u00e1 v\u00fdpus\u0165 vy\u017eaduje speci\u00e1ln\u00ed p\u0159epadov\u00fd otvor, proto mus\u00ed b\u00fdt objedn\u00e1na sou\u010dasn\u011b s vanou. Proveden\u00ed: chrom D\u00e9lka: 1000 mm &#8211; d\u00e9lku lze zkr\u00e1tit K\u00f3d zbo\u017e\u00ed: VYPEXC100-PP Instala\u010dn\u00ed \u0161\u00ed\u0159ka p\u0159epadu na boku vany 40 mm Uzav\u00edr\u00e1n\u00ed odpadu pomoc\u00ed&nbsp;syst\u00e9mu CLICK-CLACK Snadn\u00e9 [&hellip;]<\/p>\n","protected":false},"featured_media":24268,"comment_status":"open","ping_status":"open","template":"","meta":[],"product_brand":[],"product_cat":[77],"product_tag":[],"class_list":{"0":"post-24168","1":"product","2":"type-product","3":"status-publish","4":"has-post-thumbnail","6":"product_cat-vany","8":"first","9":"instock","10":"sale","11":"shipping-taxable","12":"purchasable","13":"product-type-simple"},"yoast_head":"<!-- This site is optimized with the Yoast SEO plugin v26.8 - https:\/\/yoast.com\/product\/yoast-seo-wordpress\/ -->\n<title>Super Cena Santech \u0161t\u011brbinov\u00e1 v\u00fdpust EXCELLENT click-clack 100 cm chrom -<\/title>\n<meta name=\"robots\" content=\"index, follow, max-snippet:-1, max-image-preview:large, max-video-preview:-1\" \/>\n<link rel=\"canonical\" href=\"https:\/\/www.oknobuild.com\/index.php\/produkt\/super-cena-santech-sterbinova-vypust-excellent-click-clack-100-cm-chrom-24168\/\" \/>\n<meta property=\"og:locale\" content=\"cs_CZ\" \/>\n<meta property=\"og:type\" content=\"article\" \/>\n<meta property=\"og:title\" content=\"Super Cena Santech \u0161t\u011brbinov\u00e1 v\u00fdpust EXCELLENT click-clack 100 cm chrom -\" \/>\n<meta property=\"og:description\" content=\"Detailn\u00ed popis produktu Neust\u00e1le popul\u00e1rn\u011bj\u0161\u00ed mechanick\u00e1 v\u00fdpus\u0165 se \u0161t\u011brbinov\u00fdm p\u0159epadem je vhodn\u00e1 pouze pro ur\u010dit\u00e9 typy van. \u0160terbinov\u00e1 v\u00fdpus\u0165 vy\u017eaduje speci\u00e1ln\u00ed p\u0159epadov\u00fd otvor, proto mus\u00ed b\u00fdt objedn\u00e1na sou\u010dasn\u011b s vanou. Proveden\u00ed: chrom D\u00e9lka: 1000 mm &#8211; d\u00e9lku lze zkr\u00e1tit K\u00f3d zbo\u017e\u00ed: VYPEXC100-PP Instala\u010dn\u00ed \u0161\u00ed\u0159ka p\u0159epadu na boku vany 40 mm Uzav\u00edr\u00e1n\u00ed odpadu pomoc\u00ed&nbsp;syst\u00e9mu CLICK-CLACK Snadn\u00e9 [&hellip;]\" \/>\n<meta property=\"og:url\" content=\"https:\/\/www.oknobuild.com\/index.php\/produkt\/super-cena-santech-sterbinova-vypust-excellent-click-clack-100-cm-chrom-24168\/\" \/>\n<meta property=\"og:image\" content=\"https:\/\/www.oknobuild.com\/wp-content\/uploads\/2026\/SK0015838-CZ20260425-093631-0-1777080994-297472_sterbina-excellent-chrom-1684226630.webp\" \/>\n\t<meta property=\"og:image:width\" content=\"1000\" \/>\n\t<meta property=\"og:image:height\" content=\"750\" \/>\n\t<meta property=\"og:image:type\" content=\"image\/webp\" \/>\n<meta name=\"twitter:card\" content=\"summary_large_image\" \/>\n<meta name=\"twitter:label1\" content=\"Odhadovan\u00e1 doba \u010dten\u00ed\" \/>\n\t<meta name=\"twitter:data1\" content=\"1 minuta\" \/>\n<script type=\"application\/ld+json\" class=\"yoast-schema-graph\">{\"@context\":\"https:\/\/schema.org\",\"@graph\":[{\"@type\":\"WebPage\",\"@id\":\"https:\/\/www.oknobuild.com\/index.php\/produkt\/super-cena-santech-sterbinova-vypust-excellent-click-clack-100-cm-chrom-24168\/\",\"url\":\"https:\/\/www.oknobuild.com\/index.php\/produkt\/super-cena-santech-sterbinova-vypust-excellent-click-clack-100-cm-chrom-24168\/\",\"name\":\"Super Cena Santech \u0161t\u011brbinov\u00e1 v\u00fdpust EXCELLENT click-clack 100 cm chrom -\",\"isPartOf\":{\"@id\":\"https:\/\/www.oknobuild.com\/#website\"},\"primaryImageOfPage\":{\"@id\":\"https:\/\/www.oknobuild.com\/index.php\/produkt\/super-cena-santech-sterbinova-vypust-excellent-click-clack-100-cm-chrom-24168\/#primaryimage\"},\"image\":{\"@id\":\"https:\/\/www.oknobuild.com\/index.php\/produkt\/super-cena-santech-sterbinova-vypust-excellent-click-clack-100-cm-chrom-24168\/#primaryimage\"},\"thumbnailUrl\":\"https:\/\/www.oknobuild.com\/wp-content\/uploads\/2026\/SK0015838-CZ20260425-093631-0-1777080994-297472_sterbina-excellent-chrom-1684226630.webp\",\"datePublished\":\"2026-04-27T04:41:34+00:00\",\"breadcrumb\":{\"@id\":\"https:\/\/www.oknobuild.com\/index.php\/produkt\/super-cena-santech-sterbinova-vypust-excellent-click-clack-100-cm-chrom-24168\/#breadcrumb\"},\"inLanguage\":\"cs\",\"potentialAction\":[{\"@type\":\"ReadAction\",\"target\":[\"https:\/\/www.oknobuild.com\/index.php\/produkt\/super-cena-santech-sterbinova-vypust-excellent-click-clack-100-cm-chrom-24168\/\"]}]},{\"@type\":\"ImageObject\",\"inLanguage\":\"cs\",\"@id\":\"https:\/\/www.oknobuild.com\/index.php\/produkt\/super-cena-santech-sterbinova-vypust-excellent-click-clack-100-cm-chrom-24168\/#primaryimage\",\"url\":\"https:\/\/www.oknobuild.com\/wp-content\/uploads\/2026\/SK0015838-CZ20260425-093631-0-1777080994-297472_sterbina-excellent-chrom-1684226630.webp\",\"contentUrl\":\"https:\/\/www.oknobuild.com\/wp-content\/uploads\/2026\/SK0015838-CZ20260425-093631-0-1777080994-297472_sterbina-excellent-chrom-1684226630.webp\",\"width\":1000,\"height\":750},{\"@type\":\"BreadcrumbList\",\"@id\":\"https:\/\/www.oknobuild.com\/index.php\/produkt\/super-cena-santech-sterbinova-vypust-excellent-click-clack-100-cm-chrom-24168\/#breadcrumb\",\"itemListElement\":[{\"@type\":\"ListItem\",\"position\":1,\"name\":\"Home\",\"item\":\"https:\/\/www.oknobuild.com\/\"},{\"@type\":\"ListItem\",\"position\":2,\"name\":\"Products\",\"item\":\"https:\/\/www.oknobuild.com\/index.php\/products\/\"},{\"@type\":\"ListItem\",\"position\":3,\"name\":\"Super Cena Santech \u0161t\u011brbinov\u00e1 v\u00fdpust EXCELLENT click-clack 100 cm chrom\"}]},{\"@type\":\"WebSite\",\"@id\":\"https:\/\/www.oknobuild.com\/#website\",\"url\":\"https:\/\/www.oknobuild.com\/\",\"name\":\"\",\"description\":\"\",\"potentialAction\":[{\"@type\":\"SearchAction\",\"target\":{\"@type\":\"EntryPoint\",\"urlTemplate\":\"https:\/\/www.oknobuild.com\/?s={search_term_string}\"},\"query-input\":{\"@type\":\"PropertyValueSpecification\",\"valueRequired\":true,\"valueName\":\"search_term_string\"}}],\"inLanguage\":\"cs\"}]}<\/script>\n<!-- \/ Yoast SEO plugin. -->","yoast_head_json":{"title":"Super Cena Santech \u0161t\u011brbinov\u00e1 v\u00fdpust EXCELLENT click-clack 100 cm chrom -","robots":{"index":"index","follow":"follow","max-snippet":"max-snippet:-1","max-image-preview":"max-image-preview:large","max-video-preview":"max-video-preview:-1"},"canonical":"https:\/\/www.oknobuild.com\/index.php\/produkt\/super-cena-santech-sterbinova-vypust-excellent-click-clack-100-cm-chrom-24168\/","og_locale":"cs_CZ","og_type":"article","og_title":"Super Cena Santech \u0161t\u011brbinov\u00e1 v\u00fdpust EXCELLENT click-clack 100 cm chrom -","og_description":"Detailn\u00ed popis produktu Neust\u00e1le popul\u00e1rn\u011bj\u0161\u00ed mechanick\u00e1 v\u00fdpus\u0165 se \u0161t\u011brbinov\u00fdm p\u0159epadem je vhodn\u00e1 pouze pro ur\u010dit\u00e9 typy van. \u0160terbinov\u00e1 v\u00fdpus\u0165 vy\u017eaduje speci\u00e1ln\u00ed p\u0159epadov\u00fd otvor, proto mus\u00ed b\u00fdt objedn\u00e1na sou\u010dasn\u011b s vanou. Proveden\u00ed: chrom D\u00e9lka: 1000 mm &#8211; d\u00e9lku lze zkr\u00e1tit K\u00f3d zbo\u017e\u00ed: VYPEXC100-PP Instala\u010dn\u00ed \u0161\u00ed\u0159ka p\u0159epadu na boku vany 40 mm Uzav\u00edr\u00e1n\u00ed odpadu pomoc\u00ed&nbsp;syst\u00e9mu CLICK-CLACK Snadn\u00e9 [&hellip;]","og_url":"https:\/\/www.oknobuild.com\/index.php\/produkt\/super-cena-santech-sterbinova-vypust-excellent-click-clack-100-cm-chrom-24168\/","og_image":[{"width":1000,"height":750,"url":"https:\/\/www.oknobuild.com\/wp-content\/uploads\/2026\/SK0015838-CZ20260425-093631-0-1777080994-297472_sterbina-excellent-chrom-1684226630.webp","type":"image\/webp"}],"twitter_card":"summary_large_image","twitter_misc":{"Odhadovan\u00e1 doba \u010dten\u00ed":"1 minuta"},"schema":{"@context":"https:\/\/schema.org","@graph":[{"@type":"WebPage","@id":"https:\/\/www.oknobuild.com\/index.php\/produkt\/super-cena-santech-sterbinova-vypust-excellent-click-clack-100-cm-chrom-24168\/","url":"https:\/\/www.oknobuild.com\/index.php\/produkt\/super-cena-santech-sterbinova-vypust-excellent-click-clack-100-cm-chrom-24168\/","name":"Super Cena Santech \u0161t\u011brbinov\u00e1 v\u00fdpust EXCELLENT click-clack 100 cm chrom -","isPartOf":{"@id":"https:\/\/www.oknobuild.com\/#website"},"primaryImageOfPage":{"@id":"https:\/\/www.oknobuild.com\/index.php\/produkt\/super-cena-santech-sterbinova-vypust-excellent-click-clack-100-cm-chrom-24168\/#primaryimage"},"image":{"@id":"https:\/\/www.oknobuild.com\/index.php\/produkt\/super-cena-santech-sterbinova-vypust-excellent-click-clack-100-cm-chrom-24168\/#primaryimage"},"thumbnailUrl":"https:\/\/www.oknobuild.com\/wp-content\/uploads\/2026\/SK0015838-CZ20260425-093631-0-1777080994-297472_sterbina-excellent-chrom-1684226630.webp","datePublished":"2026-04-27T04:41:34+00:00","breadcrumb":{"@id":"https:\/\/www.oknobuild.com\/index.php\/produkt\/super-cena-santech-sterbinova-vypust-excellent-click-clack-100-cm-chrom-24168\/#breadcrumb"},"inLanguage":"cs","potentialAction":[{"@type":"ReadAction","target":["https:\/\/www.oknobuild.com\/index.php\/produkt\/super-cena-santech-sterbinova-vypust-excellent-click-clack-100-cm-chrom-24168\/"]}]},{"@type":"ImageObject","inLanguage":"cs","@id":"https:\/\/www.oknobuild.com\/index.php\/produkt\/super-cena-santech-sterbinova-vypust-excellent-click-clack-100-cm-chrom-24168\/#primaryimage","url":"https:\/\/www.oknobuild.com\/wp-content\/uploads\/2026\/SK0015838-CZ20260425-093631-0-1777080994-297472_sterbina-excellent-chrom-1684226630.webp","contentUrl":"https:\/\/www.oknobuild.com\/wp-content\/uploads\/2026\/SK0015838-CZ20260425-093631-0-1777080994-297472_sterbina-excellent-chrom-1684226630.webp","width":1000,"height":750},{"@type":"BreadcrumbList","@id":"https:\/\/www.oknobuild.com\/index.php\/produkt\/super-cena-santech-sterbinova-vypust-excellent-click-clack-100-cm-chrom-24168\/#breadcrumb","itemListElement":[{"@type":"ListItem","position":1,"name":"Home","item":"https:\/\/www.oknobuild.com\/"},{"@type":"ListItem","position":2,"name":"Products","item":"https:\/\/www.oknobuild.com\/index.php\/products\/"},{"@type":"ListItem","position":3,"name":"Super Cena Santech \u0161t\u011brbinov\u00e1 v\u00fdpust EXCELLENT click-clack 100 cm chrom"}]},{"@type":"WebSite","@id":"https:\/\/www.oknobuild.com\/#website","url":"https:\/\/www.oknobuild.com\/","name":"","description":"","potentialAction":[{"@type":"SearchAction","target":{"@type":"EntryPoint","urlTemplate":"https:\/\/www.oknobuild.com\/?s={search_term_string}"},"query-input":{"@type":"PropertyValueSpecification","valueRequired":true,"valueName":"search_term_string"}}],"inLanguage":"cs"}]}},"_links":{"self":[{"href":"https:\/\/www.oknobuild.com\/index.php\/wp-json\/wp\/v2\/product\/24168","targetHints":{"allow":["GET"]}}],"collection":[{"href":"https:\/\/www.oknobuild.com\/index.php\/wp-json\/wp\/v2\/product"}],"about":[{"href":"https:\/\/www.oknobuild.com\/index.php\/wp-json\/wp\/v2\/types\/product"}],"replies":[{"embeddable":true,"href":"https:\/\/www.oknobuild.com\/index.php\/wp-json\/wp\/v2\/comments?post=24168"}],"wp:featuredmedia":[{"embeddable":true,"href":"https:\/\/www.oknobuild.com\/index.php\/wp-json\/wp\/v2\/media\/24268"}],"wp:attachment":[{"href":"https:\/\/www.oknobuild.com\/index.php\/wp-json\/wp\/v2\/media?parent=24168"}],"wp:term":[{"taxonomy":"product_brand","embeddable":true,"href":"https:\/\/www.oknobuild.com\/index.php\/wp-json\/wp\/v2\/product_brand?post=24168"},{"taxonomy":"product_cat","embeddable":true,"href":"https:\/\/www.oknobuild.com\/index.php\/wp-json\/wp\/v2\/product_cat?post=24168"},{"taxonomy":"product_tag","embeddable":true,"href":"https:\/\/www.oknobuild.com\/index.php\/wp-json\/wp\/v2\/product_tag?post=24168"}],"curies":[{"name":"wp","href":"https:\/\/api.w.org\/{rel}","templated":true}]}}