{"id":33157,"date":"2026-04-27T04:41:59","date_gmt":"2026-04-27T04:41:59","guid":{"rendered":""},"modified":"2026-04-27T04:41:59","modified_gmt":"2026-04-27T04:41:59","slug":"riwall-pro-rpcs-6250-retezova-pila-s-benzinovym-motorem-62-cm3-hit-sezony-33157","status":"publish","type":"product","link":"https:\/\/www.oknobuild.com\/index.php\/produkt\/riwall-pro-rpcs-6250-retezova-pila-s-benzinovym-motorem-62-cm3-hit-sezony-33157\/","title":{"rendered":"RIWALL PRO RPCS 6250 \u0159et\u011bzov\u00e1 pila s benz\u00ednov\u00fdm motorem 62 cm3 Hit Sez\u00f3ny"},"content":{"rendered":"<table>\n<div class=\"tab-pane active product-description\" id=\"popis\" role=\"tabpanel\">\n<div class=\"short-description\" itemprop=\"description\"><\/div>\n<div class=\"description\">\u25ba RPCS 6250 &#8211; \u0159et\u011bzov\u00e1 pila s benz\u00ednov\u00fdm motorem 62 cm3<span class='bullet-line'>jedna z nejv\u00fdkonn\u011bj\u0161\u00edch pil ve t\u0159\u00edd\u011b s motorem o objemu 62 cm3<br \/><\/span><span class='bullet-line'>d\u00edky modern\u00edm konstruk\u010dn\u00edm materi\u00e1l\u016fm m\u00e1 stroj st\u00e1le velmi p\u0159\u00edznivou hmotnost<br \/><\/span><span class='bullet-line'>unik\u00e1tn\u00ed syst\u00e9m snadn\u00e9ho startov\u00e1n\u00ed \u2013 s minim\u00e1ln\u00ed silou nat\u00e1hnete startovac\u00ed \u0161\u0148\u016fru a zbytek pr\u00e1ce za V\u00e1s ud\u011bl\u00e1 pomocn\u00e1 pru\u017eina<br \/><\/span><span class='bullet-line'>ide\u00e1ln\u00ed pila t\u0159\u00eddy farmer na ve\u0161ker\u00e9 pr\u00e1ce okolo domu a zahrady s kvalitn\u00edm \u0159et\u011bzem a li\u0161tou Oregon<br \/><\/span><span class='bullet-line'>robustn\u00ed konstrukce a vysok\u00fd v\u00fdkon pily jsou vhodn\u00e9 i na \u0159ez\u00e1n\u00ed velk\u00fdch kmen\u016f, pro\u0159ez\u00e1v\u00e1n\u00ed lesn\u00edho porostu, sadu nebo na p\u0159\u00edpravu palivov\u00e9ho d\u0159eva na topnou sez\u00f3nu<br \/><\/span><span class='bullet-line'>spolehliv\u00fd a v\u00fdkonn\u00fd motor osazen\u00fd modern\u00edm japonsk\u00fdm karbur\u00e1torem Walbro pro klidn\u00fd b\u011bh a pr\u00e1ci v jak\u00e9mkoliv \u00fahlu<br \/><\/span><span class='bullet-line'>kr\u00e1sn\u00fd modern\u00ed design a konstrukce t\u00e9to \u0159et\u011bzov\u00e9 pily spl\u0148uj\u00edc\u00ed v\u0161echny po\u017eadavky na dobrou ergonomii a snadnou obsluhu<br \/><\/span><span class='bullet-line'>rychl\u00fd p\u0159\u00edstup pomoc\u00ed rychloup\u00ednac\u00edch sponek k z\u00e1kladn\u00edm \u010d\u00e1stem pily vy\u017eaduj\u00edc\u00edch \u00fadr\u017ebu (filtr, sv\u00ed\u010dka ap.)<br \/><\/span><span class='bullet-line'>jednoduch\u00e9 nap\u00edn\u00e1n\u00ed \u0159et\u011bzu z boku stroje<br \/><\/span><span class='bullet-line'>automatick\u00e9 maz\u00e1n\u00ed \u0159et\u011bzu sni\u017euje t\u0159en\u00ed a zvy\u0161uje \u017eivotnost \u0159et\u011bzu<br \/><\/span><span class='bullet-line'>automatick\u00e9 olejov\u00e9 \u010derpadlo maz\u00e1n\u00ed \u0159et\u011bzu s mo\u017enost\u00ed nastaven\u00ed mno\u017estv\u00ed oleje<br \/><\/span><span class='bullet-line'>\u00fa\u010dinn\u00e1 brzda \u0159et\u011bzu<br \/><\/span><span class='bullet-line'>\u00fa\u010dinn\u00fd antivibra\u010dn\u00ed syst\u00e9m AVS oddaluje \u00fanavu a \u0161et\u0159\u00ed va\u0161e klouby<br \/><\/span><span class='bullet-line'>ochrann\u00e9 pouzdro na li\u0161tu<\/span><\/div>\n<div class=\"parameters\">\n<tr>\n<td>Objem motoru (ccm)<\/td>\n<td>61.5<\/td>\n<\/tr>\n<tr>\n<td>Typ motoru<\/td>\n<td>benz\u00edn, 2-takt<\/td>\n<\/tr>\n<tr>\n<td>V\u00fdkon motoru &#8211; pracovn\u00ed (kW\/HP)<\/td>\n<td>2,3 \/ 3,1<\/td>\n<\/tr>\n<tr>\n<td>Zapalov\u00e1n\u00ed<\/td>\n<td>elektronick\u00e9<\/td>\n<\/tr>\n<tr>\n<td>D\u00e9lka li\u0161ty (mm)<\/td>\n<td>500<\/td>\n<\/tr>\n<tr>\n<td>\u0158et\u011bz (&#8220;)<\/td>\n<td>0,325 Oregon<\/td>\n<\/tr>\n<tr>\n<td>Autom. maz\u00e1n\u00ed \u0159et\u011bzu<\/td>\n<td>Ano<\/td>\n<\/tr>\n<tr>\n<td>Rychlost \u0159et\u011bzu (m\/s)<\/td>\n<td>24<\/td>\n<\/tr>\n<tr>\n<td>Brzda \u0159et\u011bzu<\/td>\n<td>Ano<\/td>\n<\/tr>\n<tr>\n<td>Objem olejov\u00e9 n\u00e1pln\u011b (l)<\/td>\n<td>0.26<\/td>\n<\/tr>\n<tr>\n<td>Antivibra\u010dn\u00ed syst\u00e9m<\/td>\n<td>Ano<\/td>\n<\/tr>\n<tr>\n<td>Jednoduch\u00e9 nap\u00ednan\u00ed \u0159et\u011bzu<\/td>\n<td>Ano<\/td>\n<\/tr>\n<tr>\n<td>Objem palivov\u00e9 n\u00e1dr\u017ee (l)<\/td>\n<td>0.55<\/td>\n<\/tr>\n<tr>\n<td>Syst\u00e9m lehk\u00e9ho startu<\/td>\n<td>Ano<\/td>\n<\/tr>\n<tr>\n<td>Hmotnost (Kg):<\/td>\n<td>5.40<\/td>\n<\/tr>\n<tr>\n<td>Rozm\u011bry (cm):<\/td>\n<td>90.5 x 26 x 28.5<\/td>\n<\/tr>\n<tr>\n<td>Rozm\u011bry balen\u00ed (cm):<\/td>\n<td>54.2 x 54.4 x 33.2<\/td>\n<\/tr><\/div>\n<\/table>\n","protected":false},"excerpt":{"rendered":"<p>\u25ba RPCS 6250 &#8211; \u0159et\u011bzov\u00e1 pila s benz\u00ednov\u00fdm motorem 62 cm3jedna z nejv\u00fdkonn\u011bj\u0161\u00edch pil ve t\u0159\u00edd\u011b s motorem o objemu 62 cm3d\u00edky modern\u00edm konstruk\u010dn\u00edm materi\u00e1l\u016fm m\u00e1 stroj st\u00e1le velmi p\u0159\u00edznivou hmotnostunik\u00e1tn\u00ed syst\u00e9m snadn\u00e9ho startov\u00e1n\u00ed \u2013 s minim\u00e1ln\u00ed silou nat\u00e1hnete startovac\u00ed \u0161\u0148\u016fru a zbytek pr\u00e1ce za V\u00e1s ud\u011bl\u00e1 pomocn\u00e1 pru\u017einaide\u00e1ln\u00ed pila t\u0159\u00eddy farmer na ve\u0161ker\u00e9 pr\u00e1ce [&hellip;]<\/p>\n","protected":false},"featured_media":33257,"comment_status":"open","ping_status":"open","template":"","meta":[],"product_brand":[],"product_cat":[47],"product_tag":[],"class_list":{"0":"post-33157","1":"product","2":"type-product","3":"status-publish","4":"has-post-thumbnail","6":"product_cat-specialni-nabidka","8":"first","9":"instock","10":"sale","11":"shipping-taxable","12":"purchasable","13":"product-type-simple"},"yoast_head":"<!-- This site is optimized with the Yoast SEO plugin v26.8 - https:\/\/yoast.com\/product\/yoast-seo-wordpress\/ -->\n<title>RIWALL PRO RPCS 6250 \u0159et\u011bzov\u00e1 pila s benz\u00ednov\u00fdm motorem 62 cm3 Hit Sez\u00f3ny -<\/title>\n<meta name=\"robots\" content=\"index, follow, max-snippet:-1, max-image-preview:large, max-video-preview:-1\" \/>\n<link rel=\"canonical\" href=\"https:\/\/www.oknobuild.com\/index.php\/produkt\/riwall-pro-rpcs-6250-retezova-pila-s-benzinovym-motorem-62-cm3-hit-sezony-33157\/\" \/>\n<meta property=\"og:locale\" content=\"cs_CZ\" \/>\n<meta property=\"og:type\" content=\"article\" \/>\n<meta property=\"og:title\" content=\"RIWALL PRO RPCS 6250 \u0159et\u011bzov\u00e1 pila s benz\u00ednov\u00fdm motorem 62 cm3 Hit Sez\u00f3ny -\" \/>\n<meta property=\"og:description\" content=\"\u25ba RPCS 6250 &#8211; \u0159et\u011bzov\u00e1 pila s benz\u00ednov\u00fdm motorem 62 cm3jedna z nejv\u00fdkonn\u011bj\u0161\u00edch pil ve t\u0159\u00edd\u011b s motorem o objemu 62 cm3d\u00edky modern\u00edm konstruk\u010dn\u00edm materi\u00e1l\u016fm m\u00e1 stroj st\u00e1le velmi p\u0159\u00edznivou hmotnostunik\u00e1tn\u00ed syst\u00e9m snadn\u00e9ho startov\u00e1n\u00ed \u2013 s minim\u00e1ln\u00ed silou nat\u00e1hnete startovac\u00ed \u0161\u0148\u016fru a zbytek pr\u00e1ce za V\u00e1s ud\u011bl\u00e1 pomocn\u00e1 pru\u017einaide\u00e1ln\u00ed pila t\u0159\u00eddy farmer na ve\u0161ker\u00e9 pr\u00e1ce [&hellip;]\" \/>\n<meta property=\"og:url\" content=\"https:\/\/www.oknobuild.com\/index.php\/produkt\/riwall-pro-rpcs-6250-retezova-pila-s-benzinovym-motorem-62-cm3-hit-sezony-33157\/\" \/>\n<meta property=\"og:image\" content=\"https:\/\/www.oknobuild.com\/wp-content\/uploads\/2026\/SK0019710-CZ20260425-092328-0-1777080210-pc42a1901090b.jpg-max-width-1200-height-1200.webp\" \/>\n\t<meta property=\"og:image:width\" content=\"700\" \/>\n\t<meta property=\"og:image:height\" content=\"700\" \/>\n\t<meta property=\"og:image:type\" content=\"image\/webp\" \/>\n<meta name=\"twitter:card\" content=\"summary_large_image\" \/>\n<meta name=\"twitter:label1\" content=\"Odhadovan\u00e1 doba \u010dten\u00ed\" \/>\n\t<meta name=\"twitter:data1\" content=\"2 minuty\" \/>\n<script type=\"application\/ld+json\" class=\"yoast-schema-graph\">{\"@context\":\"https:\/\/schema.org\",\"@graph\":[{\"@type\":\"WebPage\",\"@id\":\"https:\/\/www.oknobuild.com\/index.php\/produkt\/riwall-pro-rpcs-6250-retezova-pila-s-benzinovym-motorem-62-cm3-hit-sezony-33157\/\",\"url\":\"https:\/\/www.oknobuild.com\/index.php\/produkt\/riwall-pro-rpcs-6250-retezova-pila-s-benzinovym-motorem-62-cm3-hit-sezony-33157\/\",\"name\":\"RIWALL PRO RPCS 6250 \u0159et\u011bzov\u00e1 pila s benz\u00ednov\u00fdm motorem 62 cm3 Hit Sez\u00f3ny -\",\"isPartOf\":{\"@id\":\"https:\/\/www.oknobuild.com\/#website\"},\"primaryImageOfPage\":{\"@id\":\"https:\/\/www.oknobuild.com\/index.php\/produkt\/riwall-pro-rpcs-6250-retezova-pila-s-benzinovym-motorem-62-cm3-hit-sezony-33157\/#primaryimage\"},\"image\":{\"@id\":\"https:\/\/www.oknobuild.com\/index.php\/produkt\/riwall-pro-rpcs-6250-retezova-pila-s-benzinovym-motorem-62-cm3-hit-sezony-33157\/#primaryimage\"},\"thumbnailUrl\":\"https:\/\/www.oknobuild.com\/wp-content\/uploads\/2026\/SK0019710-CZ20260425-092328-0-1777080210-pc42a1901090b.jpg-max-width-1200-height-1200.webp\",\"datePublished\":\"2026-04-27T04:41:59+00:00\",\"breadcrumb\":{\"@id\":\"https:\/\/www.oknobuild.com\/index.php\/produkt\/riwall-pro-rpcs-6250-retezova-pila-s-benzinovym-motorem-62-cm3-hit-sezony-33157\/#breadcrumb\"},\"inLanguage\":\"cs\",\"potentialAction\":[{\"@type\":\"ReadAction\",\"target\":[\"https:\/\/www.oknobuild.com\/index.php\/produkt\/riwall-pro-rpcs-6250-retezova-pila-s-benzinovym-motorem-62-cm3-hit-sezony-33157\/\"]}]},{\"@type\":\"ImageObject\",\"inLanguage\":\"cs\",\"@id\":\"https:\/\/www.oknobuild.com\/index.php\/produkt\/riwall-pro-rpcs-6250-retezova-pila-s-benzinovym-motorem-62-cm3-hit-sezony-33157\/#primaryimage\",\"url\":\"https:\/\/www.oknobuild.com\/wp-content\/uploads\/2026\/SK0019710-CZ20260425-092328-0-1777080210-pc42a1901090b.jpg-max-width-1200-height-1200.webp\",\"contentUrl\":\"https:\/\/www.oknobuild.com\/wp-content\/uploads\/2026\/SK0019710-CZ20260425-092328-0-1777080210-pc42a1901090b.jpg-max-width-1200-height-1200.webp\",\"width\":700,\"height\":700},{\"@type\":\"BreadcrumbList\",\"@id\":\"https:\/\/www.oknobuild.com\/index.php\/produkt\/riwall-pro-rpcs-6250-retezova-pila-s-benzinovym-motorem-62-cm3-hit-sezony-33157\/#breadcrumb\",\"itemListElement\":[{\"@type\":\"ListItem\",\"position\":1,\"name\":\"Home\",\"item\":\"https:\/\/www.oknobuild.com\/\"},{\"@type\":\"ListItem\",\"position\":2,\"name\":\"Products\",\"item\":\"https:\/\/www.oknobuild.com\/index.php\/products\/\"},{\"@type\":\"ListItem\",\"position\":3,\"name\":\"RIWALL PRO RPCS 6250 \u0159et\u011bzov\u00e1 pila s benz\u00ednov\u00fdm motorem 62 cm3 Hit Sez\u00f3ny\"}]},{\"@type\":\"WebSite\",\"@id\":\"https:\/\/www.oknobuild.com\/#website\",\"url\":\"https:\/\/www.oknobuild.com\/\",\"name\":\"\",\"description\":\"\",\"potentialAction\":[{\"@type\":\"SearchAction\",\"target\":{\"@type\":\"EntryPoint\",\"urlTemplate\":\"https:\/\/www.oknobuild.com\/?s={search_term_string}\"},\"query-input\":{\"@type\":\"PropertyValueSpecification\",\"valueRequired\":true,\"valueName\":\"search_term_string\"}}],\"inLanguage\":\"cs\"}]}<\/script>\n<!-- \/ Yoast SEO plugin. -->","yoast_head_json":{"title":"RIWALL PRO RPCS 6250 \u0159et\u011bzov\u00e1 pila s benz\u00ednov\u00fdm motorem 62 cm3 Hit Sez\u00f3ny -","robots":{"index":"index","follow":"follow","max-snippet":"max-snippet:-1","max-image-preview":"max-image-preview:large","max-video-preview":"max-video-preview:-1"},"canonical":"https:\/\/www.oknobuild.com\/index.php\/produkt\/riwall-pro-rpcs-6250-retezova-pila-s-benzinovym-motorem-62-cm3-hit-sezony-33157\/","og_locale":"cs_CZ","og_type":"article","og_title":"RIWALL PRO RPCS 6250 \u0159et\u011bzov\u00e1 pila s benz\u00ednov\u00fdm motorem 62 cm3 Hit Sez\u00f3ny -","og_description":"\u25ba RPCS 6250 &#8211; \u0159et\u011bzov\u00e1 pila s benz\u00ednov\u00fdm motorem 62 cm3jedna z nejv\u00fdkonn\u011bj\u0161\u00edch pil ve t\u0159\u00edd\u011b s motorem o objemu 62 cm3d\u00edky modern\u00edm konstruk\u010dn\u00edm materi\u00e1l\u016fm m\u00e1 stroj st\u00e1le velmi p\u0159\u00edznivou hmotnostunik\u00e1tn\u00ed syst\u00e9m snadn\u00e9ho startov\u00e1n\u00ed \u2013 s minim\u00e1ln\u00ed silou nat\u00e1hnete startovac\u00ed \u0161\u0148\u016fru a zbytek pr\u00e1ce za V\u00e1s ud\u011bl\u00e1 pomocn\u00e1 pru\u017einaide\u00e1ln\u00ed pila t\u0159\u00eddy farmer na ve\u0161ker\u00e9 pr\u00e1ce [&hellip;]","og_url":"https:\/\/www.oknobuild.com\/index.php\/produkt\/riwall-pro-rpcs-6250-retezova-pila-s-benzinovym-motorem-62-cm3-hit-sezony-33157\/","og_image":[{"width":700,"height":700,"url":"https:\/\/www.oknobuild.com\/wp-content\/uploads\/2026\/SK0019710-CZ20260425-092328-0-1777080210-pc42a1901090b.jpg-max-width-1200-height-1200.webp","type":"image\/webp"}],"twitter_card":"summary_large_image","twitter_misc":{"Odhadovan\u00e1 doba \u010dten\u00ed":"2 minuty"},"schema":{"@context":"https:\/\/schema.org","@graph":[{"@type":"WebPage","@id":"https:\/\/www.oknobuild.com\/index.php\/produkt\/riwall-pro-rpcs-6250-retezova-pila-s-benzinovym-motorem-62-cm3-hit-sezony-33157\/","url":"https:\/\/www.oknobuild.com\/index.php\/produkt\/riwall-pro-rpcs-6250-retezova-pila-s-benzinovym-motorem-62-cm3-hit-sezony-33157\/","name":"RIWALL PRO RPCS 6250 \u0159et\u011bzov\u00e1 pila s benz\u00ednov\u00fdm motorem 62 cm3 Hit Sez\u00f3ny -","isPartOf":{"@id":"https:\/\/www.oknobuild.com\/#website"},"primaryImageOfPage":{"@id":"https:\/\/www.oknobuild.com\/index.php\/produkt\/riwall-pro-rpcs-6250-retezova-pila-s-benzinovym-motorem-62-cm3-hit-sezony-33157\/#primaryimage"},"image":{"@id":"https:\/\/www.oknobuild.com\/index.php\/produkt\/riwall-pro-rpcs-6250-retezova-pila-s-benzinovym-motorem-62-cm3-hit-sezony-33157\/#primaryimage"},"thumbnailUrl":"https:\/\/www.oknobuild.com\/wp-content\/uploads\/2026\/SK0019710-CZ20260425-092328-0-1777080210-pc42a1901090b.jpg-max-width-1200-height-1200.webp","datePublished":"2026-04-27T04:41:59+00:00","breadcrumb":{"@id":"https:\/\/www.oknobuild.com\/index.php\/produkt\/riwall-pro-rpcs-6250-retezova-pila-s-benzinovym-motorem-62-cm3-hit-sezony-33157\/#breadcrumb"},"inLanguage":"cs","potentialAction":[{"@type":"ReadAction","target":["https:\/\/www.oknobuild.com\/index.php\/produkt\/riwall-pro-rpcs-6250-retezova-pila-s-benzinovym-motorem-62-cm3-hit-sezony-33157\/"]}]},{"@type":"ImageObject","inLanguage":"cs","@id":"https:\/\/www.oknobuild.com\/index.php\/produkt\/riwall-pro-rpcs-6250-retezova-pila-s-benzinovym-motorem-62-cm3-hit-sezony-33157\/#primaryimage","url":"https:\/\/www.oknobuild.com\/wp-content\/uploads\/2026\/SK0019710-CZ20260425-092328-0-1777080210-pc42a1901090b.jpg-max-width-1200-height-1200.webp","contentUrl":"https:\/\/www.oknobuild.com\/wp-content\/uploads\/2026\/SK0019710-CZ20260425-092328-0-1777080210-pc42a1901090b.jpg-max-width-1200-height-1200.webp","width":700,"height":700},{"@type":"BreadcrumbList","@id":"https:\/\/www.oknobuild.com\/index.php\/produkt\/riwall-pro-rpcs-6250-retezova-pila-s-benzinovym-motorem-62-cm3-hit-sezony-33157\/#breadcrumb","itemListElement":[{"@type":"ListItem","position":1,"name":"Home","item":"https:\/\/www.oknobuild.com\/"},{"@type":"ListItem","position":2,"name":"Products","item":"https:\/\/www.oknobuild.com\/index.php\/products\/"},{"@type":"ListItem","position":3,"name":"RIWALL PRO RPCS 6250 \u0159et\u011bzov\u00e1 pila s benz\u00ednov\u00fdm motorem 62 cm3 Hit Sez\u00f3ny"}]},{"@type":"WebSite","@id":"https:\/\/www.oknobuild.com\/#website","url":"https:\/\/www.oknobuild.com\/","name":"","description":"","potentialAction":[{"@type":"SearchAction","target":{"@type":"EntryPoint","urlTemplate":"https:\/\/www.oknobuild.com\/?s={search_term_string}"},"query-input":{"@type":"PropertyValueSpecification","valueRequired":true,"valueName":"search_term_string"}}],"inLanguage":"cs"}]}},"_links":{"self":[{"href":"https:\/\/www.oknobuild.com\/index.php\/wp-json\/wp\/v2\/product\/33157","targetHints":{"allow":["GET"]}}],"collection":[{"href":"https:\/\/www.oknobuild.com\/index.php\/wp-json\/wp\/v2\/product"}],"about":[{"href":"https:\/\/www.oknobuild.com\/index.php\/wp-json\/wp\/v2\/types\/product"}],"replies":[{"embeddable":true,"href":"https:\/\/www.oknobuild.com\/index.php\/wp-json\/wp\/v2\/comments?post=33157"}],"wp:featuredmedia":[{"embeddable":true,"href":"https:\/\/www.oknobuild.com\/index.php\/wp-json\/wp\/v2\/media\/33257"}],"wp:attachment":[{"href":"https:\/\/www.oknobuild.com\/index.php\/wp-json\/wp\/v2\/media?parent=33157"}],"wp:term":[{"taxonomy":"product_brand","embeddable":true,"href":"https:\/\/www.oknobuild.com\/index.php\/wp-json\/wp\/v2\/product_brand?post=33157"},{"taxonomy":"product_cat","embeddable":true,"href":"https:\/\/www.oknobuild.com\/index.php\/wp-json\/wp\/v2\/product_cat?post=33157"},{"taxonomy":"product_tag","embeddable":true,"href":"https:\/\/www.oknobuild.com\/index.php\/wp-json\/wp\/v2\/product_tag?post=33157"}],"curies":[{"name":"wp","href":"https:\/\/api.w.org\/{rel}","templated":true}]}}