{"id":33162,"date":"2026-04-27T04:41:59","date_gmt":"2026-04-27T04:41:59","guid":{"rendered":""},"modified":"2026-04-27T04:41:59","modified_gmt":"2026-04-27T04:41:59","slug":"koupit-online-riwall-pro-repw-170-set-elektricka-tlakova-mycka-170-bar-33162","status":"publish","type":"product","link":"https:\/\/www.oknobuild.com\/index.php\/produkt\/koupit-online-riwall-pro-repw-170-set-elektricka-tlakova-mycka-170-bar-33162\/","title":{"rendered":"Koupit Online RIWALL PRO REPW 170 SET elektrick\u00e1 tlakov\u00e1 my\u010dka 170 BAR"},"content":{"rendered":"<table>\n<div class=\"tab-pane active product-description\" id=\"popis\" role=\"tabpanel\">\n<div class=\"short-description\" itemprop=\"description\"><\/div>\n<div class=\"description\">\u25ba REPW 170 SET &#8211; elektrick\u00e1 tlakov\u00e1 my\u010dka 170 bar<\/p>\n<p>\u25ba V\u00fdbava:<span class='bullet-line'>Tlakov\u00e1 pistole<br \/><\/span><span class='bullet-line'>Kovov\u00fd n\u00e1stavec s oto\u010dnou nastavitelnou tryskou<br \/><\/span><span class='bullet-line'>Kovov\u00fd n\u00e1stavec s rota\u010dn\u00ed turbo tryskou<br \/><\/span><span class='bullet-line'>Vyztu\u017een\u00e1 tlakov\u00e1 hadice 8 m na oto\u010dn\u00e9m bubnu<br \/><\/span><span class='bullet-line'>Prodlu\u017eovac\u00ed tlakov\u00e1 hadice 8 m<br \/><\/span><span class='bullet-line'>Univerz\u00e1ln\u00ed myc\u00ed kart\u00e1\u010d<br \/><\/span><span class='bullet-line'>\u010cisti\u010d ploch PRO s madly a z\u00e1sobn\u00edkem na sapon\u00e1t<br \/><\/span><span class='bullet-line'>Elektrick\u00fd kabel 5 m<br \/><\/span><span class='bullet-line'>Pr\u016fhledn\u00fd vodn\u00ed filtr<br \/><\/span><span class='bullet-line'>Integrovan\u00e1 n\u00e1dr\u017e na sapon\u00e1t s regulac\u00ed mno\u017estv\u00ed na p\u0159edn\u00edm panelu<br \/><\/span><span class='bullet-line'>\u010cerpadlo s funkc\u00ed samonas\u00e1v\u00e1n\u00ed<br \/><\/span><span class='bullet-line'>Velk\u00e1 pojezdov\u00e1 kola<br \/><\/span><br \/>\u25ba V\u00fdhody:<span class='bullet-line'>V\u00fdkonn\u00e1 my\u010dka je ide\u00e1ln\u00edm \u0159e\u0161en\u00edm pro jak\u00e9koliv zne\u010di\u0161t\u011bn\u00ed, kter\u00e9 V\u00e1s m\u016f\u017ee potkat kolem domu \u010di d\u00edlny. Rychle a snadno vy\u010dist\u00edte kolo, zahradn\u00ed n\u00e1bytek, plot, terasu, auto, zahradn\u00ed techniku, p\u0159\u00edjezdovou cestu, kamennou z\u00eddku nebo baz\u00e9n.<br \/><\/span><span class='bullet-line'>my\u010dka je vybavena unik\u00e1tn\u00edm kovov\u00fdm \u010derpadlem se samonas\u00e1vac\u00ed funkc\u00ed, co\u017e znamen\u00e1, \u017ee lze my\u010dku p\u0159ipojit nejenom na zdroj tlakov\u00e9 vody (kohoutek), ale lze nas\u00e1vat vodu i z n\u00e1dr\u017e\u00ed, kbel\u00edku, sudu nebo vodn\u00edch tok\u016f<br \/><\/span><span class='bullet-line'>syst\u00e9m auto stop p\u0159i uvoln\u011bn\u00ed sp\u00edna\u010de ihned vyp\u00edn\u00e1 motor \u2013 m\u00e9n\u011b hlu\u010dnosti a \u00faspora energie<br \/><\/span><span class='bullet-line'>pr\u016fhledn\u00fd vodn\u00ed filtr br\u00e1n\u00ed vniknut\u00ed ne\u010distot do \u010derpadla a snadno se kontroluje pouh\u00fdm pohledem bez nutnosti demont\u00e1\u017ee<br \/><\/span><span class='bullet-line'>nastaviteln\u00e1 tryska vytv\u00e1\u0159\u00ed ploch\u00fd paprsek vody, kter\u00fd se d\u00e1 pouh\u00fdm ot\u00e1\u010den\u00edm trysky dle pot\u0159eby roz\u0161i\u0159ovat<br \/><\/span><span class='bullet-line'>turbo tryska vytv\u00e1\u0159\u00ed siln\u00fd rotuj\u00edc\u00ed paprsek vody, d\u00edky kter\u00e9mu se daj\u00ed odstranit i velmi odoln\u00e9 ne\u010distoty<br \/><\/span><span class='bullet-line'>Univerz\u00e1ln\u00ed kart\u00e1\u010d na myt\u00ed n\u00e1bytku, aut apod. \u010cisti\u010d ploch pro myt\u00ed teras, dla\u017eby, z\u00eddek.<br \/><\/span><span class='bullet-line'>p\u0159\u00eddavn\u00e1 prodlu\u017eovac\u00ed hadice 8 m umo\u017en\u00ed velk\u00fd dosah bez nutnosti p\u0159en\u00e1\u0161en\u00ed my\u010dky<br \/><\/span><span class='bullet-line'>modern\u00ed design a konstrukce pro snadnou obsluhu a dlouhou \u017eivotnost<br \/><\/span><span class='bullet-line'>\u00falo\u017en\u00e9 prostory pro tlakovou pistoli s tryskou, h\u00e1k na ulo\u017een\u00ed hadice, nav\u00edjec\u00ed buben na hadici s integrovan\u00fdm p\u0159\u00edvodem vody p\u0159\u00edmo do tlakov\u00e9 hadice<br \/><\/span><span class='bullet-line'>vysok\u00e9 madlo a velk\u00e1 pojezdov\u00e1 kola pro snadnou manipulaci<br \/><\/span><span class='bullet-line'>mo\u017enost p\u0159ipojen\u00ed dal\u0161\u00edho p\u0159\u00edslu\u0161enstv\u00ed<\/span><\/div>\n<div class=\"parameters\">\n<tr>\n<td>P\u0159\u00edkon (W)<\/td>\n<td>2500<\/td>\n<\/tr>\n<tr>\n<td>Typ motoru<\/td>\n<td>230 V, 50 Hz, induk\u010dn\u00ed<\/td>\n<\/tr>\n<tr>\n<td>Vinut\u00ed motoru<\/td>\n<td>Cu<\/td>\n<\/tr>\n<tr>\n<td>Max. tlak (bar)<\/td>\n<td>170<\/td>\n<\/tr>\n<tr>\n<td>Pr\u016ftok (l\/hod)<\/td>\n<td>468<\/td>\n<\/tr>\n<tr>\n<td>Max. teplota na vstupu (\u00b0C)<\/td>\n<td>40<\/td>\n<\/tr>\n<tr>\n<td>Typ \u010derpadla<\/td>\n<td>Alu<\/td>\n<\/tr>\n<tr>\n<td>Total stop system<\/td>\n<td>Ano<\/td>\n<\/tr>\n<tr>\n<td>Mo\u017enost p\u0159ipojen\u00ed na tlakovou vodu<\/td>\n<td>Ano<\/td>\n<\/tr>\n<tr>\n<td>Mo\u017enost \u010derpat vodu z n\u00e1dr\u017ee<\/td>\n<td>Ano<\/td>\n<\/tr>\n<tr>\n<td>Hmotnost (Kg):<\/td>\n<td>22.40<\/td>\n<\/tr>\n<tr>\n<td>Rozm\u011bry (cm):<\/td>\n<td>35 x 26 x 93<\/td>\n<\/tr>\n<tr>\n<td>Rozm\u011bry balen\u00ed (cm):<\/td>\n<td>40 x 37.3 x 91.7<\/td>\n<\/tr><\/div>\n<\/table>\n","protected":false},"excerpt":{"rendered":"<p>\u25ba REPW 170 SET &#8211; elektrick\u00e1 tlakov\u00e1 my\u010dka 170 bar \u25ba V\u00fdbava:Tlakov\u00e1 pistoleKovov\u00fd n\u00e1stavec s oto\u010dnou nastavitelnou tryskouKovov\u00fd n\u00e1stavec s rota\u010dn\u00ed turbo tryskouVyztu\u017een\u00e1 tlakov\u00e1 hadice 8 m na oto\u010dn\u00e9m bubnuProdlu\u017eovac\u00ed tlakov\u00e1 hadice 8 mUniverz\u00e1ln\u00ed myc\u00ed kart\u00e1\u010d\u010cisti\u010d ploch PRO s madly a z\u00e1sobn\u00edkem na sapon\u00e1tElektrick\u00fd kabel 5 mPr\u016fhledn\u00fd vodn\u00ed filtrIntegrovan\u00e1 n\u00e1dr\u017e na sapon\u00e1t s regulac\u00ed mno\u017estv\u00ed [&hellip;]<\/p>\n","protected":false},"featured_media":33262,"comment_status":"open","ping_status":"open","template":"","meta":[],"product_brand":[],"product_cat":[49],"product_tag":[],"class_list":{"0":"post-33162","1":"product","2":"type-product","3":"status-publish","4":"has-post-thumbnail","6":"product_cat-cistici-technika","8":"first","9":"instock","10":"sale","11":"shipping-taxable","12":"purchasable","13":"product-type-simple"},"yoast_head":"<!-- This site is optimized with the Yoast SEO plugin v26.8 - https:\/\/yoast.com\/product\/yoast-seo-wordpress\/ -->\n<title>Koupit Online RIWALL PRO REPW 170 SET elektrick\u00e1 tlakov\u00e1 my\u010dka 170 BAR -<\/title>\n<meta name=\"robots\" content=\"index, follow, max-snippet:-1, max-image-preview:large, max-video-preview:-1\" \/>\n<link rel=\"canonical\" href=\"https:\/\/www.oknobuild.com\/index.php\/produkt\/koupit-online-riwall-pro-repw-170-set-elektricka-tlakova-mycka-170-bar-33162\/\" \/>\n<meta property=\"og:locale\" content=\"cs_CZ\" \/>\n<meta property=\"og:type\" content=\"article\" \/>\n<meta property=\"og:title\" content=\"Koupit Online RIWALL PRO REPW 170 SET elektrick\u00e1 tlakov\u00e1 my\u010dka 170 BAR -\" \/>\n<meta property=\"og:description\" content=\"\u25ba REPW 170 SET &#8211; elektrick\u00e1 tlakov\u00e1 my\u010dka 170 bar \u25ba V\u00fdbava:Tlakov\u00e1 pistoleKovov\u00fd n\u00e1stavec s oto\u010dnou nastavitelnou tryskouKovov\u00fd n\u00e1stavec s rota\u010dn\u00ed turbo tryskouVyztu\u017een\u00e1 tlakov\u00e1 hadice 8 m na oto\u010dn\u00e9m bubnuProdlu\u017eovac\u00ed tlakov\u00e1 hadice 8 mUniverz\u00e1ln\u00ed myc\u00ed kart\u00e1\u010d\u010cisti\u010d ploch PRO s madly a z\u00e1sobn\u00edkem na sapon\u00e1tElektrick\u00fd kabel 5 mPr\u016fhledn\u00fd vodn\u00ed filtrIntegrovan\u00e1 n\u00e1dr\u017e na sapon\u00e1t s regulac\u00ed mno\u017estv\u00ed [&hellip;]\" \/>\n<meta property=\"og:url\" content=\"https:\/\/www.oknobuild.com\/index.php\/produkt\/koupit-online-riwall-pro-repw-170-set-elektricka-tlakova-mycka-170-bar-33162\/\" \/>\n<meta property=\"og:image\" content=\"https:\/\/www.oknobuild.com\/wp-content\/uploads\/2026\/SK0019715-CZ20260425-092328-0-1777080210-ep25a1501069b_1.jpg-max-width-1200-height-1200.webp\" \/>\n\t<meta property=\"og:image:width\" content=\"700\" \/>\n\t<meta property=\"og:image:height\" content=\"700\" \/>\n\t<meta property=\"og:image:type\" content=\"image\/webp\" \/>\n<meta name=\"twitter:card\" content=\"summary_large_image\" \/>\n<meta name=\"twitter:label1\" content=\"Odhadovan\u00e1 doba \u010dten\u00ed\" \/>\n\t<meta name=\"twitter:data1\" content=\"2 minuty\" \/>\n<script type=\"application\/ld+json\" class=\"yoast-schema-graph\">{\"@context\":\"https:\/\/schema.org\",\"@graph\":[{\"@type\":\"WebPage\",\"@id\":\"https:\/\/www.oknobuild.com\/index.php\/produkt\/koupit-online-riwall-pro-repw-170-set-elektricka-tlakova-mycka-170-bar-33162\/\",\"url\":\"https:\/\/www.oknobuild.com\/index.php\/produkt\/koupit-online-riwall-pro-repw-170-set-elektricka-tlakova-mycka-170-bar-33162\/\",\"name\":\"Koupit Online RIWALL PRO REPW 170 SET elektrick\u00e1 tlakov\u00e1 my\u010dka 170 BAR -\",\"isPartOf\":{\"@id\":\"https:\/\/www.oknobuild.com\/#website\"},\"primaryImageOfPage\":{\"@id\":\"https:\/\/www.oknobuild.com\/index.php\/produkt\/koupit-online-riwall-pro-repw-170-set-elektricka-tlakova-mycka-170-bar-33162\/#primaryimage\"},\"image\":{\"@id\":\"https:\/\/www.oknobuild.com\/index.php\/produkt\/koupit-online-riwall-pro-repw-170-set-elektricka-tlakova-mycka-170-bar-33162\/#primaryimage\"},\"thumbnailUrl\":\"https:\/\/www.oknobuild.com\/wp-content\/uploads\/2026\/SK0019715-CZ20260425-092328-0-1777080210-ep25a1501069b_1.jpg-max-width-1200-height-1200.webp\",\"datePublished\":\"2026-04-27T04:41:59+00:00\",\"breadcrumb\":{\"@id\":\"https:\/\/www.oknobuild.com\/index.php\/produkt\/koupit-online-riwall-pro-repw-170-set-elektricka-tlakova-mycka-170-bar-33162\/#breadcrumb\"},\"inLanguage\":\"cs\",\"potentialAction\":[{\"@type\":\"ReadAction\",\"target\":[\"https:\/\/www.oknobuild.com\/index.php\/produkt\/koupit-online-riwall-pro-repw-170-set-elektricka-tlakova-mycka-170-bar-33162\/\"]}]},{\"@type\":\"ImageObject\",\"inLanguage\":\"cs\",\"@id\":\"https:\/\/www.oknobuild.com\/index.php\/produkt\/koupit-online-riwall-pro-repw-170-set-elektricka-tlakova-mycka-170-bar-33162\/#primaryimage\",\"url\":\"https:\/\/www.oknobuild.com\/wp-content\/uploads\/2026\/SK0019715-CZ20260425-092328-0-1777080210-ep25a1501069b_1.jpg-max-width-1200-height-1200.webp\",\"contentUrl\":\"https:\/\/www.oknobuild.com\/wp-content\/uploads\/2026\/SK0019715-CZ20260425-092328-0-1777080210-ep25a1501069b_1.jpg-max-width-1200-height-1200.webp\",\"width\":700,\"height\":700},{\"@type\":\"BreadcrumbList\",\"@id\":\"https:\/\/www.oknobuild.com\/index.php\/produkt\/koupit-online-riwall-pro-repw-170-set-elektricka-tlakova-mycka-170-bar-33162\/#breadcrumb\",\"itemListElement\":[{\"@type\":\"ListItem\",\"position\":1,\"name\":\"Home\",\"item\":\"https:\/\/www.oknobuild.com\/\"},{\"@type\":\"ListItem\",\"position\":2,\"name\":\"Products\",\"item\":\"https:\/\/www.oknobuild.com\/index.php\/products\/\"},{\"@type\":\"ListItem\",\"position\":3,\"name\":\"Koupit Online RIWALL PRO REPW 170 SET elektrick\u00e1 tlakov\u00e1 my\u010dka 170 BAR\"}]},{\"@type\":\"WebSite\",\"@id\":\"https:\/\/www.oknobuild.com\/#website\",\"url\":\"https:\/\/www.oknobuild.com\/\",\"name\":\"\",\"description\":\"\",\"potentialAction\":[{\"@type\":\"SearchAction\",\"target\":{\"@type\":\"EntryPoint\",\"urlTemplate\":\"https:\/\/www.oknobuild.com\/?s={search_term_string}\"},\"query-input\":{\"@type\":\"PropertyValueSpecification\",\"valueRequired\":true,\"valueName\":\"search_term_string\"}}],\"inLanguage\":\"cs\"}]}<\/script>\n<!-- \/ Yoast SEO plugin. -->","yoast_head_json":{"title":"Koupit Online RIWALL PRO REPW 170 SET elektrick\u00e1 tlakov\u00e1 my\u010dka 170 BAR -","robots":{"index":"index","follow":"follow","max-snippet":"max-snippet:-1","max-image-preview":"max-image-preview:large","max-video-preview":"max-video-preview:-1"},"canonical":"https:\/\/www.oknobuild.com\/index.php\/produkt\/koupit-online-riwall-pro-repw-170-set-elektricka-tlakova-mycka-170-bar-33162\/","og_locale":"cs_CZ","og_type":"article","og_title":"Koupit Online RIWALL PRO REPW 170 SET elektrick\u00e1 tlakov\u00e1 my\u010dka 170 BAR -","og_description":"\u25ba REPW 170 SET &#8211; elektrick\u00e1 tlakov\u00e1 my\u010dka 170 bar \u25ba V\u00fdbava:Tlakov\u00e1 pistoleKovov\u00fd n\u00e1stavec s oto\u010dnou nastavitelnou tryskouKovov\u00fd n\u00e1stavec s rota\u010dn\u00ed turbo tryskouVyztu\u017een\u00e1 tlakov\u00e1 hadice 8 m na oto\u010dn\u00e9m bubnuProdlu\u017eovac\u00ed tlakov\u00e1 hadice 8 mUniverz\u00e1ln\u00ed myc\u00ed kart\u00e1\u010d\u010cisti\u010d ploch PRO s madly a z\u00e1sobn\u00edkem na sapon\u00e1tElektrick\u00fd kabel 5 mPr\u016fhledn\u00fd vodn\u00ed filtrIntegrovan\u00e1 n\u00e1dr\u017e na sapon\u00e1t s regulac\u00ed mno\u017estv\u00ed [&hellip;]","og_url":"https:\/\/www.oknobuild.com\/index.php\/produkt\/koupit-online-riwall-pro-repw-170-set-elektricka-tlakova-mycka-170-bar-33162\/","og_image":[{"width":700,"height":700,"url":"https:\/\/www.oknobuild.com\/wp-content\/uploads\/2026\/SK0019715-CZ20260425-092328-0-1777080210-ep25a1501069b_1.jpg-max-width-1200-height-1200.webp","type":"image\/webp"}],"twitter_card":"summary_large_image","twitter_misc":{"Odhadovan\u00e1 doba \u010dten\u00ed":"2 minuty"},"schema":{"@context":"https:\/\/schema.org","@graph":[{"@type":"WebPage","@id":"https:\/\/www.oknobuild.com\/index.php\/produkt\/koupit-online-riwall-pro-repw-170-set-elektricka-tlakova-mycka-170-bar-33162\/","url":"https:\/\/www.oknobuild.com\/index.php\/produkt\/koupit-online-riwall-pro-repw-170-set-elektricka-tlakova-mycka-170-bar-33162\/","name":"Koupit Online RIWALL PRO REPW 170 SET elektrick\u00e1 tlakov\u00e1 my\u010dka 170 BAR -","isPartOf":{"@id":"https:\/\/www.oknobuild.com\/#website"},"primaryImageOfPage":{"@id":"https:\/\/www.oknobuild.com\/index.php\/produkt\/koupit-online-riwall-pro-repw-170-set-elektricka-tlakova-mycka-170-bar-33162\/#primaryimage"},"image":{"@id":"https:\/\/www.oknobuild.com\/index.php\/produkt\/koupit-online-riwall-pro-repw-170-set-elektricka-tlakova-mycka-170-bar-33162\/#primaryimage"},"thumbnailUrl":"https:\/\/www.oknobuild.com\/wp-content\/uploads\/2026\/SK0019715-CZ20260425-092328-0-1777080210-ep25a1501069b_1.jpg-max-width-1200-height-1200.webp","datePublished":"2026-04-27T04:41:59+00:00","breadcrumb":{"@id":"https:\/\/www.oknobuild.com\/index.php\/produkt\/koupit-online-riwall-pro-repw-170-set-elektricka-tlakova-mycka-170-bar-33162\/#breadcrumb"},"inLanguage":"cs","potentialAction":[{"@type":"ReadAction","target":["https:\/\/www.oknobuild.com\/index.php\/produkt\/koupit-online-riwall-pro-repw-170-set-elektricka-tlakova-mycka-170-bar-33162\/"]}]},{"@type":"ImageObject","inLanguage":"cs","@id":"https:\/\/www.oknobuild.com\/index.php\/produkt\/koupit-online-riwall-pro-repw-170-set-elektricka-tlakova-mycka-170-bar-33162\/#primaryimage","url":"https:\/\/www.oknobuild.com\/wp-content\/uploads\/2026\/SK0019715-CZ20260425-092328-0-1777080210-ep25a1501069b_1.jpg-max-width-1200-height-1200.webp","contentUrl":"https:\/\/www.oknobuild.com\/wp-content\/uploads\/2026\/SK0019715-CZ20260425-092328-0-1777080210-ep25a1501069b_1.jpg-max-width-1200-height-1200.webp","width":700,"height":700},{"@type":"BreadcrumbList","@id":"https:\/\/www.oknobuild.com\/index.php\/produkt\/koupit-online-riwall-pro-repw-170-set-elektricka-tlakova-mycka-170-bar-33162\/#breadcrumb","itemListElement":[{"@type":"ListItem","position":1,"name":"Home","item":"https:\/\/www.oknobuild.com\/"},{"@type":"ListItem","position":2,"name":"Products","item":"https:\/\/www.oknobuild.com\/index.php\/products\/"},{"@type":"ListItem","position":3,"name":"Koupit Online RIWALL PRO REPW 170 SET elektrick\u00e1 tlakov\u00e1 my\u010dka 170 BAR"}]},{"@type":"WebSite","@id":"https:\/\/www.oknobuild.com\/#website","url":"https:\/\/www.oknobuild.com\/","name":"","description":"","potentialAction":[{"@type":"SearchAction","target":{"@type":"EntryPoint","urlTemplate":"https:\/\/www.oknobuild.com\/?s={search_term_string}"},"query-input":{"@type":"PropertyValueSpecification","valueRequired":true,"valueName":"search_term_string"}}],"inLanguage":"cs"}]}},"_links":{"self":[{"href":"https:\/\/www.oknobuild.com\/index.php\/wp-json\/wp\/v2\/product\/33162","targetHints":{"allow":["GET"]}}],"collection":[{"href":"https:\/\/www.oknobuild.com\/index.php\/wp-json\/wp\/v2\/product"}],"about":[{"href":"https:\/\/www.oknobuild.com\/index.php\/wp-json\/wp\/v2\/types\/product"}],"replies":[{"embeddable":true,"href":"https:\/\/www.oknobuild.com\/index.php\/wp-json\/wp\/v2\/comments?post=33162"}],"wp:featuredmedia":[{"embeddable":true,"href":"https:\/\/www.oknobuild.com\/index.php\/wp-json\/wp\/v2\/media\/33262"}],"wp:attachment":[{"href":"https:\/\/www.oknobuild.com\/index.php\/wp-json\/wp\/v2\/media?parent=33162"}],"wp:term":[{"taxonomy":"product_brand","embeddable":true,"href":"https:\/\/www.oknobuild.com\/index.php\/wp-json\/wp\/v2\/product_brand?post=33162"},{"taxonomy":"product_cat","embeddable":true,"href":"https:\/\/www.oknobuild.com\/index.php\/wp-json\/wp\/v2\/product_cat?post=33162"},{"taxonomy":"product_tag","embeddable":true,"href":"https:\/\/www.oknobuild.com\/index.php\/wp-json\/wp\/v2\/product_tag?post=33162"}],"curies":[{"name":"wp","href":"https:\/\/api.w.org\/{rel}","templated":true}]}}