{"id":33340,"date":"2026-04-27T04:41:59","date_gmt":"2026-04-27T04:41:59","guid":{"rendered":""},"modified":"2026-04-27T04:41:59","modified_gmt":"2026-04-27T04:41:59","slug":"akcni-cena-bosch-gll-3-80-c-professional-0601063r05-33340","status":"publish","type":"product","link":"https:\/\/www.oknobuild.com\/index.php\/produkt\/akcni-cena-bosch-gll-3-80-c-professional-0601063r05-33340\/","title":{"rendered":"Ak\u010dn\u00ed Cena Bosch GLL 3-80 C Professional 0601063R05"},"content":{"rendered":"<table>\n<div class=\"tab-pane active product-description\" id=\"popis\" role=\"tabpanel\">\n<div class=\"short-description\" itemprop=\"description\"><\/div>\n<div class=\"description\">Viditelnost na nov\u00e9 \u00farovni d\u00edky 3\u00d7 360\u00b0. Simply Connected.<span class='bullet-line'>Velmi p\u0159esn\u00e9 sledov\u00e1n\u00ed a vzd\u00e1len\u00e9 ovl\u00e1d\u00e1n\u00ed CAL Guard s aplikac\u00ed pro chytr\u00e9 telefony a p\u0159ipojen\u00edm p\u0159es Bluetooth\u00ae<br \/><\/span><span class='bullet-line'>Vysoce v\u00fdkonn\u00e9 diody poskytuj\u00ed jasn\u00fd obraz<br \/><\/span><span class='bullet-line'>\u010c\u00e1ry 3\u00d7 360\u00b0 pro sou\u010dasnou horizont\u00e1ln\u00ed a vertik\u00e1ln\u00ed nivelaci pro vysoce efektivn\u00ed pr\u00e1ci<br \/><\/span><br \/>Rozsah dod\u00e1vky:<span class='bullet-line'>L-BOXX 136 1 600 A01 2G0<br \/><\/span><span class='bullet-line'>Univerz\u00e1ln\u00ed dr\u017e\u00e1k BM 1 Professional 0 601 015 A01<br \/><\/span><span class='bullet-line'>C\u00edlov\u00e1 desti\u010dka laseru<br \/><\/span><span class='bullet-line'>Ta\u0161ka<br \/><\/span><span class='bullet-line'>1\u00d7 akumul\u00e1tor GBA 12V 2.0Ah 1 600 Z00 02X<br \/><\/span><span class='bullet-line'>Rychlonab\u00edje\u010dka GAL 1230 CV 1 600 A00 R44<br \/><\/span><span class='bullet-line'>Dr\u017e\u00e1k na laserov\u00fd p\u0159ij\u00edma\u010d LR 6\/7 1 608 M00 C1L<br \/><\/span><span class='bullet-line'>Laserov\u00fd p\u0159ij\u00edma\u010d LR 7 Professional 0 601 069 J00<\/span><\/div>\n<div class=\"parameters\">\n<tr>\n<td>Pracovn\u00ed dosah* a\u017e 30 m<\/td>\n<td><\/td>\n<\/tr>\n<tr>\n<td>Pracovn\u00ed rozsah s p\u0159ij\u00edma\u010dem* a\u017e 120 m<\/td>\n<td><\/td>\n<\/tr>\n<tr>\n<td>Laserov\u00e1 dioda \u010c\u00e1ra: 630\u2013650 nm, &lt; 10 mW<\/td>\n<td><\/td>\n<\/tr>\n<tr>\n<td>Provozn\u00ed teplota, od -10 \u00b0C<\/td>\n<td><\/td>\n<\/tr>\n<tr>\n<td>Provozn\u00ed teplota, a\u017e 40 \u00b0C<\/td>\n<td><\/td>\n<\/tr>\n<tr>\n<td>Provozn\u00ed teplota -10 \u2013 40 \u00b0C<\/td>\n<td><\/td>\n<\/tr>\n<tr>\n<td>Skladovac\u00ed teplota, od -20 \u00b0C<\/td>\n<td><\/td>\n<\/tr>\n<tr>\n<td>Skladovac\u00ed teplota, a\u017e 70 \u00b0C<\/td>\n<td><\/td>\n<\/tr>\n<tr>\n<td>Skladovac\u00ed teplota -200 \u2013 70 \u00b0C<\/td>\n<td><\/td>\n<\/tr>\n<tr>\n<td>T\u0159\u00edda laseru 2<\/td>\n<td><\/td>\n<\/tr>\n<tr>\n<td>Pracovn\u00ed rozsah s p\u0159ij\u00edma\u010dem, znam\u00e9nko a\u017e<\/td>\n<td><\/td>\n<\/tr>\n<tr>\n<td>Pracovn\u00ed rozsah s p\u0159ij\u00edma\u010dem, hodnota 120 m<\/td>\n<td><\/td>\n<\/tr>\n<tr>\n<td>Rozsah samonivelace* \u00b1 4\u00b0<\/td>\n<td><\/td>\n<\/tr>\n<tr>\n<td>Nivela\u010dn\u00ed doba 4 s<\/td>\n<td><\/td>\n<\/tr>\n<tr>\n<td>Ochrana proti prachu a st\u0159\u00edkaj\u00edc\u00ed vod\u011b IP 54 *** (***except for the lithium-ion battery and AA1 battery adapter)<\/td>\n<td><\/td>\n<\/tr>\n<tr>\n<td>Nap\u00e1jen\u00ed<\/td>\n<td><\/td>\n<\/tr>\n<tr>\n<td>Akumul\u00e1tor 12 V Li-Ion, 4x 1,5 V LR6 (AA)<\/td>\n<td><\/td>\n<\/tr>\n<tr>\n<td>Doba provozu, max. 8 h (Li-Ion) a 6 h (4\u00d7 AA) v t\u0159\u00ed\u010d\u00e1rov\u00e9m re\u017eimu<\/td>\n<td><\/td>\n<\/tr>\n<tr>\n<td>Stativov\u00fd z\u00e1vit 1\/4&#8243;, 5\/8&#8243;<\/td>\n<td><\/td>\n<\/tr>\n<tr>\n<td>Hmotnost, cca 0,9 kg<\/td>\n<td><\/td>\n<\/tr>\n<tr>\n<td>Barva laserov\u00e9 \u010d\u00e1ry \u010derven\u00e1<\/td>\n<td><\/td>\n<\/tr>\n<tr>\n<td>Projekce 3x \u010d\u00e1ra 360\u00b0<\/td>\n<td><\/td>\n<\/tr>\n<tr>\n<td>Kompatibiln\u00ed laserov\u00e9 p\u0159ij\u00edma\u010de LR 6 + 7<\/td>\n<td><\/td>\n<\/tr><\/div>\n<\/table>\n","protected":false},"excerpt":{"rendered":"<p>Viditelnost na nov\u00e9 \u00farovni d\u00edky 3\u00d7 360\u00b0. Simply Connected.Velmi p\u0159esn\u00e9 sledov\u00e1n\u00ed a vzd\u00e1len\u00e9 ovl\u00e1d\u00e1n\u00ed CAL Guard s aplikac\u00ed pro chytr\u00e9 telefony a p\u0159ipojen\u00edm p\u0159es Bluetooth\u00aeVysoce v\u00fdkonn\u00e9 diody poskytuj\u00ed jasn\u00fd obraz\u010c\u00e1ry 3\u00d7 360\u00b0 pro sou\u010dasnou horizont\u00e1ln\u00ed a vertik\u00e1ln\u00ed nivelaci pro vysoce efektivn\u00ed pr\u00e1ciRozsah dod\u00e1vky:L-BOXX 136 1 600 A01 2G0Univerz\u00e1ln\u00ed dr\u017e\u00e1k BM 1 Professional 0 601 015 [&hellip;]<\/p>\n","protected":false},"featured_media":33440,"comment_status":"open","ping_status":"open","template":"","meta":[],"product_brand":[],"product_cat":[41],"product_tag":[],"class_list":{"0":"post-33340","1":"product","2":"type-product","3":"status-publish","4":"has-post-thumbnail","6":"product_cat-naradi","8":"first","9":"instock","10":"sale","11":"shipping-taxable","12":"purchasable","13":"product-type-simple"},"yoast_head":"<!-- This site is optimized with the Yoast SEO plugin v26.8 - https:\/\/yoast.com\/product\/yoast-seo-wordpress\/ -->\n<title>Ak\u010dn\u00ed Cena Bosch GLL 3-80 C Professional 0601063R05 -<\/title>\n<meta name=\"robots\" content=\"index, follow, max-snippet:-1, max-image-preview:large, max-video-preview:-1\" \/>\n<link rel=\"canonical\" href=\"https:\/\/www.oknobuild.com\/index.php\/produkt\/akcni-cena-bosch-gll-3-80-c-professional-0601063r05-33340\/\" \/>\n<meta property=\"og:locale\" content=\"cs_CZ\" \/>\n<meta property=\"og:type\" content=\"article\" \/>\n<meta property=\"og:title\" content=\"Ak\u010dn\u00ed Cena Bosch GLL 3-80 C Professional 0601063R05 -\" \/>\n<meta property=\"og:description\" content=\"Viditelnost na nov\u00e9 \u00farovni d\u00edky 3\u00d7 360\u00b0. Simply Connected.Velmi p\u0159esn\u00e9 sledov\u00e1n\u00ed a vzd\u00e1len\u00e9 ovl\u00e1d\u00e1n\u00ed CAL Guard s aplikac\u00ed pro chytr\u00e9 telefony a p\u0159ipojen\u00edm p\u0159es Bluetooth\u00aeVysoce v\u00fdkonn\u00e9 diody poskytuj\u00ed jasn\u00fd obraz\u010c\u00e1ry 3\u00d7 360\u00b0 pro sou\u010dasnou horizont\u00e1ln\u00ed a vertik\u00e1ln\u00ed nivelaci pro vysoce efektivn\u00ed pr\u00e1ciRozsah dod\u00e1vky:L-BOXX 136 1 600 A01 2G0Univerz\u00e1ln\u00ed dr\u017e\u00e1k BM 1 Professional 0 601 015 [&hellip;]\" \/>\n<meta property=\"og:url\" content=\"https:\/\/www.oknobuild.com\/index.php\/produkt\/akcni-cena-bosch-gll-3-80-c-professional-0601063r05-33340\/\" \/>\n<meta property=\"og:image\" content=\"https:\/\/www.oknobuild.com\/wp-content\/uploads\/2026\/SK0019794-CZ20260425-092328-0-1777080210-0601063r05_01.webp\" \/>\n\t<meta property=\"og:image:width\" content=\"700\" \/>\n\t<meta property=\"og:image:height\" content=\"700\" \/>\n\t<meta property=\"og:image:type\" content=\"image\/webp\" \/>\n<meta name=\"twitter:card\" content=\"summary_large_image\" \/>\n<meta name=\"twitter:label1\" content=\"Odhadovan\u00e1 doba \u010dten\u00ed\" \/>\n\t<meta name=\"twitter:data1\" content=\"1 minuta\" \/>\n<script type=\"application\/ld+json\" class=\"yoast-schema-graph\">{\"@context\":\"https:\/\/schema.org\",\"@graph\":[{\"@type\":\"WebPage\",\"@id\":\"https:\/\/www.oknobuild.com\/index.php\/produkt\/akcni-cena-bosch-gll-3-80-c-professional-0601063r05-33340\/\",\"url\":\"https:\/\/www.oknobuild.com\/index.php\/produkt\/akcni-cena-bosch-gll-3-80-c-professional-0601063r05-33340\/\",\"name\":\"Ak\u010dn\u00ed Cena Bosch GLL 3-80 C Professional 0601063R05 -\",\"isPartOf\":{\"@id\":\"https:\/\/www.oknobuild.com\/#website\"},\"primaryImageOfPage\":{\"@id\":\"https:\/\/www.oknobuild.com\/index.php\/produkt\/akcni-cena-bosch-gll-3-80-c-professional-0601063r05-33340\/#primaryimage\"},\"image\":{\"@id\":\"https:\/\/www.oknobuild.com\/index.php\/produkt\/akcni-cena-bosch-gll-3-80-c-professional-0601063r05-33340\/#primaryimage\"},\"thumbnailUrl\":\"https:\/\/www.oknobuild.com\/wp-content\/uploads\/2026\/SK0019794-CZ20260425-092328-0-1777080210-0601063r05_01.webp\",\"datePublished\":\"2026-04-27T04:41:59+00:00\",\"breadcrumb\":{\"@id\":\"https:\/\/www.oknobuild.com\/index.php\/produkt\/akcni-cena-bosch-gll-3-80-c-professional-0601063r05-33340\/#breadcrumb\"},\"inLanguage\":\"cs\",\"potentialAction\":[{\"@type\":\"ReadAction\",\"target\":[\"https:\/\/www.oknobuild.com\/index.php\/produkt\/akcni-cena-bosch-gll-3-80-c-professional-0601063r05-33340\/\"]}]},{\"@type\":\"ImageObject\",\"inLanguage\":\"cs\",\"@id\":\"https:\/\/www.oknobuild.com\/index.php\/produkt\/akcni-cena-bosch-gll-3-80-c-professional-0601063r05-33340\/#primaryimage\",\"url\":\"https:\/\/www.oknobuild.com\/wp-content\/uploads\/2026\/SK0019794-CZ20260425-092328-0-1777080210-0601063r05_01.webp\",\"contentUrl\":\"https:\/\/www.oknobuild.com\/wp-content\/uploads\/2026\/SK0019794-CZ20260425-092328-0-1777080210-0601063r05_01.webp\",\"width\":700,\"height\":700},{\"@type\":\"BreadcrumbList\",\"@id\":\"https:\/\/www.oknobuild.com\/index.php\/produkt\/akcni-cena-bosch-gll-3-80-c-professional-0601063r05-33340\/#breadcrumb\",\"itemListElement\":[{\"@type\":\"ListItem\",\"position\":1,\"name\":\"Home\",\"item\":\"https:\/\/www.oknobuild.com\/\"},{\"@type\":\"ListItem\",\"position\":2,\"name\":\"Products\",\"item\":\"https:\/\/www.oknobuild.com\/index.php\/products\/\"},{\"@type\":\"ListItem\",\"position\":3,\"name\":\"Ak\u010dn\u00ed Cena Bosch GLL 3-80 C Professional 0601063R05\"}]},{\"@type\":\"WebSite\",\"@id\":\"https:\/\/www.oknobuild.com\/#website\",\"url\":\"https:\/\/www.oknobuild.com\/\",\"name\":\"\",\"description\":\"\",\"potentialAction\":[{\"@type\":\"SearchAction\",\"target\":{\"@type\":\"EntryPoint\",\"urlTemplate\":\"https:\/\/www.oknobuild.com\/?s={search_term_string}\"},\"query-input\":{\"@type\":\"PropertyValueSpecification\",\"valueRequired\":true,\"valueName\":\"search_term_string\"}}],\"inLanguage\":\"cs\"}]}<\/script>\n<!-- \/ Yoast SEO plugin. -->","yoast_head_json":{"title":"Ak\u010dn\u00ed Cena Bosch GLL 3-80 C Professional 0601063R05 -","robots":{"index":"index","follow":"follow","max-snippet":"max-snippet:-1","max-image-preview":"max-image-preview:large","max-video-preview":"max-video-preview:-1"},"canonical":"https:\/\/www.oknobuild.com\/index.php\/produkt\/akcni-cena-bosch-gll-3-80-c-professional-0601063r05-33340\/","og_locale":"cs_CZ","og_type":"article","og_title":"Ak\u010dn\u00ed Cena Bosch GLL 3-80 C Professional 0601063R05 -","og_description":"Viditelnost na nov\u00e9 \u00farovni d\u00edky 3\u00d7 360\u00b0. Simply Connected.Velmi p\u0159esn\u00e9 sledov\u00e1n\u00ed a vzd\u00e1len\u00e9 ovl\u00e1d\u00e1n\u00ed CAL Guard s aplikac\u00ed pro chytr\u00e9 telefony a p\u0159ipojen\u00edm p\u0159es Bluetooth\u00aeVysoce v\u00fdkonn\u00e9 diody poskytuj\u00ed jasn\u00fd obraz\u010c\u00e1ry 3\u00d7 360\u00b0 pro sou\u010dasnou horizont\u00e1ln\u00ed a vertik\u00e1ln\u00ed nivelaci pro vysoce efektivn\u00ed pr\u00e1ciRozsah dod\u00e1vky:L-BOXX 136 1 600 A01 2G0Univerz\u00e1ln\u00ed dr\u017e\u00e1k BM 1 Professional 0 601 015 [&hellip;]","og_url":"https:\/\/www.oknobuild.com\/index.php\/produkt\/akcni-cena-bosch-gll-3-80-c-professional-0601063r05-33340\/","og_image":[{"width":700,"height":700,"url":"https:\/\/www.oknobuild.com\/wp-content\/uploads\/2026\/SK0019794-CZ20260425-092328-0-1777080210-0601063r05_01.webp","type":"image\/webp"}],"twitter_card":"summary_large_image","twitter_misc":{"Odhadovan\u00e1 doba \u010dten\u00ed":"1 minuta"},"schema":{"@context":"https:\/\/schema.org","@graph":[{"@type":"WebPage","@id":"https:\/\/www.oknobuild.com\/index.php\/produkt\/akcni-cena-bosch-gll-3-80-c-professional-0601063r05-33340\/","url":"https:\/\/www.oknobuild.com\/index.php\/produkt\/akcni-cena-bosch-gll-3-80-c-professional-0601063r05-33340\/","name":"Ak\u010dn\u00ed Cena Bosch GLL 3-80 C Professional 0601063R05 -","isPartOf":{"@id":"https:\/\/www.oknobuild.com\/#website"},"primaryImageOfPage":{"@id":"https:\/\/www.oknobuild.com\/index.php\/produkt\/akcni-cena-bosch-gll-3-80-c-professional-0601063r05-33340\/#primaryimage"},"image":{"@id":"https:\/\/www.oknobuild.com\/index.php\/produkt\/akcni-cena-bosch-gll-3-80-c-professional-0601063r05-33340\/#primaryimage"},"thumbnailUrl":"https:\/\/www.oknobuild.com\/wp-content\/uploads\/2026\/SK0019794-CZ20260425-092328-0-1777080210-0601063r05_01.webp","datePublished":"2026-04-27T04:41:59+00:00","breadcrumb":{"@id":"https:\/\/www.oknobuild.com\/index.php\/produkt\/akcni-cena-bosch-gll-3-80-c-professional-0601063r05-33340\/#breadcrumb"},"inLanguage":"cs","potentialAction":[{"@type":"ReadAction","target":["https:\/\/www.oknobuild.com\/index.php\/produkt\/akcni-cena-bosch-gll-3-80-c-professional-0601063r05-33340\/"]}]},{"@type":"ImageObject","inLanguage":"cs","@id":"https:\/\/www.oknobuild.com\/index.php\/produkt\/akcni-cena-bosch-gll-3-80-c-professional-0601063r05-33340\/#primaryimage","url":"https:\/\/www.oknobuild.com\/wp-content\/uploads\/2026\/SK0019794-CZ20260425-092328-0-1777080210-0601063r05_01.webp","contentUrl":"https:\/\/www.oknobuild.com\/wp-content\/uploads\/2026\/SK0019794-CZ20260425-092328-0-1777080210-0601063r05_01.webp","width":700,"height":700},{"@type":"BreadcrumbList","@id":"https:\/\/www.oknobuild.com\/index.php\/produkt\/akcni-cena-bosch-gll-3-80-c-professional-0601063r05-33340\/#breadcrumb","itemListElement":[{"@type":"ListItem","position":1,"name":"Home","item":"https:\/\/www.oknobuild.com\/"},{"@type":"ListItem","position":2,"name":"Products","item":"https:\/\/www.oknobuild.com\/index.php\/products\/"},{"@type":"ListItem","position":3,"name":"Ak\u010dn\u00ed Cena Bosch GLL 3-80 C Professional 0601063R05"}]},{"@type":"WebSite","@id":"https:\/\/www.oknobuild.com\/#website","url":"https:\/\/www.oknobuild.com\/","name":"","description":"","potentialAction":[{"@type":"SearchAction","target":{"@type":"EntryPoint","urlTemplate":"https:\/\/www.oknobuild.com\/?s={search_term_string}"},"query-input":{"@type":"PropertyValueSpecification","valueRequired":true,"valueName":"search_term_string"}}],"inLanguage":"cs"}]}},"_links":{"self":[{"href":"https:\/\/www.oknobuild.com\/index.php\/wp-json\/wp\/v2\/product\/33340","targetHints":{"allow":["GET"]}}],"collection":[{"href":"https:\/\/www.oknobuild.com\/index.php\/wp-json\/wp\/v2\/product"}],"about":[{"href":"https:\/\/www.oknobuild.com\/index.php\/wp-json\/wp\/v2\/types\/product"}],"replies":[{"embeddable":true,"href":"https:\/\/www.oknobuild.com\/index.php\/wp-json\/wp\/v2\/comments?post=33340"}],"wp:featuredmedia":[{"embeddable":true,"href":"https:\/\/www.oknobuild.com\/index.php\/wp-json\/wp\/v2\/media\/33440"}],"wp:attachment":[{"href":"https:\/\/www.oknobuild.com\/index.php\/wp-json\/wp\/v2\/media?parent=33340"}],"wp:term":[{"taxonomy":"product_brand","embeddable":true,"href":"https:\/\/www.oknobuild.com\/index.php\/wp-json\/wp\/v2\/product_brand?post=33340"},{"taxonomy":"product_cat","embeddable":true,"href":"https:\/\/www.oknobuild.com\/index.php\/wp-json\/wp\/v2\/product_cat?post=33340"},{"taxonomy":"product_tag","embeddable":true,"href":"https:\/\/www.oknobuild.com\/index.php\/wp-json\/wp\/v2\/product_tag?post=33340"}],"curies":[{"name":"wp","href":"https:\/\/api.w.org\/{rel}","templated":true}]}}