{"id":33355,"date":"2026-04-27T04:41:59","date_gmt":"2026-04-27T04:41:59","guid":{"rendered":""},"modified":"2026-04-27T04:41:59","modified_gmt":"2026-04-27T04:41:59","slug":"autenticky-makita-cv102dzl-aku-vesta-l-s-vyhrivanim-li-ion-cxt-12v-z-33355","status":"publish","type":"product","link":"https:\/\/www.oknobuild.com\/index.php\/produkt\/autenticky-makita-cv102dzl-aku-vesta-l-s-vyhrivanim-li-ion-cxt-12v-z-33355\/","title":{"rendered":"Autentick\u00fd Makita CV102DZL Aku vesta L s vyh\u0159\u00edv\u00e1n\u00edm Li-ion CXT 12V Z"},"content":{"rendered":"<table>\n<div class=\"tab-pane active product-description\" id=\"popis\" role=\"tabpanel\">\n<div class=\"short-description\" itemprop=\"description\"><\/div>\n<div class=\"description\"><span class='bullet-line'>Vyh\u0159\u00edvan\u00e1 vesta zaru\u010duje pohodl\u00ed u\u017eivateli p\u0159i pr\u00e1ci v mrazech<br \/><\/span><span class='bullet-line'>Vesta obsahuje 4 vyh\u0159\u00edvac\u00ed z\u00f3ny na prsou, na krku a na z\u00e1dech<br \/><\/span><span class='bullet-line'>Vyh\u0159\u00edv\u00e1n\u00ed vesty funguje a\u017e 14 hodin (s akumul\u00e1torem BL1041B p\u0159i stupni Low)<br \/><\/span><span class='bullet-line'>Mo\u017enost nastaven\u00ed 3 stup\u0148\u016f vyh\u0159\u00edv\u00e1n\u00ed (High\/Medium\/Low)<br \/><\/span><span class='bullet-line'>Vni\u0159n\u00ed \u010d\u00e1st vesty je fleecov\u00e1 &#8211; pocit tepla i p\u0159i vypnut\u00ed vyh\u0159\u00edv\u00e1n\u00ed<br \/><\/span><span class='bullet-line'>Vestu je mo\u017en\u00e9 pr\u00e1t v pra\u010dce<br \/><\/span><span class='bullet-line'>Praktick\u00e9 um\u00edst\u011bn\u00ed akumul\u00e1toru<br \/><\/span><span class='bullet-line'>Dod\u00e1vka bez akumul\u00e1tor\u016f a nab\u00edje\u010dky<br \/><\/span><span class='bullet-line'>Upozorn\u011bn\u00ed &#8211; vyh\u0159\u00edvan\u00e9 vesty nejsou vhodn\u00e9 pro kardiaky<br \/><\/span><br \/>\u25ba P\u0159\u00edslu\u0161enstv\u00ed<span class='bullet-line'>Adapt\u00e9r 12 V CXT (YL0000003)<\/span><\/div>\n<div class=\"parameters\">\n<tr>\n<td>Akumul\u00e1tor<\/td>\n<td>Li-ion 10,8\/12V CXT<\/td>\n<\/tr>\n<tr>\n<td>Doba pou\u017eit\u00ed Hi<\/td>\n<td>BL1041B &#8211; 4 hod<\/td>\n<\/tr>\n<tr>\n<td>Doba pou\u017eit\u00ed Mid<\/td>\n<td>BL1041B &#8211; 7,5 hod<\/td>\n<\/tr>\n<tr>\n<td>Doba pou\u017eit\u00ed Lo<\/td>\n<td>BL1041B &#8211; 14 hod<\/td>\n<\/tr>\n<tr>\n<td>V\u00fdh\u0159evnost<\/td>\n<td>Hi: 9,5W, Mid: 4,5W<\/td>\n<\/tr>\n<tr>\n<td>Velikost<\/td>\n<td>L<\/td>\n<\/tr>\n<tr>\n<td>Hmotnost<\/td>\n<td>0,5 kg<\/td>\n<\/tr><\/div>\n<\/table>\n","protected":false},"excerpt":{"rendered":"<p>Vyh\u0159\u00edvan\u00e1 vesta zaru\u010duje pohodl\u00ed u\u017eivateli p\u0159i pr\u00e1ci v mrazechVesta obsahuje 4 vyh\u0159\u00edvac\u00ed z\u00f3ny na prsou, na krku a na z\u00e1dechVyh\u0159\u00edv\u00e1n\u00ed vesty funguje a\u017e 14 hodin (s akumul\u00e1torem BL1041B p\u0159i stupni Low)Mo\u017enost nastaven\u00ed 3 stup\u0148\u016f vyh\u0159\u00edv\u00e1n\u00ed (High\/Medium\/Low)Vni\u0159n\u00ed \u010d\u00e1st vesty je fleecov\u00e1 &#8211; pocit tepla i p\u0159i vypnut\u00ed vyh\u0159\u00edv\u00e1n\u00edVestu je mo\u017en\u00e9 pr\u00e1t v pra\u010dcePraktick\u00e9 um\u00edst\u011bn\u00ed akumul\u00e1toruDod\u00e1vka bez [&hellip;]<\/p>\n","protected":false},"featured_media":33455,"comment_status":"open","ping_status":"open","template":"","meta":[],"product_brand":[],"product_cat":[48],"product_tag":[],"class_list":{"0":"post-33355","1":"product","2":"type-product","3":"status-publish","4":"has-post-thumbnail","6":"product_cat-ochranne-pomucky","8":"first","9":"instock","10":"sale","11":"shipping-taxable","12":"purchasable","13":"product-type-simple"},"yoast_head":"<!-- This site is optimized with the Yoast SEO plugin v26.8 - https:\/\/yoast.com\/product\/yoast-seo-wordpress\/ -->\n<title>Autentick\u00fd Makita CV102DZL Aku vesta L s vyh\u0159\u00edv\u00e1n\u00edm Li-ion CXT 12V Z -<\/title>\n<meta name=\"robots\" content=\"index, follow, max-snippet:-1, max-image-preview:large, max-video-preview:-1\" \/>\n<link rel=\"canonical\" href=\"https:\/\/www.oknobuild.com\/index.php\/produkt\/autenticky-makita-cv102dzl-aku-vesta-l-s-vyhrivanim-li-ion-cxt-12v-z-33355\/\" \/>\n<meta property=\"og:locale\" content=\"cs_CZ\" \/>\n<meta property=\"og:type\" content=\"article\" \/>\n<meta property=\"og:title\" content=\"Autentick\u00fd Makita CV102DZL Aku vesta L s vyh\u0159\u00edv\u00e1n\u00edm Li-ion CXT 12V Z -\" \/>\n<meta property=\"og:description\" content=\"Vyh\u0159\u00edvan\u00e1 vesta zaru\u010duje pohodl\u00ed u\u017eivateli p\u0159i pr\u00e1ci v mrazechVesta obsahuje 4 vyh\u0159\u00edvac\u00ed z\u00f3ny na prsou, na krku a na z\u00e1dechVyh\u0159\u00edv\u00e1n\u00ed vesty funguje a\u017e 14 hodin (s akumul\u00e1torem BL1041B p\u0159i stupni Low)Mo\u017enost nastaven\u00ed 3 stup\u0148\u016f vyh\u0159\u00edv\u00e1n\u00ed (High\/Medium\/Low)Vni\u0159n\u00ed \u010d\u00e1st vesty je fleecov\u00e1 &#8211; pocit tepla i p\u0159i vypnut\u00ed vyh\u0159\u00edv\u00e1n\u00edVestu je mo\u017en\u00e9 pr\u00e1t v pra\u010dcePraktick\u00e9 um\u00edst\u011bn\u00ed akumul\u00e1toruDod\u00e1vka bez [&hellip;]\" \/>\n<meta property=\"og:url\" content=\"https:\/\/www.oknobuild.com\/index.php\/produkt\/autenticky-makita-cv102dzl-aku-vesta-l-s-vyhrivanim-li-ion-cxt-12v-z-33355\/\" \/>\n<meta property=\"og:image\" content=\"https:\/\/www.oknobuild.com\/wp-content\/uploads\/2026\/SK0019809-CZ20260425-092328-0-1777080210-priloha_-skk-37988.webp\" \/>\n\t<meta property=\"og:image:width\" content=\"352\" \/>\n\t<meta property=\"og:image:height\" content=\"533\" \/>\n\t<meta property=\"og:image:type\" content=\"image\/webp\" \/>\n<meta name=\"twitter:card\" content=\"summary_large_image\" \/>\n<meta name=\"twitter:label1\" content=\"Odhadovan\u00e1 doba \u010dten\u00ed\" \/>\n\t<meta name=\"twitter:data1\" content=\"1 minuta\" \/>\n<script type=\"application\/ld+json\" class=\"yoast-schema-graph\">{\"@context\":\"https:\/\/schema.org\",\"@graph\":[{\"@type\":\"WebPage\",\"@id\":\"https:\/\/www.oknobuild.com\/index.php\/produkt\/autenticky-makita-cv102dzl-aku-vesta-l-s-vyhrivanim-li-ion-cxt-12v-z-33355\/\",\"url\":\"https:\/\/www.oknobuild.com\/index.php\/produkt\/autenticky-makita-cv102dzl-aku-vesta-l-s-vyhrivanim-li-ion-cxt-12v-z-33355\/\",\"name\":\"Autentick\u00fd Makita CV102DZL Aku vesta L s vyh\u0159\u00edv\u00e1n\u00edm Li-ion CXT 12V Z -\",\"isPartOf\":{\"@id\":\"https:\/\/www.oknobuild.com\/#website\"},\"primaryImageOfPage\":{\"@id\":\"https:\/\/www.oknobuild.com\/index.php\/produkt\/autenticky-makita-cv102dzl-aku-vesta-l-s-vyhrivanim-li-ion-cxt-12v-z-33355\/#primaryimage\"},\"image\":{\"@id\":\"https:\/\/www.oknobuild.com\/index.php\/produkt\/autenticky-makita-cv102dzl-aku-vesta-l-s-vyhrivanim-li-ion-cxt-12v-z-33355\/#primaryimage\"},\"thumbnailUrl\":\"https:\/\/www.oknobuild.com\/wp-content\/uploads\/2026\/SK0019809-CZ20260425-092328-0-1777080210-priloha_-skk-37988.webp\",\"datePublished\":\"2026-04-27T04:41:59+00:00\",\"breadcrumb\":{\"@id\":\"https:\/\/www.oknobuild.com\/index.php\/produkt\/autenticky-makita-cv102dzl-aku-vesta-l-s-vyhrivanim-li-ion-cxt-12v-z-33355\/#breadcrumb\"},\"inLanguage\":\"cs\",\"potentialAction\":[{\"@type\":\"ReadAction\",\"target\":[\"https:\/\/www.oknobuild.com\/index.php\/produkt\/autenticky-makita-cv102dzl-aku-vesta-l-s-vyhrivanim-li-ion-cxt-12v-z-33355\/\"]}]},{\"@type\":\"ImageObject\",\"inLanguage\":\"cs\",\"@id\":\"https:\/\/www.oknobuild.com\/index.php\/produkt\/autenticky-makita-cv102dzl-aku-vesta-l-s-vyhrivanim-li-ion-cxt-12v-z-33355\/#primaryimage\",\"url\":\"https:\/\/www.oknobuild.com\/wp-content\/uploads\/2026\/SK0019809-CZ20260425-092328-0-1777080210-priloha_-skk-37988.webp\",\"contentUrl\":\"https:\/\/www.oknobuild.com\/wp-content\/uploads\/2026\/SK0019809-CZ20260425-092328-0-1777080210-priloha_-skk-37988.webp\",\"width\":352,\"height\":533},{\"@type\":\"BreadcrumbList\",\"@id\":\"https:\/\/www.oknobuild.com\/index.php\/produkt\/autenticky-makita-cv102dzl-aku-vesta-l-s-vyhrivanim-li-ion-cxt-12v-z-33355\/#breadcrumb\",\"itemListElement\":[{\"@type\":\"ListItem\",\"position\":1,\"name\":\"Home\",\"item\":\"https:\/\/www.oknobuild.com\/\"},{\"@type\":\"ListItem\",\"position\":2,\"name\":\"Products\",\"item\":\"https:\/\/www.oknobuild.com\/index.php\/products\/\"},{\"@type\":\"ListItem\",\"position\":3,\"name\":\"Autentick\u00fd Makita CV102DZL Aku vesta L s vyh\u0159\u00edv\u00e1n\u00edm Li-ion CXT 12V Z\"}]},{\"@type\":\"WebSite\",\"@id\":\"https:\/\/www.oknobuild.com\/#website\",\"url\":\"https:\/\/www.oknobuild.com\/\",\"name\":\"\",\"description\":\"\",\"potentialAction\":[{\"@type\":\"SearchAction\",\"target\":{\"@type\":\"EntryPoint\",\"urlTemplate\":\"https:\/\/www.oknobuild.com\/?s={search_term_string}\"},\"query-input\":{\"@type\":\"PropertyValueSpecification\",\"valueRequired\":true,\"valueName\":\"search_term_string\"}}],\"inLanguage\":\"cs\"}]}<\/script>\n<!-- \/ Yoast SEO plugin. -->","yoast_head_json":{"title":"Autentick\u00fd Makita CV102DZL Aku vesta L s vyh\u0159\u00edv\u00e1n\u00edm Li-ion CXT 12V Z -","robots":{"index":"index","follow":"follow","max-snippet":"max-snippet:-1","max-image-preview":"max-image-preview:large","max-video-preview":"max-video-preview:-1"},"canonical":"https:\/\/www.oknobuild.com\/index.php\/produkt\/autenticky-makita-cv102dzl-aku-vesta-l-s-vyhrivanim-li-ion-cxt-12v-z-33355\/","og_locale":"cs_CZ","og_type":"article","og_title":"Autentick\u00fd Makita CV102DZL Aku vesta L s vyh\u0159\u00edv\u00e1n\u00edm Li-ion CXT 12V Z -","og_description":"Vyh\u0159\u00edvan\u00e1 vesta zaru\u010duje pohodl\u00ed u\u017eivateli p\u0159i pr\u00e1ci v mrazechVesta obsahuje 4 vyh\u0159\u00edvac\u00ed z\u00f3ny na prsou, na krku a na z\u00e1dechVyh\u0159\u00edv\u00e1n\u00ed vesty funguje a\u017e 14 hodin (s akumul\u00e1torem BL1041B p\u0159i stupni Low)Mo\u017enost nastaven\u00ed 3 stup\u0148\u016f vyh\u0159\u00edv\u00e1n\u00ed (High\/Medium\/Low)Vni\u0159n\u00ed \u010d\u00e1st vesty je fleecov\u00e1 &#8211; pocit tepla i p\u0159i vypnut\u00ed vyh\u0159\u00edv\u00e1n\u00edVestu je mo\u017en\u00e9 pr\u00e1t v pra\u010dcePraktick\u00e9 um\u00edst\u011bn\u00ed akumul\u00e1toruDod\u00e1vka bez [&hellip;]","og_url":"https:\/\/www.oknobuild.com\/index.php\/produkt\/autenticky-makita-cv102dzl-aku-vesta-l-s-vyhrivanim-li-ion-cxt-12v-z-33355\/","og_image":[{"width":352,"height":533,"url":"https:\/\/www.oknobuild.com\/wp-content\/uploads\/2026\/SK0019809-CZ20260425-092328-0-1777080210-priloha_-skk-37988.webp","type":"image\/webp"}],"twitter_card":"summary_large_image","twitter_misc":{"Odhadovan\u00e1 doba \u010dten\u00ed":"1 minuta"},"schema":{"@context":"https:\/\/schema.org","@graph":[{"@type":"WebPage","@id":"https:\/\/www.oknobuild.com\/index.php\/produkt\/autenticky-makita-cv102dzl-aku-vesta-l-s-vyhrivanim-li-ion-cxt-12v-z-33355\/","url":"https:\/\/www.oknobuild.com\/index.php\/produkt\/autenticky-makita-cv102dzl-aku-vesta-l-s-vyhrivanim-li-ion-cxt-12v-z-33355\/","name":"Autentick\u00fd Makita CV102DZL Aku vesta L s vyh\u0159\u00edv\u00e1n\u00edm Li-ion CXT 12V Z -","isPartOf":{"@id":"https:\/\/www.oknobuild.com\/#website"},"primaryImageOfPage":{"@id":"https:\/\/www.oknobuild.com\/index.php\/produkt\/autenticky-makita-cv102dzl-aku-vesta-l-s-vyhrivanim-li-ion-cxt-12v-z-33355\/#primaryimage"},"image":{"@id":"https:\/\/www.oknobuild.com\/index.php\/produkt\/autenticky-makita-cv102dzl-aku-vesta-l-s-vyhrivanim-li-ion-cxt-12v-z-33355\/#primaryimage"},"thumbnailUrl":"https:\/\/www.oknobuild.com\/wp-content\/uploads\/2026\/SK0019809-CZ20260425-092328-0-1777080210-priloha_-skk-37988.webp","datePublished":"2026-04-27T04:41:59+00:00","breadcrumb":{"@id":"https:\/\/www.oknobuild.com\/index.php\/produkt\/autenticky-makita-cv102dzl-aku-vesta-l-s-vyhrivanim-li-ion-cxt-12v-z-33355\/#breadcrumb"},"inLanguage":"cs","potentialAction":[{"@type":"ReadAction","target":["https:\/\/www.oknobuild.com\/index.php\/produkt\/autenticky-makita-cv102dzl-aku-vesta-l-s-vyhrivanim-li-ion-cxt-12v-z-33355\/"]}]},{"@type":"ImageObject","inLanguage":"cs","@id":"https:\/\/www.oknobuild.com\/index.php\/produkt\/autenticky-makita-cv102dzl-aku-vesta-l-s-vyhrivanim-li-ion-cxt-12v-z-33355\/#primaryimage","url":"https:\/\/www.oknobuild.com\/wp-content\/uploads\/2026\/SK0019809-CZ20260425-092328-0-1777080210-priloha_-skk-37988.webp","contentUrl":"https:\/\/www.oknobuild.com\/wp-content\/uploads\/2026\/SK0019809-CZ20260425-092328-0-1777080210-priloha_-skk-37988.webp","width":352,"height":533},{"@type":"BreadcrumbList","@id":"https:\/\/www.oknobuild.com\/index.php\/produkt\/autenticky-makita-cv102dzl-aku-vesta-l-s-vyhrivanim-li-ion-cxt-12v-z-33355\/#breadcrumb","itemListElement":[{"@type":"ListItem","position":1,"name":"Home","item":"https:\/\/www.oknobuild.com\/"},{"@type":"ListItem","position":2,"name":"Products","item":"https:\/\/www.oknobuild.com\/index.php\/products\/"},{"@type":"ListItem","position":3,"name":"Autentick\u00fd Makita CV102DZL Aku vesta L s vyh\u0159\u00edv\u00e1n\u00edm Li-ion CXT 12V Z"}]},{"@type":"WebSite","@id":"https:\/\/www.oknobuild.com\/#website","url":"https:\/\/www.oknobuild.com\/","name":"","description":"","potentialAction":[{"@type":"SearchAction","target":{"@type":"EntryPoint","urlTemplate":"https:\/\/www.oknobuild.com\/?s={search_term_string}"},"query-input":{"@type":"PropertyValueSpecification","valueRequired":true,"valueName":"search_term_string"}}],"inLanguage":"cs"}]}},"_links":{"self":[{"href":"https:\/\/www.oknobuild.com\/index.php\/wp-json\/wp\/v2\/product\/33355","targetHints":{"allow":["GET"]}}],"collection":[{"href":"https:\/\/www.oknobuild.com\/index.php\/wp-json\/wp\/v2\/product"}],"about":[{"href":"https:\/\/www.oknobuild.com\/index.php\/wp-json\/wp\/v2\/types\/product"}],"replies":[{"embeddable":true,"href":"https:\/\/www.oknobuild.com\/index.php\/wp-json\/wp\/v2\/comments?post=33355"}],"wp:featuredmedia":[{"embeddable":true,"href":"https:\/\/www.oknobuild.com\/index.php\/wp-json\/wp\/v2\/media\/33455"}],"wp:attachment":[{"href":"https:\/\/www.oknobuild.com\/index.php\/wp-json\/wp\/v2\/media?parent=33355"}],"wp:term":[{"taxonomy":"product_brand","embeddable":true,"href":"https:\/\/www.oknobuild.com\/index.php\/wp-json\/wp\/v2\/product_brand?post=33355"},{"taxonomy":"product_cat","embeddable":true,"href":"https:\/\/www.oknobuild.com\/index.php\/wp-json\/wp\/v2\/product_cat?post=33355"},{"taxonomy":"product_tag","embeddable":true,"href":"https:\/\/www.oknobuild.com\/index.php\/wp-json\/wp\/v2\/product_tag?post=33355"}],"curies":[{"name":"wp","href":"https:\/\/api.w.org\/{rel}","templated":true}]}}