{"id":33919,"date":"2026-04-27T04:42:01","date_gmt":"2026-04-27T04:42:01","guid":{"rendered":""},"modified":"2026-04-27T04:42:01","modified_gmt":"2026-04-27T04:42:01","slug":"intex-129022-solarni-plachta-na-bazen-pr-366-cm-cenovy-hit-33919","status":"publish","type":"product","link":"https:\/\/www.oknobuild.com\/index.php\/produkt\/intex-129022-solarni-plachta-na-bazen-pr-366-cm-cenovy-hit-33919\/","title":{"rendered":"Intex 129022 Sol\u00e1rn\u00ed plachta na baz\u00e9n pr 366 cm Cenov\u00fd Hit"},"content":{"rendered":"<table>\n<div class=\"tab-pane active product-description\" id=\"popis\" role=\"tabpanel\">\n<div class=\"short-description\" itemprop=\"description\"><\/div>\n<div class=\"description\"><span class='bullet-line'>Sol\u00e1rn\u00ed kryt o velikosti 348 cm. <\/span><span class='bullet-line'>Pro baz\u00e9ny o velikosti 366 cm.<\/span><span class='bullet-line'>Pom\u00e1h\u00e1 udr\u017eet vodu teplou a sn\u00ed\u017e\u00ed odpa\u0159ov\u00e1n\u00ed vody o 95%.<\/span><\/div>\n<div class=\"parameters\">\n<tr>\n<td>EAN<\/td>\n<td>6941057404486<\/td>\n<\/tr>\n<tr>\n<td>Z\u00e1ruka<\/td>\n<td>24 m\u011bs\u00edc\u016f<\/td>\n<\/tr>\n<tr>\n<td>Zna\u010dka<\/td>\n<td>Intex<\/td>\n<\/tr>\n<tr>\n<td>Rozm\u011br<\/td>\n<td>Rozm\u011bry kusov\u00e9ho balen\u00ed v cm: 37 x 37 x 27<\/td>\n<\/tr><\/div>\n<\/table>\n","protected":false},"excerpt":{"rendered":"<p>Sol\u00e1rn\u00ed kryt o velikosti 348 cm. Pro baz\u00e9ny o velikosti 366 cm.Pom\u00e1h\u00e1 udr\u017eet vodu teplou a sn\u00ed\u017e\u00ed odpa\u0159ov\u00e1n\u00ed vody o 95%. EAN 6941057404486 Z\u00e1ruka 24 m\u011bs\u00edc\u016f Zna\u010dka Intex Rozm\u011br Rozm\u011bry kusov\u00e9ho balen\u00ed v cm: 37 x 37 x 27<\/p>\n","protected":false},"featured_media":34019,"comment_status":"open","ping_status":"open","template":"","meta":[],"product_brand":[],"product_cat":[81,82,83],"product_tag":[],"class_list":{"0":"post-33919","1":"product","2":"type-product","3":"status-publish","4":"has-post-thumbnail","6":"product_cat-bazen","7":"product_cat-sport","8":"product_cat-volny-cas","10":"first","11":"instock","12":"sale","13":"shipping-taxable","14":"purchasable","15":"product-type-simple"},"yoast_head":"<!-- This site is optimized with the Yoast SEO plugin v26.8 - https:\/\/yoast.com\/product\/yoast-seo-wordpress\/ -->\n<title>Intex 129022 Sol\u00e1rn\u00ed plachta na baz\u00e9n pr 366 cm Cenov\u00fd Hit -<\/title>\n<meta name=\"robots\" content=\"index, follow, max-snippet:-1, max-image-preview:large, max-video-preview:-1\" \/>\n<link rel=\"canonical\" href=\"https:\/\/www.oknobuild.com\/index.php\/produkt\/intex-129022-solarni-plachta-na-bazen-pr-366-cm-cenovy-hit-33919\/\" \/>\n<meta property=\"og:locale\" content=\"cs_CZ\" \/>\n<meta property=\"og:type\" content=\"article\" \/>\n<meta property=\"og:title\" content=\"Intex 129022 Sol\u00e1rn\u00ed plachta na baz\u00e9n pr 366 cm Cenov\u00fd Hit -\" \/>\n<meta property=\"og:description\" content=\"Sol\u00e1rn\u00ed kryt o velikosti 348 cm. Pro baz\u00e9ny o velikosti 366 cm.Pom\u00e1h\u00e1 udr\u017eet vodu teplou a sn\u00ed\u017e\u00ed odpa\u0159ov\u00e1n\u00ed vody o 95%. EAN 6941057404486 Z\u00e1ruka 24 m\u011bs\u00edc\u016f Zna\u010dka Intex Rozm\u011br Rozm\u011bry kusov\u00e9ho balen\u00ed v cm: 37 x 37 x 27\" \/>\n<meta property=\"og:url\" content=\"https:\/\/www.oknobuild.com\/index.php\/produkt\/intex-129022-solarni-plachta-na-bazen-pr-366-cm-cenovy-hit-33919\/\" \/>\n<meta property=\"og:image\" content=\"https:\/\/www.oknobuild.com\/wp-content\/uploads\/2026\/SK0020080-CZ20260425-092328-0-1777080210-211321-1_104656.webp\" \/>\n\t<meta property=\"og:image:width\" content=\"800\" \/>\n\t<meta property=\"og:image:height\" content=\"800\" \/>\n\t<meta property=\"og:image:type\" content=\"image\/webp\" \/>\n<meta name=\"twitter:card\" content=\"summary_large_image\" \/>\n<script type=\"application\/ld+json\" class=\"yoast-schema-graph\">{\"@context\":\"https:\/\/schema.org\",\"@graph\":[{\"@type\":\"WebPage\",\"@id\":\"https:\/\/www.oknobuild.com\/index.php\/produkt\/intex-129022-solarni-plachta-na-bazen-pr-366-cm-cenovy-hit-33919\/\",\"url\":\"https:\/\/www.oknobuild.com\/index.php\/produkt\/intex-129022-solarni-plachta-na-bazen-pr-366-cm-cenovy-hit-33919\/\",\"name\":\"Intex 129022 Sol\u00e1rn\u00ed plachta na baz\u00e9n pr 366 cm Cenov\u00fd Hit -\",\"isPartOf\":{\"@id\":\"https:\/\/www.oknobuild.com\/#website\"},\"primaryImageOfPage\":{\"@id\":\"https:\/\/www.oknobuild.com\/index.php\/produkt\/intex-129022-solarni-plachta-na-bazen-pr-366-cm-cenovy-hit-33919\/#primaryimage\"},\"image\":{\"@id\":\"https:\/\/www.oknobuild.com\/index.php\/produkt\/intex-129022-solarni-plachta-na-bazen-pr-366-cm-cenovy-hit-33919\/#primaryimage\"},\"thumbnailUrl\":\"https:\/\/www.oknobuild.com\/wp-content\/uploads\/2026\/SK0020080-CZ20260425-092328-0-1777080210-211321-1_104656.webp\",\"datePublished\":\"2026-04-27T04:42:01+00:00\",\"breadcrumb\":{\"@id\":\"https:\/\/www.oknobuild.com\/index.php\/produkt\/intex-129022-solarni-plachta-na-bazen-pr-366-cm-cenovy-hit-33919\/#breadcrumb\"},\"inLanguage\":\"cs\",\"potentialAction\":[{\"@type\":\"ReadAction\",\"target\":[\"https:\/\/www.oknobuild.com\/index.php\/produkt\/intex-129022-solarni-plachta-na-bazen-pr-366-cm-cenovy-hit-33919\/\"]}]},{\"@type\":\"ImageObject\",\"inLanguage\":\"cs\",\"@id\":\"https:\/\/www.oknobuild.com\/index.php\/produkt\/intex-129022-solarni-plachta-na-bazen-pr-366-cm-cenovy-hit-33919\/#primaryimage\",\"url\":\"https:\/\/www.oknobuild.com\/wp-content\/uploads\/2026\/SK0020080-CZ20260425-092328-0-1777080210-211321-1_104656.webp\",\"contentUrl\":\"https:\/\/www.oknobuild.com\/wp-content\/uploads\/2026\/SK0020080-CZ20260425-092328-0-1777080210-211321-1_104656.webp\",\"width\":800,\"height\":800},{\"@type\":\"BreadcrumbList\",\"@id\":\"https:\/\/www.oknobuild.com\/index.php\/produkt\/intex-129022-solarni-plachta-na-bazen-pr-366-cm-cenovy-hit-33919\/#breadcrumb\",\"itemListElement\":[{\"@type\":\"ListItem\",\"position\":1,\"name\":\"Home\",\"item\":\"https:\/\/www.oknobuild.com\/\"},{\"@type\":\"ListItem\",\"position\":2,\"name\":\"Products\",\"item\":\"https:\/\/www.oknobuild.com\/index.php\/products\/\"},{\"@type\":\"ListItem\",\"position\":3,\"name\":\"Intex 129022 Sol\u00e1rn\u00ed plachta na baz\u00e9n pr 366 cm Cenov\u00fd Hit\"}]},{\"@type\":\"WebSite\",\"@id\":\"https:\/\/www.oknobuild.com\/#website\",\"url\":\"https:\/\/www.oknobuild.com\/\",\"name\":\"\",\"description\":\"\",\"potentialAction\":[{\"@type\":\"SearchAction\",\"target\":{\"@type\":\"EntryPoint\",\"urlTemplate\":\"https:\/\/www.oknobuild.com\/?s={search_term_string}\"},\"query-input\":{\"@type\":\"PropertyValueSpecification\",\"valueRequired\":true,\"valueName\":\"search_term_string\"}}],\"inLanguage\":\"cs\"}]}<\/script>\n<!-- \/ Yoast SEO plugin. -->","yoast_head_json":{"title":"Intex 129022 Sol\u00e1rn\u00ed plachta na baz\u00e9n pr 366 cm Cenov\u00fd Hit -","robots":{"index":"index","follow":"follow","max-snippet":"max-snippet:-1","max-image-preview":"max-image-preview:large","max-video-preview":"max-video-preview:-1"},"canonical":"https:\/\/www.oknobuild.com\/index.php\/produkt\/intex-129022-solarni-plachta-na-bazen-pr-366-cm-cenovy-hit-33919\/","og_locale":"cs_CZ","og_type":"article","og_title":"Intex 129022 Sol\u00e1rn\u00ed plachta na baz\u00e9n pr 366 cm Cenov\u00fd Hit -","og_description":"Sol\u00e1rn\u00ed kryt o velikosti 348 cm. Pro baz\u00e9ny o velikosti 366 cm.Pom\u00e1h\u00e1 udr\u017eet vodu teplou a sn\u00ed\u017e\u00ed odpa\u0159ov\u00e1n\u00ed vody o 95%. EAN 6941057404486 Z\u00e1ruka 24 m\u011bs\u00edc\u016f Zna\u010dka Intex Rozm\u011br Rozm\u011bry kusov\u00e9ho balen\u00ed v cm: 37 x 37 x 27","og_url":"https:\/\/www.oknobuild.com\/index.php\/produkt\/intex-129022-solarni-plachta-na-bazen-pr-366-cm-cenovy-hit-33919\/","og_image":[{"width":800,"height":800,"url":"https:\/\/www.oknobuild.com\/wp-content\/uploads\/2026\/SK0020080-CZ20260425-092328-0-1777080210-211321-1_104656.webp","type":"image\/webp"}],"twitter_card":"summary_large_image","schema":{"@context":"https:\/\/schema.org","@graph":[{"@type":"WebPage","@id":"https:\/\/www.oknobuild.com\/index.php\/produkt\/intex-129022-solarni-plachta-na-bazen-pr-366-cm-cenovy-hit-33919\/","url":"https:\/\/www.oknobuild.com\/index.php\/produkt\/intex-129022-solarni-plachta-na-bazen-pr-366-cm-cenovy-hit-33919\/","name":"Intex 129022 Sol\u00e1rn\u00ed plachta na baz\u00e9n pr 366 cm Cenov\u00fd Hit -","isPartOf":{"@id":"https:\/\/www.oknobuild.com\/#website"},"primaryImageOfPage":{"@id":"https:\/\/www.oknobuild.com\/index.php\/produkt\/intex-129022-solarni-plachta-na-bazen-pr-366-cm-cenovy-hit-33919\/#primaryimage"},"image":{"@id":"https:\/\/www.oknobuild.com\/index.php\/produkt\/intex-129022-solarni-plachta-na-bazen-pr-366-cm-cenovy-hit-33919\/#primaryimage"},"thumbnailUrl":"https:\/\/www.oknobuild.com\/wp-content\/uploads\/2026\/SK0020080-CZ20260425-092328-0-1777080210-211321-1_104656.webp","datePublished":"2026-04-27T04:42:01+00:00","breadcrumb":{"@id":"https:\/\/www.oknobuild.com\/index.php\/produkt\/intex-129022-solarni-plachta-na-bazen-pr-366-cm-cenovy-hit-33919\/#breadcrumb"},"inLanguage":"cs","potentialAction":[{"@type":"ReadAction","target":["https:\/\/www.oknobuild.com\/index.php\/produkt\/intex-129022-solarni-plachta-na-bazen-pr-366-cm-cenovy-hit-33919\/"]}]},{"@type":"ImageObject","inLanguage":"cs","@id":"https:\/\/www.oknobuild.com\/index.php\/produkt\/intex-129022-solarni-plachta-na-bazen-pr-366-cm-cenovy-hit-33919\/#primaryimage","url":"https:\/\/www.oknobuild.com\/wp-content\/uploads\/2026\/SK0020080-CZ20260425-092328-0-1777080210-211321-1_104656.webp","contentUrl":"https:\/\/www.oknobuild.com\/wp-content\/uploads\/2026\/SK0020080-CZ20260425-092328-0-1777080210-211321-1_104656.webp","width":800,"height":800},{"@type":"BreadcrumbList","@id":"https:\/\/www.oknobuild.com\/index.php\/produkt\/intex-129022-solarni-plachta-na-bazen-pr-366-cm-cenovy-hit-33919\/#breadcrumb","itemListElement":[{"@type":"ListItem","position":1,"name":"Home","item":"https:\/\/www.oknobuild.com\/"},{"@type":"ListItem","position":2,"name":"Products","item":"https:\/\/www.oknobuild.com\/index.php\/products\/"},{"@type":"ListItem","position":3,"name":"Intex 129022 Sol\u00e1rn\u00ed plachta na baz\u00e9n pr 366 cm Cenov\u00fd Hit"}]},{"@type":"WebSite","@id":"https:\/\/www.oknobuild.com\/#website","url":"https:\/\/www.oknobuild.com\/","name":"","description":"","potentialAction":[{"@type":"SearchAction","target":{"@type":"EntryPoint","urlTemplate":"https:\/\/www.oknobuild.com\/?s={search_term_string}"},"query-input":{"@type":"PropertyValueSpecification","valueRequired":true,"valueName":"search_term_string"}}],"inLanguage":"cs"}]}},"_links":{"self":[{"href":"https:\/\/www.oknobuild.com\/index.php\/wp-json\/wp\/v2\/product\/33919","targetHints":{"allow":["GET"]}}],"collection":[{"href":"https:\/\/www.oknobuild.com\/index.php\/wp-json\/wp\/v2\/product"}],"about":[{"href":"https:\/\/www.oknobuild.com\/index.php\/wp-json\/wp\/v2\/types\/product"}],"replies":[{"embeddable":true,"href":"https:\/\/www.oknobuild.com\/index.php\/wp-json\/wp\/v2\/comments?post=33919"}],"wp:featuredmedia":[{"embeddable":true,"href":"https:\/\/www.oknobuild.com\/index.php\/wp-json\/wp\/v2\/media\/34019"}],"wp:attachment":[{"href":"https:\/\/www.oknobuild.com\/index.php\/wp-json\/wp\/v2\/media?parent=33919"}],"wp:term":[{"taxonomy":"product_brand","embeddable":true,"href":"https:\/\/www.oknobuild.com\/index.php\/wp-json\/wp\/v2\/product_brand?post=33919"},{"taxonomy":"product_cat","embeddable":true,"href":"https:\/\/www.oknobuild.com\/index.php\/wp-json\/wp\/v2\/product_cat?post=33919"},{"taxonomy":"product_tag","embeddable":true,"href":"https:\/\/www.oknobuild.com\/index.php\/wp-json\/wp\/v2\/product_tag?post=33919"}],"curies":[{"name":"wp","href":"https:\/\/api.w.org\/{rel}","templated":true}]}}