{"id":33920,"date":"2026-04-27T04:42:01","date_gmt":"2026-04-27T04:42:01","guid":{"rendered":""},"modified":"2026-04-27T04:42:01","modified_gmt":"2026-04-27T04:42:01","slug":"intex-156263np-nafukovaci-matrace-tube-pr-114cm-bezpecna-platba-33920","status":"publish","type":"product","link":"https:\/\/www.oknobuild.com\/index.php\/produkt\/intex-156263np-nafukovaci-matrace-tube-pr-114cm-bezpecna-platba-33920\/","title":{"rendered":"Intex 156263NP Nafukovac\u00ed matrace Tube, pr 114cm Bezpe\u010dn\u00e1 Platba"},"content":{"rendered":"<table>\n<div class=\"tab-pane active product-description\" id=\"popis\" role=\"tabpanel\">\n<div class=\"short-description\" itemprop=\"description\"><\/div>\n<div class=\"description\"><span class='bullet-line'>Plovac\u00ed kruh Intex Rainbow Sprinkle Donut Tube zaujme p\u0159edev\u0161\u00edm sv\u00fdm jedine\u010dn\u00fdm atraktivn\u00edm designem. <\/span><span class='bullet-line'>Realistick\u00fd potisk imituje sladkou pochoutku. <\/span><span class='bullet-line'>Kruh m\u00e1 v pr\u016fm\u011bru 114 cm a je vyroben z kvalitn\u00edho a odoln\u00e9ho materi\u00e1lu. <\/span><span class='bullet-line'>Ide\u00e1ln\u00ed pro v\u0161echny milovn\u00edky vodn\u00edch radov\u00e1nek. <\/span><span class='bullet-line'>Je vhodn\u00fd pro d\u011bti i dosp\u011bl\u00e9 od 9 let.<\/span><\/div>\n<div class=\"parameters\">\n<tr>\n<td>n\u00e1dhern\u00fd origin\u00e1ln\u00ed design<\/td>\n<td>ano<\/td>\n<\/tr>\n<tr>\n<td>odoln\u00fd a pevn\u00fd materi\u00e1l<\/td>\n<td>ano<\/td>\n<\/tr>\n<tr>\n<td>sou\u010d\u00e1st\u00ed balen\u00ed je sada na opravy<\/td>\n<td>ano<\/td>\n<\/tr>\n<tr>\n<td>pr\u016fm\u011br<\/td>\n<td>114 cm<\/td>\n<\/tr>\n<tr>\n<td>materi\u00e1l vinyl<\/td>\n<td>(0,25 mm)<\/td>\n<\/tr>\n<tr>\n<td>vhodn\u00e9 pro d\u011bti<\/td>\n<td>od 9 let<\/td>\n<\/tr><\/div>\n<\/table>\n","protected":false},"excerpt":{"rendered":"<p>Plovac\u00ed kruh Intex Rainbow Sprinkle Donut Tube zaujme p\u0159edev\u0161\u00edm sv\u00fdm jedine\u010dn\u00fdm atraktivn\u00edm designem. Realistick\u00fd potisk imituje sladkou pochoutku. Kruh m\u00e1 v pr\u016fm\u011bru 114 cm a je vyroben z kvalitn\u00edho a odoln\u00e9ho materi\u00e1lu. Ide\u00e1ln\u00ed pro v\u0161echny milovn\u00edky vodn\u00edch radov\u00e1nek. Je vhodn\u00fd pro d\u011bti i dosp\u011bl\u00e9 od 9 let. n\u00e1dhern\u00fd origin\u00e1ln\u00ed design ano odoln\u00fd a pevn\u00fd materi\u00e1l [&hellip;]<\/p>\n","protected":false},"featured_media":34020,"comment_status":"open","ping_status":"open","template":"","meta":[],"product_brand":[],"product_cat":[81,82,83],"product_tag":[],"class_list":{"0":"post-33920","1":"product","2":"type-product","3":"status-publish","4":"has-post-thumbnail","6":"product_cat-bazen","7":"product_cat-sport","8":"product_cat-volny-cas","10":"first","11":"instock","12":"sale","13":"shipping-taxable","14":"purchasable","15":"product-type-simple"},"yoast_head":"<!-- This site is optimized with the Yoast SEO plugin v26.8 - https:\/\/yoast.com\/product\/yoast-seo-wordpress\/ -->\n<title>Intex 156263NP Nafukovac\u00ed matrace Tube, pr 114cm Bezpe\u010dn\u00e1 Platba -<\/title>\n<meta name=\"robots\" content=\"index, follow, max-snippet:-1, max-image-preview:large, max-video-preview:-1\" \/>\n<link rel=\"canonical\" href=\"https:\/\/www.oknobuild.com\/index.php\/produkt\/intex-156263np-nafukovaci-matrace-tube-pr-114cm-bezpecna-platba-33920\/\" \/>\n<meta property=\"og:locale\" content=\"cs_CZ\" \/>\n<meta property=\"og:type\" content=\"article\" \/>\n<meta property=\"og:title\" content=\"Intex 156263NP Nafukovac\u00ed matrace Tube, pr 114cm Bezpe\u010dn\u00e1 Platba -\" \/>\n<meta property=\"og:description\" content=\"Plovac\u00ed kruh Intex Rainbow Sprinkle Donut Tube zaujme p\u0159edev\u0161\u00edm sv\u00fdm jedine\u010dn\u00fdm atraktivn\u00edm designem. Realistick\u00fd potisk imituje sladkou pochoutku. Kruh m\u00e1 v pr\u016fm\u011bru 114 cm a je vyroben z kvalitn\u00edho a odoln\u00e9ho materi\u00e1lu. Ide\u00e1ln\u00ed pro v\u0161echny milovn\u00edky vodn\u00edch radov\u00e1nek. Je vhodn\u00fd pro d\u011bti i dosp\u011bl\u00e9 od 9 let. n\u00e1dhern\u00fd origin\u00e1ln\u00ed design ano odoln\u00fd a pevn\u00fd materi\u00e1l [&hellip;]\" \/>\n<meta property=\"og:url\" content=\"https:\/\/www.oknobuild.com\/index.php\/produkt\/intex-156263np-nafukovaci-matrace-tube-pr-114cm-bezpecna-platba-33920\/\" \/>\n<meta property=\"og:image\" content=\"https:\/\/www.oknobuild.com\/wp-content\/uploads\/2026\/SK0020081-CZ20260425-092328-0-1777080210-211322-1_104656.webp\" \/>\n\t<meta property=\"og:image:width\" content=\"800\" \/>\n\t<meta property=\"og:image:height\" content=\"800\" \/>\n\t<meta property=\"og:image:type\" content=\"image\/webp\" \/>\n<meta name=\"twitter:card\" content=\"summary_large_image\" \/>\n<script type=\"application\/ld+json\" class=\"yoast-schema-graph\">{\"@context\":\"https:\/\/schema.org\",\"@graph\":[{\"@type\":\"WebPage\",\"@id\":\"https:\/\/www.oknobuild.com\/index.php\/produkt\/intex-156263np-nafukovaci-matrace-tube-pr-114cm-bezpecna-platba-33920\/\",\"url\":\"https:\/\/www.oknobuild.com\/index.php\/produkt\/intex-156263np-nafukovaci-matrace-tube-pr-114cm-bezpecna-platba-33920\/\",\"name\":\"Intex 156263NP Nafukovac\u00ed matrace Tube, pr 114cm Bezpe\u010dn\u00e1 Platba -\",\"isPartOf\":{\"@id\":\"https:\/\/www.oknobuild.com\/#website\"},\"primaryImageOfPage\":{\"@id\":\"https:\/\/www.oknobuild.com\/index.php\/produkt\/intex-156263np-nafukovaci-matrace-tube-pr-114cm-bezpecna-platba-33920\/#primaryimage\"},\"image\":{\"@id\":\"https:\/\/www.oknobuild.com\/index.php\/produkt\/intex-156263np-nafukovaci-matrace-tube-pr-114cm-bezpecna-platba-33920\/#primaryimage\"},\"thumbnailUrl\":\"https:\/\/www.oknobuild.com\/wp-content\/uploads\/2026\/SK0020081-CZ20260425-092328-0-1777080210-211322-1_104656.webp\",\"datePublished\":\"2026-04-27T04:42:01+00:00\",\"breadcrumb\":{\"@id\":\"https:\/\/www.oknobuild.com\/index.php\/produkt\/intex-156263np-nafukovaci-matrace-tube-pr-114cm-bezpecna-platba-33920\/#breadcrumb\"},\"inLanguage\":\"cs\",\"potentialAction\":[{\"@type\":\"ReadAction\",\"target\":[\"https:\/\/www.oknobuild.com\/index.php\/produkt\/intex-156263np-nafukovaci-matrace-tube-pr-114cm-bezpecna-platba-33920\/\"]}]},{\"@type\":\"ImageObject\",\"inLanguage\":\"cs\",\"@id\":\"https:\/\/www.oknobuild.com\/index.php\/produkt\/intex-156263np-nafukovaci-matrace-tube-pr-114cm-bezpecna-platba-33920\/#primaryimage\",\"url\":\"https:\/\/www.oknobuild.com\/wp-content\/uploads\/2026\/SK0020081-CZ20260425-092328-0-1777080210-211322-1_104656.webp\",\"contentUrl\":\"https:\/\/www.oknobuild.com\/wp-content\/uploads\/2026\/SK0020081-CZ20260425-092328-0-1777080210-211322-1_104656.webp\",\"width\":800,\"height\":800},{\"@type\":\"BreadcrumbList\",\"@id\":\"https:\/\/www.oknobuild.com\/index.php\/produkt\/intex-156263np-nafukovaci-matrace-tube-pr-114cm-bezpecna-platba-33920\/#breadcrumb\",\"itemListElement\":[{\"@type\":\"ListItem\",\"position\":1,\"name\":\"Home\",\"item\":\"https:\/\/www.oknobuild.com\/\"},{\"@type\":\"ListItem\",\"position\":2,\"name\":\"Products\",\"item\":\"https:\/\/www.oknobuild.com\/index.php\/products\/\"},{\"@type\":\"ListItem\",\"position\":3,\"name\":\"Intex 156263NP Nafukovac\u00ed matrace Tube, pr 114cm Bezpe\u010dn\u00e1 Platba\"}]},{\"@type\":\"WebSite\",\"@id\":\"https:\/\/www.oknobuild.com\/#website\",\"url\":\"https:\/\/www.oknobuild.com\/\",\"name\":\"\",\"description\":\"\",\"potentialAction\":[{\"@type\":\"SearchAction\",\"target\":{\"@type\":\"EntryPoint\",\"urlTemplate\":\"https:\/\/www.oknobuild.com\/?s={search_term_string}\"},\"query-input\":{\"@type\":\"PropertyValueSpecification\",\"valueRequired\":true,\"valueName\":\"search_term_string\"}}],\"inLanguage\":\"cs\"}]}<\/script>\n<!-- \/ Yoast SEO plugin. -->","yoast_head_json":{"title":"Intex 156263NP Nafukovac\u00ed matrace Tube, pr 114cm Bezpe\u010dn\u00e1 Platba -","robots":{"index":"index","follow":"follow","max-snippet":"max-snippet:-1","max-image-preview":"max-image-preview:large","max-video-preview":"max-video-preview:-1"},"canonical":"https:\/\/www.oknobuild.com\/index.php\/produkt\/intex-156263np-nafukovaci-matrace-tube-pr-114cm-bezpecna-platba-33920\/","og_locale":"cs_CZ","og_type":"article","og_title":"Intex 156263NP Nafukovac\u00ed matrace Tube, pr 114cm Bezpe\u010dn\u00e1 Platba -","og_description":"Plovac\u00ed kruh Intex Rainbow Sprinkle Donut Tube zaujme p\u0159edev\u0161\u00edm sv\u00fdm jedine\u010dn\u00fdm atraktivn\u00edm designem. Realistick\u00fd potisk imituje sladkou pochoutku. Kruh m\u00e1 v pr\u016fm\u011bru 114 cm a je vyroben z kvalitn\u00edho a odoln\u00e9ho materi\u00e1lu. Ide\u00e1ln\u00ed pro v\u0161echny milovn\u00edky vodn\u00edch radov\u00e1nek. Je vhodn\u00fd pro d\u011bti i dosp\u011bl\u00e9 od 9 let. n\u00e1dhern\u00fd origin\u00e1ln\u00ed design ano odoln\u00fd a pevn\u00fd materi\u00e1l [&hellip;]","og_url":"https:\/\/www.oknobuild.com\/index.php\/produkt\/intex-156263np-nafukovaci-matrace-tube-pr-114cm-bezpecna-platba-33920\/","og_image":[{"width":800,"height":800,"url":"https:\/\/www.oknobuild.com\/wp-content\/uploads\/2026\/SK0020081-CZ20260425-092328-0-1777080210-211322-1_104656.webp","type":"image\/webp"}],"twitter_card":"summary_large_image","schema":{"@context":"https:\/\/schema.org","@graph":[{"@type":"WebPage","@id":"https:\/\/www.oknobuild.com\/index.php\/produkt\/intex-156263np-nafukovaci-matrace-tube-pr-114cm-bezpecna-platba-33920\/","url":"https:\/\/www.oknobuild.com\/index.php\/produkt\/intex-156263np-nafukovaci-matrace-tube-pr-114cm-bezpecna-platba-33920\/","name":"Intex 156263NP Nafukovac\u00ed matrace Tube, pr 114cm Bezpe\u010dn\u00e1 Platba -","isPartOf":{"@id":"https:\/\/www.oknobuild.com\/#website"},"primaryImageOfPage":{"@id":"https:\/\/www.oknobuild.com\/index.php\/produkt\/intex-156263np-nafukovaci-matrace-tube-pr-114cm-bezpecna-platba-33920\/#primaryimage"},"image":{"@id":"https:\/\/www.oknobuild.com\/index.php\/produkt\/intex-156263np-nafukovaci-matrace-tube-pr-114cm-bezpecna-platba-33920\/#primaryimage"},"thumbnailUrl":"https:\/\/www.oknobuild.com\/wp-content\/uploads\/2026\/SK0020081-CZ20260425-092328-0-1777080210-211322-1_104656.webp","datePublished":"2026-04-27T04:42:01+00:00","breadcrumb":{"@id":"https:\/\/www.oknobuild.com\/index.php\/produkt\/intex-156263np-nafukovaci-matrace-tube-pr-114cm-bezpecna-platba-33920\/#breadcrumb"},"inLanguage":"cs","potentialAction":[{"@type":"ReadAction","target":["https:\/\/www.oknobuild.com\/index.php\/produkt\/intex-156263np-nafukovaci-matrace-tube-pr-114cm-bezpecna-platba-33920\/"]}]},{"@type":"ImageObject","inLanguage":"cs","@id":"https:\/\/www.oknobuild.com\/index.php\/produkt\/intex-156263np-nafukovaci-matrace-tube-pr-114cm-bezpecna-platba-33920\/#primaryimage","url":"https:\/\/www.oknobuild.com\/wp-content\/uploads\/2026\/SK0020081-CZ20260425-092328-0-1777080210-211322-1_104656.webp","contentUrl":"https:\/\/www.oknobuild.com\/wp-content\/uploads\/2026\/SK0020081-CZ20260425-092328-0-1777080210-211322-1_104656.webp","width":800,"height":800},{"@type":"BreadcrumbList","@id":"https:\/\/www.oknobuild.com\/index.php\/produkt\/intex-156263np-nafukovaci-matrace-tube-pr-114cm-bezpecna-platba-33920\/#breadcrumb","itemListElement":[{"@type":"ListItem","position":1,"name":"Home","item":"https:\/\/www.oknobuild.com\/"},{"@type":"ListItem","position":2,"name":"Products","item":"https:\/\/www.oknobuild.com\/index.php\/products\/"},{"@type":"ListItem","position":3,"name":"Intex 156263NP Nafukovac\u00ed matrace Tube, pr 114cm Bezpe\u010dn\u00e1 Platba"}]},{"@type":"WebSite","@id":"https:\/\/www.oknobuild.com\/#website","url":"https:\/\/www.oknobuild.com\/","name":"","description":"","potentialAction":[{"@type":"SearchAction","target":{"@type":"EntryPoint","urlTemplate":"https:\/\/www.oknobuild.com\/?s={search_term_string}"},"query-input":{"@type":"PropertyValueSpecification","valueRequired":true,"valueName":"search_term_string"}}],"inLanguage":"cs"}]}},"_links":{"self":[{"href":"https:\/\/www.oknobuild.com\/index.php\/wp-json\/wp\/v2\/product\/33920","targetHints":{"allow":["GET"]}}],"collection":[{"href":"https:\/\/www.oknobuild.com\/index.php\/wp-json\/wp\/v2\/product"}],"about":[{"href":"https:\/\/www.oknobuild.com\/index.php\/wp-json\/wp\/v2\/types\/product"}],"replies":[{"embeddable":true,"href":"https:\/\/www.oknobuild.com\/index.php\/wp-json\/wp\/v2\/comments?post=33920"}],"wp:featuredmedia":[{"embeddable":true,"href":"https:\/\/www.oknobuild.com\/index.php\/wp-json\/wp\/v2\/media\/34020"}],"wp:attachment":[{"href":"https:\/\/www.oknobuild.com\/index.php\/wp-json\/wp\/v2\/media?parent=33920"}],"wp:term":[{"taxonomy":"product_brand","embeddable":true,"href":"https:\/\/www.oknobuild.com\/index.php\/wp-json\/wp\/v2\/product_brand?post=33920"},{"taxonomy":"product_cat","embeddable":true,"href":"https:\/\/www.oknobuild.com\/index.php\/wp-json\/wp\/v2\/product_cat?post=33920"},{"taxonomy":"product_tag","embeddable":true,"href":"https:\/\/www.oknobuild.com\/index.php\/wp-json\/wp\/v2\/product_tag?post=33920"}],"curies":[{"name":"wp","href":"https:\/\/api.w.org\/{rel}","templated":true}]}}