{"id":33921,"date":"2026-04-27T04:42:01","date_gmt":"2026-04-27T04:42:01","guid":{"rendered":""},"modified":"2026-04-27T04:42:01","modified_gmt":"2026-04-27T04:42:01","slug":"jen-po-omezenou-doba-min2c-mspo204fxx-v1-posypovy-sterk-2-4mm-25-kg-33921","status":"publish","type":"product","link":"https:\/\/www.oknobuild.com\/index.php\/produkt\/jen-po-omezenou-doba-min2c-mspo204fxx-v1-posypovy-sterk-2-4mm-25-kg-33921\/","title":{"rendered":"Jen Po Omezenou Doba Min2C MSPO204FXX-V1 Posypov\u00fd \u0161t\u011brk 2-4mm 25 kg"},"content":{"rendered":"<table>\n<div class=\"tab-pane active product-description\" id=\"popis\" role=\"tabpanel\">\n<div class=\"short-description\" itemprop=\"description\"><\/div>\n<div class=\"description\"><span class='bullet-line'>\u0160t\u011brk a obl\u00e1zky <br \/><\/span><span class='bullet-line'>25 kg zrna pytle: 2 &#8211; 4 mm <br \/><\/span><span class='bullet-line'>P\u0159\u00edrodn\u00ed surovina &#8211; \u0161etrn\u00e1 k \u017eivotn\u00edmu prost\u0159ed\u00ed a inovativn\u011b zpracov\u00e1na<\/span><\/div>\n<div class=\"parameters\">\n<tr>\n<td>&#8222;Zrno z<\/td>\n<td>4 mm<\/td>\n<\/tr>\n<tr>\n<td>Posypte<\/td>\n<td>2 mm<\/td>\n<\/tr>\n<tr>\n<td>Objemov\u00e1 hustota<\/td>\n<td>1600 kg \/ m3<\/td>\n<\/tr>\n<tr>\n<td>Obsah v kg<\/td>\n<td>25 kg<\/td>\n<\/tr>\n<tr>\n<td>Obsah v L.<\/td>\n<td>&#8211;<\/td>\n<\/tr>\n<tr>\n<td>Typ polo\u017eky<\/td>\n<td>Grit<\/td>\n<\/tr>\n<tr>\n<td>Prim\u00e1rn\u00ed barva<\/td>\n<td>\u0160ed\u00e1<\/td>\n<\/tr>\n<tr>\n<td>V\u00fdhoda \u010dl\u00e1nku<\/td>\n<td>\u010ctvercov\u00e1 zrna s n\u00edzk\u00fdm obsahem v\u00e1pna, sn\u00ed\u017een\u00e1 velikost zrn, vstup jemn\u00fdch frakc\u00ed<\/td>\n<\/tr>\n<tr>\n<td>Aplikace<\/td>\n<td>Substruktura<\/td>\n<\/tr>\n<tr>\n<td>EAN<\/td>\n<td>9004458000286&#8243;<\/td>\n<\/tr><\/div>\n<\/table>\n","protected":false},"excerpt":{"rendered":"<p>\u0160t\u011brk a obl\u00e1zky 25 kg zrna pytle: 2 &#8211; 4 mm P\u0159\u00edrodn\u00ed surovina &#8211; \u0161etrn\u00e1 k \u017eivotn\u00edmu prost\u0159ed\u00ed a inovativn\u011b zpracov\u00e1na &#8222;Zrno z 4 mm Posypte 2 mm Objemov\u00e1 hustota 1600 kg \/ m3 Obsah v kg 25 kg Obsah v L. &#8211; Typ polo\u017eky Grit Prim\u00e1rn\u00ed barva \u0160ed\u00e1 V\u00fdhoda \u010dl\u00e1nku \u010ctvercov\u00e1 zrna s n\u00edzk\u00fdm [&hellip;]<\/p>\n","protected":false},"featured_media":34021,"comment_status":"open","ping_status":"open","template":"","meta":[],"product_brand":[],"product_cat":[81,82,83],"product_tag":[],"class_list":{"0":"post-33921","1":"product","2":"type-product","3":"status-publish","4":"has-post-thumbnail","6":"product_cat-bazen","7":"product_cat-sport","8":"product_cat-volny-cas","10":"first","11":"instock","12":"sale","13":"shipping-taxable","14":"purchasable","15":"product-type-simple"},"yoast_head":"<!-- This site is optimized with the Yoast SEO plugin v26.8 - https:\/\/yoast.com\/product\/yoast-seo-wordpress\/ -->\n<title>Jen Po Omezenou Doba Min2C MSPO204FXX-V1 Posypov\u00fd \u0161t\u011brk 2-4mm 25 kg -<\/title>\n<meta name=\"robots\" content=\"index, follow, max-snippet:-1, max-image-preview:large, max-video-preview:-1\" \/>\n<link rel=\"canonical\" href=\"https:\/\/www.oknobuild.com\/index.php\/produkt\/jen-po-omezenou-doba-min2c-mspo204fxx-v1-posypovy-sterk-2-4mm-25-kg-33921\/\" \/>\n<meta property=\"og:locale\" content=\"cs_CZ\" \/>\n<meta property=\"og:type\" content=\"article\" \/>\n<meta property=\"og:title\" content=\"Jen Po Omezenou Doba Min2C MSPO204FXX-V1 Posypov\u00fd \u0161t\u011brk 2-4mm 25 kg -\" \/>\n<meta property=\"og:description\" content=\"\u0160t\u011brk a obl\u00e1zky 25 kg zrna pytle: 2 &#8211; 4 mm P\u0159\u00edrodn\u00ed surovina &#8211; \u0161etrn\u00e1 k \u017eivotn\u00edmu prost\u0159ed\u00ed a inovativn\u011b zpracov\u00e1na &#8222;Zrno z 4 mm Posypte 2 mm Objemov\u00e1 hustota 1600 kg \/ m3 Obsah v kg 25 kg Obsah v L. &#8211; Typ polo\u017eky Grit Prim\u00e1rn\u00ed barva \u0160ed\u00e1 V\u00fdhoda \u010dl\u00e1nku \u010ctvercov\u00e1 zrna s n\u00edzk\u00fdm [&hellip;]\" \/>\n<meta property=\"og:url\" content=\"https:\/\/www.oknobuild.com\/index.php\/produkt\/jen-po-omezenou-doba-min2c-mspo204fxx-v1-posypovy-sterk-2-4mm-25-kg-33921\/\" \/>\n<meta property=\"og:image\" content=\"https:\/\/www.oknobuild.com\/wp-content\/uploads\/2026\/SK0020082-CZ20260425-092328-0-1777080210-001_1203967.webp\" \/>\n\t<meta property=\"og:image:width\" content=\"700\" \/>\n\t<meta property=\"og:image:height\" content=\"700\" \/>\n\t<meta property=\"og:image:type\" content=\"image\/webp\" \/>\n<meta name=\"twitter:card\" content=\"summary_large_image\" \/>\n<script type=\"application\/ld+json\" class=\"yoast-schema-graph\">{\"@context\":\"https:\/\/schema.org\",\"@graph\":[{\"@type\":\"WebPage\",\"@id\":\"https:\/\/www.oknobuild.com\/index.php\/produkt\/jen-po-omezenou-doba-min2c-mspo204fxx-v1-posypovy-sterk-2-4mm-25-kg-33921\/\",\"url\":\"https:\/\/www.oknobuild.com\/index.php\/produkt\/jen-po-omezenou-doba-min2c-mspo204fxx-v1-posypovy-sterk-2-4mm-25-kg-33921\/\",\"name\":\"Jen Po Omezenou Doba Min2C MSPO204FXX-V1 Posypov\u00fd \u0161t\u011brk 2-4mm 25 kg -\",\"isPartOf\":{\"@id\":\"https:\/\/www.oknobuild.com\/#website\"},\"primaryImageOfPage\":{\"@id\":\"https:\/\/www.oknobuild.com\/index.php\/produkt\/jen-po-omezenou-doba-min2c-mspo204fxx-v1-posypovy-sterk-2-4mm-25-kg-33921\/#primaryimage\"},\"image\":{\"@id\":\"https:\/\/www.oknobuild.com\/index.php\/produkt\/jen-po-omezenou-doba-min2c-mspo204fxx-v1-posypovy-sterk-2-4mm-25-kg-33921\/#primaryimage\"},\"thumbnailUrl\":\"https:\/\/www.oknobuild.com\/wp-content\/uploads\/2026\/SK0020082-CZ20260425-092328-0-1777080210-001_1203967.webp\",\"datePublished\":\"2026-04-27T04:42:01+00:00\",\"breadcrumb\":{\"@id\":\"https:\/\/www.oknobuild.com\/index.php\/produkt\/jen-po-omezenou-doba-min2c-mspo204fxx-v1-posypovy-sterk-2-4mm-25-kg-33921\/#breadcrumb\"},\"inLanguage\":\"cs\",\"potentialAction\":[{\"@type\":\"ReadAction\",\"target\":[\"https:\/\/www.oknobuild.com\/index.php\/produkt\/jen-po-omezenou-doba-min2c-mspo204fxx-v1-posypovy-sterk-2-4mm-25-kg-33921\/\"]}]},{\"@type\":\"ImageObject\",\"inLanguage\":\"cs\",\"@id\":\"https:\/\/www.oknobuild.com\/index.php\/produkt\/jen-po-omezenou-doba-min2c-mspo204fxx-v1-posypovy-sterk-2-4mm-25-kg-33921\/#primaryimage\",\"url\":\"https:\/\/www.oknobuild.com\/wp-content\/uploads\/2026\/SK0020082-CZ20260425-092328-0-1777080210-001_1203967.webp\",\"contentUrl\":\"https:\/\/www.oknobuild.com\/wp-content\/uploads\/2026\/SK0020082-CZ20260425-092328-0-1777080210-001_1203967.webp\",\"width\":700,\"height\":700},{\"@type\":\"BreadcrumbList\",\"@id\":\"https:\/\/www.oknobuild.com\/index.php\/produkt\/jen-po-omezenou-doba-min2c-mspo204fxx-v1-posypovy-sterk-2-4mm-25-kg-33921\/#breadcrumb\",\"itemListElement\":[{\"@type\":\"ListItem\",\"position\":1,\"name\":\"Home\",\"item\":\"https:\/\/www.oknobuild.com\/\"},{\"@type\":\"ListItem\",\"position\":2,\"name\":\"Products\",\"item\":\"https:\/\/www.oknobuild.com\/index.php\/products\/\"},{\"@type\":\"ListItem\",\"position\":3,\"name\":\"Jen Po Omezenou Doba Min2C MSPO204FXX-V1 Posypov\u00fd \u0161t\u011brk 2-4mm 25 kg\"}]},{\"@type\":\"WebSite\",\"@id\":\"https:\/\/www.oknobuild.com\/#website\",\"url\":\"https:\/\/www.oknobuild.com\/\",\"name\":\"\",\"description\":\"\",\"potentialAction\":[{\"@type\":\"SearchAction\",\"target\":{\"@type\":\"EntryPoint\",\"urlTemplate\":\"https:\/\/www.oknobuild.com\/?s={search_term_string}\"},\"query-input\":{\"@type\":\"PropertyValueSpecification\",\"valueRequired\":true,\"valueName\":\"search_term_string\"}}],\"inLanguage\":\"cs\"}]}<\/script>\n<!-- \/ Yoast SEO plugin. -->","yoast_head_json":{"title":"Jen Po Omezenou Doba Min2C MSPO204FXX-V1 Posypov\u00fd \u0161t\u011brk 2-4mm 25 kg -","robots":{"index":"index","follow":"follow","max-snippet":"max-snippet:-1","max-image-preview":"max-image-preview:large","max-video-preview":"max-video-preview:-1"},"canonical":"https:\/\/www.oknobuild.com\/index.php\/produkt\/jen-po-omezenou-doba-min2c-mspo204fxx-v1-posypovy-sterk-2-4mm-25-kg-33921\/","og_locale":"cs_CZ","og_type":"article","og_title":"Jen Po Omezenou Doba Min2C MSPO204FXX-V1 Posypov\u00fd \u0161t\u011brk 2-4mm 25 kg -","og_description":"\u0160t\u011brk a obl\u00e1zky 25 kg zrna pytle: 2 &#8211; 4 mm P\u0159\u00edrodn\u00ed surovina &#8211; \u0161etrn\u00e1 k \u017eivotn\u00edmu prost\u0159ed\u00ed a inovativn\u011b zpracov\u00e1na &#8222;Zrno z 4 mm Posypte 2 mm Objemov\u00e1 hustota 1600 kg \/ m3 Obsah v kg 25 kg Obsah v L. &#8211; Typ polo\u017eky Grit Prim\u00e1rn\u00ed barva \u0160ed\u00e1 V\u00fdhoda \u010dl\u00e1nku \u010ctvercov\u00e1 zrna s n\u00edzk\u00fdm [&hellip;]","og_url":"https:\/\/www.oknobuild.com\/index.php\/produkt\/jen-po-omezenou-doba-min2c-mspo204fxx-v1-posypovy-sterk-2-4mm-25-kg-33921\/","og_image":[{"width":700,"height":700,"url":"https:\/\/www.oknobuild.com\/wp-content\/uploads\/2026\/SK0020082-CZ20260425-092328-0-1777080210-001_1203967.webp","type":"image\/webp"}],"twitter_card":"summary_large_image","schema":{"@context":"https:\/\/schema.org","@graph":[{"@type":"WebPage","@id":"https:\/\/www.oknobuild.com\/index.php\/produkt\/jen-po-omezenou-doba-min2c-mspo204fxx-v1-posypovy-sterk-2-4mm-25-kg-33921\/","url":"https:\/\/www.oknobuild.com\/index.php\/produkt\/jen-po-omezenou-doba-min2c-mspo204fxx-v1-posypovy-sterk-2-4mm-25-kg-33921\/","name":"Jen Po Omezenou Doba Min2C MSPO204FXX-V1 Posypov\u00fd \u0161t\u011brk 2-4mm 25 kg -","isPartOf":{"@id":"https:\/\/www.oknobuild.com\/#website"},"primaryImageOfPage":{"@id":"https:\/\/www.oknobuild.com\/index.php\/produkt\/jen-po-omezenou-doba-min2c-mspo204fxx-v1-posypovy-sterk-2-4mm-25-kg-33921\/#primaryimage"},"image":{"@id":"https:\/\/www.oknobuild.com\/index.php\/produkt\/jen-po-omezenou-doba-min2c-mspo204fxx-v1-posypovy-sterk-2-4mm-25-kg-33921\/#primaryimage"},"thumbnailUrl":"https:\/\/www.oknobuild.com\/wp-content\/uploads\/2026\/SK0020082-CZ20260425-092328-0-1777080210-001_1203967.webp","datePublished":"2026-04-27T04:42:01+00:00","breadcrumb":{"@id":"https:\/\/www.oknobuild.com\/index.php\/produkt\/jen-po-omezenou-doba-min2c-mspo204fxx-v1-posypovy-sterk-2-4mm-25-kg-33921\/#breadcrumb"},"inLanguage":"cs","potentialAction":[{"@type":"ReadAction","target":["https:\/\/www.oknobuild.com\/index.php\/produkt\/jen-po-omezenou-doba-min2c-mspo204fxx-v1-posypovy-sterk-2-4mm-25-kg-33921\/"]}]},{"@type":"ImageObject","inLanguage":"cs","@id":"https:\/\/www.oknobuild.com\/index.php\/produkt\/jen-po-omezenou-doba-min2c-mspo204fxx-v1-posypovy-sterk-2-4mm-25-kg-33921\/#primaryimage","url":"https:\/\/www.oknobuild.com\/wp-content\/uploads\/2026\/SK0020082-CZ20260425-092328-0-1777080210-001_1203967.webp","contentUrl":"https:\/\/www.oknobuild.com\/wp-content\/uploads\/2026\/SK0020082-CZ20260425-092328-0-1777080210-001_1203967.webp","width":700,"height":700},{"@type":"BreadcrumbList","@id":"https:\/\/www.oknobuild.com\/index.php\/produkt\/jen-po-omezenou-doba-min2c-mspo204fxx-v1-posypovy-sterk-2-4mm-25-kg-33921\/#breadcrumb","itemListElement":[{"@type":"ListItem","position":1,"name":"Home","item":"https:\/\/www.oknobuild.com\/"},{"@type":"ListItem","position":2,"name":"Products","item":"https:\/\/www.oknobuild.com\/index.php\/products\/"},{"@type":"ListItem","position":3,"name":"Jen Po Omezenou Doba Min2C MSPO204FXX-V1 Posypov\u00fd \u0161t\u011brk 2-4mm 25 kg"}]},{"@type":"WebSite","@id":"https:\/\/www.oknobuild.com\/#website","url":"https:\/\/www.oknobuild.com\/","name":"","description":"","potentialAction":[{"@type":"SearchAction","target":{"@type":"EntryPoint","urlTemplate":"https:\/\/www.oknobuild.com\/?s={search_term_string}"},"query-input":{"@type":"PropertyValueSpecification","valueRequired":true,"valueName":"search_term_string"}}],"inLanguage":"cs"}]}},"_links":{"self":[{"href":"https:\/\/www.oknobuild.com\/index.php\/wp-json\/wp\/v2\/product\/33921","targetHints":{"allow":["GET"]}}],"collection":[{"href":"https:\/\/www.oknobuild.com\/index.php\/wp-json\/wp\/v2\/product"}],"about":[{"href":"https:\/\/www.oknobuild.com\/index.php\/wp-json\/wp\/v2\/types\/product"}],"replies":[{"embeddable":true,"href":"https:\/\/www.oknobuild.com\/index.php\/wp-json\/wp\/v2\/comments?post=33921"}],"wp:featuredmedia":[{"embeddable":true,"href":"https:\/\/www.oknobuild.com\/index.php\/wp-json\/wp\/v2\/media\/34021"}],"wp:attachment":[{"href":"https:\/\/www.oknobuild.com\/index.php\/wp-json\/wp\/v2\/media?parent=33921"}],"wp:term":[{"taxonomy":"product_brand","embeddable":true,"href":"https:\/\/www.oknobuild.com\/index.php\/wp-json\/wp\/v2\/product_brand?post=33921"},{"taxonomy":"product_cat","embeddable":true,"href":"https:\/\/www.oknobuild.com\/index.php\/wp-json\/wp\/v2\/product_cat?post=33921"},{"taxonomy":"product_tag","embeddable":true,"href":"https:\/\/www.oknobuild.com\/index.php\/wp-json\/wp\/v2\/product_tag?post=33921"}],"curies":[{"name":"wp","href":"https:\/\/api.w.org\/{rel}","templated":true}]}}