{"id":33988,"date":"2026-04-27T04:42:01","date_gmt":"2026-04-27T04:42:01","guid":{"rendered":""},"modified":"2026-04-27T04:42:01","modified_gmt":"2026-04-27T04:42:01","slug":"znackovy-austis-eternal-mat-akrylatovy-0-7-kg-cihlove-cervena-08-33988","status":"publish","type":"product","link":"https:\/\/www.oknobuild.com\/index.php\/produkt\/znackovy-austis-eternal-mat-akrylatovy-0-7-kg-cihlove-cervena-08-33988\/","title":{"rendered":"Zna\u010dkov\u00fd AUSTIS ETERNAL mat akryl\u00e1tov\u00fd 0,7 kg cihlov\u011b \u010derven\u00e1 08"},"content":{"rendered":"<table>\n<div class=\"tab-pane active product-description\" id=\"popis\" role=\"tabpanel\">\n<div class=\"short-description\" itemprop=\"description\"><\/div>\n<div class=\"description\">\n<p>\u25ba Pou\u017eit\u00ed<span class=\"bullet-line\">ETERNAL mat akryl\u00e1tov\u00fd je hedv\u00e1bn\u011b matn\u00e1 akryl\u00e1tov\u00e1 vodou \u0159editeln\u00e1 barva pro venkovn\u00ed i vnit\u0159n\u00ed pou\u017eit\u00ed.&nbsp;<\/span><br \/><span class=\"bullet-line\">Je ur\u010dena k nov\u00fdm i udr\u017eovac\u00edm n\u00e1t\u011br\u016fm pozinkovan\u00e9ho plechu (i bez p\u0159edchoz\u00ed oxidace), oceli opat\u0159en\u00e9 antikorozn\u00edm z\u00e1kladn\u00edm n\u00e1t\u011brem, hlin\u00edku (p\u0159ilnavost nutno p\u0159edem ov\u011b\u0159it).&nbsp;<\/span><br \/><span class=\"bullet-line\">Lze jej pou\u017e\u00edt i k n\u00e1t\u011br\u016fm nepochoz\u00edho betonu, m\u011bdi, nepochoz\u00edho d\u0159eva, neglazovan\u00e9 keramiky a dal\u0161\u00edch stavebn\u00edch materi\u00e1l\u016f.&nbsp;<\/span><br \/><span class=\"bullet-line\">Svou kvalitou je vhodn\u00fd i pro zpracov\u00e1n\u00ed p\u0159i pr\u016fmyslov\u00fdch aplikac\u00edch.&nbsp;<\/span><br \/><span class=\"bullet-line\">N\u00e1t\u011bry jsou vysoce elastick\u00e9, maj\u00ed dlouhodobou \u017eivotnost, vysoce osv\u011bd\u0107en\u00e9 p\u0159i n\u00e1t\u011brech st\u0159ech.<\/span><br \/><span class=\"bullet-line\">hedv\u00e1bn\u011b matn\u00e1, vysoce odoln\u00e1 barva pro n\u00e1t\u011bry stavebn\u00edch prvk\u016f a konstrukc\u00ed z pozinkovan\u00e9ho plechu i bez p\u0159edchoz\u00ed oxidace, kovu, nepochoz\u00edho betonu a d\u0159eva, hlin\u00edku, m\u011bdi&nbsp;<\/span><\/p>\n<p>\u25ba Zp\u016fsoby aplikace<span class=\"bullet-line\">\u0160t\u011btcem<\/span><br \/><span class=\"bullet-line\">V\u00e1le\u010dkem<\/span><br \/><span class=\"bullet-line\">St\u0159\u00edkac\u00ed pistol\u00ed<\/span><\/p>\n<\/div>\n<div class=\"parameters\">\n<tr>\n<td>Velikost<\/td>\n<td>0,7 Kg<\/td>\n<\/tr>\n<tr>\n<td>Pozink, hlin\u00edk<\/td>\n<td>0,28\u20130,30 kg\/m2<\/td>\n<\/tr>\n<tr>\n<td>Nepochoz\u00ed beton<\/td>\n<td>0,28\u20130,30 kg\/m2<\/td>\n<\/tr>\n<tr>\n<td>D\u0159evo, d\u0159evovl\u00e1knit\u00e9 desky<\/td>\n<td>0,35\u20130,40 kg\/m2<\/td>\n<\/tr>\n<tr>\n<td>Vl\u00e1knocementov\u00e1 krytina<\/td>\n<td>0,25\u20130,30 kg\/m9<\/td>\n<\/tr><\/div>\n<\/table>\n","protected":false},"excerpt":{"rendered":"<p>\u25ba Pou\u017eit\u00edETERNAL mat akryl\u00e1tov\u00fd je hedv\u00e1bn\u011b matn\u00e1 akryl\u00e1tov\u00e1 vodou \u0159editeln\u00e1 barva pro venkovn\u00ed i vnit\u0159n\u00ed pou\u017eit\u00ed.&nbsp;Je ur\u010dena k nov\u00fdm i udr\u017eovac\u00edm n\u00e1t\u011br\u016fm pozinkovan\u00e9ho plechu (i bez p\u0159edchoz\u00ed oxidace), oceli opat\u0159en\u00e9 antikorozn\u00edm z\u00e1kladn\u00edm n\u00e1t\u011brem, hlin\u00edku (p\u0159ilnavost nutno p\u0159edem ov\u011b\u0159it).&nbsp;Lze jej pou\u017e\u00edt i k n\u00e1t\u011br\u016fm nepochoz\u00edho betonu, m\u011bdi, nepochoz\u00edho d\u0159eva, neglazovan\u00e9 keramiky a dal\u0161\u00edch stavebn\u00edch materi\u00e1l\u016f.&nbsp;Svou kvalitou [&hellip;]<\/p>\n","protected":false},"featured_media":34088,"comment_status":"open","ping_status":"open","template":"","meta":[],"product_brand":[],"product_cat":[50,52,51],"product_tag":[],"class_list":{"0":"post-33988","1":"product","2":"type-product","3":"status-publish","4":"has-post-thumbnail","6":"product_cat-barvy","7":"product_cat-chemie","8":"product_cat-laky","10":"first","11":"instock","12":"sale","13":"shipping-taxable","14":"purchasable","15":"product-type-simple"},"yoast_head":"<!-- This site is optimized with the Yoast SEO plugin v26.8 - https:\/\/yoast.com\/product\/yoast-seo-wordpress\/ -->\n<title>Zna\u010dkov\u00fd AUSTIS ETERNAL mat akryl\u00e1tov\u00fd 0,7 kg cihlov\u011b \u010derven\u00e1 08 -<\/title>\n<meta name=\"robots\" content=\"index, follow, max-snippet:-1, max-image-preview:large, max-video-preview:-1\" \/>\n<link rel=\"canonical\" href=\"https:\/\/www.oknobuild.com\/index.php\/produkt\/znackovy-austis-eternal-mat-akrylatovy-0-7-kg-cihlove-cervena-08-33988\/\" \/>\n<meta property=\"og:locale\" content=\"cs_CZ\" \/>\n<meta property=\"og:type\" content=\"article\" \/>\n<meta property=\"og:title\" content=\"Zna\u010dkov\u00fd AUSTIS ETERNAL mat akryl\u00e1tov\u00fd 0,7 kg cihlov\u011b \u010derven\u00e1 08 -\" \/>\n<meta property=\"og:description\" content=\"\u25ba Pou\u017eit\u00edETERNAL mat akryl\u00e1tov\u00fd je hedv\u00e1bn\u011b matn\u00e1 akryl\u00e1tov\u00e1 vodou \u0159editeln\u00e1 barva pro venkovn\u00ed i vnit\u0159n\u00ed pou\u017eit\u00ed.&nbsp;Je ur\u010dena k nov\u00fdm i udr\u017eovac\u00edm n\u00e1t\u011br\u016fm pozinkovan\u00e9ho plechu (i bez p\u0159edchoz\u00ed oxidace), oceli opat\u0159en\u00e9 antikorozn\u00edm z\u00e1kladn\u00edm n\u00e1t\u011brem, hlin\u00edku (p\u0159ilnavost nutno p\u0159edem ov\u011b\u0159it).&nbsp;Lze jej pou\u017e\u00edt i k n\u00e1t\u011br\u016fm nepochoz\u00edho betonu, m\u011bdi, nepochoz\u00edho d\u0159eva, neglazovan\u00e9 keramiky a dal\u0161\u00edch stavebn\u00edch materi\u00e1l\u016f.&nbsp;Svou kvalitou [&hellip;]\" \/>\n<meta property=\"og:url\" content=\"https:\/\/www.oknobuild.com\/index.php\/produkt\/znackovy-austis-eternal-mat-akrylatovy-0-7-kg-cihlove-cervena-08-33988\/\" \/>\n<meta property=\"og:image\" content=\"https:\/\/www.oknobuild.com\/wp-content\/uploads\/2026\/SK0020150-CZ20260425-092328-0-1777080210-eternal-mat-akrylatovy-0-7kg-foto-obalu-web_08.webp\" \/>\n\t<meta property=\"og:image:width\" content=\"647\" \/>\n\t<meta property=\"og:image:height\" content=\"700\" \/>\n\t<meta property=\"og:image:type\" content=\"image\/webp\" \/>\n<meta name=\"twitter:card\" content=\"summary_large_image\" \/>\n<meta name=\"twitter:label1\" content=\"Odhadovan\u00e1 doba \u010dten\u00ed\" \/>\n\t<meta name=\"twitter:data1\" content=\"1 minuta\" \/>\n<script type=\"application\/ld+json\" class=\"yoast-schema-graph\">{\"@context\":\"https:\/\/schema.org\",\"@graph\":[{\"@type\":\"WebPage\",\"@id\":\"https:\/\/www.oknobuild.com\/index.php\/produkt\/znackovy-austis-eternal-mat-akrylatovy-0-7-kg-cihlove-cervena-08-33988\/\",\"url\":\"https:\/\/www.oknobuild.com\/index.php\/produkt\/znackovy-austis-eternal-mat-akrylatovy-0-7-kg-cihlove-cervena-08-33988\/\",\"name\":\"Zna\u010dkov\u00fd AUSTIS ETERNAL mat akryl\u00e1tov\u00fd 0,7 kg cihlov\u011b \u010derven\u00e1 08 -\",\"isPartOf\":{\"@id\":\"https:\/\/www.oknobuild.com\/#website\"},\"primaryImageOfPage\":{\"@id\":\"https:\/\/www.oknobuild.com\/index.php\/produkt\/znackovy-austis-eternal-mat-akrylatovy-0-7-kg-cihlove-cervena-08-33988\/#primaryimage\"},\"image\":{\"@id\":\"https:\/\/www.oknobuild.com\/index.php\/produkt\/znackovy-austis-eternal-mat-akrylatovy-0-7-kg-cihlove-cervena-08-33988\/#primaryimage\"},\"thumbnailUrl\":\"https:\/\/www.oknobuild.com\/wp-content\/uploads\/2026\/SK0020150-CZ20260425-092328-0-1777080210-eternal-mat-akrylatovy-0-7kg-foto-obalu-web_08.webp\",\"datePublished\":\"2026-04-27T04:42:01+00:00\",\"breadcrumb\":{\"@id\":\"https:\/\/www.oknobuild.com\/index.php\/produkt\/znackovy-austis-eternal-mat-akrylatovy-0-7-kg-cihlove-cervena-08-33988\/#breadcrumb\"},\"inLanguage\":\"cs\",\"potentialAction\":[{\"@type\":\"ReadAction\",\"target\":[\"https:\/\/www.oknobuild.com\/index.php\/produkt\/znackovy-austis-eternal-mat-akrylatovy-0-7-kg-cihlove-cervena-08-33988\/\"]}]},{\"@type\":\"ImageObject\",\"inLanguage\":\"cs\",\"@id\":\"https:\/\/www.oknobuild.com\/index.php\/produkt\/znackovy-austis-eternal-mat-akrylatovy-0-7-kg-cihlove-cervena-08-33988\/#primaryimage\",\"url\":\"https:\/\/www.oknobuild.com\/wp-content\/uploads\/2026\/SK0020150-CZ20260425-092328-0-1777080210-eternal-mat-akrylatovy-0-7kg-foto-obalu-web_08.webp\",\"contentUrl\":\"https:\/\/www.oknobuild.com\/wp-content\/uploads\/2026\/SK0020150-CZ20260425-092328-0-1777080210-eternal-mat-akrylatovy-0-7kg-foto-obalu-web_08.webp\",\"width\":647,\"height\":700},{\"@type\":\"BreadcrumbList\",\"@id\":\"https:\/\/www.oknobuild.com\/index.php\/produkt\/znackovy-austis-eternal-mat-akrylatovy-0-7-kg-cihlove-cervena-08-33988\/#breadcrumb\",\"itemListElement\":[{\"@type\":\"ListItem\",\"position\":1,\"name\":\"Home\",\"item\":\"https:\/\/www.oknobuild.com\/\"},{\"@type\":\"ListItem\",\"position\":2,\"name\":\"Products\",\"item\":\"https:\/\/www.oknobuild.com\/index.php\/products\/\"},{\"@type\":\"ListItem\",\"position\":3,\"name\":\"Zna\u010dkov\u00fd AUSTIS ETERNAL mat akryl\u00e1tov\u00fd 0,7 kg cihlov\u011b \u010derven\u00e1 08\"}]},{\"@type\":\"WebSite\",\"@id\":\"https:\/\/www.oknobuild.com\/#website\",\"url\":\"https:\/\/www.oknobuild.com\/\",\"name\":\"\",\"description\":\"\",\"potentialAction\":[{\"@type\":\"SearchAction\",\"target\":{\"@type\":\"EntryPoint\",\"urlTemplate\":\"https:\/\/www.oknobuild.com\/?s={search_term_string}\"},\"query-input\":{\"@type\":\"PropertyValueSpecification\",\"valueRequired\":true,\"valueName\":\"search_term_string\"}}],\"inLanguage\":\"cs\"}]}<\/script>\n<!-- \/ Yoast SEO plugin. -->","yoast_head_json":{"title":"Zna\u010dkov\u00fd AUSTIS ETERNAL mat akryl\u00e1tov\u00fd 0,7 kg cihlov\u011b \u010derven\u00e1 08 -","robots":{"index":"index","follow":"follow","max-snippet":"max-snippet:-1","max-image-preview":"max-image-preview:large","max-video-preview":"max-video-preview:-1"},"canonical":"https:\/\/www.oknobuild.com\/index.php\/produkt\/znackovy-austis-eternal-mat-akrylatovy-0-7-kg-cihlove-cervena-08-33988\/","og_locale":"cs_CZ","og_type":"article","og_title":"Zna\u010dkov\u00fd AUSTIS ETERNAL mat akryl\u00e1tov\u00fd 0,7 kg cihlov\u011b \u010derven\u00e1 08 -","og_description":"\u25ba Pou\u017eit\u00edETERNAL mat akryl\u00e1tov\u00fd je hedv\u00e1bn\u011b matn\u00e1 akryl\u00e1tov\u00e1 vodou \u0159editeln\u00e1 barva pro venkovn\u00ed i vnit\u0159n\u00ed pou\u017eit\u00ed.&nbsp;Je ur\u010dena k nov\u00fdm i udr\u017eovac\u00edm n\u00e1t\u011br\u016fm pozinkovan\u00e9ho plechu (i bez p\u0159edchoz\u00ed oxidace), oceli opat\u0159en\u00e9 antikorozn\u00edm z\u00e1kladn\u00edm n\u00e1t\u011brem, hlin\u00edku (p\u0159ilnavost nutno p\u0159edem ov\u011b\u0159it).&nbsp;Lze jej pou\u017e\u00edt i k n\u00e1t\u011br\u016fm nepochoz\u00edho betonu, m\u011bdi, nepochoz\u00edho d\u0159eva, neglazovan\u00e9 keramiky a dal\u0161\u00edch stavebn\u00edch materi\u00e1l\u016f.&nbsp;Svou kvalitou [&hellip;]","og_url":"https:\/\/www.oknobuild.com\/index.php\/produkt\/znackovy-austis-eternal-mat-akrylatovy-0-7-kg-cihlove-cervena-08-33988\/","og_image":[{"width":647,"height":700,"url":"https:\/\/www.oknobuild.com\/wp-content\/uploads\/2026\/SK0020150-CZ20260425-092328-0-1777080210-eternal-mat-akrylatovy-0-7kg-foto-obalu-web_08.webp","type":"image\/webp"}],"twitter_card":"summary_large_image","twitter_misc":{"Odhadovan\u00e1 doba \u010dten\u00ed":"1 minuta"},"schema":{"@context":"https:\/\/schema.org","@graph":[{"@type":"WebPage","@id":"https:\/\/www.oknobuild.com\/index.php\/produkt\/znackovy-austis-eternal-mat-akrylatovy-0-7-kg-cihlove-cervena-08-33988\/","url":"https:\/\/www.oknobuild.com\/index.php\/produkt\/znackovy-austis-eternal-mat-akrylatovy-0-7-kg-cihlove-cervena-08-33988\/","name":"Zna\u010dkov\u00fd AUSTIS ETERNAL mat akryl\u00e1tov\u00fd 0,7 kg cihlov\u011b \u010derven\u00e1 08 -","isPartOf":{"@id":"https:\/\/www.oknobuild.com\/#website"},"primaryImageOfPage":{"@id":"https:\/\/www.oknobuild.com\/index.php\/produkt\/znackovy-austis-eternal-mat-akrylatovy-0-7-kg-cihlove-cervena-08-33988\/#primaryimage"},"image":{"@id":"https:\/\/www.oknobuild.com\/index.php\/produkt\/znackovy-austis-eternal-mat-akrylatovy-0-7-kg-cihlove-cervena-08-33988\/#primaryimage"},"thumbnailUrl":"https:\/\/www.oknobuild.com\/wp-content\/uploads\/2026\/SK0020150-CZ20260425-092328-0-1777080210-eternal-mat-akrylatovy-0-7kg-foto-obalu-web_08.webp","datePublished":"2026-04-27T04:42:01+00:00","breadcrumb":{"@id":"https:\/\/www.oknobuild.com\/index.php\/produkt\/znackovy-austis-eternal-mat-akrylatovy-0-7-kg-cihlove-cervena-08-33988\/#breadcrumb"},"inLanguage":"cs","potentialAction":[{"@type":"ReadAction","target":["https:\/\/www.oknobuild.com\/index.php\/produkt\/znackovy-austis-eternal-mat-akrylatovy-0-7-kg-cihlove-cervena-08-33988\/"]}]},{"@type":"ImageObject","inLanguage":"cs","@id":"https:\/\/www.oknobuild.com\/index.php\/produkt\/znackovy-austis-eternal-mat-akrylatovy-0-7-kg-cihlove-cervena-08-33988\/#primaryimage","url":"https:\/\/www.oknobuild.com\/wp-content\/uploads\/2026\/SK0020150-CZ20260425-092328-0-1777080210-eternal-mat-akrylatovy-0-7kg-foto-obalu-web_08.webp","contentUrl":"https:\/\/www.oknobuild.com\/wp-content\/uploads\/2026\/SK0020150-CZ20260425-092328-0-1777080210-eternal-mat-akrylatovy-0-7kg-foto-obalu-web_08.webp","width":647,"height":700},{"@type":"BreadcrumbList","@id":"https:\/\/www.oknobuild.com\/index.php\/produkt\/znackovy-austis-eternal-mat-akrylatovy-0-7-kg-cihlove-cervena-08-33988\/#breadcrumb","itemListElement":[{"@type":"ListItem","position":1,"name":"Home","item":"https:\/\/www.oknobuild.com\/"},{"@type":"ListItem","position":2,"name":"Products","item":"https:\/\/www.oknobuild.com\/index.php\/products\/"},{"@type":"ListItem","position":3,"name":"Zna\u010dkov\u00fd AUSTIS ETERNAL mat akryl\u00e1tov\u00fd 0,7 kg cihlov\u011b \u010derven\u00e1 08"}]},{"@type":"WebSite","@id":"https:\/\/www.oknobuild.com\/#website","url":"https:\/\/www.oknobuild.com\/","name":"","description":"","potentialAction":[{"@type":"SearchAction","target":{"@type":"EntryPoint","urlTemplate":"https:\/\/www.oknobuild.com\/?s={search_term_string}"},"query-input":{"@type":"PropertyValueSpecification","valueRequired":true,"valueName":"search_term_string"}}],"inLanguage":"cs"}]}},"_links":{"self":[{"href":"https:\/\/www.oknobuild.com\/index.php\/wp-json\/wp\/v2\/product\/33988","targetHints":{"allow":["GET"]}}],"collection":[{"href":"https:\/\/www.oknobuild.com\/index.php\/wp-json\/wp\/v2\/product"}],"about":[{"href":"https:\/\/www.oknobuild.com\/index.php\/wp-json\/wp\/v2\/types\/product"}],"replies":[{"embeddable":true,"href":"https:\/\/www.oknobuild.com\/index.php\/wp-json\/wp\/v2\/comments?post=33988"}],"wp:featuredmedia":[{"embeddable":true,"href":"https:\/\/www.oknobuild.com\/index.php\/wp-json\/wp\/v2\/media\/34088"}],"wp:attachment":[{"href":"https:\/\/www.oknobuild.com\/index.php\/wp-json\/wp\/v2\/media?parent=33988"}],"wp:term":[{"taxonomy":"product_brand","embeddable":true,"href":"https:\/\/www.oknobuild.com\/index.php\/wp-json\/wp\/v2\/product_brand?post=33988"},{"taxonomy":"product_cat","embeddable":true,"href":"https:\/\/www.oknobuild.com\/index.php\/wp-json\/wp\/v2\/product_cat?post=33988"},{"taxonomy":"product_tag","embeddable":true,"href":"https:\/\/www.oknobuild.com\/index.php\/wp-json\/wp\/v2\/product_tag?post=33988"}],"curies":[{"name":"wp","href":"https:\/\/api.w.org\/{rel}","templated":true}]}}