{"id":34315,"date":"2026-04-27T04:42:02","date_gmt":"2026-04-27T04:42:02","guid":{"rendered":""},"modified":"2026-04-27T04:42:02","modified_gmt":"2026-04-27T04:42:02","slug":"znackovy-austis-fortekryl-lazura-klasik-0-7-kg-mahagon-34315","status":"publish","type":"product","link":"https:\/\/www.oknobuild.com\/index.php\/produkt\/znackovy-austis-fortekryl-lazura-klasik-0-7-kg-mahagon-34315\/","title":{"rendered":"Zna\u010dkov\u00fd AUSTIS FORTEKRYL lazura KLASIK 0,7 kg mahagon"},"content":{"rendered":"<table>\n<div class=\"tab-pane active product-description\" id=\"popis\" role=\"tabpanel\">\n<div class=\"short-description\" itemprop=\"description\"><\/div>\n<div class=\"description\"><span class='bullet-line'>olejov\u00e1 tenkovrstv\u00e1 lazura k ochrann\u00fdm n\u00e1t\u011br\u016fm d\u0159eva<br \/><\/span><br \/>\u25ba Pou\u017eit\u00ed<span class='bullet-line'>FORTEKRYL lazura KLASIK je vodou \u0159editeln\u00e1 tenkovrstv\u00e1 lazura na b\u00e1zi ln\u011bn\u00e9ho oleje. <br \/><\/span><span class='bullet-line'>Je ur\u010dena pro venkovn\u00ed i vnit\u0159n\u00ed n\u00e1t\u011bry plot\u016f, \u0161t\u00edt\u016f, oblo\u017een\u00ed, podhled\u016f, tr\u00e1m\u016f, zahradn\u00edch staveb a zahradn\u00edho n\u00e1bytku, okenic, dve\u0159\u00ed. <br \/><\/span><span class='bullet-line'>Vyzna\u010duje se sv\u011btlost\u00e1lost\u00ed d\u00edky obsahu \u00fa\u010dinn\u00fdch UV filtr\u016f, vodoodpudivost\u00ed n\u00e1t\u011bru, trvalou vysokou elasticitou, v\u00fdborn\u00fdmi penetra\u010dn\u00edmi vlastnostmi a jednoduchou aplikovatelnost\u00ed. <br \/><\/span><span class='bullet-line'>D\u00edky hlubok\u00e9mu pr\u016fniku do d\u0159eva nedoch\u00e1z\u00ed vlivem degradace k odlupov\u00e1n\u00ed n\u00e1t\u011bru.<br \/><\/span><br \/>\u25ba Zp\u016fsoby aplikace<span class='bullet-line'>\u0160t\u011btcem<br \/><\/span><span class='bullet-line'>V\u00e1le\u010dkem<\/span><\/div>\n<div class=\"parameters\">\n<tr>\n<td>Velikost<\/td>\n<td>0,7 Kg<\/td>\n<\/tr>\n<tr>\n<td>Spot\u0159eba<\/td>\n<td>0,05\u20130,08 kg\/m2 (na 1 vrstvu)<\/td>\n<\/tr><\/div>\n<\/table>\n","protected":false},"excerpt":{"rendered":"<p>olejov\u00e1 tenkovrstv\u00e1 lazura k ochrann\u00fdm n\u00e1t\u011br\u016fm d\u0159eva\u25ba Pou\u017eit\u00edFORTEKRYL lazura KLASIK je vodou \u0159editeln\u00e1 tenkovrstv\u00e1 lazura na b\u00e1zi ln\u011bn\u00e9ho oleje. Je ur\u010dena pro venkovn\u00ed i vnit\u0159n\u00ed n\u00e1t\u011bry plot\u016f, \u0161t\u00edt\u016f, oblo\u017een\u00ed, podhled\u016f, tr\u00e1m\u016f, zahradn\u00edch staveb a zahradn\u00edho n\u00e1bytku, okenic, dve\u0159\u00ed. Vyzna\u010duje se sv\u011btlost\u00e1lost\u00ed d\u00edky obsahu \u00fa\u010dinn\u00fdch UV filtr\u016f, vodoodpudivost\u00ed n\u00e1t\u011bru, trvalou vysokou elasticitou, v\u00fdborn\u00fdmi penetra\u010dn\u00edmi vlastnostmi a [&hellip;]<\/p>\n","protected":false},"featured_media":34415,"comment_status":"open","ping_status":"open","template":"","meta":[],"product_brand":[],"product_cat":[50,52,51],"product_tag":[],"class_list":{"0":"post-34315","1":"product","2":"type-product","3":"status-publish","4":"has-post-thumbnail","6":"product_cat-barvy","7":"product_cat-chemie","8":"product_cat-laky","10":"first","11":"instock","12":"sale","13":"shipping-taxable","14":"purchasable","15":"product-type-simple"},"yoast_head":"<!-- This site is optimized with the Yoast SEO plugin v26.8 - https:\/\/yoast.com\/product\/yoast-seo-wordpress\/ -->\n<title>Zna\u010dkov\u00fd AUSTIS FORTEKRYL lazura KLASIK 0,7 kg mahagon -<\/title>\n<meta name=\"robots\" content=\"index, follow, max-snippet:-1, max-image-preview:large, max-video-preview:-1\" \/>\n<link rel=\"canonical\" href=\"https:\/\/www.oknobuild.com\/index.php\/produkt\/znackovy-austis-fortekryl-lazura-klasik-0-7-kg-mahagon-34315\/\" \/>\n<meta property=\"og:locale\" content=\"cs_CZ\" \/>\n<meta property=\"og:type\" content=\"article\" \/>\n<meta property=\"og:title\" content=\"Zna\u010dkov\u00fd AUSTIS FORTEKRYL lazura KLASIK 0,7 kg mahagon -\" \/>\n<meta property=\"og:description\" content=\"olejov\u00e1 tenkovrstv\u00e1 lazura k ochrann\u00fdm n\u00e1t\u011br\u016fm d\u0159eva\u25ba Pou\u017eit\u00edFORTEKRYL lazura KLASIK je vodou \u0159editeln\u00e1 tenkovrstv\u00e1 lazura na b\u00e1zi ln\u011bn\u00e9ho oleje. Je ur\u010dena pro venkovn\u00ed i vnit\u0159n\u00ed n\u00e1t\u011bry plot\u016f, \u0161t\u00edt\u016f, oblo\u017een\u00ed, podhled\u016f, tr\u00e1m\u016f, zahradn\u00edch staveb a zahradn\u00edho n\u00e1bytku, okenic, dve\u0159\u00ed. Vyzna\u010duje se sv\u011btlost\u00e1lost\u00ed d\u00edky obsahu \u00fa\u010dinn\u00fdch UV filtr\u016f, vodoodpudivost\u00ed n\u00e1t\u011bru, trvalou vysokou elasticitou, v\u00fdborn\u00fdmi penetra\u010dn\u00edmi vlastnostmi a [&hellip;]\" \/>\n<meta property=\"og:url\" content=\"https:\/\/www.oknobuild.com\/index.php\/produkt\/znackovy-austis-fortekryl-lazura-klasik-0-7-kg-mahagon-34315\/\" \/>\n<meta property=\"og:image\" content=\"https:\/\/www.oknobuild.com\/wp-content\/uploads\/2026\/SK0020277-CZ20260425-092328-0-1777080210-mahagon_z2_1a.webp\" \/>\n\t<meta property=\"og:image:width\" content=\"600\" \/>\n\t<meta property=\"og:image:height\" content=\"700\" \/>\n\t<meta property=\"og:image:type\" content=\"image\/webp\" \/>\n<meta name=\"twitter:card\" content=\"summary_large_image\" \/>\n<meta name=\"twitter:label1\" content=\"Odhadovan\u00e1 doba \u010dten\u00ed\" \/>\n\t<meta name=\"twitter:data1\" content=\"1 minuta\" \/>\n<script type=\"application\/ld+json\" class=\"yoast-schema-graph\">{\"@context\":\"https:\/\/schema.org\",\"@graph\":[{\"@type\":\"WebPage\",\"@id\":\"https:\/\/www.oknobuild.com\/index.php\/produkt\/znackovy-austis-fortekryl-lazura-klasik-0-7-kg-mahagon-34315\/\",\"url\":\"https:\/\/www.oknobuild.com\/index.php\/produkt\/znackovy-austis-fortekryl-lazura-klasik-0-7-kg-mahagon-34315\/\",\"name\":\"Zna\u010dkov\u00fd AUSTIS FORTEKRYL lazura KLASIK 0,7 kg mahagon -\",\"isPartOf\":{\"@id\":\"https:\/\/www.oknobuild.com\/#website\"},\"primaryImageOfPage\":{\"@id\":\"https:\/\/www.oknobuild.com\/index.php\/produkt\/znackovy-austis-fortekryl-lazura-klasik-0-7-kg-mahagon-34315\/#primaryimage\"},\"image\":{\"@id\":\"https:\/\/www.oknobuild.com\/index.php\/produkt\/znackovy-austis-fortekryl-lazura-klasik-0-7-kg-mahagon-34315\/#primaryimage\"},\"thumbnailUrl\":\"https:\/\/www.oknobuild.com\/wp-content\/uploads\/2026\/SK0020277-CZ20260425-092328-0-1777080210-mahagon_z2_1a.webp\",\"datePublished\":\"2026-04-27T04:42:02+00:00\",\"breadcrumb\":{\"@id\":\"https:\/\/www.oknobuild.com\/index.php\/produkt\/znackovy-austis-fortekryl-lazura-klasik-0-7-kg-mahagon-34315\/#breadcrumb\"},\"inLanguage\":\"cs\",\"potentialAction\":[{\"@type\":\"ReadAction\",\"target\":[\"https:\/\/www.oknobuild.com\/index.php\/produkt\/znackovy-austis-fortekryl-lazura-klasik-0-7-kg-mahagon-34315\/\"]}]},{\"@type\":\"ImageObject\",\"inLanguage\":\"cs\",\"@id\":\"https:\/\/www.oknobuild.com\/index.php\/produkt\/znackovy-austis-fortekryl-lazura-klasik-0-7-kg-mahagon-34315\/#primaryimage\",\"url\":\"https:\/\/www.oknobuild.com\/wp-content\/uploads\/2026\/SK0020277-CZ20260425-092328-0-1777080210-mahagon_z2_1a.webp\",\"contentUrl\":\"https:\/\/www.oknobuild.com\/wp-content\/uploads\/2026\/SK0020277-CZ20260425-092328-0-1777080210-mahagon_z2_1a.webp\",\"width\":600,\"height\":700},{\"@type\":\"BreadcrumbList\",\"@id\":\"https:\/\/www.oknobuild.com\/index.php\/produkt\/znackovy-austis-fortekryl-lazura-klasik-0-7-kg-mahagon-34315\/#breadcrumb\",\"itemListElement\":[{\"@type\":\"ListItem\",\"position\":1,\"name\":\"Home\",\"item\":\"https:\/\/www.oknobuild.com\/\"},{\"@type\":\"ListItem\",\"position\":2,\"name\":\"Products\",\"item\":\"https:\/\/www.oknobuild.com\/index.php\/products\/\"},{\"@type\":\"ListItem\",\"position\":3,\"name\":\"Zna\u010dkov\u00fd AUSTIS FORTEKRYL lazura KLASIK 0,7 kg mahagon\"}]},{\"@type\":\"WebSite\",\"@id\":\"https:\/\/www.oknobuild.com\/#website\",\"url\":\"https:\/\/www.oknobuild.com\/\",\"name\":\"\",\"description\":\"\",\"potentialAction\":[{\"@type\":\"SearchAction\",\"target\":{\"@type\":\"EntryPoint\",\"urlTemplate\":\"https:\/\/www.oknobuild.com\/?s={search_term_string}\"},\"query-input\":{\"@type\":\"PropertyValueSpecification\",\"valueRequired\":true,\"valueName\":\"search_term_string\"}}],\"inLanguage\":\"cs\"}]}<\/script>\n<!-- \/ Yoast SEO plugin. -->","yoast_head_json":{"title":"Zna\u010dkov\u00fd AUSTIS FORTEKRYL lazura KLASIK 0,7 kg mahagon -","robots":{"index":"index","follow":"follow","max-snippet":"max-snippet:-1","max-image-preview":"max-image-preview:large","max-video-preview":"max-video-preview:-1"},"canonical":"https:\/\/www.oknobuild.com\/index.php\/produkt\/znackovy-austis-fortekryl-lazura-klasik-0-7-kg-mahagon-34315\/","og_locale":"cs_CZ","og_type":"article","og_title":"Zna\u010dkov\u00fd AUSTIS FORTEKRYL lazura KLASIK 0,7 kg mahagon -","og_description":"olejov\u00e1 tenkovrstv\u00e1 lazura k ochrann\u00fdm n\u00e1t\u011br\u016fm d\u0159eva\u25ba Pou\u017eit\u00edFORTEKRYL lazura KLASIK je vodou \u0159editeln\u00e1 tenkovrstv\u00e1 lazura na b\u00e1zi ln\u011bn\u00e9ho oleje. Je ur\u010dena pro venkovn\u00ed i vnit\u0159n\u00ed n\u00e1t\u011bry plot\u016f, \u0161t\u00edt\u016f, oblo\u017een\u00ed, podhled\u016f, tr\u00e1m\u016f, zahradn\u00edch staveb a zahradn\u00edho n\u00e1bytku, okenic, dve\u0159\u00ed. Vyzna\u010duje se sv\u011btlost\u00e1lost\u00ed d\u00edky obsahu \u00fa\u010dinn\u00fdch UV filtr\u016f, vodoodpudivost\u00ed n\u00e1t\u011bru, trvalou vysokou elasticitou, v\u00fdborn\u00fdmi penetra\u010dn\u00edmi vlastnostmi a [&hellip;]","og_url":"https:\/\/www.oknobuild.com\/index.php\/produkt\/znackovy-austis-fortekryl-lazura-klasik-0-7-kg-mahagon-34315\/","og_image":[{"width":600,"height":700,"url":"https:\/\/www.oknobuild.com\/wp-content\/uploads\/2026\/SK0020277-CZ20260425-092328-0-1777080210-mahagon_z2_1a.webp","type":"image\/webp"}],"twitter_card":"summary_large_image","twitter_misc":{"Odhadovan\u00e1 doba \u010dten\u00ed":"1 minuta"},"schema":{"@context":"https:\/\/schema.org","@graph":[{"@type":"WebPage","@id":"https:\/\/www.oknobuild.com\/index.php\/produkt\/znackovy-austis-fortekryl-lazura-klasik-0-7-kg-mahagon-34315\/","url":"https:\/\/www.oknobuild.com\/index.php\/produkt\/znackovy-austis-fortekryl-lazura-klasik-0-7-kg-mahagon-34315\/","name":"Zna\u010dkov\u00fd AUSTIS FORTEKRYL lazura KLASIK 0,7 kg mahagon -","isPartOf":{"@id":"https:\/\/www.oknobuild.com\/#website"},"primaryImageOfPage":{"@id":"https:\/\/www.oknobuild.com\/index.php\/produkt\/znackovy-austis-fortekryl-lazura-klasik-0-7-kg-mahagon-34315\/#primaryimage"},"image":{"@id":"https:\/\/www.oknobuild.com\/index.php\/produkt\/znackovy-austis-fortekryl-lazura-klasik-0-7-kg-mahagon-34315\/#primaryimage"},"thumbnailUrl":"https:\/\/www.oknobuild.com\/wp-content\/uploads\/2026\/SK0020277-CZ20260425-092328-0-1777080210-mahagon_z2_1a.webp","datePublished":"2026-04-27T04:42:02+00:00","breadcrumb":{"@id":"https:\/\/www.oknobuild.com\/index.php\/produkt\/znackovy-austis-fortekryl-lazura-klasik-0-7-kg-mahagon-34315\/#breadcrumb"},"inLanguage":"cs","potentialAction":[{"@type":"ReadAction","target":["https:\/\/www.oknobuild.com\/index.php\/produkt\/znackovy-austis-fortekryl-lazura-klasik-0-7-kg-mahagon-34315\/"]}]},{"@type":"ImageObject","inLanguage":"cs","@id":"https:\/\/www.oknobuild.com\/index.php\/produkt\/znackovy-austis-fortekryl-lazura-klasik-0-7-kg-mahagon-34315\/#primaryimage","url":"https:\/\/www.oknobuild.com\/wp-content\/uploads\/2026\/SK0020277-CZ20260425-092328-0-1777080210-mahagon_z2_1a.webp","contentUrl":"https:\/\/www.oknobuild.com\/wp-content\/uploads\/2026\/SK0020277-CZ20260425-092328-0-1777080210-mahagon_z2_1a.webp","width":600,"height":700},{"@type":"BreadcrumbList","@id":"https:\/\/www.oknobuild.com\/index.php\/produkt\/znackovy-austis-fortekryl-lazura-klasik-0-7-kg-mahagon-34315\/#breadcrumb","itemListElement":[{"@type":"ListItem","position":1,"name":"Home","item":"https:\/\/www.oknobuild.com\/"},{"@type":"ListItem","position":2,"name":"Products","item":"https:\/\/www.oknobuild.com\/index.php\/products\/"},{"@type":"ListItem","position":3,"name":"Zna\u010dkov\u00fd AUSTIS FORTEKRYL lazura KLASIK 0,7 kg mahagon"}]},{"@type":"WebSite","@id":"https:\/\/www.oknobuild.com\/#website","url":"https:\/\/www.oknobuild.com\/","name":"","description":"","potentialAction":[{"@type":"SearchAction","target":{"@type":"EntryPoint","urlTemplate":"https:\/\/www.oknobuild.com\/?s={search_term_string}"},"query-input":{"@type":"PropertyValueSpecification","valueRequired":true,"valueName":"search_term_string"}}],"inLanguage":"cs"}]}},"_links":{"self":[{"href":"https:\/\/www.oknobuild.com\/index.php\/wp-json\/wp\/v2\/product\/34315","targetHints":{"allow":["GET"]}}],"collection":[{"href":"https:\/\/www.oknobuild.com\/index.php\/wp-json\/wp\/v2\/product"}],"about":[{"href":"https:\/\/www.oknobuild.com\/index.php\/wp-json\/wp\/v2\/types\/product"}],"replies":[{"embeddable":true,"href":"https:\/\/www.oknobuild.com\/index.php\/wp-json\/wp\/v2\/comments?post=34315"}],"wp:featuredmedia":[{"embeddable":true,"href":"https:\/\/www.oknobuild.com\/index.php\/wp-json\/wp\/v2\/media\/34415"}],"wp:attachment":[{"href":"https:\/\/www.oknobuild.com\/index.php\/wp-json\/wp\/v2\/media?parent=34315"}],"wp:term":[{"taxonomy":"product_brand","embeddable":true,"href":"https:\/\/www.oknobuild.com\/index.php\/wp-json\/wp\/v2\/product_brand?post=34315"},{"taxonomy":"product_cat","embeddable":true,"href":"https:\/\/www.oknobuild.com\/index.php\/wp-json\/wp\/v2\/product_cat?post=34315"},{"taxonomy":"product_tag","embeddable":true,"href":"https:\/\/www.oknobuild.com\/index.php\/wp-json\/wp\/v2\/product_tag?post=34315"}],"curies":[{"name":"wp","href":"https:\/\/api.w.org\/{rel}","templated":true}]}}