{"id":34743,"date":"2026-04-27T04:42:03","date_gmt":"2026-04-27T04:42:03","guid":{"rendered":""},"modified":"2026-04-27T04:42:03","modified_gmt":"2026-04-27T04:42:03","slug":"zlevneny-osmo-3166-dekoracni-vosk-transparentni-2-5-l-34743","status":"publish","type":"product","link":"https:\/\/www.oknobuild.com\/index.php\/produkt\/zlevneny-osmo-3166-dekoracni-vosk-transparentni-2-5-l-34743\/","title":{"rendered":"Zlevn\u011bn\u00fd OSMO 3166 Dekora\u010dn\u00ed vosk transparentn\u00ed 2,5 L"},"content":{"rendered":"<table>\n<div class=\"tab-pane active product-description\" id=\"popis\" role=\"tabpanel\">\n<div class=\"gift-text\">D\u00e1rek: Slevov\u00fd kup\u00f3n v hodnot\u011b 10% v ko\u0161\u00edku<\/div>\n<div class=\"short-description\" itemprop=\"description\">O\u0159ech<\/div>\n<div class=\"description\"><span class='bullet-line'>Transparentn\u00ed n\u00e1t\u011br na d\u0159evo na ve\u0161ker\u00e9 d\u0159evo ve vnit\u0159n\u00edch prostor\u00e1ch (st\u011bny, stropy, dve\u0159e, podlahy, li\u0161ty, tr\u00e1my, tak\u00e9 lepen\u00e9 d\u0159evo, d\u0159evot\u0159\u00edskov\u00e9 desky a korek). <br \/><\/span><span class='bullet-line'>Na n\u00e1bytek a d\u011btsk\u00e9 hra\u010dky zvl\u00e1\u0161t\u011b doporu\u010deno. <br \/><\/span><span class='bullet-line'>D\u0159evo z\u00edsk\u00e1 odoln\u00fd povrch s hedv\u00e1bn\u00fdm leskem. <br \/><\/span><span class='bullet-line'>Povrch je odoln\u00fd v\u016f\u010di od\u011bru, odpuzuje vodu a ne\u010distoty a rovn\u011b\u017e je odoln\u00fd v\u016f\u010di chemik\u00e1li\u00edm pou\u017e\u00edvan\u00fdm v dom\u00e1cnosti<br \/><\/span><span class='bullet-line'>Transparentn\u00ed a intenzivn\u011b zbarven\u00e9 proveden\u00ed \u2013 v\u0161estrann\u00fd talent pro d\u0159evo ve vnit\u0159n\u00edch prostor\u00e1ch!<br \/><\/span><span class='bullet-line'>Transparentn\u00ed nebo intenzivn\u00ed, polomatn\u00fd nebo matn\u00fd, k pou\u017eit\u00ed uvnit\u0159<br \/><\/span><span class='bullet-line'>Obzvl\u00e1\u0161t\u011b se doporu\u010duje na n\u00e1bytek a d\u011btsk\u00e9 hra\u010dky, podlahy (U podlah se doporu\u010duje kone\u010dn\u00fd n\u00e1t\u011br Tvrd\u00fdm voskov\u00fdm olejem), st\u011bny, stropy, dve\u0159e, li\u0161ty, tr\u00e1my a lepen\u00e9 d\u0159evo.<br \/><\/span><span class='bullet-line'>Dekora\u010dn\u00ed vosk vytvo\u0159\u00ed povrch odpuzuj\u00edc\u00ed vodu a ne\u010distoty \u2013 je odoln\u00fd p\u0159i st\u00edr\u00e1n\u00ed na vlhko a rovn\u011b\u017e je odoln\u00fd v\u016f\u010di skvrn\u00e1m.<br \/><\/span>\u25ba Po\u010det n\u00e1t\u011br\u016f<span class='bullet-line'>Pro transparentn\u00ed povrch jeden n\u00e1t\u011br, pro intenzivn\u011b zbarven\u00fd povrch naneste dva n\u00e1t\u011bry.<br \/><\/span>\u25ba Velikosti balen\u00ed<span class='bullet-line'>0,125 l, 0,375 l, 0,75 l, 2,5 l, 25 l<br \/><\/span><span class='bullet-line'>1 litr sta\u010d\u00ed p\u0159i jednom n\u00e1t\u011bru na cca 24 m2<\/span><\/div>\n<div class=\"parameters\">\n<tr>\n<td>Balen\u00ed v litrech<\/td>\n<td>2,50<\/td>\n<\/tr>\n<tr>\n<td>Specifick\u00e1 hmotnost<\/td>\n<td>0,9 \u2013 1,3 g\/cm3<\/td>\n<\/tr>\n<tr>\n<td>Viskozita<\/td>\n<td>&gt; 70 s (DIN EN ISO 2431\/3 mm, hust\u00fd)<\/td>\n<\/tr>\n<tr>\n<td>Z\u00e1pach<\/td>\n<td>slab\u00fd, jemn\u00fd, po vytvrzen\u00ed bez z\u00e1pachu<\/td>\n<\/tr>\n<tr>\n<td>Bod vzplanut\u00ed<\/td>\n<td>&gt; 61 \u00b0C (DIN EN ISO 2719)<\/td>\n<\/tr>\n<tr>\n<td>Zbo\u017e\u00ed m\u016f\u017eete objedn\u00e1vat pop\u0159\u00edpad\u011b dohodnout OBJEKTOV\u00c9 CENY i prost\u0159ednictv\u00edm e-mailu<\/td>\n<td>stairsbalak@gmail.com<\/td>\n<\/tr><\/div>\n<\/table>\n","protected":false},"excerpt":{"rendered":"<p>D\u00e1rek: Slevov\u00fd kup\u00f3n v hodnot\u011b 10% v ko\u0161\u00edku O\u0159ech Transparentn\u00ed n\u00e1t\u011br na d\u0159evo na ve\u0161ker\u00e9 d\u0159evo ve vnit\u0159n\u00edch prostor\u00e1ch (st\u011bny, stropy, dve\u0159e, podlahy, li\u0161ty, tr\u00e1my, tak\u00e9 lepen\u00e9 d\u0159evo, d\u0159evot\u0159\u00edskov\u00e9 desky a korek). Na n\u00e1bytek a d\u011btsk\u00e9 hra\u010dky zvl\u00e1\u0161t\u011b doporu\u010deno. D\u0159evo z\u00edsk\u00e1 odoln\u00fd povrch s hedv\u00e1bn\u00fdm leskem. Povrch je odoln\u00fd v\u016f\u010di od\u011bru, odpuzuje vodu a ne\u010distoty [&hellip;]<\/p>\n","protected":false},"featured_media":34843,"comment_status":"open","ping_status":"open","template":"","meta":[],"product_brand":[],"product_cat":[50,52,51],"product_tag":[],"class_list":{"0":"post-34743","1":"product","2":"type-product","3":"status-publish","4":"has-post-thumbnail","6":"product_cat-barvy","7":"product_cat-chemie","8":"product_cat-laky","10":"first","11":"instock","12":"sale","13":"shipping-taxable","14":"purchasable","15":"product-type-simple"},"yoast_head":"<!-- This site is optimized with the Yoast SEO plugin v26.8 - https:\/\/yoast.com\/product\/yoast-seo-wordpress\/ -->\n<title>Zlevn\u011bn\u00fd OSMO 3166 Dekora\u010dn\u00ed vosk transparentn\u00ed 2,5 L -<\/title>\n<meta name=\"robots\" content=\"index, follow, max-snippet:-1, max-image-preview:large, max-video-preview:-1\" \/>\n<link rel=\"canonical\" href=\"https:\/\/www.oknobuild.com\/index.php\/produkt\/zlevneny-osmo-3166-dekoracni-vosk-transparentni-2-5-l-34743\/\" \/>\n<meta property=\"og:locale\" content=\"cs_CZ\" \/>\n<meta property=\"og:type\" content=\"article\" \/>\n<meta property=\"og:title\" content=\"Zlevn\u011bn\u00fd OSMO 3166 Dekora\u010dn\u00ed vosk transparentn\u00ed 2,5 L -\" \/>\n<meta property=\"og:description\" content=\"D\u00e1rek: Slevov\u00fd kup\u00f3n v hodnot\u011b 10% v ko\u0161\u00edku O\u0159ech Transparentn\u00ed n\u00e1t\u011br na d\u0159evo na ve\u0161ker\u00e9 d\u0159evo ve vnit\u0159n\u00edch prostor\u00e1ch (st\u011bny, stropy, dve\u0159e, podlahy, li\u0161ty, tr\u00e1my, tak\u00e9 lepen\u00e9 d\u0159evo, d\u0159evot\u0159\u00edskov\u00e9 desky a korek). Na n\u00e1bytek a d\u011btsk\u00e9 hra\u010dky zvl\u00e1\u0161t\u011b doporu\u010deno. D\u0159evo z\u00edsk\u00e1 odoln\u00fd povrch s hedv\u00e1bn\u00fdm leskem. Povrch je odoln\u00fd v\u016f\u010di od\u011bru, odpuzuje vodu a ne\u010distoty [&hellip;]\" \/>\n<meta property=\"og:url\" content=\"https:\/\/www.oknobuild.com\/index.php\/produkt\/zlevneny-osmo-3166-dekoracni-vosk-transparentni-2-5-l-34743\/\" \/>\n<meta property=\"og:image\" content=\"https:\/\/www.oknobuild.com\/wp-content\/uploads\/2026\/SK0020505-CZ20260425-092328-0-1777080210-dfdddassssssssgd.webp\" \/>\n\t<meta property=\"og:image:width\" content=\"571\" \/>\n\t<meta property=\"og:image:height\" content=\"571\" \/>\n\t<meta property=\"og:image:type\" content=\"image\/webp\" \/>\n<meta name=\"twitter:card\" content=\"summary_large_image\" \/>\n<meta name=\"twitter:label1\" content=\"Odhadovan\u00e1 doba \u010dten\u00ed\" \/>\n\t<meta name=\"twitter:data1\" content=\"1 minuta\" \/>\n<script type=\"application\/ld+json\" class=\"yoast-schema-graph\">{\"@context\":\"https:\/\/schema.org\",\"@graph\":[{\"@type\":\"WebPage\",\"@id\":\"https:\/\/www.oknobuild.com\/index.php\/produkt\/zlevneny-osmo-3166-dekoracni-vosk-transparentni-2-5-l-34743\/\",\"url\":\"https:\/\/www.oknobuild.com\/index.php\/produkt\/zlevneny-osmo-3166-dekoracni-vosk-transparentni-2-5-l-34743\/\",\"name\":\"Zlevn\u011bn\u00fd OSMO 3166 Dekora\u010dn\u00ed vosk transparentn\u00ed 2,5 L -\",\"isPartOf\":{\"@id\":\"https:\/\/www.oknobuild.com\/#website\"},\"primaryImageOfPage\":{\"@id\":\"https:\/\/www.oknobuild.com\/index.php\/produkt\/zlevneny-osmo-3166-dekoracni-vosk-transparentni-2-5-l-34743\/#primaryimage\"},\"image\":{\"@id\":\"https:\/\/www.oknobuild.com\/index.php\/produkt\/zlevneny-osmo-3166-dekoracni-vosk-transparentni-2-5-l-34743\/#primaryimage\"},\"thumbnailUrl\":\"https:\/\/www.oknobuild.com\/wp-content\/uploads\/2026\/SK0020505-CZ20260425-092328-0-1777080210-dfdddassssssssgd.webp\",\"datePublished\":\"2026-04-27T04:42:03+00:00\",\"breadcrumb\":{\"@id\":\"https:\/\/www.oknobuild.com\/index.php\/produkt\/zlevneny-osmo-3166-dekoracni-vosk-transparentni-2-5-l-34743\/#breadcrumb\"},\"inLanguage\":\"cs\",\"potentialAction\":[{\"@type\":\"ReadAction\",\"target\":[\"https:\/\/www.oknobuild.com\/index.php\/produkt\/zlevneny-osmo-3166-dekoracni-vosk-transparentni-2-5-l-34743\/\"]}]},{\"@type\":\"ImageObject\",\"inLanguage\":\"cs\",\"@id\":\"https:\/\/www.oknobuild.com\/index.php\/produkt\/zlevneny-osmo-3166-dekoracni-vosk-transparentni-2-5-l-34743\/#primaryimage\",\"url\":\"https:\/\/www.oknobuild.com\/wp-content\/uploads\/2026\/SK0020505-CZ20260425-092328-0-1777080210-dfdddassssssssgd.webp\",\"contentUrl\":\"https:\/\/www.oknobuild.com\/wp-content\/uploads\/2026\/SK0020505-CZ20260425-092328-0-1777080210-dfdddassssssssgd.webp\",\"width\":571,\"height\":571},{\"@type\":\"BreadcrumbList\",\"@id\":\"https:\/\/www.oknobuild.com\/index.php\/produkt\/zlevneny-osmo-3166-dekoracni-vosk-transparentni-2-5-l-34743\/#breadcrumb\",\"itemListElement\":[{\"@type\":\"ListItem\",\"position\":1,\"name\":\"Home\",\"item\":\"https:\/\/www.oknobuild.com\/\"},{\"@type\":\"ListItem\",\"position\":2,\"name\":\"Products\",\"item\":\"https:\/\/www.oknobuild.com\/index.php\/products\/\"},{\"@type\":\"ListItem\",\"position\":3,\"name\":\"Zlevn\u011bn\u00fd OSMO 3166 Dekora\u010dn\u00ed vosk transparentn\u00ed 2,5 L\"}]},{\"@type\":\"WebSite\",\"@id\":\"https:\/\/www.oknobuild.com\/#website\",\"url\":\"https:\/\/www.oknobuild.com\/\",\"name\":\"\",\"description\":\"\",\"potentialAction\":[{\"@type\":\"SearchAction\",\"target\":{\"@type\":\"EntryPoint\",\"urlTemplate\":\"https:\/\/www.oknobuild.com\/?s={search_term_string}\"},\"query-input\":{\"@type\":\"PropertyValueSpecification\",\"valueRequired\":true,\"valueName\":\"search_term_string\"}}],\"inLanguage\":\"cs\"}]}<\/script>\n<!-- \/ Yoast SEO plugin. -->","yoast_head_json":{"title":"Zlevn\u011bn\u00fd OSMO 3166 Dekora\u010dn\u00ed vosk transparentn\u00ed 2,5 L -","robots":{"index":"index","follow":"follow","max-snippet":"max-snippet:-1","max-image-preview":"max-image-preview:large","max-video-preview":"max-video-preview:-1"},"canonical":"https:\/\/www.oknobuild.com\/index.php\/produkt\/zlevneny-osmo-3166-dekoracni-vosk-transparentni-2-5-l-34743\/","og_locale":"cs_CZ","og_type":"article","og_title":"Zlevn\u011bn\u00fd OSMO 3166 Dekora\u010dn\u00ed vosk transparentn\u00ed 2,5 L -","og_description":"D\u00e1rek: Slevov\u00fd kup\u00f3n v hodnot\u011b 10% v ko\u0161\u00edku O\u0159ech Transparentn\u00ed n\u00e1t\u011br na d\u0159evo na ve\u0161ker\u00e9 d\u0159evo ve vnit\u0159n\u00edch prostor\u00e1ch (st\u011bny, stropy, dve\u0159e, podlahy, li\u0161ty, tr\u00e1my, tak\u00e9 lepen\u00e9 d\u0159evo, d\u0159evot\u0159\u00edskov\u00e9 desky a korek). Na n\u00e1bytek a d\u011btsk\u00e9 hra\u010dky zvl\u00e1\u0161t\u011b doporu\u010deno. D\u0159evo z\u00edsk\u00e1 odoln\u00fd povrch s hedv\u00e1bn\u00fdm leskem. Povrch je odoln\u00fd v\u016f\u010di od\u011bru, odpuzuje vodu a ne\u010distoty [&hellip;]","og_url":"https:\/\/www.oknobuild.com\/index.php\/produkt\/zlevneny-osmo-3166-dekoracni-vosk-transparentni-2-5-l-34743\/","og_image":[{"width":571,"height":571,"url":"https:\/\/www.oknobuild.com\/wp-content\/uploads\/2026\/SK0020505-CZ20260425-092328-0-1777080210-dfdddassssssssgd.webp","type":"image\/webp"}],"twitter_card":"summary_large_image","twitter_misc":{"Odhadovan\u00e1 doba \u010dten\u00ed":"1 minuta"},"schema":{"@context":"https:\/\/schema.org","@graph":[{"@type":"WebPage","@id":"https:\/\/www.oknobuild.com\/index.php\/produkt\/zlevneny-osmo-3166-dekoracni-vosk-transparentni-2-5-l-34743\/","url":"https:\/\/www.oknobuild.com\/index.php\/produkt\/zlevneny-osmo-3166-dekoracni-vosk-transparentni-2-5-l-34743\/","name":"Zlevn\u011bn\u00fd OSMO 3166 Dekora\u010dn\u00ed vosk transparentn\u00ed 2,5 L -","isPartOf":{"@id":"https:\/\/www.oknobuild.com\/#website"},"primaryImageOfPage":{"@id":"https:\/\/www.oknobuild.com\/index.php\/produkt\/zlevneny-osmo-3166-dekoracni-vosk-transparentni-2-5-l-34743\/#primaryimage"},"image":{"@id":"https:\/\/www.oknobuild.com\/index.php\/produkt\/zlevneny-osmo-3166-dekoracni-vosk-transparentni-2-5-l-34743\/#primaryimage"},"thumbnailUrl":"https:\/\/www.oknobuild.com\/wp-content\/uploads\/2026\/SK0020505-CZ20260425-092328-0-1777080210-dfdddassssssssgd.webp","datePublished":"2026-04-27T04:42:03+00:00","breadcrumb":{"@id":"https:\/\/www.oknobuild.com\/index.php\/produkt\/zlevneny-osmo-3166-dekoracni-vosk-transparentni-2-5-l-34743\/#breadcrumb"},"inLanguage":"cs","potentialAction":[{"@type":"ReadAction","target":["https:\/\/www.oknobuild.com\/index.php\/produkt\/zlevneny-osmo-3166-dekoracni-vosk-transparentni-2-5-l-34743\/"]}]},{"@type":"ImageObject","inLanguage":"cs","@id":"https:\/\/www.oknobuild.com\/index.php\/produkt\/zlevneny-osmo-3166-dekoracni-vosk-transparentni-2-5-l-34743\/#primaryimage","url":"https:\/\/www.oknobuild.com\/wp-content\/uploads\/2026\/SK0020505-CZ20260425-092328-0-1777080210-dfdddassssssssgd.webp","contentUrl":"https:\/\/www.oknobuild.com\/wp-content\/uploads\/2026\/SK0020505-CZ20260425-092328-0-1777080210-dfdddassssssssgd.webp","width":571,"height":571},{"@type":"BreadcrumbList","@id":"https:\/\/www.oknobuild.com\/index.php\/produkt\/zlevneny-osmo-3166-dekoracni-vosk-transparentni-2-5-l-34743\/#breadcrumb","itemListElement":[{"@type":"ListItem","position":1,"name":"Home","item":"https:\/\/www.oknobuild.com\/"},{"@type":"ListItem","position":2,"name":"Products","item":"https:\/\/www.oknobuild.com\/index.php\/products\/"},{"@type":"ListItem","position":3,"name":"Zlevn\u011bn\u00fd OSMO 3166 Dekora\u010dn\u00ed vosk transparentn\u00ed 2,5 L"}]},{"@type":"WebSite","@id":"https:\/\/www.oknobuild.com\/#website","url":"https:\/\/www.oknobuild.com\/","name":"","description":"","potentialAction":[{"@type":"SearchAction","target":{"@type":"EntryPoint","urlTemplate":"https:\/\/www.oknobuild.com\/?s={search_term_string}"},"query-input":{"@type":"PropertyValueSpecification","valueRequired":true,"valueName":"search_term_string"}}],"inLanguage":"cs"}]}},"_links":{"self":[{"href":"https:\/\/www.oknobuild.com\/index.php\/wp-json\/wp\/v2\/product\/34743","targetHints":{"allow":["GET"]}}],"collection":[{"href":"https:\/\/www.oknobuild.com\/index.php\/wp-json\/wp\/v2\/product"}],"about":[{"href":"https:\/\/www.oknobuild.com\/index.php\/wp-json\/wp\/v2\/types\/product"}],"replies":[{"embeddable":true,"href":"https:\/\/www.oknobuild.com\/index.php\/wp-json\/wp\/v2\/comments?post=34743"}],"wp:featuredmedia":[{"embeddable":true,"href":"https:\/\/www.oknobuild.com\/index.php\/wp-json\/wp\/v2\/media\/34843"}],"wp:attachment":[{"href":"https:\/\/www.oknobuild.com\/index.php\/wp-json\/wp\/v2\/media?parent=34743"}],"wp:term":[{"taxonomy":"product_brand","embeddable":true,"href":"https:\/\/www.oknobuild.com\/index.php\/wp-json\/wp\/v2\/product_brand?post=34743"},{"taxonomy":"product_cat","embeddable":true,"href":"https:\/\/www.oknobuild.com\/index.php\/wp-json\/wp\/v2\/product_cat?post=34743"},{"taxonomy":"product_tag","embeddable":true,"href":"https:\/\/www.oknobuild.com\/index.php\/wp-json\/wp\/v2\/product_tag?post=34743"}],"curies":[{"name":"wp","href":"https:\/\/api.w.org\/{rel}","templated":true}]}}