{"id":38525,"date":"2026-04-27T04:42:14","date_gmt":"2026-04-27T04:42:14","guid":{"rendered":""},"modified":"2026-04-27T04:42:14","modified_gmt":"2026-04-27T04:42:14","slug":"akcni-cena-comad-doplnkova-koupelnova-skrinka-ocean-black-83-35-1d-cerna-dub-38525","status":"publish","type":"product","link":"https:\/\/www.oknobuild.com\/index.php\/produkt\/akcni-cena-comad-doplnkova-koupelnova-skrinka-ocean-black-83-35-1d-cerna-dub-38525\/","title":{"rendered":"Ak\u010dn\u00ed Cena Comad Dopl\u0148kov\u00e1 koupelnov\u00e1 sk\u0159\u00ed\u0148ka Ocean Black 83-35-1D \u010dern\u00e1\/dub"},"content":{"rendered":"<div class=\"ProductDetail-content NoFixImageContainer\" id=\"productDescription\">\n<div class=\"Heading\">\n<h2 class=\"Heading-title\">Popis produktu <span class=''>Comad Dopl\u0148kov\u00e1 koupelnov\u00e1 sk\u0159\u00ed\u0148ka Ocean Black 83-35-1D \u010dern\u00e1\/dub<\/span><\/h2>\n<\/p><\/div>\n<div class=\"ProductDetailContent\">\n<p><strong>Z\u00e1v\u011bsn\u00e1 dopl\u0148kov\u00e1 sk\u0159\u00ed\u0148ka 75 \u00d7 19 \u00d7 35\u202fcm<\/strong> \u2013 stylov\u00e1 kombinace b\u00e9\u017eov\u00fdch dv\u00ed\u0159ek a korpusu v dekoru dubu. Uvnit\u0159 dv\u011b praktick\u00e9 police poskytuj\u00ed dostatek \u00falo\u017en\u00e9ho prostoru a p\u0159isp\u00edvaj\u00ed k p\u0159ehledn\u00e9mu a modern\u00edmu vzhledu va\u0161\u00ed koupelny.<\/p>\n<h3><span style=\"font-family:arial,helvetica,sans-serif\">Technick\u00e9 parametry<\/span><\/h3>\n<ul>\n<li><span style=\"font-size:16px\"><span style=\"font-family:arial,helvetica,sans-serif\"><strong>\u0160\u00ed\u0159ka:<\/strong>&nbsp;35,0 cm<\/span><\/span><\/li>\n<li><span style=\"font-size:16px\"><span style=\"font-family:arial,helvetica,sans-serif\"><strong>Hloubka:<\/strong>&nbsp;19,0 cm<\/span><\/span><\/li>\n<li><span style=\"font-size:16px\"><span style=\"font-family:arial,helvetica,sans-serif\"><strong>V\u00fd\u0161ka:<\/strong>&nbsp;75,0 cm<\/span><\/span><\/li>\n<li><span style=\"font-size:16px\"><span style=\"font-family:arial,helvetica,sans-serif\"><strong>Barva:<\/strong>&nbsp;\u010drn\u00e1 mat, dub<\/span><\/span><\/li>\n<li><strong>Materi\u00e1l:<\/strong> MDF<\/li>\n<li><strong>V\u00fdbava:<\/strong> tich\u00e9 dov\u00edr\u00e1n\u00ed<\/li>\n<\/ul>\n<p>Pono\u0159te se do <strong>harmonie p\u0159\u00edrody a modern\u00edho designu<\/strong> s kolekc\u00ed koupelnov\u00e9ho n\u00e1bytku <strong>OCEAN BLACK<\/strong>.&nbsp;Inspirac\u00ed pro tuto kolekci se stal oce\u00e1n \u2013 symbol jednoduchosti, s\u00edly a neust\u00e1l\u00e9ho pohybu. Charakteristick\u00e9 <strong>dv\u00ed\u0159ka a z\u00e1suvky s jemn\u00fdmi horizont\u00e1ln\u00edmi vlnami v trojrozm\u011brn\u00e9m proveden\u00ed<\/strong> evokuj\u00ed klid mo\u0159e, zat\u00edmco korpusy v d\u0159evodekoru dubu dod\u00e1vaj\u00ed teplo a p\u0159irozenost. <strong>Matn\u011b \u010dern\u00e1 \u010dela<\/strong> zaji\u0161\u0165uj\u00ed univerz\u00e1lnost a snadn\u00e9 slad\u011bn\u00ed s r\u016fzn\u00fdmi interi\u00e9ry.&nbsp;Integrovan\u00e9 \u00fachytky podtrhuj\u00ed \u010dist\u00fd, jednotn\u00fd design. S\u00e9rie OCEAN BLACK nab\u00edz\u00ed <strong>z\u00e1suvkov\u00e9 umyvadlov\u00e9 sk\u0159\u00ed\u0148ky<\/strong> v \u0161\u00ed\u0159k\u00e1ch 60\u2013120 cm, dv\u011b vysok\u00e9 sk\u0159\u00edn\u011b a t\u0159i dopl\u0148kov\u00e9 prvky.<\/p>\n<\/p><\/div>\n<div class=\"ProductDetailContent\">                                                                    <\/div>\n<\/p><\/div>\n<\/p><\/div>\n<\/p><\/div>\n","protected":false},"excerpt":{"rendered":"<p>Popis produktu Comad Dopl\u0148kov\u00e1 koupelnov\u00e1 sk\u0159\u00ed\u0148ka Ocean Black 83-35-1D \u010dern\u00e1\/dub Z\u00e1v\u011bsn\u00e1 dopl\u0148kov\u00e1 sk\u0159\u00ed\u0148ka 75 \u00d7 19 \u00d7 35\u202fcm \u2013 stylov\u00e1 kombinace b\u00e9\u017eov\u00fdch dv\u00ed\u0159ek a korpusu v dekoru dubu. Uvnit\u0159 dv\u011b praktick\u00e9 police poskytuj\u00ed dostatek \u00falo\u017en\u00e9ho prostoru a p\u0159isp\u00edvaj\u00ed k p\u0159ehledn\u00e9mu a modern\u00edmu vzhledu va\u0161\u00ed koupelny. Technick\u00e9 parametry \u0160\u00ed\u0159ka:&nbsp;35,0 cm Hloubka:&nbsp;19,0 cm V\u00fd\u0161ka:&nbsp;75,0 cm Barva:&nbsp;\u010drn\u00e1 mat, [&hellip;]<\/p>\n","protected":false},"featured_media":38625,"comment_status":"open","ping_status":"open","template":"","meta":[],"product_brand":[],"product_cat":[65],"product_tag":[],"class_list":{"0":"post-38525","1":"product","2":"type-product","3":"status-publish","4":"has-post-thumbnail","6":"product_cat-koupelny","8":"first","9":"instock","10":"sale","11":"shipping-taxable","12":"purchasable","13":"product-type-simple"},"yoast_head":"<!-- This site is optimized with the Yoast SEO plugin v26.8 - https:\/\/yoast.com\/product\/yoast-seo-wordpress\/ -->\n<title>Ak\u010dn\u00ed Cena Comad Dopl\u0148kov\u00e1 koupelnov\u00e1 sk\u0159\u00ed\u0148ka Ocean Black 83-35-1D \u010dern\u00e1\/dub -<\/title>\n<meta name=\"robots\" content=\"index, follow, max-snippet:-1, max-image-preview:large, max-video-preview:-1\" \/>\n<link rel=\"canonical\" href=\"https:\/\/www.oknobuild.com\/index.php\/produkt\/akcni-cena-comad-doplnkova-koupelnova-skrinka-ocean-black-83-35-1d-cerna-dub-38525\/\" \/>\n<meta property=\"og:locale\" content=\"cs_CZ\" \/>\n<meta property=\"og:type\" content=\"article\" \/>\n<meta property=\"og:title\" content=\"Ak\u010dn\u00ed Cena Comad Dopl\u0148kov\u00e1 koupelnov\u00e1 sk\u0159\u00ed\u0148ka Ocean Black 83-35-1D \u010dern\u00e1\/dub -\" \/>\n<meta property=\"og:description\" content=\"Popis produktu Comad Dopl\u0148kov\u00e1 koupelnov\u00e1 sk\u0159\u00ed\u0148ka Ocean Black 83-35-1D \u010dern\u00e1\/dub Z\u00e1v\u011bsn\u00e1 dopl\u0148kov\u00e1 sk\u0159\u00ed\u0148ka 75 \u00d7 19 \u00d7 35\u202fcm \u2013 stylov\u00e1 kombinace b\u00e9\u017eov\u00fdch dv\u00ed\u0159ek a korpusu v dekoru dubu. Uvnit\u0159 dv\u011b praktick\u00e9 police poskytuj\u00ed dostatek \u00falo\u017en\u00e9ho prostoru a p\u0159isp\u00edvaj\u00ed k p\u0159ehledn\u00e9mu a modern\u00edmu vzhledu va\u0161\u00ed koupelny. Technick\u00e9 parametry \u0160\u00ed\u0159ka:&nbsp;35,0 cm Hloubka:&nbsp;19,0 cm V\u00fd\u0161ka:&nbsp;75,0 cm Barva:&nbsp;\u010drn\u00e1 mat, [&hellip;]\" \/>\n<meta property=\"og:url\" content=\"https:\/\/www.oknobuild.com\/index.php\/produkt\/akcni-cena-comad-doplnkova-koupelnova-skrinka-ocean-black-83-35-1d-cerna-dub-38525\/\" \/>\n<meta property=\"og:image\" content=\"https:\/\/www.oknobuild.com\/wp-content\/uploads\/2026\/SK0020237-CZ20260425-092632-0-1777080397-comad-doplnkova-koupelnova-skrinka-ocean-black-83-35-1d-cer.webp\" \/>\n\t<meta property=\"og:image:width\" content=\"600\" \/>\n\t<meta property=\"og:image:height\" content=\"600\" \/>\n\t<meta property=\"og:image:type\" content=\"image\/webp\" \/>\n<meta name=\"twitter:card\" content=\"summary_large_image\" \/>\n<meta name=\"twitter:label1\" content=\"Odhadovan\u00e1 doba \u010dten\u00ed\" \/>\n\t<meta name=\"twitter:data1\" content=\"1 minuta\" \/>\n<script type=\"application\/ld+json\" class=\"yoast-schema-graph\">{\"@context\":\"https:\/\/schema.org\",\"@graph\":[{\"@type\":\"WebPage\",\"@id\":\"https:\/\/www.oknobuild.com\/index.php\/produkt\/akcni-cena-comad-doplnkova-koupelnova-skrinka-ocean-black-83-35-1d-cerna-dub-38525\/\",\"url\":\"https:\/\/www.oknobuild.com\/index.php\/produkt\/akcni-cena-comad-doplnkova-koupelnova-skrinka-ocean-black-83-35-1d-cerna-dub-38525\/\",\"name\":\"Ak\u010dn\u00ed Cena Comad Dopl\u0148kov\u00e1 koupelnov\u00e1 sk\u0159\u00ed\u0148ka Ocean Black 83-35-1D \u010dern\u00e1\/dub -\",\"isPartOf\":{\"@id\":\"https:\/\/www.oknobuild.com\/#website\"},\"primaryImageOfPage\":{\"@id\":\"https:\/\/www.oknobuild.com\/index.php\/produkt\/akcni-cena-comad-doplnkova-koupelnova-skrinka-ocean-black-83-35-1d-cerna-dub-38525\/#primaryimage\"},\"image\":{\"@id\":\"https:\/\/www.oknobuild.com\/index.php\/produkt\/akcni-cena-comad-doplnkova-koupelnova-skrinka-ocean-black-83-35-1d-cerna-dub-38525\/#primaryimage\"},\"thumbnailUrl\":\"https:\/\/www.oknobuild.com\/wp-content\/uploads\/2026\/SK0020237-CZ20260425-092632-0-1777080397-comad-doplnkova-koupelnova-skrinka-ocean-black-83-35-1d-cer.webp\",\"datePublished\":\"2026-04-27T04:42:14+00:00\",\"breadcrumb\":{\"@id\":\"https:\/\/www.oknobuild.com\/index.php\/produkt\/akcni-cena-comad-doplnkova-koupelnova-skrinka-ocean-black-83-35-1d-cerna-dub-38525\/#breadcrumb\"},\"inLanguage\":\"cs\",\"potentialAction\":[{\"@type\":\"ReadAction\",\"target\":[\"https:\/\/www.oknobuild.com\/index.php\/produkt\/akcni-cena-comad-doplnkova-koupelnova-skrinka-ocean-black-83-35-1d-cerna-dub-38525\/\"]}]},{\"@type\":\"ImageObject\",\"inLanguage\":\"cs\",\"@id\":\"https:\/\/www.oknobuild.com\/index.php\/produkt\/akcni-cena-comad-doplnkova-koupelnova-skrinka-ocean-black-83-35-1d-cerna-dub-38525\/#primaryimage\",\"url\":\"https:\/\/www.oknobuild.com\/wp-content\/uploads\/2026\/SK0020237-CZ20260425-092632-0-1777080397-comad-doplnkova-koupelnova-skrinka-ocean-black-83-35-1d-cer.webp\",\"contentUrl\":\"https:\/\/www.oknobuild.com\/wp-content\/uploads\/2026\/SK0020237-CZ20260425-092632-0-1777080397-comad-doplnkova-koupelnova-skrinka-ocean-black-83-35-1d-cer.webp\",\"width\":600,\"height\":600},{\"@type\":\"BreadcrumbList\",\"@id\":\"https:\/\/www.oknobuild.com\/index.php\/produkt\/akcni-cena-comad-doplnkova-koupelnova-skrinka-ocean-black-83-35-1d-cerna-dub-38525\/#breadcrumb\",\"itemListElement\":[{\"@type\":\"ListItem\",\"position\":1,\"name\":\"Home\",\"item\":\"https:\/\/www.oknobuild.com\/\"},{\"@type\":\"ListItem\",\"position\":2,\"name\":\"Products\",\"item\":\"https:\/\/www.oknobuild.com\/index.php\/products\/\"},{\"@type\":\"ListItem\",\"position\":3,\"name\":\"Ak\u010dn\u00ed Cena Comad Dopl\u0148kov\u00e1 koupelnov\u00e1 sk\u0159\u00ed\u0148ka Ocean Black 83-35-1D \u010dern\u00e1\/dub\"}]},{\"@type\":\"WebSite\",\"@id\":\"https:\/\/www.oknobuild.com\/#website\",\"url\":\"https:\/\/www.oknobuild.com\/\",\"name\":\"\",\"description\":\"\",\"potentialAction\":[{\"@type\":\"SearchAction\",\"target\":{\"@type\":\"EntryPoint\",\"urlTemplate\":\"https:\/\/www.oknobuild.com\/?s={search_term_string}\"},\"query-input\":{\"@type\":\"PropertyValueSpecification\",\"valueRequired\":true,\"valueName\":\"search_term_string\"}}],\"inLanguage\":\"cs\"}]}<\/script>\n<!-- \/ Yoast SEO plugin. -->","yoast_head_json":{"title":"Ak\u010dn\u00ed Cena Comad Dopl\u0148kov\u00e1 koupelnov\u00e1 sk\u0159\u00ed\u0148ka Ocean Black 83-35-1D \u010dern\u00e1\/dub -","robots":{"index":"index","follow":"follow","max-snippet":"max-snippet:-1","max-image-preview":"max-image-preview:large","max-video-preview":"max-video-preview:-1"},"canonical":"https:\/\/www.oknobuild.com\/index.php\/produkt\/akcni-cena-comad-doplnkova-koupelnova-skrinka-ocean-black-83-35-1d-cerna-dub-38525\/","og_locale":"cs_CZ","og_type":"article","og_title":"Ak\u010dn\u00ed Cena Comad Dopl\u0148kov\u00e1 koupelnov\u00e1 sk\u0159\u00ed\u0148ka Ocean Black 83-35-1D \u010dern\u00e1\/dub -","og_description":"Popis produktu Comad Dopl\u0148kov\u00e1 koupelnov\u00e1 sk\u0159\u00ed\u0148ka Ocean Black 83-35-1D \u010dern\u00e1\/dub Z\u00e1v\u011bsn\u00e1 dopl\u0148kov\u00e1 sk\u0159\u00ed\u0148ka 75 \u00d7 19 \u00d7 35\u202fcm \u2013 stylov\u00e1 kombinace b\u00e9\u017eov\u00fdch dv\u00ed\u0159ek a korpusu v dekoru dubu. Uvnit\u0159 dv\u011b praktick\u00e9 police poskytuj\u00ed dostatek \u00falo\u017en\u00e9ho prostoru a p\u0159isp\u00edvaj\u00ed k p\u0159ehledn\u00e9mu a modern\u00edmu vzhledu va\u0161\u00ed koupelny. Technick\u00e9 parametry \u0160\u00ed\u0159ka:&nbsp;35,0 cm Hloubka:&nbsp;19,0 cm V\u00fd\u0161ka:&nbsp;75,0 cm Barva:&nbsp;\u010drn\u00e1 mat, [&hellip;]","og_url":"https:\/\/www.oknobuild.com\/index.php\/produkt\/akcni-cena-comad-doplnkova-koupelnova-skrinka-ocean-black-83-35-1d-cerna-dub-38525\/","og_image":[{"width":600,"height":600,"url":"https:\/\/www.oknobuild.com\/wp-content\/uploads\/2026\/SK0020237-CZ20260425-092632-0-1777080397-comad-doplnkova-koupelnova-skrinka-ocean-black-83-35-1d-cer.webp","type":"image\/webp"}],"twitter_card":"summary_large_image","twitter_misc":{"Odhadovan\u00e1 doba \u010dten\u00ed":"1 minuta"},"schema":{"@context":"https:\/\/schema.org","@graph":[{"@type":"WebPage","@id":"https:\/\/www.oknobuild.com\/index.php\/produkt\/akcni-cena-comad-doplnkova-koupelnova-skrinka-ocean-black-83-35-1d-cerna-dub-38525\/","url":"https:\/\/www.oknobuild.com\/index.php\/produkt\/akcni-cena-comad-doplnkova-koupelnova-skrinka-ocean-black-83-35-1d-cerna-dub-38525\/","name":"Ak\u010dn\u00ed Cena Comad Dopl\u0148kov\u00e1 koupelnov\u00e1 sk\u0159\u00ed\u0148ka Ocean Black 83-35-1D \u010dern\u00e1\/dub -","isPartOf":{"@id":"https:\/\/www.oknobuild.com\/#website"},"primaryImageOfPage":{"@id":"https:\/\/www.oknobuild.com\/index.php\/produkt\/akcni-cena-comad-doplnkova-koupelnova-skrinka-ocean-black-83-35-1d-cerna-dub-38525\/#primaryimage"},"image":{"@id":"https:\/\/www.oknobuild.com\/index.php\/produkt\/akcni-cena-comad-doplnkova-koupelnova-skrinka-ocean-black-83-35-1d-cerna-dub-38525\/#primaryimage"},"thumbnailUrl":"https:\/\/www.oknobuild.com\/wp-content\/uploads\/2026\/SK0020237-CZ20260425-092632-0-1777080397-comad-doplnkova-koupelnova-skrinka-ocean-black-83-35-1d-cer.webp","datePublished":"2026-04-27T04:42:14+00:00","breadcrumb":{"@id":"https:\/\/www.oknobuild.com\/index.php\/produkt\/akcni-cena-comad-doplnkova-koupelnova-skrinka-ocean-black-83-35-1d-cerna-dub-38525\/#breadcrumb"},"inLanguage":"cs","potentialAction":[{"@type":"ReadAction","target":["https:\/\/www.oknobuild.com\/index.php\/produkt\/akcni-cena-comad-doplnkova-koupelnova-skrinka-ocean-black-83-35-1d-cerna-dub-38525\/"]}]},{"@type":"ImageObject","inLanguage":"cs","@id":"https:\/\/www.oknobuild.com\/index.php\/produkt\/akcni-cena-comad-doplnkova-koupelnova-skrinka-ocean-black-83-35-1d-cerna-dub-38525\/#primaryimage","url":"https:\/\/www.oknobuild.com\/wp-content\/uploads\/2026\/SK0020237-CZ20260425-092632-0-1777080397-comad-doplnkova-koupelnova-skrinka-ocean-black-83-35-1d-cer.webp","contentUrl":"https:\/\/www.oknobuild.com\/wp-content\/uploads\/2026\/SK0020237-CZ20260425-092632-0-1777080397-comad-doplnkova-koupelnova-skrinka-ocean-black-83-35-1d-cer.webp","width":600,"height":600},{"@type":"BreadcrumbList","@id":"https:\/\/www.oknobuild.com\/index.php\/produkt\/akcni-cena-comad-doplnkova-koupelnova-skrinka-ocean-black-83-35-1d-cerna-dub-38525\/#breadcrumb","itemListElement":[{"@type":"ListItem","position":1,"name":"Home","item":"https:\/\/www.oknobuild.com\/"},{"@type":"ListItem","position":2,"name":"Products","item":"https:\/\/www.oknobuild.com\/index.php\/products\/"},{"@type":"ListItem","position":3,"name":"Ak\u010dn\u00ed Cena Comad Dopl\u0148kov\u00e1 koupelnov\u00e1 sk\u0159\u00ed\u0148ka Ocean Black 83-35-1D \u010dern\u00e1\/dub"}]},{"@type":"WebSite","@id":"https:\/\/www.oknobuild.com\/#website","url":"https:\/\/www.oknobuild.com\/","name":"","description":"","potentialAction":[{"@type":"SearchAction","target":{"@type":"EntryPoint","urlTemplate":"https:\/\/www.oknobuild.com\/?s={search_term_string}"},"query-input":{"@type":"PropertyValueSpecification","valueRequired":true,"valueName":"search_term_string"}}],"inLanguage":"cs"}]}},"_links":{"self":[{"href":"https:\/\/www.oknobuild.com\/index.php\/wp-json\/wp\/v2\/product\/38525","targetHints":{"allow":["GET"]}}],"collection":[{"href":"https:\/\/www.oknobuild.com\/index.php\/wp-json\/wp\/v2\/product"}],"about":[{"href":"https:\/\/www.oknobuild.com\/index.php\/wp-json\/wp\/v2\/types\/product"}],"replies":[{"embeddable":true,"href":"https:\/\/www.oknobuild.com\/index.php\/wp-json\/wp\/v2\/comments?post=38525"}],"wp:featuredmedia":[{"embeddable":true,"href":"https:\/\/www.oknobuild.com\/index.php\/wp-json\/wp\/v2\/media\/38625"}],"wp:attachment":[{"href":"https:\/\/www.oknobuild.com\/index.php\/wp-json\/wp\/v2\/media?parent=38525"}],"wp:term":[{"taxonomy":"product_brand","embeddable":true,"href":"https:\/\/www.oknobuild.com\/index.php\/wp-json\/wp\/v2\/product_brand?post=38525"},{"taxonomy":"product_cat","embeddable":true,"href":"https:\/\/www.oknobuild.com\/index.php\/wp-json\/wp\/v2\/product_cat?post=38525"},{"taxonomy":"product_tag","embeddable":true,"href":"https:\/\/www.oknobuild.com\/index.php\/wp-json\/wp\/v2\/product_tag?post=38525"}],"curies":[{"name":"wp","href":"https:\/\/api.w.org\/{rel}","templated":true}]}}