{"id":38779,"date":"2026-04-27T04:42:15","date_gmt":"2026-04-27T04:42:15","guid":{"rendered":""},"modified":"2026-04-27T04:42:15","modified_gmt":"2026-04-27T04:42:15","slug":"zlevneny-nimco-kibo-davkovac-mydla-matne-sklo-pumpicka-mosaz-ki-14031c-t-90-38779","status":"publish","type":"product","link":"https:\/\/www.oknobuild.com\/index.php\/produkt\/zlevneny-nimco-kibo-davkovac-mydla-matne-sklo-pumpicka-mosaz-ki-14031c-t-90-38779\/","title":{"rendered":"Zlevn\u011bn\u00fd Nimco Kibo D\u00e1vkova\u010d m\u00fddla matn\u00e9 sklo pumpi\u010dka mosaz Ki-14031C-T-90"},"content":{"rendered":"<div class=\"ProductDetail-content NoFixImageContainer\" id=\"productDescription\">\n<div class=\"Heading\">\n<h2 class=\"Heading-title\">Popis produktu <span class=''>Nimco Kibo D\u00e1vkova\u010d m\u00fddla matn\u00e9 sklo pumpi\u010dka mosaz Ki-14031C-T-90<\/span><\/h2>\n<\/p><\/div>\n<div class=\"ProductDetailContent\">\n<p><span style=\"font-size:16px\">N\u00e1st\u011bnn\u00fd d\u00e1vkova\u010d tekut\u00e9ho m\u00fddla hranat\u00fd, keramick\u00fd, \u010dern\u00fd kov, pumpa mosaz je skv\u011bl\u00fdm dopl\u0148kem do koupelny. Minimalismus, elegance, nad\u010dasovost? To v\u0161e m\u016f\u017ee p\u0159edstavovat \u010dern\u00e1 v&nbsp;interi\u00e9rech. \u010cern\u00e1 by nem\u011bla koupeln\u011b vl\u00e1dnout, nicm\u00e9n\u011b v&nbsp;kombinaci s&nbsp;b\u00edlou vytvo\u0159\u00ed unik\u00e1tn\u00ed prostor, kter\u00fd se neokouk\u00e1. St\u00e1le v\u00e1h\u00e1te pou\u017e\u00edt \u010dernou? Za\u010dn\u011bte s&nbsp;dopl\u0148ky KIBO. K \u010di\u0161t\u011bn\u00ed povrchu se pou\u017e\u00edv\u00e1 had\u0159\u00edk z mikrovl\u00e1kna namo\u010den\u00fd v m\u00fddlov\u00e9 vod\u011b nebo octov\u00e9m roztoku. Po umyt\u00ed se vysu\u0161\u00ed povrch jemn\u00fdm had\u0159\u00edkem. Pou\u017eit\u00ed b\u011bl\u00edc\u00edch, dezinfek\u010dn\u00edch, alkalick\u00fdch, siln\u011b koncentrovan\u00fdch \u010dist\u00edc\u00edch prost\u0159edk\u016f obsahuj\u00edc\u00ed siln\u00e1 \u010dinidla nebo pou\u017eit\u00ed tekut\u00fdch p\u00edsk\u016f by mohlo povrch po\u0161kodit!&nbsp;<\/span><\/p>\n<p><span style=\"font-size:16px\"><strong>Technick\u00e9 \u00fadaje<\/strong><\/span><\/p>\n<ul>\n<li><span style=\"font-size:16px\">Povrchov\u00e1 \u00faprava: \u010dern\u00e1 matn\u00e1<\/span><\/li>\n<li><span style=\"font-size:16px\">Materi\u00e1l: mosaz, sklo<\/span><\/li>\n<li><span style=\"font-size:16px\">Mont\u00e1\u017e a um\u00edst\u011bn\u00ed: n\u00e1st\u011bnn\u00e9 &#8211; vrt\u00e1n\u00ed<\/span><\/li>\n<\/ul><\/div>\n<div class=\"ProductDetailContent\">                                                                    <\/div>\n<\/p><\/div>\n<\/p><\/div>\n<\/p><\/div>\n","protected":false},"excerpt":{"rendered":"<p>Popis produktu Nimco Kibo D\u00e1vkova\u010d m\u00fddla matn\u00e9 sklo pumpi\u010dka mosaz Ki-14031C-T-90 N\u00e1st\u011bnn\u00fd d\u00e1vkova\u010d tekut\u00e9ho m\u00fddla hranat\u00fd, keramick\u00fd, \u010dern\u00fd kov, pumpa mosaz je skv\u011bl\u00fdm dopl\u0148kem do koupelny. Minimalismus, elegance, nad\u010dasovost? To v\u0161e m\u016f\u017ee p\u0159edstavovat \u010dern\u00e1 v&nbsp;interi\u00e9rech. \u010cern\u00e1 by nem\u011bla koupeln\u011b vl\u00e1dnout, nicm\u00e9n\u011b v&nbsp;kombinaci s&nbsp;b\u00edlou vytvo\u0159\u00ed unik\u00e1tn\u00ed prostor, kter\u00fd se neokouk\u00e1. St\u00e1le v\u00e1h\u00e1te pou\u017e\u00edt \u010dernou? Za\u010dn\u011bte s&nbsp;dopl\u0148ky [&hellip;]<\/p>\n","protected":false},"featured_media":38879,"comment_status":"open","ping_status":"open","template":"","meta":[],"product_brand":[],"product_cat":[65],"product_tag":[],"class_list":{"0":"post-38779","1":"product","2":"type-product","3":"status-publish","4":"has-post-thumbnail","6":"product_cat-koupelny","8":"first","9":"instock","10":"sale","11":"shipping-taxable","12":"purchasable","13":"product-type-simple"},"yoast_head":"<!-- This site is optimized with the Yoast SEO plugin v26.8 - https:\/\/yoast.com\/product\/yoast-seo-wordpress\/ -->\n<title>Zlevn\u011bn\u00fd Nimco Kibo D\u00e1vkova\u010d m\u00fddla matn\u00e9 sklo pumpi\u010dka mosaz Ki-14031C-T-90 -<\/title>\n<meta name=\"robots\" content=\"index, follow, max-snippet:-1, max-image-preview:large, max-video-preview:-1\" \/>\n<link rel=\"canonical\" href=\"https:\/\/www.oknobuild.com\/index.php\/produkt\/zlevneny-nimco-kibo-davkovac-mydla-matne-sklo-pumpicka-mosaz-ki-14031c-t-90-38779\/\" \/>\n<meta property=\"og:locale\" content=\"cs_CZ\" \/>\n<meta property=\"og:type\" content=\"article\" \/>\n<meta property=\"og:title\" content=\"Zlevn\u011bn\u00fd Nimco Kibo D\u00e1vkova\u010d m\u00fddla matn\u00e9 sklo pumpi\u010dka mosaz Ki-14031C-T-90 -\" \/>\n<meta property=\"og:description\" content=\"Popis produktu Nimco Kibo D\u00e1vkova\u010d m\u00fddla matn\u00e9 sklo pumpi\u010dka mosaz Ki-14031C-T-90 N\u00e1st\u011bnn\u00fd d\u00e1vkova\u010d tekut\u00e9ho m\u00fddla hranat\u00fd, keramick\u00fd, \u010dern\u00fd kov, pumpa mosaz je skv\u011bl\u00fdm dopl\u0148kem do koupelny. Minimalismus, elegance, nad\u010dasovost? To v\u0161e m\u016f\u017ee p\u0159edstavovat \u010dern\u00e1 v&nbsp;interi\u00e9rech. \u010cern\u00e1 by nem\u011bla koupeln\u011b vl\u00e1dnout, nicm\u00e9n\u011b v&nbsp;kombinaci s&nbsp;b\u00edlou vytvo\u0159\u00ed unik\u00e1tn\u00ed prostor, kter\u00fd se neokouk\u00e1. St\u00e1le v\u00e1h\u00e1te pou\u017e\u00edt \u010dernou? Za\u010dn\u011bte s&nbsp;dopl\u0148ky [&hellip;]\" \/>\n<meta property=\"og:url\" content=\"https:\/\/www.oknobuild.com\/index.php\/produkt\/zlevneny-nimco-kibo-davkovac-mydla-matne-sklo-pumpicka-mosaz-ki-14031c-t-90-38779\/\" \/>\n<meta property=\"og:image\" content=\"https:\/\/www.oknobuild.com\/wp-content\/uploads\/2026\/SK0020397-CZ20260425-092632-0-1777080397-nimco-kibo-davkovac-mydla-matne-sklo-pumpicka-mosaz-ki-1403.webp\" \/>\n\t<meta property=\"og:image:width\" content=\"600\" \/>\n\t<meta property=\"og:image:height\" content=\"600\" \/>\n\t<meta property=\"og:image:type\" content=\"image\/webp\" \/>\n<meta name=\"twitter:card\" content=\"summary_large_image\" \/>\n<meta name=\"twitter:label1\" content=\"Odhadovan\u00e1 doba \u010dten\u00ed\" \/>\n\t<meta name=\"twitter:data1\" content=\"1 minuta\" \/>\n<script type=\"application\/ld+json\" class=\"yoast-schema-graph\">{\"@context\":\"https:\/\/schema.org\",\"@graph\":[{\"@type\":\"WebPage\",\"@id\":\"https:\/\/www.oknobuild.com\/index.php\/produkt\/zlevneny-nimco-kibo-davkovac-mydla-matne-sklo-pumpicka-mosaz-ki-14031c-t-90-38779\/\",\"url\":\"https:\/\/www.oknobuild.com\/index.php\/produkt\/zlevneny-nimco-kibo-davkovac-mydla-matne-sklo-pumpicka-mosaz-ki-14031c-t-90-38779\/\",\"name\":\"Zlevn\u011bn\u00fd Nimco Kibo D\u00e1vkova\u010d m\u00fddla matn\u00e9 sklo pumpi\u010dka mosaz Ki-14031C-T-90 -\",\"isPartOf\":{\"@id\":\"https:\/\/www.oknobuild.com\/#website\"},\"primaryImageOfPage\":{\"@id\":\"https:\/\/www.oknobuild.com\/index.php\/produkt\/zlevneny-nimco-kibo-davkovac-mydla-matne-sklo-pumpicka-mosaz-ki-14031c-t-90-38779\/#primaryimage\"},\"image\":{\"@id\":\"https:\/\/www.oknobuild.com\/index.php\/produkt\/zlevneny-nimco-kibo-davkovac-mydla-matne-sklo-pumpicka-mosaz-ki-14031c-t-90-38779\/#primaryimage\"},\"thumbnailUrl\":\"https:\/\/www.oknobuild.com\/wp-content\/uploads\/2026\/SK0020397-CZ20260425-092632-0-1777080397-nimco-kibo-davkovac-mydla-matne-sklo-pumpicka-mosaz-ki-1403.webp\",\"datePublished\":\"2026-04-27T04:42:15+00:00\",\"breadcrumb\":{\"@id\":\"https:\/\/www.oknobuild.com\/index.php\/produkt\/zlevneny-nimco-kibo-davkovac-mydla-matne-sklo-pumpicka-mosaz-ki-14031c-t-90-38779\/#breadcrumb\"},\"inLanguage\":\"cs\",\"potentialAction\":[{\"@type\":\"ReadAction\",\"target\":[\"https:\/\/www.oknobuild.com\/index.php\/produkt\/zlevneny-nimco-kibo-davkovac-mydla-matne-sklo-pumpicka-mosaz-ki-14031c-t-90-38779\/\"]}]},{\"@type\":\"ImageObject\",\"inLanguage\":\"cs\",\"@id\":\"https:\/\/www.oknobuild.com\/index.php\/produkt\/zlevneny-nimco-kibo-davkovac-mydla-matne-sklo-pumpicka-mosaz-ki-14031c-t-90-38779\/#primaryimage\",\"url\":\"https:\/\/www.oknobuild.com\/wp-content\/uploads\/2026\/SK0020397-CZ20260425-092632-0-1777080397-nimco-kibo-davkovac-mydla-matne-sklo-pumpicka-mosaz-ki-1403.webp\",\"contentUrl\":\"https:\/\/www.oknobuild.com\/wp-content\/uploads\/2026\/SK0020397-CZ20260425-092632-0-1777080397-nimco-kibo-davkovac-mydla-matne-sklo-pumpicka-mosaz-ki-1403.webp\",\"width\":600,\"height\":600},{\"@type\":\"BreadcrumbList\",\"@id\":\"https:\/\/www.oknobuild.com\/index.php\/produkt\/zlevneny-nimco-kibo-davkovac-mydla-matne-sklo-pumpicka-mosaz-ki-14031c-t-90-38779\/#breadcrumb\",\"itemListElement\":[{\"@type\":\"ListItem\",\"position\":1,\"name\":\"Home\",\"item\":\"https:\/\/www.oknobuild.com\/\"},{\"@type\":\"ListItem\",\"position\":2,\"name\":\"Products\",\"item\":\"https:\/\/www.oknobuild.com\/index.php\/products\/\"},{\"@type\":\"ListItem\",\"position\":3,\"name\":\"Zlevn\u011bn\u00fd Nimco Kibo D\u00e1vkova\u010d m\u00fddla matn\u00e9 sklo pumpi\u010dka mosaz Ki-14031C-T-90\"}]},{\"@type\":\"WebSite\",\"@id\":\"https:\/\/www.oknobuild.com\/#website\",\"url\":\"https:\/\/www.oknobuild.com\/\",\"name\":\"\",\"description\":\"\",\"potentialAction\":[{\"@type\":\"SearchAction\",\"target\":{\"@type\":\"EntryPoint\",\"urlTemplate\":\"https:\/\/www.oknobuild.com\/?s={search_term_string}\"},\"query-input\":{\"@type\":\"PropertyValueSpecification\",\"valueRequired\":true,\"valueName\":\"search_term_string\"}}],\"inLanguage\":\"cs\"}]}<\/script>\n<!-- \/ Yoast SEO plugin. -->","yoast_head_json":{"title":"Zlevn\u011bn\u00fd Nimco Kibo D\u00e1vkova\u010d m\u00fddla matn\u00e9 sklo pumpi\u010dka mosaz Ki-14031C-T-90 -","robots":{"index":"index","follow":"follow","max-snippet":"max-snippet:-1","max-image-preview":"max-image-preview:large","max-video-preview":"max-video-preview:-1"},"canonical":"https:\/\/www.oknobuild.com\/index.php\/produkt\/zlevneny-nimco-kibo-davkovac-mydla-matne-sklo-pumpicka-mosaz-ki-14031c-t-90-38779\/","og_locale":"cs_CZ","og_type":"article","og_title":"Zlevn\u011bn\u00fd Nimco Kibo D\u00e1vkova\u010d m\u00fddla matn\u00e9 sklo pumpi\u010dka mosaz Ki-14031C-T-90 -","og_description":"Popis produktu Nimco Kibo D\u00e1vkova\u010d m\u00fddla matn\u00e9 sklo pumpi\u010dka mosaz Ki-14031C-T-90 N\u00e1st\u011bnn\u00fd d\u00e1vkova\u010d tekut\u00e9ho m\u00fddla hranat\u00fd, keramick\u00fd, \u010dern\u00fd kov, pumpa mosaz je skv\u011bl\u00fdm dopl\u0148kem do koupelny. Minimalismus, elegance, nad\u010dasovost? To v\u0161e m\u016f\u017ee p\u0159edstavovat \u010dern\u00e1 v&nbsp;interi\u00e9rech. \u010cern\u00e1 by nem\u011bla koupeln\u011b vl\u00e1dnout, nicm\u00e9n\u011b v&nbsp;kombinaci s&nbsp;b\u00edlou vytvo\u0159\u00ed unik\u00e1tn\u00ed prostor, kter\u00fd se neokouk\u00e1. St\u00e1le v\u00e1h\u00e1te pou\u017e\u00edt \u010dernou? Za\u010dn\u011bte s&nbsp;dopl\u0148ky [&hellip;]","og_url":"https:\/\/www.oknobuild.com\/index.php\/produkt\/zlevneny-nimco-kibo-davkovac-mydla-matne-sklo-pumpicka-mosaz-ki-14031c-t-90-38779\/","og_image":[{"width":600,"height":600,"url":"https:\/\/www.oknobuild.com\/wp-content\/uploads\/2026\/SK0020397-CZ20260425-092632-0-1777080397-nimco-kibo-davkovac-mydla-matne-sklo-pumpicka-mosaz-ki-1403.webp","type":"image\/webp"}],"twitter_card":"summary_large_image","twitter_misc":{"Odhadovan\u00e1 doba \u010dten\u00ed":"1 minuta"},"schema":{"@context":"https:\/\/schema.org","@graph":[{"@type":"WebPage","@id":"https:\/\/www.oknobuild.com\/index.php\/produkt\/zlevneny-nimco-kibo-davkovac-mydla-matne-sklo-pumpicka-mosaz-ki-14031c-t-90-38779\/","url":"https:\/\/www.oknobuild.com\/index.php\/produkt\/zlevneny-nimco-kibo-davkovac-mydla-matne-sklo-pumpicka-mosaz-ki-14031c-t-90-38779\/","name":"Zlevn\u011bn\u00fd Nimco Kibo D\u00e1vkova\u010d m\u00fddla matn\u00e9 sklo pumpi\u010dka mosaz Ki-14031C-T-90 -","isPartOf":{"@id":"https:\/\/www.oknobuild.com\/#website"},"primaryImageOfPage":{"@id":"https:\/\/www.oknobuild.com\/index.php\/produkt\/zlevneny-nimco-kibo-davkovac-mydla-matne-sklo-pumpicka-mosaz-ki-14031c-t-90-38779\/#primaryimage"},"image":{"@id":"https:\/\/www.oknobuild.com\/index.php\/produkt\/zlevneny-nimco-kibo-davkovac-mydla-matne-sklo-pumpicka-mosaz-ki-14031c-t-90-38779\/#primaryimage"},"thumbnailUrl":"https:\/\/www.oknobuild.com\/wp-content\/uploads\/2026\/SK0020397-CZ20260425-092632-0-1777080397-nimco-kibo-davkovac-mydla-matne-sklo-pumpicka-mosaz-ki-1403.webp","datePublished":"2026-04-27T04:42:15+00:00","breadcrumb":{"@id":"https:\/\/www.oknobuild.com\/index.php\/produkt\/zlevneny-nimco-kibo-davkovac-mydla-matne-sklo-pumpicka-mosaz-ki-14031c-t-90-38779\/#breadcrumb"},"inLanguage":"cs","potentialAction":[{"@type":"ReadAction","target":["https:\/\/www.oknobuild.com\/index.php\/produkt\/zlevneny-nimco-kibo-davkovac-mydla-matne-sklo-pumpicka-mosaz-ki-14031c-t-90-38779\/"]}]},{"@type":"ImageObject","inLanguage":"cs","@id":"https:\/\/www.oknobuild.com\/index.php\/produkt\/zlevneny-nimco-kibo-davkovac-mydla-matne-sklo-pumpicka-mosaz-ki-14031c-t-90-38779\/#primaryimage","url":"https:\/\/www.oknobuild.com\/wp-content\/uploads\/2026\/SK0020397-CZ20260425-092632-0-1777080397-nimco-kibo-davkovac-mydla-matne-sklo-pumpicka-mosaz-ki-1403.webp","contentUrl":"https:\/\/www.oknobuild.com\/wp-content\/uploads\/2026\/SK0020397-CZ20260425-092632-0-1777080397-nimco-kibo-davkovac-mydla-matne-sklo-pumpicka-mosaz-ki-1403.webp","width":600,"height":600},{"@type":"BreadcrumbList","@id":"https:\/\/www.oknobuild.com\/index.php\/produkt\/zlevneny-nimco-kibo-davkovac-mydla-matne-sklo-pumpicka-mosaz-ki-14031c-t-90-38779\/#breadcrumb","itemListElement":[{"@type":"ListItem","position":1,"name":"Home","item":"https:\/\/www.oknobuild.com\/"},{"@type":"ListItem","position":2,"name":"Products","item":"https:\/\/www.oknobuild.com\/index.php\/products\/"},{"@type":"ListItem","position":3,"name":"Zlevn\u011bn\u00fd Nimco Kibo D\u00e1vkova\u010d m\u00fddla matn\u00e9 sklo pumpi\u010dka mosaz Ki-14031C-T-90"}]},{"@type":"WebSite","@id":"https:\/\/www.oknobuild.com\/#website","url":"https:\/\/www.oknobuild.com\/","name":"","description":"","potentialAction":[{"@type":"SearchAction","target":{"@type":"EntryPoint","urlTemplate":"https:\/\/www.oknobuild.com\/?s={search_term_string}"},"query-input":{"@type":"PropertyValueSpecification","valueRequired":true,"valueName":"search_term_string"}}],"inLanguage":"cs"}]}},"_links":{"self":[{"href":"https:\/\/www.oknobuild.com\/index.php\/wp-json\/wp\/v2\/product\/38779","targetHints":{"allow":["GET"]}}],"collection":[{"href":"https:\/\/www.oknobuild.com\/index.php\/wp-json\/wp\/v2\/product"}],"about":[{"href":"https:\/\/www.oknobuild.com\/index.php\/wp-json\/wp\/v2\/types\/product"}],"replies":[{"embeddable":true,"href":"https:\/\/www.oknobuild.com\/index.php\/wp-json\/wp\/v2\/comments?post=38779"}],"wp:featuredmedia":[{"embeddable":true,"href":"https:\/\/www.oknobuild.com\/index.php\/wp-json\/wp\/v2\/media\/38879"}],"wp:attachment":[{"href":"https:\/\/www.oknobuild.com\/index.php\/wp-json\/wp\/v2\/media?parent=38779"}],"wp:term":[{"taxonomy":"product_brand","embeddable":true,"href":"https:\/\/www.oknobuild.com\/index.php\/wp-json\/wp\/v2\/product_brand?post=38779"},{"taxonomy":"product_cat","embeddable":true,"href":"https:\/\/www.oknobuild.com\/index.php\/wp-json\/wp\/v2\/product_cat?post=38779"},{"taxonomy":"product_tag","embeddable":true,"href":"https:\/\/www.oknobuild.com\/index.php\/wp-json\/wp\/v2\/product_tag?post=38779"}],"curies":[{"name":"wp","href":"https:\/\/api.w.org\/{rel}","templated":true}]}}