{"id":38958,"date":"2026-04-27T04:42:15","date_gmt":"2026-04-27T04:42:15","guid":{"rendered":""},"modified":"2026-04-27T04:42:15","modified_gmt":"2026-04-27T04:42:15","slug":"znackovy-sapho-zenith-nerezovy-drez-60x45cm-zlato-mat-38958","status":"publish","type":"product","link":"https:\/\/www.oknobuild.com\/index.php\/produkt\/znackovy-sapho-zenith-nerezovy-drez-60x45cm-zlato-mat-38958\/","title":{"rendered":"Zna\u010dkov\u00fd Sapho ZENITH nerezov\u00fd d\u0159ez 60x45cm, zlato mat"},"content":{"rendered":"<div class=\"ProductDetail-content NoFixImageContainer\" id=\"productDescription\">\n<div class=\"Heading\">\n<h2 class=\"Heading-title\">Popis produktu <span class=''>Sapho ZENITH nerezov\u00fd d\u0159ez 60x45cm, zlato mat<\/span><\/h2>\n<\/p><\/div>\n<div class=\"ProductDetailContent\">\n<p><span style=\"font-size:16px\">Hranat\u00e9 nerezov\u00e9 d\u0159ezy Zenith v modern\u00edch matn\u00fdch barv\u00e1ch antracit, zlato a m\u011b\u010f lze kombinovat s bateriemi ve stejn\u00e9 barv\u011b. Vysoce kvalitn\u00ed chromniklov\u00e1 ocel je odoln\u00e1 proti korozi. Hladk\u00fd povrch nerezov\u00e9 oceli s odolnou \u00fapravou povrchu PVD se vyzna\u010duje vysokou tvrdost\u00ed a odolnost\u00ed proti ot\u011bru. Sou\u010d\u00e1st\u00ed d\u0159ezu je v\u00fdpus\u0165, sta\u010d\u00ed pouze koupit p\u0159ipojovac\u00ed sifon. Mont\u00e1\u017e: horn\u00ed, spodn\u00ed nebo do roviny.<\/span><\/p>\n<p><span style=\"font-size:18px\">Technick\u00e9 parametry<\/span><\/p>\n<ul>\n<li><span style=\"font-size:16px\">Rozm\u011br: 60x19x45 cm<\/span><\/li>\n<li><span style=\"font-size:16px\">\u0160\u00ed\u0159ka: 600 mm<\/span><\/li>\n<li><span style=\"font-size:16px\">V\u00fd\u0161ka: 190 mm<\/span><\/li>\n<li><span style=\"font-size:16px\">Hloubka: 450 mm<\/span><\/li>\n<li><span style=\"font-size:16px\">Barva: Zlato<\/span><\/li>\n<li><span style=\"font-size:16px\">Materi\u00e1l: Nerez<\/span><\/li>\n<li><span style=\"font-size:16px\">Instalace: Do roviny, Horn\u00ed mont\u00e1\u017e, Spodn\u00ed mont\u00e1\u017e<\/span><\/li>\n<li><span style=\"font-size:16px\">Otvor pro baterii: Bez otvoru<\/span><\/li>\n<li><span style=\"font-size:16px\">P\u0159epad: ANO<\/span><\/li>\n<li><span style=\"font-size:16px\">Tvar: Obd\u00e9ln\u00edk<\/span><\/li>\n<li><span style=\"font-size:16px\">Minim\u00e1ln\u00ed \u0161\u00ed\u0159ka d\u0159ezov\u00e9 sk\u0159\u00ed\u0148ky: 800 mm<\/span><\/li>\n<li><span style=\"font-size:16px\">Odkl\u00e1dac\u00ed plocha: Nen\u00ed<\/span><\/li>\n<li><span style=\"font-size:16px\">V\u00fdbava: PVD povrchov\u00e1 \u00faprava<\/span><\/li>\n<li><span style=\"font-size:16px\">Balen\u00ed obsahuje: V\u00fdpust<\/span><\/li>\n<li><span style=\"font-size:16px\">Balen\u00ed neobsahuje: Sifon<\/span><\/li>\n<\/ul>\n<p><span style=\"font-size:18px\">PVD povrchov\u00e1 \u00faprava&nbsp; <\/span><\/p>\n<p><span style=\"font-size:16px\">Technologie nan\u00e1\u0161en\u00ed tenk\u00fdch vrstev napa\u0159ov\u00e1n\u00edm ve vakuov\u00e9 komo\u0159e. Nan\u00e1\u0161en\u00fd materi\u00e1l se spojuje s podkladem na molekul\u00e1rn\u00ed b\u00e1zi. D\u00edky tomu se povrch stane tvrd\u00fdm, odoln\u00fdm korozi, kyselin\u00e1m, ot\u011bru a vysok\u00fdm teplot\u00e1m. Tato technologie je nav\u00edc \u0161etrn\u00e1 k \u017eivotn\u00edmu prost\u0159ed\u00ed.<\/span><\/p>\n<\/p><\/div>\n<div class=\"ProductDetailContent\">                                                                    <\/div>\n<\/p><\/div>\n<\/p><\/div>\n<\/p><\/div>\n","protected":false},"excerpt":{"rendered":"<p>Popis produktu Sapho ZENITH nerezov\u00fd d\u0159ez 60x45cm, zlato mat Hranat\u00e9 nerezov\u00e9 d\u0159ezy Zenith v modern\u00edch matn\u00fdch barv\u00e1ch antracit, zlato a m\u011b\u010f lze kombinovat s bateriemi ve stejn\u00e9 barv\u011b. Vysoce kvalitn\u00ed chromniklov\u00e1 ocel je odoln\u00e1 proti korozi. Hladk\u00fd povrch nerezov\u00e9 oceli s odolnou \u00fapravou povrchu PVD se vyzna\u010duje vysokou tvrdost\u00ed a odolnost\u00ed proti ot\u011bru. Sou\u010d\u00e1st\u00ed d\u0159ezu [&hellip;]<\/p>\n","protected":false},"featured_media":39058,"comment_status":"open","ping_status":"open","template":"","meta":[],"product_brand":[],"product_cat":[65],"product_tag":[],"class_list":{"0":"post-38958","1":"product","2":"type-product","3":"status-publish","4":"has-post-thumbnail","6":"product_cat-koupelny","8":"first","9":"instock","10":"sale","11":"shipping-taxable","12":"purchasable","13":"product-type-simple"},"yoast_head":"<!-- This site is optimized with the Yoast SEO plugin v26.8 - https:\/\/yoast.com\/product\/yoast-seo-wordpress\/ -->\n<title>Zna\u010dkov\u00fd Sapho ZENITH nerezov\u00fd d\u0159ez 60x45cm, zlato mat -<\/title>\n<meta name=\"robots\" content=\"index, follow, max-snippet:-1, max-image-preview:large, max-video-preview:-1\" \/>\n<link rel=\"canonical\" href=\"https:\/\/www.oknobuild.com\/index.php\/produkt\/znackovy-sapho-zenith-nerezovy-drez-60x45cm-zlato-mat-38958\/\" \/>\n<meta property=\"og:locale\" content=\"cs_CZ\" \/>\n<meta property=\"og:type\" content=\"article\" \/>\n<meta property=\"og:title\" content=\"Zna\u010dkov\u00fd Sapho ZENITH nerezov\u00fd d\u0159ez 60x45cm, zlato mat -\" \/>\n<meta property=\"og:description\" content=\"Popis produktu Sapho ZENITH nerezov\u00fd d\u0159ez 60x45cm, zlato mat Hranat\u00e9 nerezov\u00e9 d\u0159ezy Zenith v modern\u00edch matn\u00fdch barv\u00e1ch antracit, zlato a m\u011b\u010f lze kombinovat s bateriemi ve stejn\u00e9 barv\u011b. Vysoce kvalitn\u00ed chromniklov\u00e1 ocel je odoln\u00e1 proti korozi. Hladk\u00fd povrch nerezov\u00e9 oceli s odolnou \u00fapravou povrchu PVD se vyzna\u010duje vysokou tvrdost\u00ed a odolnost\u00ed proti ot\u011bru. Sou\u010d\u00e1st\u00ed d\u0159ezu [&hellip;]\" \/>\n<meta property=\"og:url\" content=\"https:\/\/www.oknobuild.com\/index.php\/produkt\/znackovy-sapho-zenith-nerezovy-drez-60x45cm-zlato-mat-38958\/\" \/>\n<meta property=\"og:image\" content=\"https:\/\/www.oknobuild.com\/wp-content\/uploads\/2026\/SK0020486-CZ20260425-092632-0-1777080397-sapho-zenith-nerezovy-drez-60x45cm-zlato-mat-926874.webp\" \/>\n\t<meta property=\"og:image:width\" content=\"600\" \/>\n\t<meta property=\"og:image:height\" content=\"600\" \/>\n\t<meta property=\"og:image:type\" content=\"image\/webp\" \/>\n<meta name=\"twitter:card\" content=\"summary_large_image\" \/>\n<meta name=\"twitter:label1\" content=\"Odhadovan\u00e1 doba \u010dten\u00ed\" \/>\n\t<meta name=\"twitter:data1\" content=\"1 minuta\" \/>\n<script type=\"application\/ld+json\" class=\"yoast-schema-graph\">{\"@context\":\"https:\/\/schema.org\",\"@graph\":[{\"@type\":\"WebPage\",\"@id\":\"https:\/\/www.oknobuild.com\/index.php\/produkt\/znackovy-sapho-zenith-nerezovy-drez-60x45cm-zlato-mat-38958\/\",\"url\":\"https:\/\/www.oknobuild.com\/index.php\/produkt\/znackovy-sapho-zenith-nerezovy-drez-60x45cm-zlato-mat-38958\/\",\"name\":\"Zna\u010dkov\u00fd Sapho ZENITH nerezov\u00fd d\u0159ez 60x45cm, zlato mat -\",\"isPartOf\":{\"@id\":\"https:\/\/www.oknobuild.com\/#website\"},\"primaryImageOfPage\":{\"@id\":\"https:\/\/www.oknobuild.com\/index.php\/produkt\/znackovy-sapho-zenith-nerezovy-drez-60x45cm-zlato-mat-38958\/#primaryimage\"},\"image\":{\"@id\":\"https:\/\/www.oknobuild.com\/index.php\/produkt\/znackovy-sapho-zenith-nerezovy-drez-60x45cm-zlato-mat-38958\/#primaryimage\"},\"thumbnailUrl\":\"https:\/\/www.oknobuild.com\/wp-content\/uploads\/2026\/SK0020486-CZ20260425-092632-0-1777080397-sapho-zenith-nerezovy-drez-60x45cm-zlato-mat-926874.webp\",\"datePublished\":\"2026-04-27T04:42:15+00:00\",\"breadcrumb\":{\"@id\":\"https:\/\/www.oknobuild.com\/index.php\/produkt\/znackovy-sapho-zenith-nerezovy-drez-60x45cm-zlato-mat-38958\/#breadcrumb\"},\"inLanguage\":\"cs\",\"potentialAction\":[{\"@type\":\"ReadAction\",\"target\":[\"https:\/\/www.oknobuild.com\/index.php\/produkt\/znackovy-sapho-zenith-nerezovy-drez-60x45cm-zlato-mat-38958\/\"]}]},{\"@type\":\"ImageObject\",\"inLanguage\":\"cs\",\"@id\":\"https:\/\/www.oknobuild.com\/index.php\/produkt\/znackovy-sapho-zenith-nerezovy-drez-60x45cm-zlato-mat-38958\/#primaryimage\",\"url\":\"https:\/\/www.oknobuild.com\/wp-content\/uploads\/2026\/SK0020486-CZ20260425-092632-0-1777080397-sapho-zenith-nerezovy-drez-60x45cm-zlato-mat-926874.webp\",\"contentUrl\":\"https:\/\/www.oknobuild.com\/wp-content\/uploads\/2026\/SK0020486-CZ20260425-092632-0-1777080397-sapho-zenith-nerezovy-drez-60x45cm-zlato-mat-926874.webp\",\"width\":600,\"height\":600},{\"@type\":\"BreadcrumbList\",\"@id\":\"https:\/\/www.oknobuild.com\/index.php\/produkt\/znackovy-sapho-zenith-nerezovy-drez-60x45cm-zlato-mat-38958\/#breadcrumb\",\"itemListElement\":[{\"@type\":\"ListItem\",\"position\":1,\"name\":\"Home\",\"item\":\"https:\/\/www.oknobuild.com\/\"},{\"@type\":\"ListItem\",\"position\":2,\"name\":\"Products\",\"item\":\"https:\/\/www.oknobuild.com\/index.php\/products\/\"},{\"@type\":\"ListItem\",\"position\":3,\"name\":\"Zna\u010dkov\u00fd Sapho ZENITH nerezov\u00fd d\u0159ez 60x45cm, zlato mat\"}]},{\"@type\":\"WebSite\",\"@id\":\"https:\/\/www.oknobuild.com\/#website\",\"url\":\"https:\/\/www.oknobuild.com\/\",\"name\":\"\",\"description\":\"\",\"potentialAction\":[{\"@type\":\"SearchAction\",\"target\":{\"@type\":\"EntryPoint\",\"urlTemplate\":\"https:\/\/www.oknobuild.com\/?s={search_term_string}\"},\"query-input\":{\"@type\":\"PropertyValueSpecification\",\"valueRequired\":true,\"valueName\":\"search_term_string\"}}],\"inLanguage\":\"cs\"}]}<\/script>\n<!-- \/ Yoast SEO plugin. -->","yoast_head_json":{"title":"Zna\u010dkov\u00fd Sapho ZENITH nerezov\u00fd d\u0159ez 60x45cm, zlato mat -","robots":{"index":"index","follow":"follow","max-snippet":"max-snippet:-1","max-image-preview":"max-image-preview:large","max-video-preview":"max-video-preview:-1"},"canonical":"https:\/\/www.oknobuild.com\/index.php\/produkt\/znackovy-sapho-zenith-nerezovy-drez-60x45cm-zlato-mat-38958\/","og_locale":"cs_CZ","og_type":"article","og_title":"Zna\u010dkov\u00fd Sapho ZENITH nerezov\u00fd d\u0159ez 60x45cm, zlato mat -","og_description":"Popis produktu Sapho ZENITH nerezov\u00fd d\u0159ez 60x45cm, zlato mat Hranat\u00e9 nerezov\u00e9 d\u0159ezy Zenith v modern\u00edch matn\u00fdch barv\u00e1ch antracit, zlato a m\u011b\u010f lze kombinovat s bateriemi ve stejn\u00e9 barv\u011b. Vysoce kvalitn\u00ed chromniklov\u00e1 ocel je odoln\u00e1 proti korozi. Hladk\u00fd povrch nerezov\u00e9 oceli s odolnou \u00fapravou povrchu PVD se vyzna\u010duje vysokou tvrdost\u00ed a odolnost\u00ed proti ot\u011bru. Sou\u010d\u00e1st\u00ed d\u0159ezu [&hellip;]","og_url":"https:\/\/www.oknobuild.com\/index.php\/produkt\/znackovy-sapho-zenith-nerezovy-drez-60x45cm-zlato-mat-38958\/","og_image":[{"width":600,"height":600,"url":"https:\/\/www.oknobuild.com\/wp-content\/uploads\/2026\/SK0020486-CZ20260425-092632-0-1777080397-sapho-zenith-nerezovy-drez-60x45cm-zlato-mat-926874.webp","type":"image\/webp"}],"twitter_card":"summary_large_image","twitter_misc":{"Odhadovan\u00e1 doba \u010dten\u00ed":"1 minuta"},"schema":{"@context":"https:\/\/schema.org","@graph":[{"@type":"WebPage","@id":"https:\/\/www.oknobuild.com\/index.php\/produkt\/znackovy-sapho-zenith-nerezovy-drez-60x45cm-zlato-mat-38958\/","url":"https:\/\/www.oknobuild.com\/index.php\/produkt\/znackovy-sapho-zenith-nerezovy-drez-60x45cm-zlato-mat-38958\/","name":"Zna\u010dkov\u00fd Sapho ZENITH nerezov\u00fd d\u0159ez 60x45cm, zlato mat -","isPartOf":{"@id":"https:\/\/www.oknobuild.com\/#website"},"primaryImageOfPage":{"@id":"https:\/\/www.oknobuild.com\/index.php\/produkt\/znackovy-sapho-zenith-nerezovy-drez-60x45cm-zlato-mat-38958\/#primaryimage"},"image":{"@id":"https:\/\/www.oknobuild.com\/index.php\/produkt\/znackovy-sapho-zenith-nerezovy-drez-60x45cm-zlato-mat-38958\/#primaryimage"},"thumbnailUrl":"https:\/\/www.oknobuild.com\/wp-content\/uploads\/2026\/SK0020486-CZ20260425-092632-0-1777080397-sapho-zenith-nerezovy-drez-60x45cm-zlato-mat-926874.webp","datePublished":"2026-04-27T04:42:15+00:00","breadcrumb":{"@id":"https:\/\/www.oknobuild.com\/index.php\/produkt\/znackovy-sapho-zenith-nerezovy-drez-60x45cm-zlato-mat-38958\/#breadcrumb"},"inLanguage":"cs","potentialAction":[{"@type":"ReadAction","target":["https:\/\/www.oknobuild.com\/index.php\/produkt\/znackovy-sapho-zenith-nerezovy-drez-60x45cm-zlato-mat-38958\/"]}]},{"@type":"ImageObject","inLanguage":"cs","@id":"https:\/\/www.oknobuild.com\/index.php\/produkt\/znackovy-sapho-zenith-nerezovy-drez-60x45cm-zlato-mat-38958\/#primaryimage","url":"https:\/\/www.oknobuild.com\/wp-content\/uploads\/2026\/SK0020486-CZ20260425-092632-0-1777080397-sapho-zenith-nerezovy-drez-60x45cm-zlato-mat-926874.webp","contentUrl":"https:\/\/www.oknobuild.com\/wp-content\/uploads\/2026\/SK0020486-CZ20260425-092632-0-1777080397-sapho-zenith-nerezovy-drez-60x45cm-zlato-mat-926874.webp","width":600,"height":600},{"@type":"BreadcrumbList","@id":"https:\/\/www.oknobuild.com\/index.php\/produkt\/znackovy-sapho-zenith-nerezovy-drez-60x45cm-zlato-mat-38958\/#breadcrumb","itemListElement":[{"@type":"ListItem","position":1,"name":"Home","item":"https:\/\/www.oknobuild.com\/"},{"@type":"ListItem","position":2,"name":"Products","item":"https:\/\/www.oknobuild.com\/index.php\/products\/"},{"@type":"ListItem","position":3,"name":"Zna\u010dkov\u00fd Sapho ZENITH nerezov\u00fd d\u0159ez 60x45cm, zlato mat"}]},{"@type":"WebSite","@id":"https:\/\/www.oknobuild.com\/#website","url":"https:\/\/www.oknobuild.com\/","name":"","description":"","potentialAction":[{"@type":"SearchAction","target":{"@type":"EntryPoint","urlTemplate":"https:\/\/www.oknobuild.com\/?s={search_term_string}"},"query-input":{"@type":"PropertyValueSpecification","valueRequired":true,"valueName":"search_term_string"}}],"inLanguage":"cs"}]}},"_links":{"self":[{"href":"https:\/\/www.oknobuild.com\/index.php\/wp-json\/wp\/v2\/product\/38958","targetHints":{"allow":["GET"]}}],"collection":[{"href":"https:\/\/www.oknobuild.com\/index.php\/wp-json\/wp\/v2\/product"}],"about":[{"href":"https:\/\/www.oknobuild.com\/index.php\/wp-json\/wp\/v2\/types\/product"}],"replies":[{"embeddable":true,"href":"https:\/\/www.oknobuild.com\/index.php\/wp-json\/wp\/v2\/comments?post=38958"}],"wp:featuredmedia":[{"embeddable":true,"href":"https:\/\/www.oknobuild.com\/index.php\/wp-json\/wp\/v2\/media\/39058"}],"wp:attachment":[{"href":"https:\/\/www.oknobuild.com\/index.php\/wp-json\/wp\/v2\/media?parent=38958"}],"wp:term":[{"taxonomy":"product_brand","embeddable":true,"href":"https:\/\/www.oknobuild.com\/index.php\/wp-json\/wp\/v2\/product_brand?post=38958"},{"taxonomy":"product_cat","embeddable":true,"href":"https:\/\/www.oknobuild.com\/index.php\/wp-json\/wp\/v2\/product_cat?post=38958"},{"taxonomy":"product_tag","embeddable":true,"href":"https:\/\/www.oknobuild.com\/index.php\/wp-json\/wp\/v2\/product_tag?post=38958"}],"curies":[{"name":"wp","href":"https:\/\/api.w.org\/{rel}","templated":true}]}}