{"id":39111,"date":"2026-04-27T04:42:16","date_gmt":"2026-04-27T04:42:16","guid":{"rendered":""},"modified":"2026-04-27T04:42:16","modified_gmt":"2026-04-27T04:42:16","slug":"akcni-cena-klum-sifon-prackovy-se-zpetnou-klapkou-o-32-mm-chrom-pr7015a-39111","status":"publish","type":"product","link":"https:\/\/www.oknobuild.com\/index.php\/produkt\/akcni-cena-klum-sifon-prackovy-se-zpetnou-klapkou-o-32-mm-chrom-pr7015a-39111\/","title":{"rendered":"Ak\u010dn\u00ed Cena Klum Sifon pra\u010dkov\u00fd se zp\u011btnou klapkou \u00f8 32 mm, chrom &#8211; PR7015A"},"content":{"rendered":"<div class=\"ProductDetail-content NoFixImageContainer\" id=\"productDescription\">\n<div class=\"Heading\">\n<h2 class=\"Heading-title\">Popis produktu <span class=''>Klum Sifon pra\u010dkov\u00fd se zp\u011btnou klapkou \u00f8 32 mm, chrom &#8211; PR7015A<\/span><\/h2>\n<\/p><\/div>\n<div class=\"ProductDetailContent\">                                                                    <\/div>\n<div class=\"ProductDetailContent\">\n<div class=\"ProductDetailContent-item\">                                            Pra\u010dkov\u00fd sifon se zp\u011btnou klapkou z pochromovan\u00e9ho plastu, s pry\u017eov\u00fdm t\u011bsn\u011bn\u00edm. Slou\u017e\u00ed k p\u0159ipojen\u00ed pra\u010dky k odpadn\u00edmu potrub\u00ed. Zabra\u0148uje pronik\u00e1n\u00ed z\u00e1pachu z odpadn\u00edho potrub\u00ed do pra\u010dky.                                         <\/div>\n<div class=\"ProductDetailContent-item\">\n<ul>\n<li>Typ: <strong>Sifon;Pra\u010dkov\u00fd<\/strong><\/li>\n<li>Barva: <strong>Chrom<\/strong><\/li>\n<li>Pr\u016fm\u011br: <strong>32 mm<\/strong><\/li>\n<li>T\u011bsn\u011bn\u00ed: <strong>Pry\u017e<\/strong><\/li>\n<li>Materi\u00e1l: <strong>Pochromovan\u00fd plast<\/strong><\/li>\n<li>Provozn\u00ed teplota: <strong>max. 80 \u00b0C<\/strong><\/li>\n<\/ul><\/div>\n<\/p><\/div>\n<\/p><\/div>\n<\/p><\/div>\n<\/p><\/div>\n","protected":false},"excerpt":{"rendered":"<p>Popis produktu Klum Sifon pra\u010dkov\u00fd se zp\u011btnou klapkou \u00f8 32 mm, chrom &#8211; PR7015A Pra\u010dkov\u00fd sifon se zp\u011btnou klapkou z pochromovan\u00e9ho plastu, s pry\u017eov\u00fdm t\u011bsn\u011bn\u00edm. Slou\u017e\u00ed k p\u0159ipojen\u00ed pra\u010dky k odpadn\u00edmu potrub\u00ed. Zabra\u0148uje pronik\u00e1n\u00ed z\u00e1pachu z odpadn\u00edho potrub\u00ed do pra\u010dky. Typ: Sifon;Pra\u010dkov\u00fd Barva: Chrom Pr\u016fm\u011br: 32 mm T\u011bsn\u011bn\u00ed: Pry\u017e Materi\u00e1l: Pochromovan\u00fd plast Provozn\u00ed teplota: max. [&hellip;]<\/p>\n","protected":false},"featured_media":39211,"comment_status":"open","ping_status":"open","template":"","meta":[],"product_brand":[],"product_cat":[65],"product_tag":[],"class_list":{"0":"post-39111","1":"product","2":"type-product","3":"status-publish","4":"has-post-thumbnail","6":"product_cat-koupelny","8":"first","9":"instock","10":"sale","11":"shipping-taxable","12":"purchasable","13":"product-type-simple"},"yoast_head":"<!-- This site is optimized with the Yoast SEO plugin v26.8 - https:\/\/yoast.com\/product\/yoast-seo-wordpress\/ -->\n<title>Ak\u010dn\u00ed Cena Klum Sifon pra\u010dkov\u00fd se zp\u011btnou klapkou \u00f8 32 mm, chrom - PR7015A -<\/title>\n<meta name=\"robots\" content=\"index, follow, max-snippet:-1, max-image-preview:large, max-video-preview:-1\" \/>\n<link rel=\"canonical\" href=\"https:\/\/www.oknobuild.com\/index.php\/produkt\/akcni-cena-klum-sifon-prackovy-se-zpetnou-klapkou-o-32-mm-chrom-pr7015a-39111\/\" \/>\n<meta property=\"og:locale\" content=\"cs_CZ\" \/>\n<meta property=\"og:type\" content=\"article\" \/>\n<meta property=\"og:title\" content=\"Ak\u010dn\u00ed Cena Klum Sifon pra\u010dkov\u00fd se zp\u011btnou klapkou \u00f8 32 mm, chrom - PR7015A -\" \/>\n<meta property=\"og:description\" content=\"Popis produktu Klum Sifon pra\u010dkov\u00fd se zp\u011btnou klapkou \u00f8 32 mm, chrom &#8211; PR7015A Pra\u010dkov\u00fd sifon se zp\u011btnou klapkou z pochromovan\u00e9ho plastu, s pry\u017eov\u00fdm t\u011bsn\u011bn\u00edm. Slou\u017e\u00ed k p\u0159ipojen\u00ed pra\u010dky k odpadn\u00edmu potrub\u00ed. Zabra\u0148uje pronik\u00e1n\u00ed z\u00e1pachu z odpadn\u00edho potrub\u00ed do pra\u010dky. Typ: Sifon;Pra\u010dkov\u00fd Barva: Chrom Pr\u016fm\u011br: 32 mm T\u011bsn\u011bn\u00ed: Pry\u017e Materi\u00e1l: Pochromovan\u00fd plast Provozn\u00ed teplota: max. [&hellip;]\" \/>\n<meta property=\"og:url\" content=\"https:\/\/www.oknobuild.com\/index.php\/produkt\/akcni-cena-klum-sifon-prackovy-se-zpetnou-klapkou-o-32-mm-chrom-pr7015a-39111\/\" \/>\n<meta property=\"og:image\" content=\"https:\/\/www.oknobuild.com\/wp-content\/uploads\/2026\/SK0020547-CZ20260425-092632-0-1777080397-klum-sifon-prackovy-se-zpetnou-klapkou-32-mm-chrom-pr7015a-.webp\" \/>\n\t<meta property=\"og:image:width\" content=\"600\" \/>\n\t<meta property=\"og:image:height\" content=\"600\" \/>\n\t<meta property=\"og:image:type\" content=\"image\/webp\" \/>\n<meta name=\"twitter:card\" content=\"summary_large_image\" \/>\n<script type=\"application\/ld+json\" class=\"yoast-schema-graph\">{\"@context\":\"https:\/\/schema.org\",\"@graph\":[{\"@type\":\"WebPage\",\"@id\":\"https:\/\/www.oknobuild.com\/index.php\/produkt\/akcni-cena-klum-sifon-prackovy-se-zpetnou-klapkou-o-32-mm-chrom-pr7015a-39111\/\",\"url\":\"https:\/\/www.oknobuild.com\/index.php\/produkt\/akcni-cena-klum-sifon-prackovy-se-zpetnou-klapkou-o-32-mm-chrom-pr7015a-39111\/\",\"name\":\"Ak\u010dn\u00ed Cena Klum Sifon pra\u010dkov\u00fd se zp\u011btnou klapkou \u00f8 32 mm, chrom - PR7015A -\",\"isPartOf\":{\"@id\":\"https:\/\/www.oknobuild.com\/#website\"},\"primaryImageOfPage\":{\"@id\":\"https:\/\/www.oknobuild.com\/index.php\/produkt\/akcni-cena-klum-sifon-prackovy-se-zpetnou-klapkou-o-32-mm-chrom-pr7015a-39111\/#primaryimage\"},\"image\":{\"@id\":\"https:\/\/www.oknobuild.com\/index.php\/produkt\/akcni-cena-klum-sifon-prackovy-se-zpetnou-klapkou-o-32-mm-chrom-pr7015a-39111\/#primaryimage\"},\"thumbnailUrl\":\"https:\/\/www.oknobuild.com\/wp-content\/uploads\/2026\/SK0020547-CZ20260425-092632-0-1777080397-klum-sifon-prackovy-se-zpetnou-klapkou-32-mm-chrom-pr7015a-.webp\",\"datePublished\":\"2026-04-27T04:42:16+00:00\",\"breadcrumb\":{\"@id\":\"https:\/\/www.oknobuild.com\/index.php\/produkt\/akcni-cena-klum-sifon-prackovy-se-zpetnou-klapkou-o-32-mm-chrom-pr7015a-39111\/#breadcrumb\"},\"inLanguage\":\"cs\",\"potentialAction\":[{\"@type\":\"ReadAction\",\"target\":[\"https:\/\/www.oknobuild.com\/index.php\/produkt\/akcni-cena-klum-sifon-prackovy-se-zpetnou-klapkou-o-32-mm-chrom-pr7015a-39111\/\"]}]},{\"@type\":\"ImageObject\",\"inLanguage\":\"cs\",\"@id\":\"https:\/\/www.oknobuild.com\/index.php\/produkt\/akcni-cena-klum-sifon-prackovy-se-zpetnou-klapkou-o-32-mm-chrom-pr7015a-39111\/#primaryimage\",\"url\":\"https:\/\/www.oknobuild.com\/wp-content\/uploads\/2026\/SK0020547-CZ20260425-092632-0-1777080397-klum-sifon-prackovy-se-zpetnou-klapkou-32-mm-chrom-pr7015a-.webp\",\"contentUrl\":\"https:\/\/www.oknobuild.com\/wp-content\/uploads\/2026\/SK0020547-CZ20260425-092632-0-1777080397-klum-sifon-prackovy-se-zpetnou-klapkou-32-mm-chrom-pr7015a-.webp\",\"width\":600,\"height\":600},{\"@type\":\"BreadcrumbList\",\"@id\":\"https:\/\/www.oknobuild.com\/index.php\/produkt\/akcni-cena-klum-sifon-prackovy-se-zpetnou-klapkou-o-32-mm-chrom-pr7015a-39111\/#breadcrumb\",\"itemListElement\":[{\"@type\":\"ListItem\",\"position\":1,\"name\":\"Home\",\"item\":\"https:\/\/www.oknobuild.com\/\"},{\"@type\":\"ListItem\",\"position\":2,\"name\":\"Products\",\"item\":\"https:\/\/www.oknobuild.com\/index.php\/products\/\"},{\"@type\":\"ListItem\",\"position\":3,\"name\":\"Ak\u010dn\u00ed Cena Klum Sifon pra\u010dkov\u00fd se zp\u011btnou klapkou \u00f8 32 mm, chrom &#8211; PR7015A\"}]},{\"@type\":\"WebSite\",\"@id\":\"https:\/\/www.oknobuild.com\/#website\",\"url\":\"https:\/\/www.oknobuild.com\/\",\"name\":\"\",\"description\":\"\",\"potentialAction\":[{\"@type\":\"SearchAction\",\"target\":{\"@type\":\"EntryPoint\",\"urlTemplate\":\"https:\/\/www.oknobuild.com\/?s={search_term_string}\"},\"query-input\":{\"@type\":\"PropertyValueSpecification\",\"valueRequired\":true,\"valueName\":\"search_term_string\"}}],\"inLanguage\":\"cs\"}]}<\/script>\n<!-- \/ Yoast SEO plugin. -->","yoast_head_json":{"title":"Ak\u010dn\u00ed Cena Klum Sifon pra\u010dkov\u00fd se zp\u011btnou klapkou \u00f8 32 mm, chrom - PR7015A -","robots":{"index":"index","follow":"follow","max-snippet":"max-snippet:-1","max-image-preview":"max-image-preview:large","max-video-preview":"max-video-preview:-1"},"canonical":"https:\/\/www.oknobuild.com\/index.php\/produkt\/akcni-cena-klum-sifon-prackovy-se-zpetnou-klapkou-o-32-mm-chrom-pr7015a-39111\/","og_locale":"cs_CZ","og_type":"article","og_title":"Ak\u010dn\u00ed Cena Klum Sifon pra\u010dkov\u00fd se zp\u011btnou klapkou \u00f8 32 mm, chrom - PR7015A -","og_description":"Popis produktu Klum Sifon pra\u010dkov\u00fd se zp\u011btnou klapkou \u00f8 32 mm, chrom &#8211; PR7015A Pra\u010dkov\u00fd sifon se zp\u011btnou klapkou z pochromovan\u00e9ho plastu, s pry\u017eov\u00fdm t\u011bsn\u011bn\u00edm. Slou\u017e\u00ed k p\u0159ipojen\u00ed pra\u010dky k odpadn\u00edmu potrub\u00ed. Zabra\u0148uje pronik\u00e1n\u00ed z\u00e1pachu z odpadn\u00edho potrub\u00ed do pra\u010dky. Typ: Sifon;Pra\u010dkov\u00fd Barva: Chrom Pr\u016fm\u011br: 32 mm T\u011bsn\u011bn\u00ed: Pry\u017e Materi\u00e1l: Pochromovan\u00fd plast Provozn\u00ed teplota: max. [&hellip;]","og_url":"https:\/\/www.oknobuild.com\/index.php\/produkt\/akcni-cena-klum-sifon-prackovy-se-zpetnou-klapkou-o-32-mm-chrom-pr7015a-39111\/","og_image":[{"width":600,"height":600,"url":"https:\/\/www.oknobuild.com\/wp-content\/uploads\/2026\/SK0020547-CZ20260425-092632-0-1777080397-klum-sifon-prackovy-se-zpetnou-klapkou-32-mm-chrom-pr7015a-.webp","type":"image\/webp"}],"twitter_card":"summary_large_image","schema":{"@context":"https:\/\/schema.org","@graph":[{"@type":"WebPage","@id":"https:\/\/www.oknobuild.com\/index.php\/produkt\/akcni-cena-klum-sifon-prackovy-se-zpetnou-klapkou-o-32-mm-chrom-pr7015a-39111\/","url":"https:\/\/www.oknobuild.com\/index.php\/produkt\/akcni-cena-klum-sifon-prackovy-se-zpetnou-klapkou-o-32-mm-chrom-pr7015a-39111\/","name":"Ak\u010dn\u00ed Cena Klum Sifon pra\u010dkov\u00fd se zp\u011btnou klapkou \u00f8 32 mm, chrom - PR7015A -","isPartOf":{"@id":"https:\/\/www.oknobuild.com\/#website"},"primaryImageOfPage":{"@id":"https:\/\/www.oknobuild.com\/index.php\/produkt\/akcni-cena-klum-sifon-prackovy-se-zpetnou-klapkou-o-32-mm-chrom-pr7015a-39111\/#primaryimage"},"image":{"@id":"https:\/\/www.oknobuild.com\/index.php\/produkt\/akcni-cena-klum-sifon-prackovy-se-zpetnou-klapkou-o-32-mm-chrom-pr7015a-39111\/#primaryimage"},"thumbnailUrl":"https:\/\/www.oknobuild.com\/wp-content\/uploads\/2026\/SK0020547-CZ20260425-092632-0-1777080397-klum-sifon-prackovy-se-zpetnou-klapkou-32-mm-chrom-pr7015a-.webp","datePublished":"2026-04-27T04:42:16+00:00","breadcrumb":{"@id":"https:\/\/www.oknobuild.com\/index.php\/produkt\/akcni-cena-klum-sifon-prackovy-se-zpetnou-klapkou-o-32-mm-chrom-pr7015a-39111\/#breadcrumb"},"inLanguage":"cs","potentialAction":[{"@type":"ReadAction","target":["https:\/\/www.oknobuild.com\/index.php\/produkt\/akcni-cena-klum-sifon-prackovy-se-zpetnou-klapkou-o-32-mm-chrom-pr7015a-39111\/"]}]},{"@type":"ImageObject","inLanguage":"cs","@id":"https:\/\/www.oknobuild.com\/index.php\/produkt\/akcni-cena-klum-sifon-prackovy-se-zpetnou-klapkou-o-32-mm-chrom-pr7015a-39111\/#primaryimage","url":"https:\/\/www.oknobuild.com\/wp-content\/uploads\/2026\/SK0020547-CZ20260425-092632-0-1777080397-klum-sifon-prackovy-se-zpetnou-klapkou-32-mm-chrom-pr7015a-.webp","contentUrl":"https:\/\/www.oknobuild.com\/wp-content\/uploads\/2026\/SK0020547-CZ20260425-092632-0-1777080397-klum-sifon-prackovy-se-zpetnou-klapkou-32-mm-chrom-pr7015a-.webp","width":600,"height":600},{"@type":"BreadcrumbList","@id":"https:\/\/www.oknobuild.com\/index.php\/produkt\/akcni-cena-klum-sifon-prackovy-se-zpetnou-klapkou-o-32-mm-chrom-pr7015a-39111\/#breadcrumb","itemListElement":[{"@type":"ListItem","position":1,"name":"Home","item":"https:\/\/www.oknobuild.com\/"},{"@type":"ListItem","position":2,"name":"Products","item":"https:\/\/www.oknobuild.com\/index.php\/products\/"},{"@type":"ListItem","position":3,"name":"Ak\u010dn\u00ed Cena Klum Sifon pra\u010dkov\u00fd se zp\u011btnou klapkou \u00f8 32 mm, chrom &#8211; PR7015A"}]},{"@type":"WebSite","@id":"https:\/\/www.oknobuild.com\/#website","url":"https:\/\/www.oknobuild.com\/","name":"","description":"","potentialAction":[{"@type":"SearchAction","target":{"@type":"EntryPoint","urlTemplate":"https:\/\/www.oknobuild.com\/?s={search_term_string}"},"query-input":{"@type":"PropertyValueSpecification","valueRequired":true,"valueName":"search_term_string"}}],"inLanguage":"cs"}]}},"_links":{"self":[{"href":"https:\/\/www.oknobuild.com\/index.php\/wp-json\/wp\/v2\/product\/39111","targetHints":{"allow":["GET"]}}],"collection":[{"href":"https:\/\/www.oknobuild.com\/index.php\/wp-json\/wp\/v2\/product"}],"about":[{"href":"https:\/\/www.oknobuild.com\/index.php\/wp-json\/wp\/v2\/types\/product"}],"replies":[{"embeddable":true,"href":"https:\/\/www.oknobuild.com\/index.php\/wp-json\/wp\/v2\/comments?post=39111"}],"wp:featuredmedia":[{"embeddable":true,"href":"https:\/\/www.oknobuild.com\/index.php\/wp-json\/wp\/v2\/media\/39211"}],"wp:attachment":[{"href":"https:\/\/www.oknobuild.com\/index.php\/wp-json\/wp\/v2\/media?parent=39111"}],"wp:term":[{"taxonomy":"product_brand","embeddable":true,"href":"https:\/\/www.oknobuild.com\/index.php\/wp-json\/wp\/v2\/product_brand?post=39111"},{"taxonomy":"product_cat","embeddable":true,"href":"https:\/\/www.oknobuild.com\/index.php\/wp-json\/wp\/v2\/product_cat?post=39111"},{"taxonomy":"product_tag","embeddable":true,"href":"https:\/\/www.oknobuild.com\/index.php\/wp-json\/wp\/v2\/product_tag?post=39111"}],"curies":[{"name":"wp","href":"https:\/\/api.w.org\/{rel}","templated":true}]}}