{"id":40692,"date":"2026-04-27T04:42:21","date_gmt":"2026-04-27T04:42:21","guid":{"rendered":""},"modified":"2026-04-27T04:42:21","modified_gmt":"2026-04-27T04:42:21","slug":"znackovy-gelco-dragon-black-sprchovy-kout-ctverec-80x80cm-rohovy-vstup-cerna-mat-40692","status":"publish","type":"product","link":"https:\/\/www.oknobuild.com\/index.php\/produkt\/znackovy-gelco-dragon-black-sprchovy-kout-ctverec-80x80cm-rohovy-vstup-cerna-mat-40692\/","title":{"rendered":"Zna\u010dkov\u00fd Gelco DRAGON Black Sprchov\u00fd kout \u010dtverec 80x80cm rohov\u00fd vstup \u010dern\u00e1 mat"},"content":{"rendered":"<div class=\"ProductDetail-content NoFixImageContainer\" id=\"productDescription\">\n<div class=\"Heading\">\n<h2 class=\"Heading-title\">Popis produktu <span class=''>Gelco DRAGON Black Sprchov\u00fd kout \u010dtverec 80x80cm rohov\u00fd vstup \u010dern\u00e1 mat<\/span><\/h2>\n<\/p><\/div>\n<div class=\"ProductDetailContent\">\n<ul>\n<li><span style=\"font-size:16px\">V\u00fd\u0161ka: 2000 mm<\/span><\/li>\n<li><span style=\"font-size:16px\">\u0160\u00ed\u0159ka: 800 mm<\/span><\/li>\n<li><span style=\"font-size:16px\">Hloubka: 800 mm<\/span><\/li>\n<li><span style=\"font-size:16px\">\u0160\u00ed\u0159ka vstupu: 385 mm<\/span><\/li>\n<li><span style=\"font-size:16px\">Barva profilu: \u010cern\u00e1 mat<\/span><\/li>\n<li><span style=\"font-size:16px\">Tvar: \u010ctverec<\/span><\/li>\n<li><span style=\"font-size:16px\">Typ otev\u00edr\u00e1n\u00ed: Posuvn\u00e9<\/span><\/li>\n<li><span style=\"font-size:16px\">Typ v\u00fdpln\u011b: \u010cir\u00e9 sklo<\/span><\/li>\n<li><span style=\"font-size:16px\">\u00daprava skla: Coated glass<\/span><\/li>\n<li><span style=\"font-size:16px\">Tlou\u0161\u0165ka skla: 8 mm<\/span><\/li>\n<li><span style=\"font-size:16px\">Vlastnosti: Bezr\u00e1mov\u00e9 proveden\u00ed<\/span><\/li>\n<\/ul>\n<p><span style=\"font-size:16px\"><strong>Coated glass<\/strong><\/span><\/p>\n<p style=\"text-align:justify\"><span style=\"font-size:16px\">Coated glass p\u0159edstavuje jednu z&nbsp;nejkvalitn\u011bj\u0161\u00edch \u00faprav skla sprchov\u00fdch kout\u016f. Jedn\u00e1 se o&nbsp;chemickou slou\u010deninu sm\u011bsi polymer\u016f, kter\u00e1 ve spojen\u00ed s&nbsp;katalyz\u00e1tory reaguje s&nbsp;k\u0159emi\u010ditanov\u00fdmi skupinami obsa\u017een\u00fdmi ve skle. Na sklen\u011bn\u00fdch ploch\u00e1ch tak vytv\u00e1\u0159\u00ed souvislou vrstvu filmu, kter\u00e1 vypln\u00ed mikrop\u00f3ry ve skle a&nbsp;odpuzuje vodu. Vlivem vod\u011bodpudiv\u00e9ho filmu se kapky vody shlukuj\u00ed a&nbsp;st\u00e9kaj\u00ed z&nbsp;povrchu skla. I&nbsp;kdy\u017e dojde k&nbsp;nepatrn\u00e9mu udr\u017een\u00ed men\u0161\u00edch kapek na skle, nedojde k&nbsp;chemick\u00e9 vazb\u011b, sklo nebude naru\u0161eno a&nbsp;neze\u0161edne.<\/span><\/p>\n<p><strong><span style=\"font-size:16px\">Popis s\u00e9rie<\/span><\/strong><\/p>\n<ul>\n<li><span style=\"font-size:16px\">Masivn\u00ed lo\u017eiskov\u00e1 kola a spodn\u00ed vod\u00edc\u00ed d\u00edl zaru\u010duj\u00ed bezvadn\u00fd chod na mnoho letHlin\u00edkov\u00e9 profily ve dvou barevn\u00fdch variant\u00e1ch &#8211; chrom a \u010dern\u00e1 matn\u00e1<\/span><\/li>\n<li><span style=\"font-size:16px\">Bezpe\u010dnostn\u00ed sklo o s\u00edle 8 mm s oboustrannou povrchovou \u00fapravou COATED GLASS pro snadnou \u00fadr\u017ebuRozst\u0159iku vody zabra\u0148uje prahov\u00e1 li\u0161ta a magnetick\u00e9 t\u011bsn\u011bn\u00ed<\/span><\/li>\n<li><span style=\"font-size:16px\">Dve\u0159e jsou d\u011bleny na \u010d\u00e1st posuvnou a \u010d\u00e1st pevnou<\/span><\/li>\n<li><span style=\"font-size:16px\">Sklo dve\u0159\u00ed je voln\u011b zav\u011b\u0161en\u00e9 bez spodn\u00edho vod\u00edc\u00edho profilu<\/span><\/li>\n<li><span style=\"font-size:16px\">Proveden\u00ed je variabiln\u00ed pro instalaci s lev\u00fdm i prav\u00fdm otev\u00edr\u00e1n\u00edm<\/span><\/li>\n<li><span style=\"font-size:16px\">Pro vy\u0161\u0161\u00ed stabilitu doporu\u010dujeme instalovat z\u00e1st\u011bnu se vzp\u011brou GDV300\/GDV300BProdlou\u017een\u00e1 z\u00e1ruka 3 roky<\/span><\/li>\n<\/ul><\/div>\n<div class=\"ProductDetailContent\">\n<div class=\"ProductDetailContent-item\">\n<div style=\"background-color:#f9f9f9; border-left:5px solid #4caf50; border-radius:8px; box-shadow:0 4px 12px rgba(0,0,0,0.1); font-family:Arial,sans-serif; margin-bottom:20px; padding:25px 20px 20px 20px; position:relative\"><!-- Ikona info v lev\u00e9m horn\u00edm rohu --><\/p>\n<div style=\"align-items:center; background-color:#4caf50; border-radius:50%; color:#ffffff; display:flex; font-size:18px; font-weight:bold; height:30px; justify-content:center; left:-10px; position:absolute; top:-10px; width:30px\">i<\/div>\n<h3 style=\"margin-left:15px\">\u2705 Nab\u00edz\u00edme profesion\u00e1ln\u00ed mont\u00e1\u017e sprchov\u00e9ho koutu \u2013 precizn\u011b a bez starost\u00ed<\/h3>\n<p>Kvalitn\u00ed mont\u00e1\u017e <strong>sprchov\u00e9ho koutu<\/strong> je kl\u00ed\u010dov\u00e1 pro jeho bezprobl\u00e9mov\u00e9 fungov\u00e1n\u00ed, dlouhou \u017eivotnost a maxim\u00e1ln\u00ed t\u011bsnost. A\u0165 u\u017e se jedn\u00e1 o <strong>\u010dtvrtkruhov\u00fd<\/strong>, <strong>\u010dtvercov\u00fd<\/strong>, <strong>obd\u00e9ln\u00edkov\u00fd<\/strong> \u010di <strong>asymetrick\u00fd<\/strong> sprchov\u00fd kout, spr\u00e1vn\u00e9 usazen\u00ed a ut\u011bsn\u011bn\u00ed jsou nezbytn\u00e9 pro komfortn\u00ed a bezpe\u010dn\u00e9 sprchov\u00e1n\u00ed.<\/p>\n<p><strong>Nab\u00edz\u00edme odbornou mont\u00e1\u017e sprchov\u00fdch kout\u016f v\u0161ech typ\u016f i zna\u010dek<\/strong>. Provedeme p\u0159esn\u00e9 zam\u011b\u0159en\u00ed, p\u0159\u00edpravu podkladu a profesion\u00e1ln\u00ed instalaci na <strong>sprchovou vani\u010dku<\/strong> \u010di podlahu se <strong>sprchov\u00fdm \u017elabem<\/strong>. Samoz\u0159ejmost\u00ed je d\u016fsledn\u00e1 kontrola funk\u010dnosti a \u010dist\u00fd v\u00fdstup po dokon\u010den\u00ed prac\u00ed.<\/p>\n<p><strong>Mont\u00e1\u017e sprchov\u00e9ho koutu p\u0159enechte odborn\u00edk\u016fm<\/strong>, vyhnete se tak zbyte\u010dn\u00fdm komplikac\u00edm a zajist\u00edte si precizn\u00ed v\u00fdsledek. Pracujeme rychle, spolehliv\u011b a db\u00e1me na ka\u017ed\u00fd detail. Kontaktujte n\u00e1s a sd\u011blte n\u00e1m sv\u00e9 po\u017eadavky, r\u00e1di v\u00e1m pom\u016f\u017eeme.<\/p>\n<p><strong>Mont\u00e1\u017e sprchov\u00e9ho koutu<\/strong> nab\u00edz\u00edme pouze pro <strong>N\u00e1chodsko<\/strong> a <strong>Trutnovsko<\/strong>.<\/p>\n<\/div><\/div>\n<\/p><\/div>\n<\/p><\/div>\n<\/p><\/div>\n<\/p><\/div>\n","protected":false},"excerpt":{"rendered":"<p>Popis produktu Gelco DRAGON Black Sprchov\u00fd kout \u010dtverec 80x80cm rohov\u00fd vstup \u010dern\u00e1 mat V\u00fd\u0161ka: 2000 mm \u0160\u00ed\u0159ka: 800 mm Hloubka: 800 mm \u0160\u00ed\u0159ka vstupu: 385 mm Barva profilu: \u010cern\u00e1 mat Tvar: \u010ctverec Typ otev\u00edr\u00e1n\u00ed: Posuvn\u00e9 Typ v\u00fdpln\u011b: \u010cir\u00e9 sklo \u00daprava skla: Coated glass Tlou\u0161\u0165ka skla: 8 mm Vlastnosti: Bezr\u00e1mov\u00e9 proveden\u00ed Coated glass Coated glass p\u0159edstavuje [&hellip;]<\/p>\n","protected":false},"featured_media":40792,"comment_status":"open","ping_status":"open","template":"","meta":[],"product_brand":[],"product_cat":[65],"product_tag":[],"class_list":{"0":"post-40692","1":"product","2":"type-product","3":"status-publish","4":"has-post-thumbnail","6":"product_cat-koupelny","8":"first","9":"instock","10":"sale","11":"shipping-taxable","12":"purchasable","13":"product-type-simple"},"yoast_head":"<!-- This site is optimized with the Yoast SEO plugin v26.8 - https:\/\/yoast.com\/product\/yoast-seo-wordpress\/ -->\n<title>Zna\u010dkov\u00fd Gelco DRAGON Black Sprchov\u00fd kout \u010dtverec 80x80cm rohov\u00fd vstup \u010dern\u00e1 mat -<\/title>\n<meta name=\"robots\" content=\"index, follow, max-snippet:-1, max-image-preview:large, max-video-preview:-1\" \/>\n<link rel=\"canonical\" href=\"https:\/\/www.oknobuild.com\/index.php\/produkt\/znackovy-gelco-dragon-black-sprchovy-kout-ctverec-80x80cm-rohovy-vstup-cerna-mat-40692\/\" \/>\n<meta property=\"og:locale\" content=\"cs_CZ\" \/>\n<meta property=\"og:type\" content=\"article\" \/>\n<meta property=\"og:title\" content=\"Zna\u010dkov\u00fd Gelco DRAGON Black Sprchov\u00fd kout \u010dtverec 80x80cm rohov\u00fd vstup \u010dern\u00e1 mat -\" \/>\n<meta property=\"og:description\" content=\"Popis produktu Gelco DRAGON Black Sprchov\u00fd kout \u010dtverec 80x80cm rohov\u00fd vstup \u010dern\u00e1 mat V\u00fd\u0161ka: 2000 mm \u0160\u00ed\u0159ka: 800 mm Hloubka: 800 mm \u0160\u00ed\u0159ka vstupu: 385 mm Barva profilu: \u010cern\u00e1 mat Tvar: \u010ctverec Typ otev\u00edr\u00e1n\u00ed: Posuvn\u00e9 Typ v\u00fdpln\u011b: \u010cir\u00e9 sklo \u00daprava skla: Coated glass Tlou\u0161\u0165ka skla: 8 mm Vlastnosti: Bezr\u00e1mov\u00e9 proveden\u00ed Coated glass Coated glass p\u0159edstavuje [&hellip;]\" \/>\n<meta property=\"og:url\" content=\"https:\/\/www.oknobuild.com\/index.php\/produkt\/znackovy-gelco-dragon-black-sprchovy-kout-ctverec-80x80cm-rohovy-vstup-cerna-mat-40692\/\" \/>\n<meta property=\"og:image\" content=\"https:\/\/www.oknobuild.com\/wp-content\/uploads\/2026\/SK0021406-CZ20260425-092632-0-1777080397-gelco-dragon-black-sprchovy-kout-ctverec-80x80cm-rohovy-vst.webp\" \/>\n\t<meta property=\"og:image:width\" content=\"600\" \/>\n\t<meta property=\"og:image:height\" content=\"479\" \/>\n\t<meta property=\"og:image:type\" content=\"image\/webp\" \/>\n<meta name=\"twitter:card\" content=\"summary_large_image\" \/>\n<meta name=\"twitter:label1\" content=\"Odhadovan\u00e1 doba \u010dten\u00ed\" \/>\n\t<meta name=\"twitter:data1\" content=\"2 minuty\" \/>\n<script type=\"application\/ld+json\" class=\"yoast-schema-graph\">{\"@context\":\"https:\/\/schema.org\",\"@graph\":[{\"@type\":\"WebPage\",\"@id\":\"https:\/\/www.oknobuild.com\/index.php\/produkt\/znackovy-gelco-dragon-black-sprchovy-kout-ctverec-80x80cm-rohovy-vstup-cerna-mat-40692\/\",\"url\":\"https:\/\/www.oknobuild.com\/index.php\/produkt\/znackovy-gelco-dragon-black-sprchovy-kout-ctverec-80x80cm-rohovy-vstup-cerna-mat-40692\/\",\"name\":\"Zna\u010dkov\u00fd Gelco DRAGON Black Sprchov\u00fd kout \u010dtverec 80x80cm rohov\u00fd vstup \u010dern\u00e1 mat -\",\"isPartOf\":{\"@id\":\"https:\/\/www.oknobuild.com\/#website\"},\"primaryImageOfPage\":{\"@id\":\"https:\/\/www.oknobuild.com\/index.php\/produkt\/znackovy-gelco-dragon-black-sprchovy-kout-ctverec-80x80cm-rohovy-vstup-cerna-mat-40692\/#primaryimage\"},\"image\":{\"@id\":\"https:\/\/www.oknobuild.com\/index.php\/produkt\/znackovy-gelco-dragon-black-sprchovy-kout-ctverec-80x80cm-rohovy-vstup-cerna-mat-40692\/#primaryimage\"},\"thumbnailUrl\":\"https:\/\/www.oknobuild.com\/wp-content\/uploads\/2026\/SK0021406-CZ20260425-092632-0-1777080397-gelco-dragon-black-sprchovy-kout-ctverec-80x80cm-rohovy-vst.webp\",\"datePublished\":\"2026-04-27T04:42:21+00:00\",\"breadcrumb\":{\"@id\":\"https:\/\/www.oknobuild.com\/index.php\/produkt\/znackovy-gelco-dragon-black-sprchovy-kout-ctverec-80x80cm-rohovy-vstup-cerna-mat-40692\/#breadcrumb\"},\"inLanguage\":\"cs\",\"potentialAction\":[{\"@type\":\"ReadAction\",\"target\":[\"https:\/\/www.oknobuild.com\/index.php\/produkt\/znackovy-gelco-dragon-black-sprchovy-kout-ctverec-80x80cm-rohovy-vstup-cerna-mat-40692\/\"]}]},{\"@type\":\"ImageObject\",\"inLanguage\":\"cs\",\"@id\":\"https:\/\/www.oknobuild.com\/index.php\/produkt\/znackovy-gelco-dragon-black-sprchovy-kout-ctverec-80x80cm-rohovy-vstup-cerna-mat-40692\/#primaryimage\",\"url\":\"https:\/\/www.oknobuild.com\/wp-content\/uploads\/2026\/SK0021406-CZ20260425-092632-0-1777080397-gelco-dragon-black-sprchovy-kout-ctverec-80x80cm-rohovy-vst.webp\",\"contentUrl\":\"https:\/\/www.oknobuild.com\/wp-content\/uploads\/2026\/SK0021406-CZ20260425-092632-0-1777080397-gelco-dragon-black-sprchovy-kout-ctverec-80x80cm-rohovy-vst.webp\",\"width\":600,\"height\":479},{\"@type\":\"BreadcrumbList\",\"@id\":\"https:\/\/www.oknobuild.com\/index.php\/produkt\/znackovy-gelco-dragon-black-sprchovy-kout-ctverec-80x80cm-rohovy-vstup-cerna-mat-40692\/#breadcrumb\",\"itemListElement\":[{\"@type\":\"ListItem\",\"position\":1,\"name\":\"Home\",\"item\":\"https:\/\/www.oknobuild.com\/\"},{\"@type\":\"ListItem\",\"position\":2,\"name\":\"Products\",\"item\":\"https:\/\/www.oknobuild.com\/index.php\/products\/\"},{\"@type\":\"ListItem\",\"position\":3,\"name\":\"Zna\u010dkov\u00fd Gelco DRAGON Black Sprchov\u00fd kout \u010dtverec 80x80cm rohov\u00fd vstup \u010dern\u00e1 mat\"}]},{\"@type\":\"WebSite\",\"@id\":\"https:\/\/www.oknobuild.com\/#website\",\"url\":\"https:\/\/www.oknobuild.com\/\",\"name\":\"\",\"description\":\"\",\"potentialAction\":[{\"@type\":\"SearchAction\",\"target\":{\"@type\":\"EntryPoint\",\"urlTemplate\":\"https:\/\/www.oknobuild.com\/?s={search_term_string}\"},\"query-input\":{\"@type\":\"PropertyValueSpecification\",\"valueRequired\":true,\"valueName\":\"search_term_string\"}}],\"inLanguage\":\"cs\"}]}<\/script>\n<!-- \/ Yoast SEO plugin. -->","yoast_head_json":{"title":"Zna\u010dkov\u00fd Gelco DRAGON Black Sprchov\u00fd kout \u010dtverec 80x80cm rohov\u00fd vstup \u010dern\u00e1 mat -","robots":{"index":"index","follow":"follow","max-snippet":"max-snippet:-1","max-image-preview":"max-image-preview:large","max-video-preview":"max-video-preview:-1"},"canonical":"https:\/\/www.oknobuild.com\/index.php\/produkt\/znackovy-gelco-dragon-black-sprchovy-kout-ctverec-80x80cm-rohovy-vstup-cerna-mat-40692\/","og_locale":"cs_CZ","og_type":"article","og_title":"Zna\u010dkov\u00fd Gelco DRAGON Black Sprchov\u00fd kout \u010dtverec 80x80cm rohov\u00fd vstup \u010dern\u00e1 mat -","og_description":"Popis produktu Gelco DRAGON Black Sprchov\u00fd kout \u010dtverec 80x80cm rohov\u00fd vstup \u010dern\u00e1 mat V\u00fd\u0161ka: 2000 mm \u0160\u00ed\u0159ka: 800 mm Hloubka: 800 mm \u0160\u00ed\u0159ka vstupu: 385 mm Barva profilu: \u010cern\u00e1 mat Tvar: \u010ctverec Typ otev\u00edr\u00e1n\u00ed: Posuvn\u00e9 Typ v\u00fdpln\u011b: \u010cir\u00e9 sklo \u00daprava skla: Coated glass Tlou\u0161\u0165ka skla: 8 mm Vlastnosti: Bezr\u00e1mov\u00e9 proveden\u00ed Coated glass Coated glass p\u0159edstavuje [&hellip;]","og_url":"https:\/\/www.oknobuild.com\/index.php\/produkt\/znackovy-gelco-dragon-black-sprchovy-kout-ctverec-80x80cm-rohovy-vstup-cerna-mat-40692\/","og_image":[{"width":600,"height":479,"url":"https:\/\/www.oknobuild.com\/wp-content\/uploads\/2026\/SK0021406-CZ20260425-092632-0-1777080397-gelco-dragon-black-sprchovy-kout-ctverec-80x80cm-rohovy-vst.webp","type":"image\/webp"}],"twitter_card":"summary_large_image","twitter_misc":{"Odhadovan\u00e1 doba \u010dten\u00ed":"2 minuty"},"schema":{"@context":"https:\/\/schema.org","@graph":[{"@type":"WebPage","@id":"https:\/\/www.oknobuild.com\/index.php\/produkt\/znackovy-gelco-dragon-black-sprchovy-kout-ctverec-80x80cm-rohovy-vstup-cerna-mat-40692\/","url":"https:\/\/www.oknobuild.com\/index.php\/produkt\/znackovy-gelco-dragon-black-sprchovy-kout-ctverec-80x80cm-rohovy-vstup-cerna-mat-40692\/","name":"Zna\u010dkov\u00fd Gelco DRAGON Black Sprchov\u00fd kout \u010dtverec 80x80cm rohov\u00fd vstup \u010dern\u00e1 mat -","isPartOf":{"@id":"https:\/\/www.oknobuild.com\/#website"},"primaryImageOfPage":{"@id":"https:\/\/www.oknobuild.com\/index.php\/produkt\/znackovy-gelco-dragon-black-sprchovy-kout-ctverec-80x80cm-rohovy-vstup-cerna-mat-40692\/#primaryimage"},"image":{"@id":"https:\/\/www.oknobuild.com\/index.php\/produkt\/znackovy-gelco-dragon-black-sprchovy-kout-ctverec-80x80cm-rohovy-vstup-cerna-mat-40692\/#primaryimage"},"thumbnailUrl":"https:\/\/www.oknobuild.com\/wp-content\/uploads\/2026\/SK0021406-CZ20260425-092632-0-1777080397-gelco-dragon-black-sprchovy-kout-ctverec-80x80cm-rohovy-vst.webp","datePublished":"2026-04-27T04:42:21+00:00","breadcrumb":{"@id":"https:\/\/www.oknobuild.com\/index.php\/produkt\/znackovy-gelco-dragon-black-sprchovy-kout-ctverec-80x80cm-rohovy-vstup-cerna-mat-40692\/#breadcrumb"},"inLanguage":"cs","potentialAction":[{"@type":"ReadAction","target":["https:\/\/www.oknobuild.com\/index.php\/produkt\/znackovy-gelco-dragon-black-sprchovy-kout-ctverec-80x80cm-rohovy-vstup-cerna-mat-40692\/"]}]},{"@type":"ImageObject","inLanguage":"cs","@id":"https:\/\/www.oknobuild.com\/index.php\/produkt\/znackovy-gelco-dragon-black-sprchovy-kout-ctverec-80x80cm-rohovy-vstup-cerna-mat-40692\/#primaryimage","url":"https:\/\/www.oknobuild.com\/wp-content\/uploads\/2026\/SK0021406-CZ20260425-092632-0-1777080397-gelco-dragon-black-sprchovy-kout-ctverec-80x80cm-rohovy-vst.webp","contentUrl":"https:\/\/www.oknobuild.com\/wp-content\/uploads\/2026\/SK0021406-CZ20260425-092632-0-1777080397-gelco-dragon-black-sprchovy-kout-ctverec-80x80cm-rohovy-vst.webp","width":600,"height":479},{"@type":"BreadcrumbList","@id":"https:\/\/www.oknobuild.com\/index.php\/produkt\/znackovy-gelco-dragon-black-sprchovy-kout-ctverec-80x80cm-rohovy-vstup-cerna-mat-40692\/#breadcrumb","itemListElement":[{"@type":"ListItem","position":1,"name":"Home","item":"https:\/\/www.oknobuild.com\/"},{"@type":"ListItem","position":2,"name":"Products","item":"https:\/\/www.oknobuild.com\/index.php\/products\/"},{"@type":"ListItem","position":3,"name":"Zna\u010dkov\u00fd Gelco DRAGON Black Sprchov\u00fd kout \u010dtverec 80x80cm rohov\u00fd vstup \u010dern\u00e1 mat"}]},{"@type":"WebSite","@id":"https:\/\/www.oknobuild.com\/#website","url":"https:\/\/www.oknobuild.com\/","name":"","description":"","potentialAction":[{"@type":"SearchAction","target":{"@type":"EntryPoint","urlTemplate":"https:\/\/www.oknobuild.com\/?s={search_term_string}"},"query-input":{"@type":"PropertyValueSpecification","valueRequired":true,"valueName":"search_term_string"}}],"inLanguage":"cs"}]}},"_links":{"self":[{"href":"https:\/\/www.oknobuild.com\/index.php\/wp-json\/wp\/v2\/product\/40692","targetHints":{"allow":["GET"]}}],"collection":[{"href":"https:\/\/www.oknobuild.com\/index.php\/wp-json\/wp\/v2\/product"}],"about":[{"href":"https:\/\/www.oknobuild.com\/index.php\/wp-json\/wp\/v2\/types\/product"}],"replies":[{"embeddable":true,"href":"https:\/\/www.oknobuild.com\/index.php\/wp-json\/wp\/v2\/comments?post=40692"}],"wp:featuredmedia":[{"embeddable":true,"href":"https:\/\/www.oknobuild.com\/index.php\/wp-json\/wp\/v2\/media\/40792"}],"wp:attachment":[{"href":"https:\/\/www.oknobuild.com\/index.php\/wp-json\/wp\/v2\/media?parent=40692"}],"wp:term":[{"taxonomy":"product_brand","embeddable":true,"href":"https:\/\/www.oknobuild.com\/index.php\/wp-json\/wp\/v2\/product_brand?post=40692"},{"taxonomy":"product_cat","embeddable":true,"href":"https:\/\/www.oknobuild.com\/index.php\/wp-json\/wp\/v2\/product_cat?post=40692"},{"taxonomy":"product_tag","embeddable":true,"href":"https:\/\/www.oknobuild.com\/index.php\/wp-json\/wp\/v2\/product_tag?post=40692"}],"curies":[{"name":"wp","href":"https:\/\/api.w.org\/{rel}","templated":true}]}}