{"id":41156,"date":"2026-04-27T04:42:22","date_gmt":"2026-04-27T04:42:22","guid":{"rendered":""},"modified":"2026-04-27T04:42:22","modified_gmt":"2026-04-27T04:42:22","slug":"znackovy-polysan-zoom-sprchove-dvere-skladaci-900mm-cire-sklo-prave-zl4915r-41156","status":"publish","type":"product","link":"https:\/\/www.oknobuild.com\/index.php\/produkt\/znackovy-polysan-zoom-sprchove-dvere-skladaci-900mm-cire-sklo-prave-zl4915r-41156\/","title":{"rendered":"Zna\u010dkov\u00fd Polysan ZOOM sprchov\u00e9 dve\u0159e skl\u00e1dac\u00ed 900mm, \u010dir\u00e9 sklo, prav\u00e9 ZL4915R"},"content":{"rendered":"<div class=\"tabs__content-outer\" id=\"tab_description\" data-hash=\"description\" data-tabindex=\"-1\">\n<div class=\"tabs__content toggle_description\" id=\"content_description\">\n<div class=\"wysiwyg-content\">\n<div class=\"product__tab product__description full-width\">\n<div class=\"container\">\n<div >\n<h3>Polysan ZOOM sprchov\u00e9 dve\u0159e skl\u00e1dac\u00ed 900mm, \u010dir\u00e9 sklo, prav\u00e9 ZL4915R<\/h3>\n<li><strong>Pouze dve\u0159e. Pro instalaci do niky je zapot\u0159eb\u00ed p\u0159ikoupit ZL4989 ZOOM magnetick\u00fd profil.<\/strong><\/li>\n<p style=\"text-align: justify;\">Sv\u011b\u017e\u00ed design sprchov\u00fdch z\u00e1st\u011bn s\u00e9rie ZOOM je propracov\u00e1n do nejmen\u0161\u00edch detail\u016f. Sprchov\u00e9 dve\u0159e&nbsp;s hranat\u00fdmi oto\u010dn\u00fdmi profily se zvedac\u00edm mechanismem umo\u017e\u0148uj\u00ed snadn\u00e9 otev\u00edr\u00e1n\u00ed vn\u011b i dovnit\u0159 a zaru\u010duj\u00ed maxim\u00e1ln\u00ed \u0161\u00ed\u0159ku vstupu. V\u00fdjimku tvo\u0159\u00ed \u010dtvrtkruhov\u00e9 z\u00e1st\u011bny typu ZL2615 (90&#215;90 cm) a ZL2616 (100&#215;100 cm), kter\u00e9 se otv\u00edraj\u00ed pouze sm\u011brem ven.<\/p>\n<p><strong>Celkov\u00e1 charakteristika sprchov\u00fdch z\u00e1st\u011bn s\u00e9rie ZOOM:<\/strong><\/p>\n<ul>\n<li>\u010cir\u00e9 bezpe\u010dnostn\u00ed sklo o s\u00edle 6 mm<\/li>\n<li>Povrchov\u00e1 \u00faprava Antidrop zabra\u0148uje usazov\u00e1n\u00ed vodn\u00edho kamene a usnad\u0148uje \u010di\u0161t\u011bn\u00ed<\/li>\n<li>Hlin\u00edkov\u00e9 oto\u010dn\u00e9 profily s le\u0161t\u011bn\u00fdm povrchem a integrovan\u00fdm zdvihov\u00fdm mechanismem<\/li>\n<li>Magnetick\u00e9 t\u011bsn\u011bn\u00ed je skryto v hlin\u00edkov\u00fdch profilech, kter\u00e9 dod\u00e1vaj\u00ed z\u00e1st\u011bn\u00e1m luxusn\u00ed vzhled<\/li>\n<li>V\u00fd\u0161ka 1900 mm<\/li>\n<li>Snadn\u00e1 mont\u00e1\u017e, tolerance a\u017e 20 mm nastaven\u00edm skel v profilu<\/li>\n<li>Dve\u0159e 700, 800 a 900 mm jsou jednod\u00edln\u00e9 a umo\u017e\u0148uj\u00ed maxim\u00e1ln\u00ed \u0161\u00ed\u0159ku vstupu<\/li>\n<li>Dve\u0159e 1000-1500 mm jsou d\u011bleny na \u010d\u00e1st pevnou a \u010d\u00e1st oto\u010dnou<\/li>\n<li>Dve\u0159e je mo\u017eno instalovat do niky nebo v kombinaci s bo\u010dn\u00ed st\u011bnou, umo\u017e\u0148uj\u00ed variabiln\u00ed instalaci s lev\u00fdm nebo prav\u00fdm otev\u00edr\u00e1n\u00edm<\/li>\n<li>Dvouk\u0159\u00eddl\u00e9 dve\u0159e 800, 900, 1000 a 1200 mm jsou vhodn\u00e9 pouze pro instalaci do niky, nelze je kombinovat s bo\u010dn\u00ed st\u011bnou<\/li>\n<li>Dve\u0159e 1600 a 1800 mm maj\u00ed 2 pevn\u00e9 \u010d\u00e1sti a 2 oto\u010dn\u00e9 \u010d\u00e1sti, vhodn\u00e9 pouze pro instalaci do niky, nelze je kombinovat s bo\u010dn\u00ed st\u011bnou<\/li>\n<li>Dve\u0159e&nbsp;<span>se&nbsp;zdvihov\u00fdm mechanismem profilu<\/span><\/li>\n<li><span>Skl\u00e1dac\u00ed dve\u0159e 700 a\u017e 900 mm v&nbsp;proveden\u00ed lev\u00e1 a&nbsp;prav\u00e1 lze instalovat do niky nebo v&nbsp;kombinaci L\/R vytvo\u0159it \u010dtvercovou nebo obd\u00e9ln\u00edkovou z\u00e1st\u011bnu s&nbsp;rohov\u00fdm vstupem<\/span><\/li>\n<li><span>V\u00fd\u0161ka skl\u00e1dac\u00edch dve\u0159\u00ed 2000 mm<\/span><\/li>\n<li>Vzp\u011bry jsou sou\u010d\u00e1st\u00ed balen\u00ed<\/li>\n<\/ul>\n<table style=\"height: 209px; width: 764px;\" border=\"0\">\n<tbody>\n<tr>\n<td><\/td>\n<td><\/td>\n<td><\/td>\n<td><\/td>\n<\/tr>\n<tr>\n<td>Speci\u00e1ln\u011b navr\u017een\u00e9 madlo <br \/>pro&nbsp;pohodln\u00e9 otev\u00edr\u00e1n\u00ed dve\u0159\u00ed.<\/td>\n<td>Ploch\u00e9 magnetick\u00e9 t\u011bsn\u011bn\u00ed <br \/>elegantn\u011b&nbsp;skryt\u00e9 v hlin\u00edkov\u00e9m <br \/>profilu umo\u017e\u0148uje&nbsp;otv\u00edrat dve\u0159e <br \/>na ob\u011b strany u v\u0161ech model\u016f <br \/>dve\u0159\u00ed do niky a v kombinaci&nbsp;<br \/>s bo\u010dn\u00ed st\u011bnou.<\/td>\n<td>Oto\u010dn\u00fd profil v minimalistick\u00e9m&nbsp;<br \/>proveden\u00ed se zvedac\u00ed funkc\u00ed <br \/>pro pohodln\u00e9 otev\u00edr\u00e1n\u00ed. <br \/>\u010cist\u00e1 linie &#8211; sklo&nbsp;prot\u00edn\u00e1 profil <br \/>na obou stran\u00e1ch&nbsp;ve stejn\u00e9 \u00farovni.<\/td>\n<td>St\u011bnov\u00e9 nerovnosti elegantn\u011b skryje<br \/>hlin\u00edkov\u00fd profil, do kter\u00e9ho se zasouv\u00e1<br \/>sklo dle pot\u0159eby a\u017e 20 mm. Stabilitu<br \/>skel zaji\u0161\u0165uje elegantn\u00ed vzp\u011bra <br \/>s nastaviteln\u00fdm \u00fahlem uchycen\u00ed na obou stran\u00e1ch.<\/td>\n<\/tr>\n<\/tbody>\n<\/table>\n<div class=\"product-explanation-item\">\n<h3>Antidrop<\/h3>\n<p style=\"text-align: justify;\">Antidrop je povrchov\u00e1 \u00faprava skla pro jeho snadnou \u00fadr\u017ebu. P\u0159i v\u00fdrob\u011b skla je nan\u00e1\u0161ena na jeho povrch s pou\u017eit\u00edm nanotechnologie a je obsa\u017eena v cen\u011b z\u00e1st\u011bn.<\/p>\n<\/p><\/div>\n<p><\/p>\n<p><b>Vlastnosti<\/b><\/p>\n<ul>\n<li><span>Tvar:<\/span> Dve\u0159e do kombinace<\/li>\n<li><span>\u0160\u00ed\u0159ka:<\/span> 900 mm<\/li>\n<li><span>V\u00fd\u0161ka:<\/span> 2000 mm<\/li>\n<li><span>Typ v\u00fdpln\u011b:<\/span> \u010cir\u00e9 sklo<\/li>\n<li><span>\u00daprava skla:<\/span> Antidrop<\/li>\n<li><span>Tlou\u0161\u0165ka skla:<\/span> 6 mm<\/li>\n<li><span>Barva:<\/span> St\u0159\u00edbrn\u00e1<\/li>\n<li><span>Syst\u00e9m otev\u00edr\u00e1n\u00ed dve\u0159\u00ed:<\/span> zalamovac\u00ed<\/li>\n<li><span>Sm\u011br otev\u00edr\u00e1n\u00ed:<\/span> Prav\u00e9<\/li>\n<\/ul>\n<\/div><\/div>\n<\/p><\/div>\n<\/p><\/div>\n<\/p><\/div>\n","protected":false},"excerpt":{"rendered":"<p>Polysan ZOOM sprchov\u00e9 dve\u0159e skl\u00e1dac\u00ed 900mm, \u010dir\u00e9 sklo, prav\u00e9 ZL4915R Pouze dve\u0159e. Pro instalaci do niky je zapot\u0159eb\u00ed p\u0159ikoupit ZL4989 ZOOM magnetick\u00fd profil. Sv\u011b\u017e\u00ed design sprchov\u00fdch z\u00e1st\u011bn s\u00e9rie ZOOM je propracov\u00e1n do nejmen\u0161\u00edch detail\u016f. Sprchov\u00e9 dve\u0159e&nbsp;s hranat\u00fdmi oto\u010dn\u00fdmi profily se zvedac\u00edm mechanismem umo\u017e\u0148uj\u00ed snadn\u00e9 otev\u00edr\u00e1n\u00ed vn\u011b i dovnit\u0159 a zaru\u010duj\u00ed maxim\u00e1ln\u00ed \u0161\u00ed\u0159ku vstupu. V\u00fdjimku tvo\u0159\u00ed [&hellip;]<\/p>\n","protected":false},"featured_media":41256,"comment_status":"open","ping_status":"open","template":"","meta":[],"product_brand":[],"product_cat":[71],"product_tag":[],"class_list":{"0":"post-41156","1":"product","2":"type-product","3":"status-publish","4":"has-post-thumbnail","6":"product_cat-koupelna","8":"first","9":"instock","10":"sale","11":"shipping-taxable","12":"purchasable","13":"product-type-simple"},"yoast_head":"<!-- This site is optimized with the Yoast SEO plugin v26.8 - https:\/\/yoast.com\/product\/yoast-seo-wordpress\/ -->\n<title>Zna\u010dkov\u00fd Polysan ZOOM sprchov\u00e9 dve\u0159e skl\u00e1dac\u00ed 900mm, \u010dir\u00e9 sklo, prav\u00e9 ZL4915R -<\/title>\n<meta name=\"robots\" content=\"index, follow, max-snippet:-1, max-image-preview:large, max-video-preview:-1\" \/>\n<link rel=\"canonical\" href=\"https:\/\/www.oknobuild.com\/index.php\/produkt\/znackovy-polysan-zoom-sprchove-dvere-skladaci-900mm-cire-sklo-prave-zl4915r-41156\/\" \/>\n<meta property=\"og:locale\" content=\"cs_CZ\" \/>\n<meta property=\"og:type\" content=\"article\" \/>\n<meta property=\"og:title\" content=\"Zna\u010dkov\u00fd Polysan ZOOM sprchov\u00e9 dve\u0159e skl\u00e1dac\u00ed 900mm, \u010dir\u00e9 sklo, prav\u00e9 ZL4915R -\" \/>\n<meta property=\"og:description\" content=\"Polysan ZOOM sprchov\u00e9 dve\u0159e skl\u00e1dac\u00ed 900mm, \u010dir\u00e9 sklo, prav\u00e9 ZL4915R Pouze dve\u0159e. Pro instalaci do niky je zapot\u0159eb\u00ed p\u0159ikoupit ZL4989 ZOOM magnetick\u00fd profil. Sv\u011b\u017e\u00ed design sprchov\u00fdch z\u00e1st\u011bn s\u00e9rie ZOOM je propracov\u00e1n do nejmen\u0161\u00edch detail\u016f. Sprchov\u00e9 dve\u0159e&nbsp;s hranat\u00fdmi oto\u010dn\u00fdmi profily se zvedac\u00edm mechanismem umo\u017e\u0148uj\u00ed snadn\u00e9 otev\u00edr\u00e1n\u00ed vn\u011b i dovnit\u0159 a zaru\u010duj\u00ed maxim\u00e1ln\u00ed \u0161\u00ed\u0159ku vstupu. V\u00fdjimku tvo\u0159\u00ed [&hellip;]\" \/>\n<meta property=\"og:url\" content=\"https:\/\/www.oknobuild.com\/index.php\/produkt\/znackovy-polysan-zoom-sprchove-dvere-skladaci-900mm-cire-sklo-prave-zl4915r-41156\/\" \/>\n<meta property=\"og:image\" content=\"https:\/\/www.oknobuild.com\/wp-content\/uploads\/2026\/SK0017072-CZ20260425-093041-0-1777080643-6e46391c962948a1beb8d14f6e4af3e2.webp\" \/>\n\t<meta property=\"og:image:width\" content=\"684\" \/>\n\t<meta property=\"og:image:height\" content=\"800\" \/>\n\t<meta property=\"og:image:type\" content=\"image\/webp\" \/>\n<meta name=\"twitter:card\" content=\"summary_large_image\" \/>\n<meta name=\"twitter:label1\" content=\"Odhadovan\u00e1 doba \u010dten\u00ed\" \/>\n\t<meta name=\"twitter:data1\" content=\"3 minuty\" \/>\n<script type=\"application\/ld+json\" class=\"yoast-schema-graph\">{\"@context\":\"https:\/\/schema.org\",\"@graph\":[{\"@type\":\"WebPage\",\"@id\":\"https:\/\/www.oknobuild.com\/index.php\/produkt\/znackovy-polysan-zoom-sprchove-dvere-skladaci-900mm-cire-sklo-prave-zl4915r-41156\/\",\"url\":\"https:\/\/www.oknobuild.com\/index.php\/produkt\/znackovy-polysan-zoom-sprchove-dvere-skladaci-900mm-cire-sklo-prave-zl4915r-41156\/\",\"name\":\"Zna\u010dkov\u00fd Polysan ZOOM sprchov\u00e9 dve\u0159e skl\u00e1dac\u00ed 900mm, \u010dir\u00e9 sklo, prav\u00e9 ZL4915R -\",\"isPartOf\":{\"@id\":\"https:\/\/www.oknobuild.com\/#website\"},\"primaryImageOfPage\":{\"@id\":\"https:\/\/www.oknobuild.com\/index.php\/produkt\/znackovy-polysan-zoom-sprchove-dvere-skladaci-900mm-cire-sklo-prave-zl4915r-41156\/#primaryimage\"},\"image\":{\"@id\":\"https:\/\/www.oknobuild.com\/index.php\/produkt\/znackovy-polysan-zoom-sprchove-dvere-skladaci-900mm-cire-sklo-prave-zl4915r-41156\/#primaryimage\"},\"thumbnailUrl\":\"https:\/\/www.oknobuild.com\/wp-content\/uploads\/2026\/SK0017072-CZ20260425-093041-0-1777080643-6e46391c962948a1beb8d14f6e4af3e2.webp\",\"datePublished\":\"2026-04-27T04:42:22+00:00\",\"breadcrumb\":{\"@id\":\"https:\/\/www.oknobuild.com\/index.php\/produkt\/znackovy-polysan-zoom-sprchove-dvere-skladaci-900mm-cire-sklo-prave-zl4915r-41156\/#breadcrumb\"},\"inLanguage\":\"cs\",\"potentialAction\":[{\"@type\":\"ReadAction\",\"target\":[\"https:\/\/www.oknobuild.com\/index.php\/produkt\/znackovy-polysan-zoom-sprchove-dvere-skladaci-900mm-cire-sklo-prave-zl4915r-41156\/\"]}]},{\"@type\":\"ImageObject\",\"inLanguage\":\"cs\",\"@id\":\"https:\/\/www.oknobuild.com\/index.php\/produkt\/znackovy-polysan-zoom-sprchove-dvere-skladaci-900mm-cire-sklo-prave-zl4915r-41156\/#primaryimage\",\"url\":\"https:\/\/www.oknobuild.com\/wp-content\/uploads\/2026\/SK0017072-CZ20260425-093041-0-1777080643-6e46391c962948a1beb8d14f6e4af3e2.webp\",\"contentUrl\":\"https:\/\/www.oknobuild.com\/wp-content\/uploads\/2026\/SK0017072-CZ20260425-093041-0-1777080643-6e46391c962948a1beb8d14f6e4af3e2.webp\",\"width\":684,\"height\":800},{\"@type\":\"BreadcrumbList\",\"@id\":\"https:\/\/www.oknobuild.com\/index.php\/produkt\/znackovy-polysan-zoom-sprchove-dvere-skladaci-900mm-cire-sklo-prave-zl4915r-41156\/#breadcrumb\",\"itemListElement\":[{\"@type\":\"ListItem\",\"position\":1,\"name\":\"Home\",\"item\":\"https:\/\/www.oknobuild.com\/\"},{\"@type\":\"ListItem\",\"position\":2,\"name\":\"Products\",\"item\":\"https:\/\/www.oknobuild.com\/index.php\/products\/\"},{\"@type\":\"ListItem\",\"position\":3,\"name\":\"Zna\u010dkov\u00fd Polysan ZOOM sprchov\u00e9 dve\u0159e skl\u00e1dac\u00ed 900mm, \u010dir\u00e9 sklo, prav\u00e9 ZL4915R\"}]},{\"@type\":\"WebSite\",\"@id\":\"https:\/\/www.oknobuild.com\/#website\",\"url\":\"https:\/\/www.oknobuild.com\/\",\"name\":\"\",\"description\":\"\",\"potentialAction\":[{\"@type\":\"SearchAction\",\"target\":{\"@type\":\"EntryPoint\",\"urlTemplate\":\"https:\/\/www.oknobuild.com\/?s={search_term_string}\"},\"query-input\":{\"@type\":\"PropertyValueSpecification\",\"valueRequired\":true,\"valueName\":\"search_term_string\"}}],\"inLanguage\":\"cs\"}]}<\/script>\n<!-- \/ Yoast SEO plugin. -->","yoast_head_json":{"title":"Zna\u010dkov\u00fd Polysan ZOOM sprchov\u00e9 dve\u0159e skl\u00e1dac\u00ed 900mm, \u010dir\u00e9 sklo, prav\u00e9 ZL4915R -","robots":{"index":"index","follow":"follow","max-snippet":"max-snippet:-1","max-image-preview":"max-image-preview:large","max-video-preview":"max-video-preview:-1"},"canonical":"https:\/\/www.oknobuild.com\/index.php\/produkt\/znackovy-polysan-zoom-sprchove-dvere-skladaci-900mm-cire-sklo-prave-zl4915r-41156\/","og_locale":"cs_CZ","og_type":"article","og_title":"Zna\u010dkov\u00fd Polysan ZOOM sprchov\u00e9 dve\u0159e skl\u00e1dac\u00ed 900mm, \u010dir\u00e9 sklo, prav\u00e9 ZL4915R -","og_description":"Polysan ZOOM sprchov\u00e9 dve\u0159e skl\u00e1dac\u00ed 900mm, \u010dir\u00e9 sklo, prav\u00e9 ZL4915R Pouze dve\u0159e. Pro instalaci do niky je zapot\u0159eb\u00ed p\u0159ikoupit ZL4989 ZOOM magnetick\u00fd profil. Sv\u011b\u017e\u00ed design sprchov\u00fdch z\u00e1st\u011bn s\u00e9rie ZOOM je propracov\u00e1n do nejmen\u0161\u00edch detail\u016f. Sprchov\u00e9 dve\u0159e&nbsp;s hranat\u00fdmi oto\u010dn\u00fdmi profily se zvedac\u00edm mechanismem umo\u017e\u0148uj\u00ed snadn\u00e9 otev\u00edr\u00e1n\u00ed vn\u011b i dovnit\u0159 a zaru\u010duj\u00ed maxim\u00e1ln\u00ed \u0161\u00ed\u0159ku vstupu. V\u00fdjimku tvo\u0159\u00ed [&hellip;]","og_url":"https:\/\/www.oknobuild.com\/index.php\/produkt\/znackovy-polysan-zoom-sprchove-dvere-skladaci-900mm-cire-sklo-prave-zl4915r-41156\/","og_image":[{"width":684,"height":800,"url":"https:\/\/www.oknobuild.com\/wp-content\/uploads\/2026\/SK0017072-CZ20260425-093041-0-1777080643-6e46391c962948a1beb8d14f6e4af3e2.webp","type":"image\/webp"}],"twitter_card":"summary_large_image","twitter_misc":{"Odhadovan\u00e1 doba \u010dten\u00ed":"3 minuty"},"schema":{"@context":"https:\/\/schema.org","@graph":[{"@type":"WebPage","@id":"https:\/\/www.oknobuild.com\/index.php\/produkt\/znackovy-polysan-zoom-sprchove-dvere-skladaci-900mm-cire-sklo-prave-zl4915r-41156\/","url":"https:\/\/www.oknobuild.com\/index.php\/produkt\/znackovy-polysan-zoom-sprchove-dvere-skladaci-900mm-cire-sklo-prave-zl4915r-41156\/","name":"Zna\u010dkov\u00fd Polysan ZOOM sprchov\u00e9 dve\u0159e skl\u00e1dac\u00ed 900mm, \u010dir\u00e9 sklo, prav\u00e9 ZL4915R -","isPartOf":{"@id":"https:\/\/www.oknobuild.com\/#website"},"primaryImageOfPage":{"@id":"https:\/\/www.oknobuild.com\/index.php\/produkt\/znackovy-polysan-zoom-sprchove-dvere-skladaci-900mm-cire-sklo-prave-zl4915r-41156\/#primaryimage"},"image":{"@id":"https:\/\/www.oknobuild.com\/index.php\/produkt\/znackovy-polysan-zoom-sprchove-dvere-skladaci-900mm-cire-sklo-prave-zl4915r-41156\/#primaryimage"},"thumbnailUrl":"https:\/\/www.oknobuild.com\/wp-content\/uploads\/2026\/SK0017072-CZ20260425-093041-0-1777080643-6e46391c962948a1beb8d14f6e4af3e2.webp","datePublished":"2026-04-27T04:42:22+00:00","breadcrumb":{"@id":"https:\/\/www.oknobuild.com\/index.php\/produkt\/znackovy-polysan-zoom-sprchove-dvere-skladaci-900mm-cire-sklo-prave-zl4915r-41156\/#breadcrumb"},"inLanguage":"cs","potentialAction":[{"@type":"ReadAction","target":["https:\/\/www.oknobuild.com\/index.php\/produkt\/znackovy-polysan-zoom-sprchove-dvere-skladaci-900mm-cire-sklo-prave-zl4915r-41156\/"]}]},{"@type":"ImageObject","inLanguage":"cs","@id":"https:\/\/www.oknobuild.com\/index.php\/produkt\/znackovy-polysan-zoom-sprchove-dvere-skladaci-900mm-cire-sklo-prave-zl4915r-41156\/#primaryimage","url":"https:\/\/www.oknobuild.com\/wp-content\/uploads\/2026\/SK0017072-CZ20260425-093041-0-1777080643-6e46391c962948a1beb8d14f6e4af3e2.webp","contentUrl":"https:\/\/www.oknobuild.com\/wp-content\/uploads\/2026\/SK0017072-CZ20260425-093041-0-1777080643-6e46391c962948a1beb8d14f6e4af3e2.webp","width":684,"height":800},{"@type":"BreadcrumbList","@id":"https:\/\/www.oknobuild.com\/index.php\/produkt\/znackovy-polysan-zoom-sprchove-dvere-skladaci-900mm-cire-sklo-prave-zl4915r-41156\/#breadcrumb","itemListElement":[{"@type":"ListItem","position":1,"name":"Home","item":"https:\/\/www.oknobuild.com\/"},{"@type":"ListItem","position":2,"name":"Products","item":"https:\/\/www.oknobuild.com\/index.php\/products\/"},{"@type":"ListItem","position":3,"name":"Zna\u010dkov\u00fd Polysan ZOOM sprchov\u00e9 dve\u0159e skl\u00e1dac\u00ed 900mm, \u010dir\u00e9 sklo, prav\u00e9 ZL4915R"}]},{"@type":"WebSite","@id":"https:\/\/www.oknobuild.com\/#website","url":"https:\/\/www.oknobuild.com\/","name":"","description":"","potentialAction":[{"@type":"SearchAction","target":{"@type":"EntryPoint","urlTemplate":"https:\/\/www.oknobuild.com\/?s={search_term_string}"},"query-input":{"@type":"PropertyValueSpecification","valueRequired":true,"valueName":"search_term_string"}}],"inLanguage":"cs"}]}},"_links":{"self":[{"href":"https:\/\/www.oknobuild.com\/index.php\/wp-json\/wp\/v2\/product\/41156","targetHints":{"allow":["GET"]}}],"collection":[{"href":"https:\/\/www.oknobuild.com\/index.php\/wp-json\/wp\/v2\/product"}],"about":[{"href":"https:\/\/www.oknobuild.com\/index.php\/wp-json\/wp\/v2\/types\/product"}],"replies":[{"embeddable":true,"href":"https:\/\/www.oknobuild.com\/index.php\/wp-json\/wp\/v2\/comments?post=41156"}],"wp:featuredmedia":[{"embeddable":true,"href":"https:\/\/www.oknobuild.com\/index.php\/wp-json\/wp\/v2\/media\/41256"}],"wp:attachment":[{"href":"https:\/\/www.oknobuild.com\/index.php\/wp-json\/wp\/v2\/media?parent=41156"}],"wp:term":[{"taxonomy":"product_brand","embeddable":true,"href":"https:\/\/www.oknobuild.com\/index.php\/wp-json\/wp\/v2\/product_brand?post=41156"},{"taxonomy":"product_cat","embeddable":true,"href":"https:\/\/www.oknobuild.com\/index.php\/wp-json\/wp\/v2\/product_cat?post=41156"},{"taxonomy":"product_tag","embeddable":true,"href":"https:\/\/www.oknobuild.com\/index.php\/wp-json\/wp\/v2\/product_tag?post=41156"}],"curies":[{"name":"wp","href":"https:\/\/api.w.org\/{rel}","templated":true}]}}