{"id":41562,"date":"2026-04-27T04:42:23","date_gmt":"2026-04-27T04:42:23","guid":{"rendered":""},"modified":"2026-04-27T04:42:23","modified_gmt":"2026-04-27T04:42:23","slug":"akce-sapho-avice-deska-120x39cm-sedy-kamen-av11210-41562","status":"publish","type":"product","link":"https:\/\/www.oknobuild.com\/index.php\/produkt\/akce-sapho-avice-deska-120x39cm-sedy-kamen-av11210-41562\/","title":{"rendered":"Akce Sapho AVICE deska 120x39cm, \u0161ed\u00fd k\u00e1men AV11210"},"content":{"rendered":"<div class=\"tabs__content-outer\" id=\"tab_description\" data-hash=\"description\" data-tabindex=\"-1\">\n<div class=\"tabs__content toggle_description\" id=\"content_description\">\n<div class=\"wysiwyg-content\">\n<div class=\"product__tab product__description full-width\">\n<div class=\"container\">\n<div >\n<h3>Sapho AVICE deska 120x39cm, \u0161ed\u00fd k\u00e1men AV11210<\/h3>\n<p><\/p>\n<p><b>Vlastnosti<\/b><\/p>\n<ul>\n<li><span>Materi\u00e1l:<\/span> DTD\/HPL lamin\u00e1t<\/li>\n<li><span>Barva:<\/span> \u0160ed\u00e1<\/li>\n<li><span>Rozm\u011br:<\/span> 120&#215;39 cm<\/li>\n<li><span>\u0160\u00ed\u0159ka:<\/span> 1200 mm<\/li>\n<li><span>V\u00fd\u0161ka:<\/span> 50 mm<\/li>\n<li><span>Hloubka:<\/span> 390 mm<\/li>\n<li><span>Dekor:<\/span> \u0160ed\u00fd k\u00e1men<\/li>\n<\/ul>\n<\/div><\/div>\n<\/p><\/div>\n<\/p><\/div>\n<\/p><\/div>\n","protected":false},"excerpt":{"rendered":"<p>Sapho AVICE deska 120x39cm, \u0161ed\u00fd k\u00e1men AV11210 Vlastnosti Materi\u00e1l: DTD\/HPL lamin\u00e1t Barva: \u0160ed\u00e1 Rozm\u011br: 120&#215;39 cm \u0160\u00ed\u0159ka: 1200 mm V\u00fd\u0161ka: 50 mm Hloubka: 390 mm Dekor: \u0160ed\u00fd k\u00e1men<\/p>\n","protected":false},"featured_media":41662,"comment_status":"open","ping_status":"open","template":"","meta":[],"product_brand":[],"product_cat":[71],"product_tag":[],"class_list":{"0":"post-41562","1":"product","2":"type-product","3":"status-publish","4":"has-post-thumbnail","6":"product_cat-koupelna","8":"first","9":"instock","10":"sale","11":"shipping-taxable","12":"purchasable","13":"product-type-simple"},"yoast_head":"<!-- This site is optimized with the Yoast SEO plugin v26.8 - https:\/\/yoast.com\/product\/yoast-seo-wordpress\/ -->\n<title>Akce Sapho AVICE deska 120x39cm, \u0161ed\u00fd k\u00e1men AV11210 -<\/title>\n<meta name=\"robots\" content=\"index, follow, max-snippet:-1, max-image-preview:large, max-video-preview:-1\" \/>\n<link rel=\"canonical\" href=\"https:\/\/www.oknobuild.com\/index.php\/produkt\/akce-sapho-avice-deska-120x39cm-sedy-kamen-av11210-41562\/\" \/>\n<meta property=\"og:locale\" content=\"cs_CZ\" \/>\n<meta property=\"og:type\" content=\"article\" \/>\n<meta property=\"og:title\" content=\"Akce Sapho AVICE deska 120x39cm, \u0161ed\u00fd k\u00e1men AV11210 -\" \/>\n<meta property=\"og:description\" content=\"Sapho AVICE deska 120x39cm, \u0161ed\u00fd k\u00e1men AV11210 Vlastnosti Materi\u00e1l: DTD\/HPL lamin\u00e1t Barva: \u0160ed\u00e1 Rozm\u011br: 120&#215;39 cm \u0160\u00ed\u0159ka: 1200 mm V\u00fd\u0161ka: 50 mm Hloubka: 390 mm Dekor: \u0160ed\u00fd k\u00e1men\" \/>\n<meta property=\"og:url\" content=\"https:\/\/www.oknobuild.com\/index.php\/produkt\/akce-sapho-avice-deska-120x39cm-sedy-kamen-av11210-41562\/\" \/>\n<meta property=\"og:image\" content=\"https:\/\/www.oknobuild.com\/wp-content\/uploads\/2026\/SK0017291-CZ20260425-093041-0-1777080643-b33f42ab5bd1fc4b4749e27fee4931eb.webp\" \/>\n\t<meta property=\"og:image:width\" content=\"1000\" \/>\n\t<meta property=\"og:image:height\" content=\"245\" \/>\n\t<meta property=\"og:image:type\" content=\"image\/webp\" \/>\n<meta name=\"twitter:card\" content=\"summary_large_image\" \/>\n<script type=\"application\/ld+json\" class=\"yoast-schema-graph\">{\"@context\":\"https:\/\/schema.org\",\"@graph\":[{\"@type\":\"WebPage\",\"@id\":\"https:\/\/www.oknobuild.com\/index.php\/produkt\/akce-sapho-avice-deska-120x39cm-sedy-kamen-av11210-41562\/\",\"url\":\"https:\/\/www.oknobuild.com\/index.php\/produkt\/akce-sapho-avice-deska-120x39cm-sedy-kamen-av11210-41562\/\",\"name\":\"Akce Sapho AVICE deska 120x39cm, \u0161ed\u00fd k\u00e1men AV11210 -\",\"isPartOf\":{\"@id\":\"https:\/\/www.oknobuild.com\/#website\"},\"primaryImageOfPage\":{\"@id\":\"https:\/\/www.oknobuild.com\/index.php\/produkt\/akce-sapho-avice-deska-120x39cm-sedy-kamen-av11210-41562\/#primaryimage\"},\"image\":{\"@id\":\"https:\/\/www.oknobuild.com\/index.php\/produkt\/akce-sapho-avice-deska-120x39cm-sedy-kamen-av11210-41562\/#primaryimage\"},\"thumbnailUrl\":\"https:\/\/www.oknobuild.com\/wp-content\/uploads\/2026\/SK0017291-CZ20260425-093041-0-1777080643-b33f42ab5bd1fc4b4749e27fee4931eb.webp\",\"datePublished\":\"2026-04-27T04:42:23+00:00\",\"breadcrumb\":{\"@id\":\"https:\/\/www.oknobuild.com\/index.php\/produkt\/akce-sapho-avice-deska-120x39cm-sedy-kamen-av11210-41562\/#breadcrumb\"},\"inLanguage\":\"cs\",\"potentialAction\":[{\"@type\":\"ReadAction\",\"target\":[\"https:\/\/www.oknobuild.com\/index.php\/produkt\/akce-sapho-avice-deska-120x39cm-sedy-kamen-av11210-41562\/\"]}]},{\"@type\":\"ImageObject\",\"inLanguage\":\"cs\",\"@id\":\"https:\/\/www.oknobuild.com\/index.php\/produkt\/akce-sapho-avice-deska-120x39cm-sedy-kamen-av11210-41562\/#primaryimage\",\"url\":\"https:\/\/www.oknobuild.com\/wp-content\/uploads\/2026\/SK0017291-CZ20260425-093041-0-1777080643-b33f42ab5bd1fc4b4749e27fee4931eb.webp\",\"contentUrl\":\"https:\/\/www.oknobuild.com\/wp-content\/uploads\/2026\/SK0017291-CZ20260425-093041-0-1777080643-b33f42ab5bd1fc4b4749e27fee4931eb.webp\",\"width\":1000,\"height\":245},{\"@type\":\"BreadcrumbList\",\"@id\":\"https:\/\/www.oknobuild.com\/index.php\/produkt\/akce-sapho-avice-deska-120x39cm-sedy-kamen-av11210-41562\/#breadcrumb\",\"itemListElement\":[{\"@type\":\"ListItem\",\"position\":1,\"name\":\"Home\",\"item\":\"https:\/\/www.oknobuild.com\/\"},{\"@type\":\"ListItem\",\"position\":2,\"name\":\"Products\",\"item\":\"https:\/\/www.oknobuild.com\/index.php\/products\/\"},{\"@type\":\"ListItem\",\"position\":3,\"name\":\"Akce Sapho AVICE deska 120x39cm, \u0161ed\u00fd k\u00e1men AV11210\"}]},{\"@type\":\"WebSite\",\"@id\":\"https:\/\/www.oknobuild.com\/#website\",\"url\":\"https:\/\/www.oknobuild.com\/\",\"name\":\"\",\"description\":\"\",\"potentialAction\":[{\"@type\":\"SearchAction\",\"target\":{\"@type\":\"EntryPoint\",\"urlTemplate\":\"https:\/\/www.oknobuild.com\/?s={search_term_string}\"},\"query-input\":{\"@type\":\"PropertyValueSpecification\",\"valueRequired\":true,\"valueName\":\"search_term_string\"}}],\"inLanguage\":\"cs\"}]}<\/script>\n<!-- \/ Yoast SEO plugin. -->","yoast_head_json":{"title":"Akce Sapho AVICE deska 120x39cm, \u0161ed\u00fd k\u00e1men AV11210 -","robots":{"index":"index","follow":"follow","max-snippet":"max-snippet:-1","max-image-preview":"max-image-preview:large","max-video-preview":"max-video-preview:-1"},"canonical":"https:\/\/www.oknobuild.com\/index.php\/produkt\/akce-sapho-avice-deska-120x39cm-sedy-kamen-av11210-41562\/","og_locale":"cs_CZ","og_type":"article","og_title":"Akce Sapho AVICE deska 120x39cm, \u0161ed\u00fd k\u00e1men AV11210 -","og_description":"Sapho AVICE deska 120x39cm, \u0161ed\u00fd k\u00e1men AV11210 Vlastnosti Materi\u00e1l: DTD\/HPL lamin\u00e1t Barva: \u0160ed\u00e1 Rozm\u011br: 120&#215;39 cm \u0160\u00ed\u0159ka: 1200 mm V\u00fd\u0161ka: 50 mm Hloubka: 390 mm Dekor: \u0160ed\u00fd k\u00e1men","og_url":"https:\/\/www.oknobuild.com\/index.php\/produkt\/akce-sapho-avice-deska-120x39cm-sedy-kamen-av11210-41562\/","og_image":[{"width":1000,"height":245,"url":"https:\/\/www.oknobuild.com\/wp-content\/uploads\/2026\/SK0017291-CZ20260425-093041-0-1777080643-b33f42ab5bd1fc4b4749e27fee4931eb.webp","type":"image\/webp"}],"twitter_card":"summary_large_image","schema":{"@context":"https:\/\/schema.org","@graph":[{"@type":"WebPage","@id":"https:\/\/www.oknobuild.com\/index.php\/produkt\/akce-sapho-avice-deska-120x39cm-sedy-kamen-av11210-41562\/","url":"https:\/\/www.oknobuild.com\/index.php\/produkt\/akce-sapho-avice-deska-120x39cm-sedy-kamen-av11210-41562\/","name":"Akce Sapho AVICE deska 120x39cm, \u0161ed\u00fd k\u00e1men AV11210 -","isPartOf":{"@id":"https:\/\/www.oknobuild.com\/#website"},"primaryImageOfPage":{"@id":"https:\/\/www.oknobuild.com\/index.php\/produkt\/akce-sapho-avice-deska-120x39cm-sedy-kamen-av11210-41562\/#primaryimage"},"image":{"@id":"https:\/\/www.oknobuild.com\/index.php\/produkt\/akce-sapho-avice-deska-120x39cm-sedy-kamen-av11210-41562\/#primaryimage"},"thumbnailUrl":"https:\/\/www.oknobuild.com\/wp-content\/uploads\/2026\/SK0017291-CZ20260425-093041-0-1777080643-b33f42ab5bd1fc4b4749e27fee4931eb.webp","datePublished":"2026-04-27T04:42:23+00:00","breadcrumb":{"@id":"https:\/\/www.oknobuild.com\/index.php\/produkt\/akce-sapho-avice-deska-120x39cm-sedy-kamen-av11210-41562\/#breadcrumb"},"inLanguage":"cs","potentialAction":[{"@type":"ReadAction","target":["https:\/\/www.oknobuild.com\/index.php\/produkt\/akce-sapho-avice-deska-120x39cm-sedy-kamen-av11210-41562\/"]}]},{"@type":"ImageObject","inLanguage":"cs","@id":"https:\/\/www.oknobuild.com\/index.php\/produkt\/akce-sapho-avice-deska-120x39cm-sedy-kamen-av11210-41562\/#primaryimage","url":"https:\/\/www.oknobuild.com\/wp-content\/uploads\/2026\/SK0017291-CZ20260425-093041-0-1777080643-b33f42ab5bd1fc4b4749e27fee4931eb.webp","contentUrl":"https:\/\/www.oknobuild.com\/wp-content\/uploads\/2026\/SK0017291-CZ20260425-093041-0-1777080643-b33f42ab5bd1fc4b4749e27fee4931eb.webp","width":1000,"height":245},{"@type":"BreadcrumbList","@id":"https:\/\/www.oknobuild.com\/index.php\/produkt\/akce-sapho-avice-deska-120x39cm-sedy-kamen-av11210-41562\/#breadcrumb","itemListElement":[{"@type":"ListItem","position":1,"name":"Home","item":"https:\/\/www.oknobuild.com\/"},{"@type":"ListItem","position":2,"name":"Products","item":"https:\/\/www.oknobuild.com\/index.php\/products\/"},{"@type":"ListItem","position":3,"name":"Akce Sapho AVICE deska 120x39cm, \u0161ed\u00fd k\u00e1men AV11210"}]},{"@type":"WebSite","@id":"https:\/\/www.oknobuild.com\/#website","url":"https:\/\/www.oknobuild.com\/","name":"","description":"","potentialAction":[{"@type":"SearchAction","target":{"@type":"EntryPoint","urlTemplate":"https:\/\/www.oknobuild.com\/?s={search_term_string}"},"query-input":{"@type":"PropertyValueSpecification","valueRequired":true,"valueName":"search_term_string"}}],"inLanguage":"cs"}]}},"_links":{"self":[{"href":"https:\/\/www.oknobuild.com\/index.php\/wp-json\/wp\/v2\/product\/41562","targetHints":{"allow":["GET"]}}],"collection":[{"href":"https:\/\/www.oknobuild.com\/index.php\/wp-json\/wp\/v2\/product"}],"about":[{"href":"https:\/\/www.oknobuild.com\/index.php\/wp-json\/wp\/v2\/types\/product"}],"replies":[{"embeddable":true,"href":"https:\/\/www.oknobuild.com\/index.php\/wp-json\/wp\/v2\/comments?post=41562"}],"wp:featuredmedia":[{"embeddable":true,"href":"https:\/\/www.oknobuild.com\/index.php\/wp-json\/wp\/v2\/media\/41662"}],"wp:attachment":[{"href":"https:\/\/www.oknobuild.com\/index.php\/wp-json\/wp\/v2\/media?parent=41562"}],"wp:term":[{"taxonomy":"product_brand","embeddable":true,"href":"https:\/\/www.oknobuild.com\/index.php\/wp-json\/wp\/v2\/product_brand?post=41562"},{"taxonomy":"product_cat","embeddable":true,"href":"https:\/\/www.oknobuild.com\/index.php\/wp-json\/wp\/v2\/product_cat?post=41562"},{"taxonomy":"product_tag","embeddable":true,"href":"https:\/\/www.oknobuild.com\/index.php\/wp-json\/wp\/v2\/product_tag?post=41562"}],"curies":[{"name":"wp","href":"https:\/\/api.w.org\/{rel}","templated":true}]}}