{"id":49509,"date":"2026-04-27T04:42:45","date_gmt":"2026-04-27T04:42:45","guid":{"rendered":""},"modified":"2026-04-27T04:42:45","modified_gmt":"2026-04-27T04:42:45","slug":"hydronix-zakladni-pripojovaci-sada-vision-ventilu-termostaticka-stredova-rohova-akcni-nabidka-49509","status":"publish","type":"product","link":"https:\/\/www.oknobuild.com\/index.php\/produkt\/hydronix-zakladni-pripojovaci-sada-vision-ventilu-termostaticka-stredova-rohova-akcni-nabidka-49509\/","title":{"rendered":"Hydronix z\u00e1kladn\u00ed p\u0159ipojovac\u00ed sada VISION ventil\u016f termostatick\u00e1, st\u0159edov\u00e1, rohov\u00e1 Ak\u010dn\u00ed Nab\u00eddka"},"content":{"rendered":"<div class=\"basic-description\">\n<h3>Detailn\u00ed popis produktu<\/h3>\n<p>Designov\u00fd termostatick\u00fd ventil osazen\u00fd termostatickou hlavic\u00ed v sad\u011b s regula\u010dn\u00edm \u0161rouben\u00edm VISION ve st\u0159edov\u00e9m proveden\u00ed slou\u017e\u00ed pro p\u0159ipojen\u00ed otopn\u00e9ho t\u011blesa se st\u0159edov\u00fdm&nbsp;p\u0159ipojen\u00edm k rozvodu.&nbsp;<span>Termostatick\u00fd ventil i regula\u010dn\u00ed \u0161rouben\u00ed jsou na stran\u011b p\u0159ipojen\u00ed do rozvodu zakon\u010deny sv\u011brnou spojkou Cu 15\u00d71 mm nebo Pex-Al-Pex 16\u00d72 mm.<\/span><\/p>\n<div><strong>Lev\u00e9 proveden\u00ed:&nbsp;<\/strong>Termostatick\u00e1&nbsp;hlavice vlevo p\u0159i \u010deln\u00edm pohledu na otopn\u00e9 t\u011bleso<\/div>\n<div><strong>Prav\u00e9 proveden\u00ed:<\/strong><span>&nbsp;<\/span>Termostatick\u00e1&nbsp;hlavice vpravo p\u0159i \u010deln\u00edm pohledu na otopn\u00e9 t\u011bleso<\/div>\n<p><strong>Oblast pou\u017eit\u00ed:<\/strong><\/p>\n<ul>\n<li>Prostory s vysok\u00fdm n\u00e1rokem na design, zejm\u00e9na koupelny<\/li>\n<li>Deskov\u00e1 otopn\u00e1 t\u011blesa se st\u0159edov\u00fdm p\u0159ipojen\u00edm<\/li>\n<li>Trubkov\u00e1 koupelnov\u00e1 otopn\u00e1 t\u011blesa (\u017eeb\u0159\u00edky) se spodn\u00edm st\u0159edov\u00fdm p\u0159ipojen\u00edm<\/li>\n<\/ul>\n<p>Sou\u010d\u00e1st\u00ed dod\u00e1vky je termostatick\u00e1 hlavice Prestige se stejnou povrchovou \u00fapravou, jako termostatick\u00fd ventil a regula\u010dn\u00ed \u0161rouben\u00ed a<span>&nbsp;<\/span><strong>u kompletn\u00ed sady i krytky pr\u016fchodu st\u011bnou a krytky dopojovac\u00edch trubek<\/strong>.<\/p>\n<p>D\u00edky velmi kvalitn\u00ed povrchov\u00e9 \u00faprav\u011b a velk\u00e9mu v\u00fdb\u011bru barev jsou sady VISION vhodn\u00e9 do prostor s vysok\u00fdmi n\u00e1roky na design, zejm\u00e9na do koupelen.<\/p>\n<p>&nbsp;<\/p>\n<table class=\"Table Table--specification\" style=\"width: 574px; height: 257px;\" height=\"257\" border=\"1\">\n<tbody>\n<tr>\n<th style=\"text-align: left; width: 265.766px;\">Rozm\u011bry<\/th>\n<td style=\"width: 292.234px;\"><span>DN 15 \/ sv\u011brn\u00e1 spojka Pex-Al-Pex 16\u00d72<\/span><br \/><span>DN 15 \/ sv\u011brn\u00e1 spojka Cu 15\u00d71<\/span><\/td>\n<\/tr>\n<tr>\n<th style=\"text-align: left; width: 265.766px;\">Jmenovit\u00fd tlak<\/th>\n<td style=\"width: 292.234px;\">PN 10<\/td>\n<\/tr>\n<tr>\n<th style=\"text-align: left; width: 265.766px;\">Max. pracovn\u00ed diferen\u010dn\u00ed tlak<\/th>\n<td style=\"width: 292.234px;\">20 kPa<\/td>\n<\/tr>\n<tr>\n<th style=\"text-align: left; width: 265.766px;\">Max. uzav\u00edrac\u00ed diferen\u010dn\u00ed tlak<\/th>\n<td style=\"width: 292.234px;\">60 kPa<\/td>\n<\/tr>\n<tr>\n<th style=\"text-align: left; width: 265.766px;\">Max. pracovn\u00ed teplota<\/th>\n<td style=\"width: 292.234px;\">120 \u00b0C<\/td>\n<\/tr>\n<tr>\n<th style=\"text-align: left; width: 265.766px;\">Min. pracovn\u00ed teplota<\/th>\n<td style=\"width: 292.234px;\">0 \u00b0C<\/td>\n<\/tr>\n<tr>\n<th style=\"text-align: left; width: 265.766px;\">Materi\u00e1l<\/th>\n<td style=\"width: 292.234px;\">\n<table width=\"173\" height=\"73\">\n<tbody>\n<tr>\n<td style=\"width: 108.359px;\">T\u011blo \u0161rouben\u00ed:<\/td>\n<td style=\"width: 48.6406px;\">mosaz<\/td>\n<\/tr>\n<tr>\n<td style=\"width: 108.359px;\">T\u011bsn\u011bn\u00ed:<\/td>\n<td style=\"width: 48.6406px;\">EPDM<\/td>\n<\/tr>\n<tr>\n<td style=\"width: 108.359px;\">Pru\u017eina:<\/td>\n<td style=\"width: 48.6406px;\">nerez<\/td>\n<\/tr>\n<\/tbody>\n<\/table>\n<\/td>\n<\/tr>\n<tr>\n<th style=\"text-align: left; width: 265.766px;\">Povrchov\u00e1 \u00faprava<\/th>\n<td style=\"width: 292.234px;\">galvanick\u00e9 pokoven\u00ed \/ pr\u00e1\u0161kov\u00e1 barva<\/td>\n<\/tr>\n<\/tbody>\n<\/table>\n<h3>Nejb\u011b\u017en\u011bj\u0161\u00ed pou\u017eit\u00ed v rozvodu vyt\u00e1p\u011bn\u00ed s t\u011bmito spot\u0159ebi\u010di:<\/h3>\n<ul>\n<li>Deskov\u00e1 otopn\u00e1 t\u011blesa<\/li>\n<li>Koupelnov\u00e1 trubkov\u00e1 otopn\u00e1 t\u011blesa &#8211; \u017eeb\u0159\u00edky<\/li>\n<\/ul>\n<h3>Obvykl\u00fd zp\u016fsob pou\u017eit\u00ed<\/h3>\n<p>Designov\u00fd termostatick\u00fd ventil osazen\u00fd termostatickou hlavic\u00ed spolu s regula\u010dn\u00edm \u0161rouben\u00edm VISION slou\u017e\u00ed pro p\u0159ipojen\u00ed otopn\u00e9ho t\u011blesa se spodn\u00edm st\u0159edov\u00fdm p\u0159ipojen\u00edm k rozvodu vyt\u00e1p\u011bn\u00ed.<\/p>\n<ul>\n<li>Kvalitn\u00ed povrchov\u00e1 \u00faprava v jedn\u00e9 z dvan\u00e1cti dostupn\u00fdch barev umo\u017e\u0148uje pou\u017eit\u00ed v prostorech s vysok\u00fdmi n\u00e1roky na design jako nap\u0159. v koupeln\u00e1ch.<\/li>\n<li>Termostatick\u00fd ventil ovl\u00e1dan\u00fd termostatickou hlavic\u00ed Prestige umo\u017e\u0148uje regulaci v\u00fdkonu otopn\u00e9ho t\u011blesa zm\u011bnou pr\u016ftoku topn\u00e9 vody t\u011blesem, a regula\u010dn\u00ed \u0161rouben\u00ed umo\u017e\u0148uje nastaven\u00ed max. pracovn\u00ed Kv hodnoty.<\/li>\n<li>Termostatick\u00fd ventil i regula\u010dn\u00ed \u0161rouben\u00ed jsou na stran\u011b p\u0159ipojen\u00ed do rozvodu zakon\u010deny sv\u011brnou spojkou Cu 15\u00d71 mm nebo Pex-Al-Pex 16\u00d72 mm.<\/li>\n<li>U\u017eite\u010dnou funkc\u00ed je mo\u017enost uzav\u0159en\u00ed p\u0159i v\u00fdm\u011bn\u011b otopn\u00e9ho t\u011blesa bez nutnosti vypou\u0161t\u011bn\u00ed hlavn\u00edho rozvodu.<\/li>\n<\/ul><\/div>\n","protected":false},"excerpt":{"rendered":"<p>Detailn\u00ed popis produktu Designov\u00fd termostatick\u00fd ventil osazen\u00fd termostatickou hlavic\u00ed v sad\u011b s regula\u010dn\u00edm \u0161rouben\u00edm VISION ve st\u0159edov\u00e9m proveden\u00ed slou\u017e\u00ed pro p\u0159ipojen\u00ed otopn\u00e9ho t\u011blesa se st\u0159edov\u00fdm&nbsp;p\u0159ipojen\u00edm k rozvodu.&nbsp;Termostatick\u00fd ventil i regula\u010dn\u00ed \u0161rouben\u00ed jsou na stran\u011b p\u0159ipojen\u00ed do rozvodu zakon\u010deny sv\u011brnou spojkou Cu 15\u00d71 mm nebo Pex-Al-Pex 16\u00d72 mm. Lev\u00e9 proveden\u00ed:&nbsp;Termostatick\u00e1&nbsp;hlavice vlevo p\u0159i \u010deln\u00edm pohledu na otopn\u00e9 [&hellip;]<\/p>\n","protected":false},"featured_media":49609,"comment_status":"open","ping_status":"open","template":"","meta":[],"product_brand":[],"product_cat":[79],"product_tag":[],"class_list":{"0":"post-49509","1":"product","2":"type-product","3":"status-publish","4":"has-post-thumbnail","6":"product_cat-vytapeni","8":"first","9":"instock","10":"sale","11":"shipping-taxable","12":"purchasable","13":"product-type-simple"},"yoast_head":"<!-- This site is optimized with the Yoast SEO plugin v26.8 - https:\/\/yoast.com\/product\/yoast-seo-wordpress\/ -->\n<title>Hydronix z\u00e1kladn\u00ed p\u0159ipojovac\u00ed sada VISION ventil\u016f termostatick\u00e1, st\u0159edov\u00e1, rohov\u00e1 Ak\u010dn\u00ed Nab\u00eddka -<\/title>\n<meta name=\"robots\" content=\"index, follow, max-snippet:-1, max-image-preview:large, max-video-preview:-1\" \/>\n<link rel=\"canonical\" href=\"https:\/\/www.oknobuild.com\/index.php\/produkt\/hydronix-zakladni-pripojovaci-sada-vision-ventilu-termostaticka-stredova-rohova-akcni-nabidka-49509\/\" \/>\n<meta property=\"og:locale\" content=\"cs_CZ\" \/>\n<meta property=\"og:type\" content=\"article\" \/>\n<meta property=\"og:title\" content=\"Hydronix z\u00e1kladn\u00ed p\u0159ipojovac\u00ed sada VISION ventil\u016f termostatick\u00e1, st\u0159edov\u00e1, rohov\u00e1 Ak\u010dn\u00ed Nab\u00eddka -\" \/>\n<meta property=\"og:description\" content=\"Detailn\u00ed popis produktu Designov\u00fd termostatick\u00fd ventil osazen\u00fd termostatickou hlavic\u00ed v sad\u011b s regula\u010dn\u00edm \u0161rouben\u00edm VISION ve st\u0159edov\u00e9m proveden\u00ed slou\u017e\u00ed pro p\u0159ipojen\u00ed otopn\u00e9ho t\u011blesa se st\u0159edov\u00fdm&nbsp;p\u0159ipojen\u00edm k rozvodu.&nbsp;Termostatick\u00fd ventil i regula\u010dn\u00ed \u0161rouben\u00ed jsou na stran\u011b p\u0159ipojen\u00ed do rozvodu zakon\u010deny sv\u011brnou spojkou Cu 15\u00d71 mm nebo Pex-Al-Pex 16\u00d72 mm. Lev\u00e9 proveden\u00ed:&nbsp;Termostatick\u00e1&nbsp;hlavice vlevo p\u0159i \u010deln\u00edm pohledu na otopn\u00e9 [&hellip;]\" \/>\n<meta property=\"og:url\" content=\"https:\/\/www.oknobuild.com\/index.php\/produkt\/hydronix-zakladni-pripojovaci-sada-vision-ventilu-termostaticka-stredova-rohova-akcni-nabidka-49509\/\" \/>\n<meta property=\"og:image\" content=\"https:\/\/www.oknobuild.com\/wp-content\/uploads\/2026\/SK0017170-CZ20260425-093631-0-1777080994-316088_designova-termostaticka-sada-vision-leskly-chrom-zak.webp\" \/>\n\t<meta property=\"og:image:width\" content=\"1000\" \/>\n\t<meta property=\"og:image:height\" content=\"750\" \/>\n\t<meta property=\"og:image:type\" content=\"image\/webp\" \/>\n<meta name=\"twitter:card\" content=\"summary_large_image\" \/>\n<meta name=\"twitter:label1\" content=\"Odhadovan\u00e1 doba \u010dten\u00ed\" \/>\n\t<meta name=\"twitter:data1\" content=\"2 minuty\" \/>\n<script type=\"application\/ld+json\" class=\"yoast-schema-graph\">{\"@context\":\"https:\/\/schema.org\",\"@graph\":[{\"@type\":\"WebPage\",\"@id\":\"https:\/\/www.oknobuild.com\/index.php\/produkt\/hydronix-zakladni-pripojovaci-sada-vision-ventilu-termostaticka-stredova-rohova-akcni-nabidka-49509\/\",\"url\":\"https:\/\/www.oknobuild.com\/index.php\/produkt\/hydronix-zakladni-pripojovaci-sada-vision-ventilu-termostaticka-stredova-rohova-akcni-nabidka-49509\/\",\"name\":\"Hydronix z\u00e1kladn\u00ed p\u0159ipojovac\u00ed sada VISION ventil\u016f termostatick\u00e1, st\u0159edov\u00e1, rohov\u00e1 Ak\u010dn\u00ed Nab\u00eddka -\",\"isPartOf\":{\"@id\":\"https:\/\/www.oknobuild.com\/#website\"},\"primaryImageOfPage\":{\"@id\":\"https:\/\/www.oknobuild.com\/index.php\/produkt\/hydronix-zakladni-pripojovaci-sada-vision-ventilu-termostaticka-stredova-rohova-akcni-nabidka-49509\/#primaryimage\"},\"image\":{\"@id\":\"https:\/\/www.oknobuild.com\/index.php\/produkt\/hydronix-zakladni-pripojovaci-sada-vision-ventilu-termostaticka-stredova-rohova-akcni-nabidka-49509\/#primaryimage\"},\"thumbnailUrl\":\"https:\/\/www.oknobuild.com\/wp-content\/uploads\/2026\/SK0017170-CZ20260425-093631-0-1777080994-316088_designova-termostaticka-sada-vision-leskly-chrom-zak.webp\",\"datePublished\":\"2026-04-27T04:42:45+00:00\",\"breadcrumb\":{\"@id\":\"https:\/\/www.oknobuild.com\/index.php\/produkt\/hydronix-zakladni-pripojovaci-sada-vision-ventilu-termostaticka-stredova-rohova-akcni-nabidka-49509\/#breadcrumb\"},\"inLanguage\":\"cs\",\"potentialAction\":[{\"@type\":\"ReadAction\",\"target\":[\"https:\/\/www.oknobuild.com\/index.php\/produkt\/hydronix-zakladni-pripojovaci-sada-vision-ventilu-termostaticka-stredova-rohova-akcni-nabidka-49509\/\"]}]},{\"@type\":\"ImageObject\",\"inLanguage\":\"cs\",\"@id\":\"https:\/\/www.oknobuild.com\/index.php\/produkt\/hydronix-zakladni-pripojovaci-sada-vision-ventilu-termostaticka-stredova-rohova-akcni-nabidka-49509\/#primaryimage\",\"url\":\"https:\/\/www.oknobuild.com\/wp-content\/uploads\/2026\/SK0017170-CZ20260425-093631-0-1777080994-316088_designova-termostaticka-sada-vision-leskly-chrom-zak.webp\",\"contentUrl\":\"https:\/\/www.oknobuild.com\/wp-content\/uploads\/2026\/SK0017170-CZ20260425-093631-0-1777080994-316088_designova-termostaticka-sada-vision-leskly-chrom-zak.webp\",\"width\":1000,\"height\":750},{\"@type\":\"BreadcrumbList\",\"@id\":\"https:\/\/www.oknobuild.com\/index.php\/produkt\/hydronix-zakladni-pripojovaci-sada-vision-ventilu-termostaticka-stredova-rohova-akcni-nabidka-49509\/#breadcrumb\",\"itemListElement\":[{\"@type\":\"ListItem\",\"position\":1,\"name\":\"Home\",\"item\":\"https:\/\/www.oknobuild.com\/\"},{\"@type\":\"ListItem\",\"position\":2,\"name\":\"Products\",\"item\":\"https:\/\/www.oknobuild.com\/index.php\/products\/\"},{\"@type\":\"ListItem\",\"position\":3,\"name\":\"Hydronix z\u00e1kladn\u00ed p\u0159ipojovac\u00ed sada VISION ventil\u016f termostatick\u00e1, st\u0159edov\u00e1, rohov\u00e1 Ak\u010dn\u00ed Nab\u00eddka\"}]},{\"@type\":\"WebSite\",\"@id\":\"https:\/\/www.oknobuild.com\/#website\",\"url\":\"https:\/\/www.oknobuild.com\/\",\"name\":\"\",\"description\":\"\",\"potentialAction\":[{\"@type\":\"SearchAction\",\"target\":{\"@type\":\"EntryPoint\",\"urlTemplate\":\"https:\/\/www.oknobuild.com\/?s={search_term_string}\"},\"query-input\":{\"@type\":\"PropertyValueSpecification\",\"valueRequired\":true,\"valueName\":\"search_term_string\"}}],\"inLanguage\":\"cs\"}]}<\/script>\n<!-- \/ Yoast SEO plugin. -->","yoast_head_json":{"title":"Hydronix z\u00e1kladn\u00ed p\u0159ipojovac\u00ed sada VISION ventil\u016f termostatick\u00e1, st\u0159edov\u00e1, rohov\u00e1 Ak\u010dn\u00ed Nab\u00eddka -","robots":{"index":"index","follow":"follow","max-snippet":"max-snippet:-1","max-image-preview":"max-image-preview:large","max-video-preview":"max-video-preview:-1"},"canonical":"https:\/\/www.oknobuild.com\/index.php\/produkt\/hydronix-zakladni-pripojovaci-sada-vision-ventilu-termostaticka-stredova-rohova-akcni-nabidka-49509\/","og_locale":"cs_CZ","og_type":"article","og_title":"Hydronix z\u00e1kladn\u00ed p\u0159ipojovac\u00ed sada VISION ventil\u016f termostatick\u00e1, st\u0159edov\u00e1, rohov\u00e1 Ak\u010dn\u00ed Nab\u00eddka -","og_description":"Detailn\u00ed popis produktu Designov\u00fd termostatick\u00fd ventil osazen\u00fd termostatickou hlavic\u00ed v sad\u011b s regula\u010dn\u00edm \u0161rouben\u00edm VISION ve st\u0159edov\u00e9m proveden\u00ed slou\u017e\u00ed pro p\u0159ipojen\u00ed otopn\u00e9ho t\u011blesa se st\u0159edov\u00fdm&nbsp;p\u0159ipojen\u00edm k rozvodu.&nbsp;Termostatick\u00fd ventil i regula\u010dn\u00ed \u0161rouben\u00ed jsou na stran\u011b p\u0159ipojen\u00ed do rozvodu zakon\u010deny sv\u011brnou spojkou Cu 15\u00d71 mm nebo Pex-Al-Pex 16\u00d72 mm. Lev\u00e9 proveden\u00ed:&nbsp;Termostatick\u00e1&nbsp;hlavice vlevo p\u0159i \u010deln\u00edm pohledu na otopn\u00e9 [&hellip;]","og_url":"https:\/\/www.oknobuild.com\/index.php\/produkt\/hydronix-zakladni-pripojovaci-sada-vision-ventilu-termostaticka-stredova-rohova-akcni-nabidka-49509\/","og_image":[{"width":1000,"height":750,"url":"https:\/\/www.oknobuild.com\/wp-content\/uploads\/2026\/SK0017170-CZ20260425-093631-0-1777080994-316088_designova-termostaticka-sada-vision-leskly-chrom-zak.webp","type":"image\/webp"}],"twitter_card":"summary_large_image","twitter_misc":{"Odhadovan\u00e1 doba \u010dten\u00ed":"2 minuty"},"schema":{"@context":"https:\/\/schema.org","@graph":[{"@type":"WebPage","@id":"https:\/\/www.oknobuild.com\/index.php\/produkt\/hydronix-zakladni-pripojovaci-sada-vision-ventilu-termostaticka-stredova-rohova-akcni-nabidka-49509\/","url":"https:\/\/www.oknobuild.com\/index.php\/produkt\/hydronix-zakladni-pripojovaci-sada-vision-ventilu-termostaticka-stredova-rohova-akcni-nabidka-49509\/","name":"Hydronix z\u00e1kladn\u00ed p\u0159ipojovac\u00ed sada VISION ventil\u016f termostatick\u00e1, st\u0159edov\u00e1, rohov\u00e1 Ak\u010dn\u00ed Nab\u00eddka -","isPartOf":{"@id":"https:\/\/www.oknobuild.com\/#website"},"primaryImageOfPage":{"@id":"https:\/\/www.oknobuild.com\/index.php\/produkt\/hydronix-zakladni-pripojovaci-sada-vision-ventilu-termostaticka-stredova-rohova-akcni-nabidka-49509\/#primaryimage"},"image":{"@id":"https:\/\/www.oknobuild.com\/index.php\/produkt\/hydronix-zakladni-pripojovaci-sada-vision-ventilu-termostaticka-stredova-rohova-akcni-nabidka-49509\/#primaryimage"},"thumbnailUrl":"https:\/\/www.oknobuild.com\/wp-content\/uploads\/2026\/SK0017170-CZ20260425-093631-0-1777080994-316088_designova-termostaticka-sada-vision-leskly-chrom-zak.webp","datePublished":"2026-04-27T04:42:45+00:00","breadcrumb":{"@id":"https:\/\/www.oknobuild.com\/index.php\/produkt\/hydronix-zakladni-pripojovaci-sada-vision-ventilu-termostaticka-stredova-rohova-akcni-nabidka-49509\/#breadcrumb"},"inLanguage":"cs","potentialAction":[{"@type":"ReadAction","target":["https:\/\/www.oknobuild.com\/index.php\/produkt\/hydronix-zakladni-pripojovaci-sada-vision-ventilu-termostaticka-stredova-rohova-akcni-nabidka-49509\/"]}]},{"@type":"ImageObject","inLanguage":"cs","@id":"https:\/\/www.oknobuild.com\/index.php\/produkt\/hydronix-zakladni-pripojovaci-sada-vision-ventilu-termostaticka-stredova-rohova-akcni-nabidka-49509\/#primaryimage","url":"https:\/\/www.oknobuild.com\/wp-content\/uploads\/2026\/SK0017170-CZ20260425-093631-0-1777080994-316088_designova-termostaticka-sada-vision-leskly-chrom-zak.webp","contentUrl":"https:\/\/www.oknobuild.com\/wp-content\/uploads\/2026\/SK0017170-CZ20260425-093631-0-1777080994-316088_designova-termostaticka-sada-vision-leskly-chrom-zak.webp","width":1000,"height":750},{"@type":"BreadcrumbList","@id":"https:\/\/www.oknobuild.com\/index.php\/produkt\/hydronix-zakladni-pripojovaci-sada-vision-ventilu-termostaticka-stredova-rohova-akcni-nabidka-49509\/#breadcrumb","itemListElement":[{"@type":"ListItem","position":1,"name":"Home","item":"https:\/\/www.oknobuild.com\/"},{"@type":"ListItem","position":2,"name":"Products","item":"https:\/\/www.oknobuild.com\/index.php\/products\/"},{"@type":"ListItem","position":3,"name":"Hydronix z\u00e1kladn\u00ed p\u0159ipojovac\u00ed sada VISION ventil\u016f termostatick\u00e1, st\u0159edov\u00e1, rohov\u00e1 Ak\u010dn\u00ed Nab\u00eddka"}]},{"@type":"WebSite","@id":"https:\/\/www.oknobuild.com\/#website","url":"https:\/\/www.oknobuild.com\/","name":"","description":"","potentialAction":[{"@type":"SearchAction","target":{"@type":"EntryPoint","urlTemplate":"https:\/\/www.oknobuild.com\/?s={search_term_string}"},"query-input":{"@type":"PropertyValueSpecification","valueRequired":true,"valueName":"search_term_string"}}],"inLanguage":"cs"}]}},"_links":{"self":[{"href":"https:\/\/www.oknobuild.com\/index.php\/wp-json\/wp\/v2\/product\/49509","targetHints":{"allow":["GET"]}}],"collection":[{"href":"https:\/\/www.oknobuild.com\/index.php\/wp-json\/wp\/v2\/product"}],"about":[{"href":"https:\/\/www.oknobuild.com\/index.php\/wp-json\/wp\/v2\/types\/product"}],"replies":[{"embeddable":true,"href":"https:\/\/www.oknobuild.com\/index.php\/wp-json\/wp\/v2\/comments?post=49509"}],"wp:featuredmedia":[{"embeddable":true,"href":"https:\/\/www.oknobuild.com\/index.php\/wp-json\/wp\/v2\/media\/49609"}],"wp:attachment":[{"href":"https:\/\/www.oknobuild.com\/index.php\/wp-json\/wp\/v2\/media?parent=49509"}],"wp:term":[{"taxonomy":"product_brand","embeddable":true,"href":"https:\/\/www.oknobuild.com\/index.php\/wp-json\/wp\/v2\/product_brand?post=49509"},{"taxonomy":"product_cat","embeddable":true,"href":"https:\/\/www.oknobuild.com\/index.php\/wp-json\/wp\/v2\/product_cat?post=49509"},{"taxonomy":"product_tag","embeddable":true,"href":"https:\/\/www.oknobuild.com\/index.php\/wp-json\/wp\/v2\/product_tag?post=49509"}],"curies":[{"name":"wp","href":"https:\/\/api.w.org\/{rel}","templated":true}]}}