{"id":50379,"date":"2026-04-27T04:42:47","date_gmt":"2026-04-27T04:42:47","guid":{"rendered":""},"modified":"2026-04-27T04:42:47","modified_gmt":"2026-04-27T04:42:47","slug":"zlevneny-sapho-cross-umyvadlova-skrinka-55x81x43cm-buk-cr360-50379","status":"publish","type":"product","link":"https:\/\/www.oknobuild.com\/index.php\/produkt\/zlevneny-sapho-cross-umyvadlova-skrinka-55x81x43cm-buk-cr360-50379\/","title":{"rendered":"Zlevn\u011bn\u00fd Sapho CROSS umyvadlov\u00e1 sk\u0159\u00ed\u0148ka 55x81x43cm, buk CR360"},"content":{"rendered":"<div class=\"basic-description\">\n<h3>Detailn\u00ed popis produktu<\/h3>\n<ul>\n<li>Dvouk\u0159\u00eddl\u00e1 prosklen\u00e1 dv\u00ed\u0159ka s matn\u00fdm sklem.   <\/li>\n<li>Standardn\u011b dod\u00e1v\u00e1no s \u00fachytkou 12937.<\/li>\n<\/ul>\n<p><\/p>\n<p style=\"text-align: justify;\">Pokud zvol\u00edte klasick\u00fd design s&nbsp;um\u00edrn\u011bn\u00fdmi tvary a p\u0159itom s&nbsp;v\u00fdraznou linkou n\u00e1vrh\u00e1\u0159e a dopln\u00edte ho p\u0159\u00edrodn\u00edmi materi\u00e1ly, dostanete \u0159adu n\u00e1dhern\u00e9ho n\u00e1bytku CROSS. Masivn\u00ed bukov\u00e9 nebo smrkov\u00e9 d\u0159evo mu dod\u00e1v\u00e1 punc decentn\u00edho luxusu. Prosklen\u00ed \u010deln\u00edch ploch tak pouze dotv\u00e1\u0159\u00ed celkovou pohodu a vl\u00eddnost, kter\u00e1 z&nbsp;tohoto n\u00e1bytku opravdu s\u00e1l\u00e1. Nespornou v\u00fdhodou je nab\u00eddka produkt\u016f sanit\u00e1rn\u00ed keramiky ve shodn\u00e9m tvaru, se kter\u00fdmi dolad\u00edte vzhled cel\u00e9 koupelny. Nap\u0159\u00edklad \u0159ada Classic nab\u00edz\u00ed umyvadla, WC kombi, z\u00e1v\u011bsn\u00e9 WC i&nbsp;bidet. <br \/>Umyvadlov\u00e9 sk\u0159\u00ed\u0148ky CROSS jsou k dispozici v n\u011bkolika \u0161\u00ed\u0159k\u00e1ch a lze je doplnit celou \u0159adou bo\u010dn\u00edch sk\u0159\u00edn\u011bk a zrcadel v obdobn\u00e9m designu.<\/p>\n<p style=\"text-align: justify;\"><span>N\u00e1bytek je dod\u00e1v\u00e1n ve smontovan\u00e9m stavu, p\u0159ipraven k&nbsp;okam\u017eit\u00e9 instalaci.<\/span><br \/><span>Nevystavujte n\u00e1bytek trval\u00e9 vlhkosti a&nbsp;styku s&nbsp;vodou. Koupelnu v\u017edy \u0159\u00e1dn\u011b odv\u011btrejte.<\/span><\/p>\n<p style=\"text-align: justify;\">Sk\u0159\u00ed\u0148ky v tmav\u00e9m odst\u00ednu jsou napu\u0161t\u011bny 2 vrstvami oleje: barevn\u00fdm pro sjednocen\u00ed barvy d\u0159eva a bezbarv\u00fdm pro v\u011bt\u0161\u00ed odolnost. U varianty ve starob\u00edl\u00e9 jsou sk\u0159\u00ed\u0148ky nabarveny b\u00edlou barvou, n\u00e1sledn\u011b probrou\u0161eny pro doc\u00edlen\u00ed retro vzhledu a nakonec p\u0159elakov\u00e1ny bezbarv\u00fdm lakem pro v\u011bt\u0161\u00ed odolnost.<\/p>\n<p style=\"text-align: justify;\">U n\u00e1bytku z masivu jsou pou\u017eity \u010depov\u00e9 spoje. Jedn\u00e1 se o jedno z nejodoln\u011bj\u0161\u00edch spojen\u00ed proti tlaku. <br \/>Pokud je zes\u00edleno kl\u00edny, vzdoruje rovn\u011b\u017e dob\u0159e i nap\u011bt\u00ed. <br \/>Pou\u017e\u00edv\u00e1 se ke spojov\u00e1n\u00ed svisl\u00fdch a vodorovn\u00fdch \u010d\u00e1st\u00ed &#8211; nap\u0159\u00edklad nohy n\u00e1bytku s p\u0159\u00ed\u010dkou.<\/p>\n<h2 class=\"props-title\">Vlastnosti<\/h2>\n<table>\n<tr>\n<th>Zna\u010dka<\/th>\n<td>SAPHO<\/td>\n<\/tr>\n<tr>\n<th>S\u00e9rie<\/th>\n<td>CROSS<\/td>\n<\/tr>\n<tr>\n<th>Rozm\u011br<\/th>\n<td>55x81x43 cm<\/td>\n<\/tr>\n<tr>\n<th>\u0160\u00ed\u0159ka<\/th>\n<td>550&nbsp;mm<\/td>\n<\/tr>\n<tr>\n<th>V\u00fd\u0161ka<\/th>\n<td>810&nbsp;mm<\/td>\n<\/tr>\n<tr>\n<th>Hloubka<\/th>\n<td>430&nbsp;mm<\/td>\n<\/tr>\n<tr>\n<th>Barva<\/th>\n<td>Hn\u011bd\u00e1<\/td>\n<\/tr>\n<tr>\n<th>Dekor<\/th>\n<td>Buk<\/td>\n<\/tr>\n<tr>\n<th>Materi\u00e1l<\/th>\n<td>Masiv d\u0159evo\/d\u00fdha, Sklo<\/td>\n<\/tr>\n<tr>\n<th>Instalace<\/th>\n<td>K postaven\u00ed<\/td>\n<\/tr>\n<tr>\n<th>Typ sk\u0159\u00ed\u0148ky<\/th>\n<td>Dv\u00ed\u0159ka<\/td>\n<\/tr>\n<tr>\n<th>Typ umyvadla<\/th>\n<td>Klasick\u00e9 umyvadlo<\/td>\n<\/tr>\n<tr>\n<th>Balen\u00ed neobsahuje<\/th>\n<td>Umyvadlo<\/td>\n<\/tr>\n<tr>\n<th>Hmotnost \/ ks<\/th>\n<td>15.0000&nbsp;kg<\/td>\n<\/tr>\n<tr>\n<th>Balen\u00ed<\/th>\n<td>1&nbsp;ks<\/td>\n<\/tr>\n<tr>\n<th>EAN<\/th>\n<td>8590913994920<\/td>\n<\/tr>\n<tr>\n<th>Taric<\/th>\n<td>94036090<\/td>\n<\/tr>\n<tr>\n<th>Z\u00e1ruka<\/th>\n<td>2 roky<\/td>\n<\/tr>\n<\/table><\/div>\n","protected":false},"excerpt":{"rendered":"<p>Detailn\u00ed popis produktu Dvouk\u0159\u00eddl\u00e1 prosklen\u00e1 dv\u00ed\u0159ka s matn\u00fdm sklem. Standardn\u011b dod\u00e1v\u00e1no s \u00fachytkou 12937. Pokud zvol\u00edte klasick\u00fd design s&nbsp;um\u00edrn\u011bn\u00fdmi tvary a p\u0159itom s&nbsp;v\u00fdraznou linkou n\u00e1vrh\u00e1\u0159e a dopln\u00edte ho p\u0159\u00edrodn\u00edmi materi\u00e1ly, dostanete \u0159adu n\u00e1dhern\u00e9ho n\u00e1bytku CROSS. Masivn\u00ed bukov\u00e9 nebo smrkov\u00e9 d\u0159evo mu dod\u00e1v\u00e1 punc decentn\u00edho luxusu. Prosklen\u00ed \u010deln\u00edch ploch tak pouze dotv\u00e1\u0159\u00ed celkovou pohodu a vl\u00eddnost, [&hellip;]<\/p>\n","protected":false},"featured_media":50479,"comment_status":"open","ping_status":"open","template":"","meta":[],"product_brand":[],"product_cat":[78],"product_tag":[],"class_list":{"0":"post-50379","1":"product","2":"type-product","3":"status-publish","4":"has-post-thumbnail","6":"product_cat-koupelnovy-nabytek","8":"first","9":"instock","10":"sale","11":"shipping-taxable","12":"purchasable","13":"product-type-simple"},"yoast_head":"<!-- This site is optimized with the Yoast SEO plugin v26.8 - https:\/\/yoast.com\/product\/yoast-seo-wordpress\/ -->\n<title>Zlevn\u011bn\u00fd Sapho CROSS umyvadlov\u00e1 sk\u0159\u00ed\u0148ka 55x81x43cm, buk CR360 -<\/title>\n<meta name=\"robots\" content=\"index, follow, max-snippet:-1, max-image-preview:large, max-video-preview:-1\" \/>\n<link rel=\"canonical\" href=\"https:\/\/www.oknobuild.com\/index.php\/produkt\/zlevneny-sapho-cross-umyvadlova-skrinka-55x81x43cm-buk-cr360-50379\/\" \/>\n<meta property=\"og:locale\" content=\"cs_CZ\" \/>\n<meta property=\"og:type\" content=\"article\" \/>\n<meta property=\"og:title\" content=\"Zlevn\u011bn\u00fd Sapho CROSS umyvadlov\u00e1 sk\u0159\u00ed\u0148ka 55x81x43cm, buk CR360 -\" \/>\n<meta property=\"og:description\" content=\"Detailn\u00ed popis produktu Dvouk\u0159\u00eddl\u00e1 prosklen\u00e1 dv\u00ed\u0159ka s matn\u00fdm sklem. Standardn\u011b dod\u00e1v\u00e1no s \u00fachytkou 12937. Pokud zvol\u00edte klasick\u00fd design s&nbsp;um\u00edrn\u011bn\u00fdmi tvary a p\u0159itom s&nbsp;v\u00fdraznou linkou n\u00e1vrh\u00e1\u0159e a dopln\u00edte ho p\u0159\u00edrodn\u00edmi materi\u00e1ly, dostanete \u0159adu n\u00e1dhern\u00e9ho n\u00e1bytku CROSS. Masivn\u00ed bukov\u00e9 nebo smrkov\u00e9 d\u0159evo mu dod\u00e1v\u00e1 punc decentn\u00edho luxusu. Prosklen\u00ed \u010deln\u00edch ploch tak pouze dotv\u00e1\u0159\u00ed celkovou pohodu a vl\u00eddnost, [&hellip;]\" \/>\n<meta property=\"og:url\" content=\"https:\/\/www.oknobuild.com\/index.php\/produkt\/zlevneny-sapho-cross-umyvadlova-skrinka-55x81x43cm-buk-cr360-50379\/\" \/>\n<meta property=\"og:image\" content=\"https:\/\/www.oknobuild.com\/wp-content\/uploads\/2026\/SK0017712-CZ20260425-093631-0-1777080994-317915_cr360-242734371701159.webp\" \/>\n\t<meta property=\"og:image:width\" content=\"1000\" \/>\n\t<meta property=\"og:image:height\" content=\"750\" \/>\n\t<meta property=\"og:image:type\" content=\"image\/webp\" \/>\n<meta name=\"twitter:card\" content=\"summary_large_image\" \/>\n<meta name=\"twitter:label1\" content=\"Odhadovan\u00e1 doba \u010dten\u00ed\" \/>\n\t<meta name=\"twitter:data1\" content=\"2 minuty\" \/>\n<script type=\"application\/ld+json\" class=\"yoast-schema-graph\">{\"@context\":\"https:\/\/schema.org\",\"@graph\":[{\"@type\":\"WebPage\",\"@id\":\"https:\/\/www.oknobuild.com\/index.php\/produkt\/zlevneny-sapho-cross-umyvadlova-skrinka-55x81x43cm-buk-cr360-50379\/\",\"url\":\"https:\/\/www.oknobuild.com\/index.php\/produkt\/zlevneny-sapho-cross-umyvadlova-skrinka-55x81x43cm-buk-cr360-50379\/\",\"name\":\"Zlevn\u011bn\u00fd Sapho CROSS umyvadlov\u00e1 sk\u0159\u00ed\u0148ka 55x81x43cm, buk CR360 -\",\"isPartOf\":{\"@id\":\"https:\/\/www.oknobuild.com\/#website\"},\"primaryImageOfPage\":{\"@id\":\"https:\/\/www.oknobuild.com\/index.php\/produkt\/zlevneny-sapho-cross-umyvadlova-skrinka-55x81x43cm-buk-cr360-50379\/#primaryimage\"},\"image\":{\"@id\":\"https:\/\/www.oknobuild.com\/index.php\/produkt\/zlevneny-sapho-cross-umyvadlova-skrinka-55x81x43cm-buk-cr360-50379\/#primaryimage\"},\"thumbnailUrl\":\"https:\/\/www.oknobuild.com\/wp-content\/uploads\/2026\/SK0017712-CZ20260425-093631-0-1777080994-317915_cr360-242734371701159.webp\",\"datePublished\":\"2026-04-27T04:42:47+00:00\",\"breadcrumb\":{\"@id\":\"https:\/\/www.oknobuild.com\/index.php\/produkt\/zlevneny-sapho-cross-umyvadlova-skrinka-55x81x43cm-buk-cr360-50379\/#breadcrumb\"},\"inLanguage\":\"cs\",\"potentialAction\":[{\"@type\":\"ReadAction\",\"target\":[\"https:\/\/www.oknobuild.com\/index.php\/produkt\/zlevneny-sapho-cross-umyvadlova-skrinka-55x81x43cm-buk-cr360-50379\/\"]}]},{\"@type\":\"ImageObject\",\"inLanguage\":\"cs\",\"@id\":\"https:\/\/www.oknobuild.com\/index.php\/produkt\/zlevneny-sapho-cross-umyvadlova-skrinka-55x81x43cm-buk-cr360-50379\/#primaryimage\",\"url\":\"https:\/\/www.oknobuild.com\/wp-content\/uploads\/2026\/SK0017712-CZ20260425-093631-0-1777080994-317915_cr360-242734371701159.webp\",\"contentUrl\":\"https:\/\/www.oknobuild.com\/wp-content\/uploads\/2026\/SK0017712-CZ20260425-093631-0-1777080994-317915_cr360-242734371701159.webp\",\"width\":1000,\"height\":750},{\"@type\":\"BreadcrumbList\",\"@id\":\"https:\/\/www.oknobuild.com\/index.php\/produkt\/zlevneny-sapho-cross-umyvadlova-skrinka-55x81x43cm-buk-cr360-50379\/#breadcrumb\",\"itemListElement\":[{\"@type\":\"ListItem\",\"position\":1,\"name\":\"Home\",\"item\":\"https:\/\/www.oknobuild.com\/\"},{\"@type\":\"ListItem\",\"position\":2,\"name\":\"Products\",\"item\":\"https:\/\/www.oknobuild.com\/index.php\/products\/\"},{\"@type\":\"ListItem\",\"position\":3,\"name\":\"Zlevn\u011bn\u00fd Sapho CROSS umyvadlov\u00e1 sk\u0159\u00ed\u0148ka 55x81x43cm, buk CR360\"}]},{\"@type\":\"WebSite\",\"@id\":\"https:\/\/www.oknobuild.com\/#website\",\"url\":\"https:\/\/www.oknobuild.com\/\",\"name\":\"\",\"description\":\"\",\"potentialAction\":[{\"@type\":\"SearchAction\",\"target\":{\"@type\":\"EntryPoint\",\"urlTemplate\":\"https:\/\/www.oknobuild.com\/?s={search_term_string}\"},\"query-input\":{\"@type\":\"PropertyValueSpecification\",\"valueRequired\":true,\"valueName\":\"search_term_string\"}}],\"inLanguage\":\"cs\"}]}<\/script>\n<!-- \/ Yoast SEO plugin. -->","yoast_head_json":{"title":"Zlevn\u011bn\u00fd Sapho CROSS umyvadlov\u00e1 sk\u0159\u00ed\u0148ka 55x81x43cm, buk CR360 -","robots":{"index":"index","follow":"follow","max-snippet":"max-snippet:-1","max-image-preview":"max-image-preview:large","max-video-preview":"max-video-preview:-1"},"canonical":"https:\/\/www.oknobuild.com\/index.php\/produkt\/zlevneny-sapho-cross-umyvadlova-skrinka-55x81x43cm-buk-cr360-50379\/","og_locale":"cs_CZ","og_type":"article","og_title":"Zlevn\u011bn\u00fd Sapho CROSS umyvadlov\u00e1 sk\u0159\u00ed\u0148ka 55x81x43cm, buk CR360 -","og_description":"Detailn\u00ed popis produktu Dvouk\u0159\u00eddl\u00e1 prosklen\u00e1 dv\u00ed\u0159ka s matn\u00fdm sklem. Standardn\u011b dod\u00e1v\u00e1no s \u00fachytkou 12937. Pokud zvol\u00edte klasick\u00fd design s&nbsp;um\u00edrn\u011bn\u00fdmi tvary a p\u0159itom s&nbsp;v\u00fdraznou linkou n\u00e1vrh\u00e1\u0159e a dopln\u00edte ho p\u0159\u00edrodn\u00edmi materi\u00e1ly, dostanete \u0159adu n\u00e1dhern\u00e9ho n\u00e1bytku CROSS. Masivn\u00ed bukov\u00e9 nebo smrkov\u00e9 d\u0159evo mu dod\u00e1v\u00e1 punc decentn\u00edho luxusu. Prosklen\u00ed \u010deln\u00edch ploch tak pouze dotv\u00e1\u0159\u00ed celkovou pohodu a vl\u00eddnost, [&hellip;]","og_url":"https:\/\/www.oknobuild.com\/index.php\/produkt\/zlevneny-sapho-cross-umyvadlova-skrinka-55x81x43cm-buk-cr360-50379\/","og_image":[{"width":1000,"height":750,"url":"https:\/\/www.oknobuild.com\/wp-content\/uploads\/2026\/SK0017712-CZ20260425-093631-0-1777080994-317915_cr360-242734371701159.webp","type":"image\/webp"}],"twitter_card":"summary_large_image","twitter_misc":{"Odhadovan\u00e1 doba \u010dten\u00ed":"2 minuty"},"schema":{"@context":"https:\/\/schema.org","@graph":[{"@type":"WebPage","@id":"https:\/\/www.oknobuild.com\/index.php\/produkt\/zlevneny-sapho-cross-umyvadlova-skrinka-55x81x43cm-buk-cr360-50379\/","url":"https:\/\/www.oknobuild.com\/index.php\/produkt\/zlevneny-sapho-cross-umyvadlova-skrinka-55x81x43cm-buk-cr360-50379\/","name":"Zlevn\u011bn\u00fd Sapho CROSS umyvadlov\u00e1 sk\u0159\u00ed\u0148ka 55x81x43cm, buk CR360 -","isPartOf":{"@id":"https:\/\/www.oknobuild.com\/#website"},"primaryImageOfPage":{"@id":"https:\/\/www.oknobuild.com\/index.php\/produkt\/zlevneny-sapho-cross-umyvadlova-skrinka-55x81x43cm-buk-cr360-50379\/#primaryimage"},"image":{"@id":"https:\/\/www.oknobuild.com\/index.php\/produkt\/zlevneny-sapho-cross-umyvadlova-skrinka-55x81x43cm-buk-cr360-50379\/#primaryimage"},"thumbnailUrl":"https:\/\/www.oknobuild.com\/wp-content\/uploads\/2026\/SK0017712-CZ20260425-093631-0-1777080994-317915_cr360-242734371701159.webp","datePublished":"2026-04-27T04:42:47+00:00","breadcrumb":{"@id":"https:\/\/www.oknobuild.com\/index.php\/produkt\/zlevneny-sapho-cross-umyvadlova-skrinka-55x81x43cm-buk-cr360-50379\/#breadcrumb"},"inLanguage":"cs","potentialAction":[{"@type":"ReadAction","target":["https:\/\/www.oknobuild.com\/index.php\/produkt\/zlevneny-sapho-cross-umyvadlova-skrinka-55x81x43cm-buk-cr360-50379\/"]}]},{"@type":"ImageObject","inLanguage":"cs","@id":"https:\/\/www.oknobuild.com\/index.php\/produkt\/zlevneny-sapho-cross-umyvadlova-skrinka-55x81x43cm-buk-cr360-50379\/#primaryimage","url":"https:\/\/www.oknobuild.com\/wp-content\/uploads\/2026\/SK0017712-CZ20260425-093631-0-1777080994-317915_cr360-242734371701159.webp","contentUrl":"https:\/\/www.oknobuild.com\/wp-content\/uploads\/2026\/SK0017712-CZ20260425-093631-0-1777080994-317915_cr360-242734371701159.webp","width":1000,"height":750},{"@type":"BreadcrumbList","@id":"https:\/\/www.oknobuild.com\/index.php\/produkt\/zlevneny-sapho-cross-umyvadlova-skrinka-55x81x43cm-buk-cr360-50379\/#breadcrumb","itemListElement":[{"@type":"ListItem","position":1,"name":"Home","item":"https:\/\/www.oknobuild.com\/"},{"@type":"ListItem","position":2,"name":"Products","item":"https:\/\/www.oknobuild.com\/index.php\/products\/"},{"@type":"ListItem","position":3,"name":"Zlevn\u011bn\u00fd Sapho CROSS umyvadlov\u00e1 sk\u0159\u00ed\u0148ka 55x81x43cm, buk CR360"}]},{"@type":"WebSite","@id":"https:\/\/www.oknobuild.com\/#website","url":"https:\/\/www.oknobuild.com\/","name":"","description":"","potentialAction":[{"@type":"SearchAction","target":{"@type":"EntryPoint","urlTemplate":"https:\/\/www.oknobuild.com\/?s={search_term_string}"},"query-input":{"@type":"PropertyValueSpecification","valueRequired":true,"valueName":"search_term_string"}}],"inLanguage":"cs"}]}},"_links":{"self":[{"href":"https:\/\/www.oknobuild.com\/index.php\/wp-json\/wp\/v2\/product\/50379","targetHints":{"allow":["GET"]}}],"collection":[{"href":"https:\/\/www.oknobuild.com\/index.php\/wp-json\/wp\/v2\/product"}],"about":[{"href":"https:\/\/www.oknobuild.com\/index.php\/wp-json\/wp\/v2\/types\/product"}],"replies":[{"embeddable":true,"href":"https:\/\/www.oknobuild.com\/index.php\/wp-json\/wp\/v2\/comments?post=50379"}],"wp:featuredmedia":[{"embeddable":true,"href":"https:\/\/www.oknobuild.com\/index.php\/wp-json\/wp\/v2\/media\/50479"}],"wp:attachment":[{"href":"https:\/\/www.oknobuild.com\/index.php\/wp-json\/wp\/v2\/media?parent=50379"}],"wp:term":[{"taxonomy":"product_brand","embeddable":true,"href":"https:\/\/www.oknobuild.com\/index.php\/wp-json\/wp\/v2\/product_brand?post=50379"},{"taxonomy":"product_cat","embeddable":true,"href":"https:\/\/www.oknobuild.com\/index.php\/wp-json\/wp\/v2\/product_cat?post=50379"},{"taxonomy":"product_tag","embeddable":true,"href":"https:\/\/www.oknobuild.com\/index.php\/wp-json\/wp\/v2\/product_tag?post=50379"}],"curies":[{"name":"wp","href":"https:\/\/api.w.org\/{rel}","templated":true}]}}