{"id":57366,"date":"2026-04-27T04:43:07","date_gmt":"2026-04-27T04:43:07","guid":{"rendered":""},"modified":"2026-04-27T04:43:07","modified_gmt":"2026-04-27T04:43:07","slug":"akce-pnz-tvrdovoskovy-olej-barevny-na-podlahy-weiss-bila-10-l-57366","status":"publish","type":"product","link":"https:\/\/www.oknobuild.com\/index.php\/produkt\/akce-pnz-tvrdovoskovy-olej-barevny-na-podlahy-weiss-bila-10-l-57366\/","title":{"rendered":"Akce PNZ Tvrdovoskov\u00fd olej barevn\u00fd na podlahy wei\u00df \/ b\u00edl\u00e1 10 l"},"content":{"rendered":"<table>\n<div class=\"tab-pane active product-description\" id=\"popis\" role=\"tabpanel\">\n<div class=\"short-description\" itemprop=\"description\">HARTWACHS\u00d6L farbig <\/div>\n<div class=\"description\"><span class='bullet-line'>Zevnit\u0159<br \/><\/span><span class='bullet-line'>Na podlahy a n\u00e1bytek <br \/><\/span><br \/>\u25ba Vhodn\u00e9 pro<span class='bullet-line'>V\u0161echny nam\u00e1han\u00e9 povrchy v interi\u00e9ru, jako jsou d\u0159ev\u011bn\u00e9 podlahy, korek, d\u011btsk\u00e9 hra\u010dky, desky OSB, lepen\u00e9 d\u0159evo, pracovn\u00ed desky, n\u00e1bytek, pot\u011br, terakota a neglazovan\u00e9 dla\u017edice. <br \/><\/span><span class='bullet-line'>I ve vlhk\u00fdch m\u00edstnostech, jako je koupelna a kuchy\u0148.<br \/><\/span><span class='bullet-line'>Velmi vhodn\u00fd pro mate\u0159sk\u00e9 \u0161koly, \u0161koly, pe\u010dovatelsk\u00e9 domy atd. <br \/><\/span><span class='bullet-line'>Tvrd\u00fd voskov\u00fd olej PNZ je bezbarv\u00fd povrchov\u00fd produkt reguluj\u00edc\u00ed vlhkost. <br \/><\/span><span class='bullet-line'>O\u0161et\u0159en\u00e9 povrchy jsou vysoce vodoodpudiv\u00e9 a odoln\u00e9 v\u016f\u010di b\u011b\u017en\u00fdm potravin\u00e1\u0159sk\u00fdm a dom\u00e1c\u00edm chemik\u00e1li\u00edm podle DIN 68861-1C a podle t\u0159\u00eddy odolnosti proti skluzu R9 DIN 51130.<br \/><\/span><br \/>\u25ba Aplikace \/ zpracov\u00e1n\u00ed<span class='bullet-line'>Povrch mus\u00ed b\u00fdt zbaven mastnoty, \u010dist\u00fd, bezpra\u0161n\u00fd a such\u00fd (p\u0159\u00edpadn\u011b p\u00edskovan\u00fd).<br \/><\/span><span class='bullet-line'>Teplota zpracov\u00e1n\u00ed (v\u010detn\u011b su\u0161en\u00ed) nad 8 \u00b0 C Vlhkost d\u0159eva nep\u0159esahuje 15%.<br \/><\/span><span class='bullet-line'>Funguje odli\u0161n\u011b na r\u016fzn\u00fdch povr\u0161\u00edch. <br \/><\/span><span class='bullet-line'>Vy\u017eaduje se zku\u0161ebn\u00ed kab\u00e1t.<br \/><\/span><span class='bullet-line'>Opravte d\u00edry a trhliny pomoc\u00ed opravn\u00e9 pasty PNZ.<br \/><\/span><span class='bullet-line'>Tvrd\u00fd voskov\u00fd olej PNZ lze zpracov\u00e1vat ru\u010dn\u011b a strojem. <br \/><\/span><span class='bullet-line'>Prvn\u00ed n\u00e1t\u011br naneste tenk\u00fdm \u0161t\u011btcem, p\u011bnov\u00fdm v\u00e1le\u010dkem nebo lakem. <br \/><\/span><span class='bullet-line'>Odstra\u0148te p\u0159ebytek po 10 minut\u00e1ch a mas\u00edrujte zbytek pomoc\u00ed podlo\u017eky. <br \/><\/span><span class='bullet-line'>Nechte uschnout 8-10 hodin p\u0159i dobr\u00e9m v\u011btr\u00e1n\u00ed. <br \/><\/span><span class='bullet-line'>Druh\u00fd kab\u00e1t jako prvn\u00ed. <br \/><\/span><span class='bullet-line'>Po \u00fapln\u00e9m vyschnut\u00ed (cca 24 hodin) lze povrch je\u0161t\u011b vyle\u0161tit. To zvy\u0161uje trvanlivost. <br \/><\/span><span class='bullet-line'>D\u0159ev\u011bn\u00e1 prkna lze p\u0159ed pokl\u00e1dkou o\u0161et\u0159it jednotliv\u011b. <br \/><\/span><span class='bullet-line'>Pro koncov\u00e9 zrno a vysoce sav\u00e9 d\u0159evo, jako je buk atd., Doporu\u010dujeme t\u0159i v\u00fd\u0161e popsan\u00e9 pracovn\u00ed kroky. <br \/><\/span><span class='bullet-line'>Absolutn\u00ed doba vytvrzov\u00e1n\u00ed 8-10 dn\u00ed.<br \/><\/span><br \/>\u25ba Spot\u0159eba<span class='bullet-line'>Cca. 50 ml \/ m 2 , tj 1 litr PNZ tvrd\u00e9 voskov\u00e9 oleje vysta\u010d\u00ed na cca 20 m. 2 naolejovan\u00e9 plochy za pou\u017eit\u00ed.<br \/><\/span><br \/>\u25ba \u00dadr\u017eba<span class='bullet-line'>Zametejte do sucha a pot\u00e9 ot\u0159ete navlh\u010den\u00fdm had\u0159\u00edkem. <br \/><\/span><span class='bullet-line'>P\u0159i siln\u00e9m zne\u010di\u0161t\u011bn\u00ed p\u0159idejte do vody m\u00fddlo PNZ. <br \/><\/span><span class='bullet-line'>Pro n\u00e1slednou p\u00e9\u010di pou\u017e\u00edvejte o\u0161et\u0159ovac\u00ed emulzi PNZ nebo PNZ voskovou \u00fapravu a v p\u0159\u00edpad\u011b pot\u0159eby o\u0161et\u0159ujte o\u0161et\u0159ovac\u00edm olejem PNZ. <br \/><\/span><span class='bullet-line'>Pro t\u011b\u017ece vyu\u017e\u00edvan\u00e9 nebo po\u0161kozen\u00e9 oblasti, jednoduch\u00e1 renovace bez brou\u0161en\u00ed: O\u010dist\u011bte z\u00e1kladn\u00edm a lamin\u00e1tov\u00fdm \u010disti\u010dem PNZ, naneste jemn\u011b voskov\u00fd olej PNZ.<br \/><\/span><br \/>\u25ba \u010ci\u0161t\u011bn\u00ed<span class='bullet-line'>\u010ci\u0161t\u011bn\u00ed n\u00e1\u0159ad\u00ed speci\u00e1ln\u00edm \u0159edidlem PNZ.<br \/><\/span><br \/>\u25ba \u00dalo\u017en\u00fd prostor<span class='bullet-line'>Chladn\u00fd, ale bez mrazu. Skladovatelnost 5 let v neotev\u0159en\u00fdch n\u00e1dob\u00e1ch. <br \/><\/span><span class='bullet-line'>Otev\u0159en\u00e9 kontejnery p\u0159em\u00edst\u011bte do men\u0161\u00edch vhodn\u00fdch n\u00e1dob, vzduchot\u011bsn\u011b uzav\u0159ete a brzy je spot\u0159ebujte.<br \/><\/span><br \/>\u25ba P\u0159\u00edsady<span class='bullet-line'>Rafinovan\u00e9 p\u0159\u00edrodn\u00ed oleje, jako je s\u00f3jov\u00fd, slune\u010dnicov\u00fd a \u0159epkov\u00fd olej z \u0159\u00edzen\u00e9 kultivace, sv\u011btlicov\u00fd olej, isoalif\u00e1t, \u0161elakov\u00fd vosk, candelilla vosk, karnaubsk\u00fd vosk, mikrovosk a bezolovnat\u00e1 su\u0161ic\u00ed \u010dinidla, v\u010detn\u011b kobalt bis (2-ethylenhexano\u00e1t). S b\u00edlou titanovou b\u00edlou.<br \/><\/span><br \/>\u25ba D\u016fle\u017eit\u00e9 pokyny<span class='bullet-line'>Pokud pou\u017e\u00edv\u00e1te n\u011bkolik n\u00e1dob s r\u016fzn\u00fdmi \u010d\u00edsly \u0161ar\u017e\u00ed, sm\u00edchejte je spole\u010dn\u011b do v\u011bt\u0161\u00ed n\u00e1doby. <br \/><\/span><span class='bullet-line'>P\u0159ed a b\u011bhem pou\u017eit\u00ed dob\u0159e prom\u00edchejte obsah. S2: Uchov\u00e1vejte mimo dosah d\u011bt\u00ed. M\u016f\u017ee vyvolat alergick\u00e9 reakce. <br \/><\/span><span class='bullet-line'>Vysu\u0161en\u00e1 barva je neho\u0159lav\u00e1 podle TLA-053 a norm\u00e1ln\u011b ho\u0159lav\u00e1 podle DIN 4102B2. K recyklaci d\u00e1vejte pouze zcela pr\u00e1zdn\u00e9 n\u00e1doby. <br \/><\/span><span class='bullet-line'>Zbytky su\u0161en\u00e9ho materi\u00e1lu lze likvidovat spole\u010dn\u011b s domovn\u00edm odpadem nebo jako stavebn\u00ed odpad. <br \/><\/span><span class='bullet-line'>Kapaln\u00e9 zbytky odevzdejte do sb\u011brn\u00e9ho m\u00edsta pro star\u00e9 barvy; <br \/><\/span><span class='bullet-line'>ASN \u010d .: 120112. UBA 26010014, Giscode: \u00d660. VbF AIII. Mezn\u00ed hodnota EU pro produkt (A \/ f): 700 g \/ l (2007) \/ 700 g \/ l (2010). Tento produkt obsahuje maxim\u00e1ln\u011b 700 g \/ l VOC. <br \/><\/span><span class='bullet-line'>Tkaniny namo\u010den\u00e9 pomoc\u00ed tvrd\u00e9ho voskov\u00e9ho oleje PNZ maj\u00ed tendenci se samovzn\u00edcen\u00ed, tak\u017ee by tyto l\u00e1tky m\u011bly b\u00fdt uchov\u00e1v\u00e1ny v t\u011bsn\u011b uzav\u0159en\u00e9 n\u00e1dob\u011b nebo namo\u010deny ve vod\u011b. Uchov\u00e1vejte obal t\u011bsn\u011b uzav\u0159en\u00fd.<br \/><\/span> <br \/>\u25ba St\u00edny<span class='bullet-line'>Bezbarv\u00e1, b\u00edl\u00e1.<br \/><\/span><br \/>\u25ba Velikosti kontejner\u016f<span class='bullet-line'>0,25 litru, 0,75 litru, 2,5 litru, 10 litr\u016f a 30 litr\u016f.<br \/><\/span><span class='bullet-line'>Zbo\u017e\u00ed na sklad\u011b u v\u00fdrobce v omezen\u00e9m mno\u017estv\u00ed, v\u00edce kus\u016f na dotaz<\/span><\/div>\n<div class=\"parameters\">\n<tr>\n<td>spot\u0159eba<\/td>\n<td>Cca. 50 ml \/ m 2 , tj 1 litr PNZ tvrd\u00e9 voskov\u00e9 oleje vysta\u010d\u00ed na cca 20 m. 2  naolejovan\u00e9 plochy za pou\u017eit\u00ed.<\/td>\n<\/tr>\n<tr>\n<td>Doba schnut\u00ed<\/td>\n<td>Absolutn\u00ed doba vytvrzov\u00e1n\u00ed 8-10 dn\u00ed.<\/td>\n<\/tr>\n<tr>\n<td>Protiskluzov\u00e1 t\u0159\u00edda<\/td>\n<td>R09<\/td>\n<\/tr>\n<tr>\n<td>Trval\u00e1 ochrana proti pov\u011btrnostn\u00edm vliv\u016fm<\/td>\n<td>ano<\/td>\n<\/tr>\n<tr>\n<td>Zkou\u0161en\u00e9 emise<\/td>\n<td>ano<\/td>\n<\/tr>\n<tr>\n<td>Bezpe\u010dnost hra\u010dek pro d\u011bti<\/td>\n<td>Odoln\u00fd v\u016f\u010di slin\u00e1m a potu<\/td>\n<\/tr><\/div>\n<\/table>\n","protected":false},"excerpt":{"rendered":"<p>HARTWACHS\u00d6L farbig Zevnit\u0159Na podlahy a n\u00e1bytek \u25ba Vhodn\u00e9 proV\u0161echny nam\u00e1han\u00e9 povrchy v interi\u00e9ru, jako jsou d\u0159ev\u011bn\u00e9 podlahy, korek, d\u011btsk\u00e9 hra\u010dky, desky OSB, lepen\u00e9 d\u0159evo, pracovn\u00ed desky, n\u00e1bytek, pot\u011br, terakota a neglazovan\u00e9 dla\u017edice. I ve vlhk\u00fdch m\u00edstnostech, jako je koupelna a kuchy\u0148.Velmi vhodn\u00fd pro mate\u0159sk\u00e9 \u0161koly, \u0161koly, pe\u010dovatelsk\u00e9 domy atd. Tvrd\u00fd voskov\u00fd olej PNZ je bezbarv\u00fd [&hellip;]<\/p>\n","protected":false},"featured_media":57466,"comment_status":"open","ping_status":"open","template":"","meta":[],"product_brand":[],"product_cat":[50,52,51],"product_tag":[],"class_list":{"0":"post-57366","1":"product","2":"type-product","3":"status-publish","4":"has-post-thumbnail","6":"product_cat-barvy","7":"product_cat-chemie","8":"product_cat-laky","10":"first","11":"instock","12":"sale","13":"shipping-taxable","14":"purchasable","15":"product-type-simple"},"yoast_head":"<!-- This site is optimized with the Yoast SEO plugin v26.8 - https:\/\/yoast.com\/product\/yoast-seo-wordpress\/ -->\n<title>Akce PNZ Tvrdovoskov\u00fd olej barevn\u00fd na podlahy wei\u00df \/ b\u00edl\u00e1 10 l -<\/title>\n<meta name=\"robots\" content=\"index, follow, max-snippet:-1, max-image-preview:large, max-video-preview:-1\" \/>\n<link rel=\"canonical\" href=\"https:\/\/www.oknobuild.com\/index.php\/produkt\/akce-pnz-tvrdovoskovy-olej-barevny-na-podlahy-weiss-bila-10-l-57366\/\" \/>\n<meta property=\"og:locale\" content=\"cs_CZ\" \/>\n<meta property=\"og:type\" content=\"article\" \/>\n<meta property=\"og:title\" content=\"Akce PNZ Tvrdovoskov\u00fd olej barevn\u00fd na podlahy wei\u00df \/ b\u00edl\u00e1 10 l -\" \/>\n<meta property=\"og:description\" content=\"HARTWACHS\u00d6L farbig Zevnit\u0159Na podlahy a n\u00e1bytek \u25ba Vhodn\u00e9 proV\u0161echny nam\u00e1han\u00e9 povrchy v interi\u00e9ru, jako jsou d\u0159ev\u011bn\u00e9 podlahy, korek, d\u011btsk\u00e9 hra\u010dky, desky OSB, lepen\u00e9 d\u0159evo, pracovn\u00ed desky, n\u00e1bytek, pot\u011br, terakota a neglazovan\u00e9 dla\u017edice. I ve vlhk\u00fdch m\u00edstnostech, jako je koupelna a kuchy\u0148.Velmi vhodn\u00fd pro mate\u0159sk\u00e9 \u0161koly, \u0161koly, pe\u010dovatelsk\u00e9 domy atd. Tvrd\u00fd voskov\u00fd olej PNZ je bezbarv\u00fd [&hellip;]\" \/>\n<meta property=\"og:url\" content=\"https:\/\/www.oknobuild.com\/index.php\/produkt\/akce-pnz-tvrdovoskovy-olej-barevny-na-podlahy-weiss-bila-10-l-57366\/\" \/>\n<meta property=\"og:image\" content=\"https:\/\/www.oknobuild.com\/wp-content\/uploads\/2026\/SK0021188-CZ20260425-092328-0-1777080210-bily_7.webp\" \/>\n\t<meta property=\"og:image:width\" content=\"479\" \/>\n\t<meta property=\"og:image:height\" content=\"617\" \/>\n\t<meta property=\"og:image:type\" content=\"image\/webp\" \/>\n<meta name=\"twitter:card\" content=\"summary_large_image\" \/>\n<meta name=\"twitter:label1\" content=\"Odhadovan\u00e1 doba \u010dten\u00ed\" \/>\n\t<meta name=\"twitter:data1\" content=\"4 minuty\" \/>\n<script type=\"application\/ld+json\" class=\"yoast-schema-graph\">{\"@context\":\"https:\/\/schema.org\",\"@graph\":[{\"@type\":\"WebPage\",\"@id\":\"https:\/\/www.oknobuild.com\/index.php\/produkt\/akce-pnz-tvrdovoskovy-olej-barevny-na-podlahy-weiss-bila-10-l-57366\/\",\"url\":\"https:\/\/www.oknobuild.com\/index.php\/produkt\/akce-pnz-tvrdovoskovy-olej-barevny-na-podlahy-weiss-bila-10-l-57366\/\",\"name\":\"Akce PNZ Tvrdovoskov\u00fd olej barevn\u00fd na podlahy wei\u00df \/ b\u00edl\u00e1 10 l -\",\"isPartOf\":{\"@id\":\"https:\/\/www.oknobuild.com\/#website\"},\"primaryImageOfPage\":{\"@id\":\"https:\/\/www.oknobuild.com\/index.php\/produkt\/akce-pnz-tvrdovoskovy-olej-barevny-na-podlahy-weiss-bila-10-l-57366\/#primaryimage\"},\"image\":{\"@id\":\"https:\/\/www.oknobuild.com\/index.php\/produkt\/akce-pnz-tvrdovoskovy-olej-barevny-na-podlahy-weiss-bila-10-l-57366\/#primaryimage\"},\"thumbnailUrl\":\"https:\/\/www.oknobuild.com\/wp-content\/uploads\/2026\/SK0021188-CZ20260425-092328-0-1777080210-bily_7.webp\",\"datePublished\":\"2026-04-27T04:43:07+00:00\",\"breadcrumb\":{\"@id\":\"https:\/\/www.oknobuild.com\/index.php\/produkt\/akce-pnz-tvrdovoskovy-olej-barevny-na-podlahy-weiss-bila-10-l-57366\/#breadcrumb\"},\"inLanguage\":\"cs\",\"potentialAction\":[{\"@type\":\"ReadAction\",\"target\":[\"https:\/\/www.oknobuild.com\/index.php\/produkt\/akce-pnz-tvrdovoskovy-olej-barevny-na-podlahy-weiss-bila-10-l-57366\/\"]}]},{\"@type\":\"ImageObject\",\"inLanguage\":\"cs\",\"@id\":\"https:\/\/www.oknobuild.com\/index.php\/produkt\/akce-pnz-tvrdovoskovy-olej-barevny-na-podlahy-weiss-bila-10-l-57366\/#primaryimage\",\"url\":\"https:\/\/www.oknobuild.com\/wp-content\/uploads\/2026\/SK0021188-CZ20260425-092328-0-1777080210-bily_7.webp\",\"contentUrl\":\"https:\/\/www.oknobuild.com\/wp-content\/uploads\/2026\/SK0021188-CZ20260425-092328-0-1777080210-bily_7.webp\",\"width\":479,\"height\":617},{\"@type\":\"BreadcrumbList\",\"@id\":\"https:\/\/www.oknobuild.com\/index.php\/produkt\/akce-pnz-tvrdovoskovy-olej-barevny-na-podlahy-weiss-bila-10-l-57366\/#breadcrumb\",\"itemListElement\":[{\"@type\":\"ListItem\",\"position\":1,\"name\":\"Home\",\"item\":\"https:\/\/www.oknobuild.com\/\"},{\"@type\":\"ListItem\",\"position\":2,\"name\":\"Products\",\"item\":\"https:\/\/www.oknobuild.com\/index.php\/products\/\"},{\"@type\":\"ListItem\",\"position\":3,\"name\":\"Akce PNZ Tvrdovoskov\u00fd olej barevn\u00fd na podlahy wei\u00df \/ b\u00edl\u00e1 10 l\"}]},{\"@type\":\"WebSite\",\"@id\":\"https:\/\/www.oknobuild.com\/#website\",\"url\":\"https:\/\/www.oknobuild.com\/\",\"name\":\"\",\"description\":\"\",\"potentialAction\":[{\"@type\":\"SearchAction\",\"target\":{\"@type\":\"EntryPoint\",\"urlTemplate\":\"https:\/\/www.oknobuild.com\/?s={search_term_string}\"},\"query-input\":{\"@type\":\"PropertyValueSpecification\",\"valueRequired\":true,\"valueName\":\"search_term_string\"}}],\"inLanguage\":\"cs\"}]}<\/script>\n<!-- \/ Yoast SEO plugin. -->","yoast_head_json":{"title":"Akce PNZ Tvrdovoskov\u00fd olej barevn\u00fd na podlahy wei\u00df \/ b\u00edl\u00e1 10 l -","robots":{"index":"index","follow":"follow","max-snippet":"max-snippet:-1","max-image-preview":"max-image-preview:large","max-video-preview":"max-video-preview:-1"},"canonical":"https:\/\/www.oknobuild.com\/index.php\/produkt\/akce-pnz-tvrdovoskovy-olej-barevny-na-podlahy-weiss-bila-10-l-57366\/","og_locale":"cs_CZ","og_type":"article","og_title":"Akce PNZ Tvrdovoskov\u00fd olej barevn\u00fd na podlahy wei\u00df \/ b\u00edl\u00e1 10 l -","og_description":"HARTWACHS\u00d6L farbig Zevnit\u0159Na podlahy a n\u00e1bytek \u25ba Vhodn\u00e9 proV\u0161echny nam\u00e1han\u00e9 povrchy v interi\u00e9ru, jako jsou d\u0159ev\u011bn\u00e9 podlahy, korek, d\u011btsk\u00e9 hra\u010dky, desky OSB, lepen\u00e9 d\u0159evo, pracovn\u00ed desky, n\u00e1bytek, pot\u011br, terakota a neglazovan\u00e9 dla\u017edice. I ve vlhk\u00fdch m\u00edstnostech, jako je koupelna a kuchy\u0148.Velmi vhodn\u00fd pro mate\u0159sk\u00e9 \u0161koly, \u0161koly, pe\u010dovatelsk\u00e9 domy atd. Tvrd\u00fd voskov\u00fd olej PNZ je bezbarv\u00fd [&hellip;]","og_url":"https:\/\/www.oknobuild.com\/index.php\/produkt\/akce-pnz-tvrdovoskovy-olej-barevny-na-podlahy-weiss-bila-10-l-57366\/","og_image":[{"width":479,"height":617,"url":"https:\/\/www.oknobuild.com\/wp-content\/uploads\/2026\/SK0021188-CZ20260425-092328-0-1777080210-bily_7.webp","type":"image\/webp"}],"twitter_card":"summary_large_image","twitter_misc":{"Odhadovan\u00e1 doba \u010dten\u00ed":"4 minuty"},"schema":{"@context":"https:\/\/schema.org","@graph":[{"@type":"WebPage","@id":"https:\/\/www.oknobuild.com\/index.php\/produkt\/akce-pnz-tvrdovoskovy-olej-barevny-na-podlahy-weiss-bila-10-l-57366\/","url":"https:\/\/www.oknobuild.com\/index.php\/produkt\/akce-pnz-tvrdovoskovy-olej-barevny-na-podlahy-weiss-bila-10-l-57366\/","name":"Akce PNZ Tvrdovoskov\u00fd olej barevn\u00fd na podlahy wei\u00df \/ b\u00edl\u00e1 10 l -","isPartOf":{"@id":"https:\/\/www.oknobuild.com\/#website"},"primaryImageOfPage":{"@id":"https:\/\/www.oknobuild.com\/index.php\/produkt\/akce-pnz-tvrdovoskovy-olej-barevny-na-podlahy-weiss-bila-10-l-57366\/#primaryimage"},"image":{"@id":"https:\/\/www.oknobuild.com\/index.php\/produkt\/akce-pnz-tvrdovoskovy-olej-barevny-na-podlahy-weiss-bila-10-l-57366\/#primaryimage"},"thumbnailUrl":"https:\/\/www.oknobuild.com\/wp-content\/uploads\/2026\/SK0021188-CZ20260425-092328-0-1777080210-bily_7.webp","datePublished":"2026-04-27T04:43:07+00:00","breadcrumb":{"@id":"https:\/\/www.oknobuild.com\/index.php\/produkt\/akce-pnz-tvrdovoskovy-olej-barevny-na-podlahy-weiss-bila-10-l-57366\/#breadcrumb"},"inLanguage":"cs","potentialAction":[{"@type":"ReadAction","target":["https:\/\/www.oknobuild.com\/index.php\/produkt\/akce-pnz-tvrdovoskovy-olej-barevny-na-podlahy-weiss-bila-10-l-57366\/"]}]},{"@type":"ImageObject","inLanguage":"cs","@id":"https:\/\/www.oknobuild.com\/index.php\/produkt\/akce-pnz-tvrdovoskovy-olej-barevny-na-podlahy-weiss-bila-10-l-57366\/#primaryimage","url":"https:\/\/www.oknobuild.com\/wp-content\/uploads\/2026\/SK0021188-CZ20260425-092328-0-1777080210-bily_7.webp","contentUrl":"https:\/\/www.oknobuild.com\/wp-content\/uploads\/2026\/SK0021188-CZ20260425-092328-0-1777080210-bily_7.webp","width":479,"height":617},{"@type":"BreadcrumbList","@id":"https:\/\/www.oknobuild.com\/index.php\/produkt\/akce-pnz-tvrdovoskovy-olej-barevny-na-podlahy-weiss-bila-10-l-57366\/#breadcrumb","itemListElement":[{"@type":"ListItem","position":1,"name":"Home","item":"https:\/\/www.oknobuild.com\/"},{"@type":"ListItem","position":2,"name":"Products","item":"https:\/\/www.oknobuild.com\/index.php\/products\/"},{"@type":"ListItem","position":3,"name":"Akce PNZ Tvrdovoskov\u00fd olej barevn\u00fd na podlahy wei\u00df \/ b\u00edl\u00e1 10 l"}]},{"@type":"WebSite","@id":"https:\/\/www.oknobuild.com\/#website","url":"https:\/\/www.oknobuild.com\/","name":"","description":"","potentialAction":[{"@type":"SearchAction","target":{"@type":"EntryPoint","urlTemplate":"https:\/\/www.oknobuild.com\/?s={search_term_string}"},"query-input":{"@type":"PropertyValueSpecification","valueRequired":true,"valueName":"search_term_string"}}],"inLanguage":"cs"}]}},"_links":{"self":[{"href":"https:\/\/www.oknobuild.com\/index.php\/wp-json\/wp\/v2\/product\/57366","targetHints":{"allow":["GET"]}}],"collection":[{"href":"https:\/\/www.oknobuild.com\/index.php\/wp-json\/wp\/v2\/product"}],"about":[{"href":"https:\/\/www.oknobuild.com\/index.php\/wp-json\/wp\/v2\/types\/product"}],"replies":[{"embeddable":true,"href":"https:\/\/www.oknobuild.com\/index.php\/wp-json\/wp\/v2\/comments?post=57366"}],"wp:featuredmedia":[{"embeddable":true,"href":"https:\/\/www.oknobuild.com\/index.php\/wp-json\/wp\/v2\/media\/57466"}],"wp:attachment":[{"href":"https:\/\/www.oknobuild.com\/index.php\/wp-json\/wp\/v2\/media?parent=57366"}],"wp:term":[{"taxonomy":"product_brand","embeddable":true,"href":"https:\/\/www.oknobuild.com\/index.php\/wp-json\/wp\/v2\/product_brand?post=57366"},{"taxonomy":"product_cat","embeddable":true,"href":"https:\/\/www.oknobuild.com\/index.php\/wp-json\/wp\/v2\/product_cat?post=57366"},{"taxonomy":"product_tag","embeddable":true,"href":"https:\/\/www.oknobuild.com\/index.php\/wp-json\/wp\/v2\/product_tag?post=57366"}],"curies":[{"name":"wp","href":"https:\/\/api.w.org\/{rel}","templated":true}]}}