{"id":58322,"date":"2026-04-27T04:43:10","date_gmt":"2026-04-27T04:43:10","guid":{"rendered":""},"modified":"2026-04-27T04:43:10","modified_gmt":"2026-04-27T04:43:10","slug":"znackovy-soudal-silirub-2-oak-310ml-58322","status":"publish","type":"product","link":"https:\/\/www.oknobuild.com\/index.php\/produkt\/znackovy-soudal-silirub-2-oak-310ml-58322\/","title":{"rendered":"Zna\u010dkov\u00fd SOUDAL Silirub 2 oak 310ml"},"content":{"rendered":"<table>\n<div class=\"tab-pane active product-description\" id=\"popis\" role=\"tabpanel\">\n<div class=\"short-description\" itemprop=\"description\"><\/div>\n<div class=\"description\"><span class='bullet-line'>Vysoce kvalitn\u00ed trvale pru\u017en\u00fd neutr\u00e1ln\u00ed silikonov\u00fd oximov\u00fd tmel s v\u00fdjime\u010dn\u00fdmi vlastnostmi. <\/span><span class='bullet-line'>Barevn\u011b st\u00e1l\u00fd, dlouhodob\u011b odoln\u00fd UV z\u00e1\u0159en\u00ed a pov\u011btrnostn\u00edm vliv\u016fm. <\/span><span class='bullet-line'>Velmi dob\u0159e p\u0159ilne k v\u011bt\u0161in\u011b materi\u00e1l\u016f. <\/span><span class='bullet-line'>Ur\u010den\u00fd pro n\u00e1ro\u010dn\u00e9 profesion\u00e1ln\u00ed aplikace. <\/span><span class='bullet-line'>Vhodn\u00fd pro zaskl\u00edv\u00e1n\u00ed izola\u010dn\u00edch dvojskel, d\u0159ev\u011bn\u00fdch oken, tmelen\u00ed dilata\u010dn\u00edch, konstruk\u010dn\u00edch i b\u011b\u017en\u00fdch stavebn\u00edch sp\u00e1r, spoj\u016f polykarbon\u00e1tov\u00fdch a polyakryl\u00e1tov\u00fdch panel\u016f. <\/span><span class='bullet-line'>Vhodn\u00fd pro dilata\u010dn\u00ed sp\u00e1ry mezi rozd\u00edln\u00fdmi stavebn\u00edmi materi\u00e1ly.<\/span><br \/>\u25ba CHARAKTERISTIKA PRODUKTU<span class='bullet-line'>velmi snadno pou\u017eiteln\u00fd<\/span><span class='bullet-line'>barevn\u011b st\u00e1l\u00fd, odoln\u00fd proti UV z\u00e1\u0159en\u00ed<\/span><span class='bullet-line'>po vytvrzen\u00ed trvale elastick\u00fd<\/span><span class='bullet-line'>velmi dobr\u00e1 p\u0159ilnavost k v\u011bt\u0161in\u011b materi\u00e1l\u016f<\/span><br \/>\u25ba P\u0158\u00cdKLADY POU\u017dIT\u00cd<span class='bullet-line'>k v\u00fdplni v\u0161ech b\u011b\u017en\u00fdch stavebn\u00edch a konstruk\u010dn\u00edch sp\u00e1r<\/span><span class='bullet-line'>ut\u011bs\u0148ovac\u00ed sklen\u00e1\u0159sk\u00e9 pr\u00e1ce<\/span><span class='bullet-line'>tmelen\u00ed expanzn\u00edch spoj\u016f mezi odli\u0161n\u00fdmi stavebn\u00edmi materi\u00e1ly<\/span><span class='bullet-line'>tmelen\u00ed spoj\u016f mezi o\u0161et\u0159en\u00fdm d\u0159evem, kovem, PVC a sklem<\/span><br \/>\u25ba PRACOVN\u00cd POSTUP<span class='bullet-line'>Pracovn\u00ed postup naleznete v technick\u00e9m listu<\/span><\/div>\n<div class=\"parameters\">\n<tr>\n<td>B\u00e1ze<\/td>\n<td>Polysiloxan<\/td>\n<\/tr>\n<tr>\n<td>Konzistence<\/td>\n<td>stabiln\u00ed pasta<\/td>\n<\/tr>\n<tr>\n<td>Syst\u00e9m vytvrzov\u00e1n\u00ed<\/td>\n<td>vlhkostn\u00ed<\/td>\n<\/tr>\n<tr>\n<td>Tvorba slupky * (20\u00b0C\/65% r.v.)<\/td>\n<td>cca 5 min.<\/td>\n<\/tr>\n<tr>\n<td>Rychlost vytvrzov\u00e1n\u00ed * (20\u00b0C\/65% r.v.)<\/td>\n<td>cca 2 mm\/24 hod<\/td>\n<\/tr>\n<tr>\n<td>Tvrdost (DIN 53479)<\/td>\n<td>25 \u00b1 5 Shore A<\/td>\n<\/tr>\n<tr>\n<td>Specifick\u00e1 hmotnost<\/td>\n<td>Cca 1,03 g\/ml (transparent, brilliant white)<\/td>\n<\/tr>\n<tr>\n<td><\/td>\n<td>cca 1,25 g\/ml (barevn\u00e9)<\/td>\n<\/tr>\n<tr>\n<td>Tvarov\u00e1 pam\u011b\u0165 (ISO 7389)<\/td>\n<td>&gt; 80%<\/td>\n<\/tr>\n<tr>\n<td>Maxim\u00e1ln\u00ed povolen\u00e1 deformace<\/td>\n<td>25%<\/td>\n<\/tr>\n<tr>\n<td>Teplotn\u00ed odolnost<\/td>\n<td>-60\u00b0C a\u017e +180\u00b0C<\/td>\n<\/tr>\n<tr>\n<td>Max. tahov\u00e9 nam\u00e1h\u00e1n\u00ed (DIN 53504)<\/td>\n<td>1,60 N\/mm\u00b2<\/td>\n<\/tr>\n<tr>\n<td>Modul pru\u017enosti 100% (DIN 53504)<\/td>\n<td>0,38 N\/mm\u00b2<\/td>\n<\/tr>\n<tr>\n<td>Prodlou\u017een\u00ed p\u0159i p\u0159etr\u017een\u00ed (DIN 53504)<\/td>\n<td>800%<\/td>\n<\/tr><\/div>\n<\/table>\n","protected":false},"excerpt":{"rendered":"<p>Vysoce kvalitn\u00ed trvale pru\u017en\u00fd neutr\u00e1ln\u00ed silikonov\u00fd oximov\u00fd tmel s v\u00fdjime\u010dn\u00fdmi vlastnostmi. Barevn\u011b st\u00e1l\u00fd, dlouhodob\u011b odoln\u00fd UV z\u00e1\u0159en\u00ed a pov\u011btrnostn\u00edm vliv\u016fm. Velmi dob\u0159e p\u0159ilne k v\u011bt\u0161in\u011b materi\u00e1l\u016f. Ur\u010den\u00fd pro n\u00e1ro\u010dn\u00e9 profesion\u00e1ln\u00ed aplikace. Vhodn\u00fd pro zaskl\u00edv\u00e1n\u00ed izola\u010dn\u00edch dvojskel, d\u0159ev\u011bn\u00fdch oken, tmelen\u00ed dilata\u010dn\u00edch, konstruk\u010dn\u00edch i b\u011b\u017en\u00fdch stavebn\u00edch sp\u00e1r, spoj\u016f polykarbon\u00e1tov\u00fdch a polyakryl\u00e1tov\u00fdch panel\u016f. Vhodn\u00fd pro dilata\u010dn\u00ed sp\u00e1ry mezi [&hellip;]<\/p>\n","protected":false},"featured_media":58422,"comment_status":"open","ping_status":"open","template":"","meta":[],"product_brand":[],"product_cat":[50,52,51],"product_tag":[],"class_list":{"0":"post-58322","1":"product","2":"type-product","3":"status-publish","4":"has-post-thumbnail","6":"product_cat-barvy","7":"product_cat-chemie","8":"product_cat-laky","10":"first","11":"instock","12":"sale","13":"shipping-taxable","14":"purchasable","15":"product-type-simple"},"yoast_head":"<!-- This site is optimized with the Yoast SEO plugin v26.8 - https:\/\/yoast.com\/product\/yoast-seo-wordpress\/ -->\n<title>Zna\u010dkov\u00fd SOUDAL Silirub 2 oak 310ml -<\/title>\n<meta name=\"robots\" content=\"index, follow, max-snippet:-1, max-image-preview:large, max-video-preview:-1\" \/>\n<link rel=\"canonical\" href=\"https:\/\/www.oknobuild.com\/index.php\/produkt\/znackovy-soudal-silirub-2-oak-310ml-58322\/\" \/>\n<meta property=\"og:locale\" content=\"cs_CZ\" \/>\n<meta property=\"og:type\" content=\"article\" \/>\n<meta property=\"og:title\" content=\"Zna\u010dkov\u00fd SOUDAL Silirub 2 oak 310ml -\" \/>\n<meta property=\"og:description\" content=\"Vysoce kvalitn\u00ed trvale pru\u017en\u00fd neutr\u00e1ln\u00ed silikonov\u00fd oximov\u00fd tmel s v\u00fdjime\u010dn\u00fdmi vlastnostmi. Barevn\u011b st\u00e1l\u00fd, dlouhodob\u011b odoln\u00fd UV z\u00e1\u0159en\u00ed a pov\u011btrnostn\u00edm vliv\u016fm. Velmi dob\u0159e p\u0159ilne k v\u011bt\u0161in\u011b materi\u00e1l\u016f. Ur\u010den\u00fd pro n\u00e1ro\u010dn\u00e9 profesion\u00e1ln\u00ed aplikace. Vhodn\u00fd pro zaskl\u00edv\u00e1n\u00ed izola\u010dn\u00edch dvojskel, d\u0159ev\u011bn\u00fdch oken, tmelen\u00ed dilata\u010dn\u00edch, konstruk\u010dn\u00edch i b\u011b\u017en\u00fdch stavebn\u00edch sp\u00e1r, spoj\u016f polykarbon\u00e1tov\u00fdch a polyakryl\u00e1tov\u00fdch panel\u016f. Vhodn\u00fd pro dilata\u010dn\u00ed sp\u00e1ry mezi [&hellip;]\" \/>\n<meta property=\"og:url\" content=\"https:\/\/www.oknobuild.com\/index.php\/produkt\/znackovy-soudal-silirub-2-oak-310ml-58322\/\" \/>\n<meta property=\"og:image\" content=\"https:\/\/www.oknobuild.com\/wp-content\/uploads\/2026\/SK0021644-CZ20260425-092328-0-1777080210-1238632-1_101210..webp\" \/>\n\t<meta property=\"og:image:width\" content=\"134\" \/>\n\t<meta property=\"og:image:height\" content=\"640\" \/>\n\t<meta property=\"og:image:type\" content=\"image\/webp\" \/>\n<meta name=\"twitter:card\" content=\"summary_large_image\" \/>\n<meta name=\"twitter:label1\" content=\"Odhadovan\u00e1 doba \u010dten\u00ed\" \/>\n\t<meta name=\"twitter:data1\" content=\"1 minuta\" \/>\n<script type=\"application\/ld+json\" class=\"yoast-schema-graph\">{\"@context\":\"https:\/\/schema.org\",\"@graph\":[{\"@type\":\"WebPage\",\"@id\":\"https:\/\/www.oknobuild.com\/index.php\/produkt\/znackovy-soudal-silirub-2-oak-310ml-58322\/\",\"url\":\"https:\/\/www.oknobuild.com\/index.php\/produkt\/znackovy-soudal-silirub-2-oak-310ml-58322\/\",\"name\":\"Zna\u010dkov\u00fd SOUDAL Silirub 2 oak 310ml -\",\"isPartOf\":{\"@id\":\"https:\/\/www.oknobuild.com\/#website\"},\"primaryImageOfPage\":{\"@id\":\"https:\/\/www.oknobuild.com\/index.php\/produkt\/znackovy-soudal-silirub-2-oak-310ml-58322\/#primaryimage\"},\"image\":{\"@id\":\"https:\/\/www.oknobuild.com\/index.php\/produkt\/znackovy-soudal-silirub-2-oak-310ml-58322\/#primaryimage\"},\"thumbnailUrl\":\"https:\/\/www.oknobuild.com\/wp-content\/uploads\/2026\/SK0021644-CZ20260425-092328-0-1777080210-1238632-1_101210..webp\",\"datePublished\":\"2026-04-27T04:43:10+00:00\",\"breadcrumb\":{\"@id\":\"https:\/\/www.oknobuild.com\/index.php\/produkt\/znackovy-soudal-silirub-2-oak-310ml-58322\/#breadcrumb\"},\"inLanguage\":\"cs\",\"potentialAction\":[{\"@type\":\"ReadAction\",\"target\":[\"https:\/\/www.oknobuild.com\/index.php\/produkt\/znackovy-soudal-silirub-2-oak-310ml-58322\/\"]}]},{\"@type\":\"ImageObject\",\"inLanguage\":\"cs\",\"@id\":\"https:\/\/www.oknobuild.com\/index.php\/produkt\/znackovy-soudal-silirub-2-oak-310ml-58322\/#primaryimage\",\"url\":\"https:\/\/www.oknobuild.com\/wp-content\/uploads\/2026\/SK0021644-CZ20260425-092328-0-1777080210-1238632-1_101210..webp\",\"contentUrl\":\"https:\/\/www.oknobuild.com\/wp-content\/uploads\/2026\/SK0021644-CZ20260425-092328-0-1777080210-1238632-1_101210..webp\",\"width\":134,\"height\":640},{\"@type\":\"BreadcrumbList\",\"@id\":\"https:\/\/www.oknobuild.com\/index.php\/produkt\/znackovy-soudal-silirub-2-oak-310ml-58322\/#breadcrumb\",\"itemListElement\":[{\"@type\":\"ListItem\",\"position\":1,\"name\":\"Home\",\"item\":\"https:\/\/www.oknobuild.com\/\"},{\"@type\":\"ListItem\",\"position\":2,\"name\":\"Products\",\"item\":\"https:\/\/www.oknobuild.com\/index.php\/products\/\"},{\"@type\":\"ListItem\",\"position\":3,\"name\":\"Zna\u010dkov\u00fd SOUDAL Silirub 2 oak 310ml\"}]},{\"@type\":\"WebSite\",\"@id\":\"https:\/\/www.oknobuild.com\/#website\",\"url\":\"https:\/\/www.oknobuild.com\/\",\"name\":\"\",\"description\":\"\",\"potentialAction\":[{\"@type\":\"SearchAction\",\"target\":{\"@type\":\"EntryPoint\",\"urlTemplate\":\"https:\/\/www.oknobuild.com\/?s={search_term_string}\"},\"query-input\":{\"@type\":\"PropertyValueSpecification\",\"valueRequired\":true,\"valueName\":\"search_term_string\"}}],\"inLanguage\":\"cs\"}]}<\/script>\n<!-- \/ Yoast SEO plugin. -->","yoast_head_json":{"title":"Zna\u010dkov\u00fd SOUDAL Silirub 2 oak 310ml -","robots":{"index":"index","follow":"follow","max-snippet":"max-snippet:-1","max-image-preview":"max-image-preview:large","max-video-preview":"max-video-preview:-1"},"canonical":"https:\/\/www.oknobuild.com\/index.php\/produkt\/znackovy-soudal-silirub-2-oak-310ml-58322\/","og_locale":"cs_CZ","og_type":"article","og_title":"Zna\u010dkov\u00fd SOUDAL Silirub 2 oak 310ml -","og_description":"Vysoce kvalitn\u00ed trvale pru\u017en\u00fd neutr\u00e1ln\u00ed silikonov\u00fd oximov\u00fd tmel s v\u00fdjime\u010dn\u00fdmi vlastnostmi. Barevn\u011b st\u00e1l\u00fd, dlouhodob\u011b odoln\u00fd UV z\u00e1\u0159en\u00ed a pov\u011btrnostn\u00edm vliv\u016fm. Velmi dob\u0159e p\u0159ilne k v\u011bt\u0161in\u011b materi\u00e1l\u016f. Ur\u010den\u00fd pro n\u00e1ro\u010dn\u00e9 profesion\u00e1ln\u00ed aplikace. Vhodn\u00fd pro zaskl\u00edv\u00e1n\u00ed izola\u010dn\u00edch dvojskel, d\u0159ev\u011bn\u00fdch oken, tmelen\u00ed dilata\u010dn\u00edch, konstruk\u010dn\u00edch i b\u011b\u017en\u00fdch stavebn\u00edch sp\u00e1r, spoj\u016f polykarbon\u00e1tov\u00fdch a polyakryl\u00e1tov\u00fdch panel\u016f. Vhodn\u00fd pro dilata\u010dn\u00ed sp\u00e1ry mezi [&hellip;]","og_url":"https:\/\/www.oknobuild.com\/index.php\/produkt\/znackovy-soudal-silirub-2-oak-310ml-58322\/","og_image":[{"width":134,"height":640,"url":"https:\/\/www.oknobuild.com\/wp-content\/uploads\/2026\/SK0021644-CZ20260425-092328-0-1777080210-1238632-1_101210..webp","type":"image\/webp"}],"twitter_card":"summary_large_image","twitter_misc":{"Odhadovan\u00e1 doba \u010dten\u00ed":"1 minuta"},"schema":{"@context":"https:\/\/schema.org","@graph":[{"@type":"WebPage","@id":"https:\/\/www.oknobuild.com\/index.php\/produkt\/znackovy-soudal-silirub-2-oak-310ml-58322\/","url":"https:\/\/www.oknobuild.com\/index.php\/produkt\/znackovy-soudal-silirub-2-oak-310ml-58322\/","name":"Zna\u010dkov\u00fd SOUDAL Silirub 2 oak 310ml -","isPartOf":{"@id":"https:\/\/www.oknobuild.com\/#website"},"primaryImageOfPage":{"@id":"https:\/\/www.oknobuild.com\/index.php\/produkt\/znackovy-soudal-silirub-2-oak-310ml-58322\/#primaryimage"},"image":{"@id":"https:\/\/www.oknobuild.com\/index.php\/produkt\/znackovy-soudal-silirub-2-oak-310ml-58322\/#primaryimage"},"thumbnailUrl":"https:\/\/www.oknobuild.com\/wp-content\/uploads\/2026\/SK0021644-CZ20260425-092328-0-1777080210-1238632-1_101210..webp","datePublished":"2026-04-27T04:43:10+00:00","breadcrumb":{"@id":"https:\/\/www.oknobuild.com\/index.php\/produkt\/znackovy-soudal-silirub-2-oak-310ml-58322\/#breadcrumb"},"inLanguage":"cs","potentialAction":[{"@type":"ReadAction","target":["https:\/\/www.oknobuild.com\/index.php\/produkt\/znackovy-soudal-silirub-2-oak-310ml-58322\/"]}]},{"@type":"ImageObject","inLanguage":"cs","@id":"https:\/\/www.oknobuild.com\/index.php\/produkt\/znackovy-soudal-silirub-2-oak-310ml-58322\/#primaryimage","url":"https:\/\/www.oknobuild.com\/wp-content\/uploads\/2026\/SK0021644-CZ20260425-092328-0-1777080210-1238632-1_101210..webp","contentUrl":"https:\/\/www.oknobuild.com\/wp-content\/uploads\/2026\/SK0021644-CZ20260425-092328-0-1777080210-1238632-1_101210..webp","width":134,"height":640},{"@type":"BreadcrumbList","@id":"https:\/\/www.oknobuild.com\/index.php\/produkt\/znackovy-soudal-silirub-2-oak-310ml-58322\/#breadcrumb","itemListElement":[{"@type":"ListItem","position":1,"name":"Home","item":"https:\/\/www.oknobuild.com\/"},{"@type":"ListItem","position":2,"name":"Products","item":"https:\/\/www.oknobuild.com\/index.php\/products\/"},{"@type":"ListItem","position":3,"name":"Zna\u010dkov\u00fd SOUDAL Silirub 2 oak 310ml"}]},{"@type":"WebSite","@id":"https:\/\/www.oknobuild.com\/#website","url":"https:\/\/www.oknobuild.com\/","name":"","description":"","potentialAction":[{"@type":"SearchAction","target":{"@type":"EntryPoint","urlTemplate":"https:\/\/www.oknobuild.com\/?s={search_term_string}"},"query-input":{"@type":"PropertyValueSpecification","valueRequired":true,"valueName":"search_term_string"}}],"inLanguage":"cs"}]}},"_links":{"self":[{"href":"https:\/\/www.oknobuild.com\/index.php\/wp-json\/wp\/v2\/product\/58322","targetHints":{"allow":["GET"]}}],"collection":[{"href":"https:\/\/www.oknobuild.com\/index.php\/wp-json\/wp\/v2\/product"}],"about":[{"href":"https:\/\/www.oknobuild.com\/index.php\/wp-json\/wp\/v2\/types\/product"}],"replies":[{"embeddable":true,"href":"https:\/\/www.oknobuild.com\/index.php\/wp-json\/wp\/v2\/comments?post=58322"}],"wp:featuredmedia":[{"embeddable":true,"href":"https:\/\/www.oknobuild.com\/index.php\/wp-json\/wp\/v2\/media\/58422"}],"wp:attachment":[{"href":"https:\/\/www.oknobuild.com\/index.php\/wp-json\/wp\/v2\/media?parent=58322"}],"wp:term":[{"taxonomy":"product_brand","embeddable":true,"href":"https:\/\/www.oknobuild.com\/index.php\/wp-json\/wp\/v2\/product_brand?post=58322"},{"taxonomy":"product_cat","embeddable":true,"href":"https:\/\/www.oknobuild.com\/index.php\/wp-json\/wp\/v2\/product_cat?post=58322"},{"taxonomy":"product_tag","embeddable":true,"href":"https:\/\/www.oknobuild.com\/index.php\/wp-json\/wp\/v2\/product_tag?post=58322"}],"curies":[{"name":"wp","href":"https:\/\/api.w.org\/{rel}","templated":true}]}}