{"id":59150,"date":"2026-04-27T04:43:12","date_gmt":"2026-04-27T04:43:12","guid":{"rendered":""},"modified":"2026-04-27T04:43:12","modified_gmt":"2026-04-27T04:43:12","slug":"znackovy-bosch-06019h1008-gsr-18v-21-akumulatorova-vrtacka-2x2-0-ah-li-baterie-v-l-boxx-59150","status":"publish","type":"product","link":"https:\/\/www.oknobuild.com\/index.php\/produkt\/znackovy-bosch-06019h1008-gsr-18v-21-akumulatorova-vrtacka-2x2-0-ah-li-baterie-v-l-boxx-59150\/","title":{"rendered":"Zna\u010dkov\u00fd Bosch 06019H1008 GSR 18V-21 Akumul\u00e1torov\u00e1 vrta\u010dka  2&#215;2,0 Ah LI baterie v L-Boxx"},"content":{"rendered":"<table>\n<div class=\"tab-pane active product-description\" id=\"popis\" role=\"tabpanel\">\n<div class=\"short-description\" itemprop=\"description\"><\/div>\n<div class=\"description\"><span class='bullet-line'>Akumul\u00e1torov\u00fd vrtac\u00ed \u0161roubov\u00e1k GSR 18V-21 2&#215;2,0 Ah LI baterie v L-Boxx je praktick\u00e1 z\u00e1kladn\u00ed sada v 18V syst\u00e9mu Bosch.<br \/><\/span><span class='bullet-line'>Sou\u010d\u00e1st\u00ed dod\u00e1vky jsou dv\u011b 18V baterie s 2,0 Ah a rychlonab\u00edje\u010dka GAX 18V-30. <br \/><\/span><span class='bullet-line'>Tuto nab\u00edje\u010dku lze tak\u00e9 pou\u017e\u00edt k nab\u00edjen\u00ed 12V bateri\u00ed. <br \/><\/span><span class='bullet-line'>Dal\u0161\u00ed p\u0159idanou hodnotou vrta\u010dky \/ \u0161roubov\u00e1ku je \u00fadr\u017eba: uhl\u00edkov\u00e9 kart\u00e1\u010de lze vym\u011bnit. <br \/><\/span><span class='bullet-line'>Dvoustup\u0148ov\u00e1 kovov\u00e1 p\u0159evodovka umo\u017e\u0148uje plynulou zm\u011bnu ot\u00e1\u010dek d\u00edky elektronick\u00e9mu ovl\u00e1d\u00e1n\u00ed tlakov\u00e9ho sp\u00edna\u010de. <br \/><\/span><span class='bullet-line'>Tento akumul\u00e1torov\u00fd \u0161roubov\u00e1k snadno zvl\u00e1dne \u0161rouby o pr\u016fm\u011bru a\u017e 10 mm. <br \/><\/span><span class='bullet-line'>Oto\u010den\u00ed zprava doleva lze rychle upravit.<br \/><\/span><span class='bullet-line'>D\u0159ev\u011bn\u00e9 komponenty, kter\u00e9 vy\u017eaduj\u00ed za\u0161roubov\u00e1n\u00ed nap\u0159\u00edklad \u0161roub\u016f do d\u0159eva 6 x 200 mm, nejsou u tohoto vrtac\u00edho \u0161roubov\u00e1ku probl\u00e9m.<br \/><\/span><span class='bullet-line'>Vrt\u00e1n\u00ed do d\u0159eva o pr\u016fm\u011bru 8 a 10 mm je u t\u00e9to akumul\u00e1torov\u00e9 vrta\u010dky snadn\u00e9 a tato akumul\u00e1torov\u00e1 vrta\u010dka zvl\u00e1dne dokonce i 50 mm bit Forstner s velmi dobr\u00fdm v\u00fdkonem. <br \/><\/span><span class='bullet-line'>GSB 18V-21 Bosch Professional je tedy jedn\u00edm z nejspolehliv\u011bj\u0161\u00edch a nejv\u00fdkonn\u011bj\u0161\u00edch model\u016f z\u00e1kladn\u00ed \u00farovn\u011b a d\u00edky to\u010div\u00e9mu momentu 55 Nm nab\u00edz\u00ed dostate\u010dn\u00fd v\u00fdkon v kutilsk\u00e9m i profesion\u00e1ln\u00edm sektoru. <br \/><\/span><span class='bullet-line'>Ergonomick\u00e1 rukoje\u0165 s povrchem z m\u011bkk\u00e9 gumy je tak\u00e9 d\u016fle\u017eit\u00e1 pro del\u0161\u00ed \u0161roubov\u00e1n\u00ed.<br \/><\/span><span class='bullet-line'>Stejn\u011b jako u v\u0161ech akumul\u00e1torov\u00fdch vrta\u010dek od spole\u010dnosti Bosch je rozlo\u017een\u00ed hmotnosti vyv\u00e1\u017een\u00e9. <br \/><\/span><span class='bullet-line'>Za\u0159\u00edzen\u00ed se samo vypne, kdy\u017e se n\u00e1hle ot\u00e1\u010d\u00ed kolem osy vrt\u00e1n\u00ed, a d\u00edky t\u00e9to \u00farovni v\u00fdkonu poskytuje dostate\u010dnou ochranu p\u0159i provozu akumul\u00e1torov\u00e9ho \u0161roubov\u00e1ku. <br \/><\/span><span class='bullet-line'>A\u0165 u\u017e pro kutily nebo pro profesion\u00e1ln\u00ed pou\u017eit\u00ed, V 18V bateriov\u00e9m syst\u00e9mu Bosch v\u017edy najdete to spr\u00e1vn\u00e9 n\u00e1\u0159ad\u00ed.<br \/><\/span><span class='bullet-line'>Rozsah dod\u00e1vky GSR 18V-21 je dobr\u00fdm \u00favodem do sv\u011bta 18V bateri\u00ed nebo levn\u00fdm roz\u0161\u00ed\u0159en\u00edm va\u0161\u00ed d\u00edlny.<\/span><\/div>\n<div class=\"parameters\">\n<tr>\n<td>Hmotnost<\/td>\n<td>1,2 kg bez baterie<\/td>\n<\/tr>\n<tr>\n<td>Dal\u0161\u00ed vlastnosti produktu<\/td>\n<td>2 rychlostn\u00ed stupn\u011b, LED displej, kovov\u00e9 pouzdro p\u0159evodovky, hlave\u0148 R \/ L<\/td>\n<\/tr>\n<tr>\n<td>za\u0159\u00edzen\u00ed<\/td>\n<td>Rychlonab\u00edje\u010dka GAL 18V-40 Professional v L-Boxx<\/td>\n<\/tr>\n<tr>\n<td>Volnob\u011b\u017en\u00e9 ot\u00e1\u010dky 1.\/2. P\u0159evodovka max.<\/td>\n<td>0-480 \/ 0\u20131800 ot \/ min<\/td>\n<\/tr>\n<tr>\n<td>Max. To\u010div\u00fd moment<\/td>\n<td>55 Nm<\/td>\n<\/tr>\n<tr>\n<td>Skl\u00ed\u010didlo<\/td>\n<td>13 mm<\/td>\n<\/tr>\n<tr>\n<td>Kapacita baterie<\/td>\n<td>2.0<\/td>\n<\/tr>\n<tr>\n<td>Napeti baterky<\/td>\n<td>18 V<\/td>\n<\/tr>\n<tr>\n<td>V\u00fdkon p\u0159i vrt\u00e1n\u00ed do betonu<\/td>\n<td>&#8211;<\/td>\n<\/tr>\n<tr>\n<td>Vrt\u00e1n\u00ed d\u0159eva \/ oceli<\/td>\n<td>Pr\u016fm\u011br \u0161roubu 38 mm \/ 10 mm max. 13 mm<\/td>\n<\/tr>\n<tr>\n<td>\u00darovn\u011b to\u010div\u00e9ho momentu<\/td>\n<td>20 + 1<\/td>\n<\/tr>\n<tr>\n<td>Zobrazen\u00ed kapacity baterie<\/td>\n<td>Ano<\/td>\n<\/tr>\n<tr>\n<td>Doba nab\u00edjen\u00ed max.<\/td>\n<td>35 min<\/td>\n<\/tr>\n<tr>\n<td>Typ baterie<\/td>\n<td>Lithium-iontov\u00fd<\/td>\n<\/tr>\n<tr>\n<td>Po\u010det bateri\u00ed<\/td>\n<td>2x 2,0 Ah Li-Ion baterie<\/td>\n<\/tr>\n<tr>\n<td>Pracovn\u00ed sv\u011btlo<\/td>\n<td>Ano<\/td>\n<\/tr><\/div>\n<\/table>\n","protected":false},"excerpt":{"rendered":"<p>Akumul\u00e1torov\u00fd vrtac\u00ed \u0161roubov\u00e1k GSR 18V-21 2&#215;2,0 Ah LI baterie v L-Boxx je praktick\u00e1 z\u00e1kladn\u00ed sada v 18V syst\u00e9mu Bosch.Sou\u010d\u00e1st\u00ed dod\u00e1vky jsou dv\u011b 18V baterie s 2,0 Ah a rychlonab\u00edje\u010dka GAX 18V-30. Tuto nab\u00edje\u010dku lze tak\u00e9 pou\u017e\u00edt k nab\u00edjen\u00ed 12V bateri\u00ed. Dal\u0161\u00ed p\u0159idanou hodnotou vrta\u010dky \/ \u0161roubov\u00e1ku je \u00fadr\u017eba: uhl\u00edkov\u00e9 kart\u00e1\u010de lze vym\u011bnit. Dvoustup\u0148ov\u00e1 kovov\u00e1 p\u0159evodovka [&hellip;]<\/p>\n","protected":false},"featured_media":59250,"comment_status":"open","ping_status":"open","template":"","meta":[],"product_brand":[],"product_cat":[41],"product_tag":[],"class_list":{"0":"post-59150","1":"product","2":"type-product","3":"status-publish","4":"has-post-thumbnail","6":"product_cat-naradi","8":"first","9":"instock","10":"sale","11":"shipping-taxable","12":"purchasable","13":"product-type-simple"},"yoast_head":"<!-- This site is optimized with the Yoast SEO plugin v26.8 - https:\/\/yoast.com\/product\/yoast-seo-wordpress\/ -->\n<title>Zna\u010dkov\u00fd Bosch 06019H1008 GSR 18V-21 Akumul\u00e1torov\u00e1 vrta\u010dka 2x2,0 Ah LI baterie v L-Boxx -<\/title>\n<meta name=\"robots\" content=\"index, follow, max-snippet:-1, max-image-preview:large, max-video-preview:-1\" \/>\n<link rel=\"canonical\" href=\"https:\/\/www.oknobuild.com\/index.php\/produkt\/znackovy-bosch-06019h1008-gsr-18v-21-akumulatorova-vrtacka-2x2-0-ah-li-baterie-v-l-boxx-59150\/\" \/>\n<meta property=\"og:locale\" content=\"cs_CZ\" \/>\n<meta property=\"og:type\" content=\"article\" \/>\n<meta property=\"og:title\" content=\"Zna\u010dkov\u00fd Bosch 06019H1008 GSR 18V-21 Akumul\u00e1torov\u00e1 vrta\u010dka 2x2,0 Ah LI baterie v L-Boxx -\" \/>\n<meta property=\"og:description\" content=\"Akumul\u00e1torov\u00fd vrtac\u00ed \u0161roubov\u00e1k GSR 18V-21 2&#215;2,0 Ah LI baterie v L-Boxx je praktick\u00e1 z\u00e1kladn\u00ed sada v 18V syst\u00e9mu Bosch.Sou\u010d\u00e1st\u00ed dod\u00e1vky jsou dv\u011b 18V baterie s 2,0 Ah a rychlonab\u00edje\u010dka GAX 18V-30. Tuto nab\u00edje\u010dku lze tak\u00e9 pou\u017e\u00edt k nab\u00edjen\u00ed 12V bateri\u00ed. Dal\u0161\u00ed p\u0159idanou hodnotou vrta\u010dky \/ \u0161roubov\u00e1ku je \u00fadr\u017eba: uhl\u00edkov\u00e9 kart\u00e1\u010de lze vym\u011bnit. Dvoustup\u0148ov\u00e1 kovov\u00e1 p\u0159evodovka [&hellip;]\" \/>\n<meta property=\"og:url\" content=\"https:\/\/www.oknobuild.com\/index.php\/produkt\/znackovy-bosch-06019h1008-gsr-18v-21-akumulatorova-vrtacka-2x2-0-ah-li-baterie-v-l-boxx-59150\/\" \/>\n<meta property=\"og:image\" content=\"https:\/\/www.oknobuild.com\/wp-content\/uploads\/2026\/SK0022094-CZ20260425-092328-0-1777080210-001_1257297.webp\" \/>\n\t<meta property=\"og:image:width\" content=\"700\" \/>\n\t<meta property=\"og:image:height\" content=\"700\" \/>\n\t<meta property=\"og:image:type\" content=\"image\/webp\" \/>\n<meta name=\"twitter:card\" content=\"summary_large_image\" \/>\n<meta name=\"twitter:label1\" content=\"Odhadovan\u00e1 doba \u010dten\u00ed\" \/>\n\t<meta name=\"twitter:data1\" content=\"2 minuty\" \/>\n<script type=\"application\/ld+json\" class=\"yoast-schema-graph\">{\"@context\":\"https:\/\/schema.org\",\"@graph\":[{\"@type\":\"WebPage\",\"@id\":\"https:\/\/www.oknobuild.com\/index.php\/produkt\/znackovy-bosch-06019h1008-gsr-18v-21-akumulatorova-vrtacka-2x2-0-ah-li-baterie-v-l-boxx-59150\/\",\"url\":\"https:\/\/www.oknobuild.com\/index.php\/produkt\/znackovy-bosch-06019h1008-gsr-18v-21-akumulatorova-vrtacka-2x2-0-ah-li-baterie-v-l-boxx-59150\/\",\"name\":\"Zna\u010dkov\u00fd Bosch 06019H1008 GSR 18V-21 Akumul\u00e1torov\u00e1 vrta\u010dka 2x2,0 Ah LI baterie v L-Boxx -\",\"isPartOf\":{\"@id\":\"https:\/\/www.oknobuild.com\/#website\"},\"primaryImageOfPage\":{\"@id\":\"https:\/\/www.oknobuild.com\/index.php\/produkt\/znackovy-bosch-06019h1008-gsr-18v-21-akumulatorova-vrtacka-2x2-0-ah-li-baterie-v-l-boxx-59150\/#primaryimage\"},\"image\":{\"@id\":\"https:\/\/www.oknobuild.com\/index.php\/produkt\/znackovy-bosch-06019h1008-gsr-18v-21-akumulatorova-vrtacka-2x2-0-ah-li-baterie-v-l-boxx-59150\/#primaryimage\"},\"thumbnailUrl\":\"https:\/\/www.oknobuild.com\/wp-content\/uploads\/2026\/SK0022094-CZ20260425-092328-0-1777080210-001_1257297.webp\",\"datePublished\":\"2026-04-27T04:43:12+00:00\",\"breadcrumb\":{\"@id\":\"https:\/\/www.oknobuild.com\/index.php\/produkt\/znackovy-bosch-06019h1008-gsr-18v-21-akumulatorova-vrtacka-2x2-0-ah-li-baterie-v-l-boxx-59150\/#breadcrumb\"},\"inLanguage\":\"cs\",\"potentialAction\":[{\"@type\":\"ReadAction\",\"target\":[\"https:\/\/www.oknobuild.com\/index.php\/produkt\/znackovy-bosch-06019h1008-gsr-18v-21-akumulatorova-vrtacka-2x2-0-ah-li-baterie-v-l-boxx-59150\/\"]}]},{\"@type\":\"ImageObject\",\"inLanguage\":\"cs\",\"@id\":\"https:\/\/www.oknobuild.com\/index.php\/produkt\/znackovy-bosch-06019h1008-gsr-18v-21-akumulatorova-vrtacka-2x2-0-ah-li-baterie-v-l-boxx-59150\/#primaryimage\",\"url\":\"https:\/\/www.oknobuild.com\/wp-content\/uploads\/2026\/SK0022094-CZ20260425-092328-0-1777080210-001_1257297.webp\",\"contentUrl\":\"https:\/\/www.oknobuild.com\/wp-content\/uploads\/2026\/SK0022094-CZ20260425-092328-0-1777080210-001_1257297.webp\",\"width\":700,\"height\":700},{\"@type\":\"BreadcrumbList\",\"@id\":\"https:\/\/www.oknobuild.com\/index.php\/produkt\/znackovy-bosch-06019h1008-gsr-18v-21-akumulatorova-vrtacka-2x2-0-ah-li-baterie-v-l-boxx-59150\/#breadcrumb\",\"itemListElement\":[{\"@type\":\"ListItem\",\"position\":1,\"name\":\"Home\",\"item\":\"https:\/\/www.oknobuild.com\/\"},{\"@type\":\"ListItem\",\"position\":2,\"name\":\"Products\",\"item\":\"https:\/\/www.oknobuild.com\/index.php\/products\/\"},{\"@type\":\"ListItem\",\"position\":3,\"name\":\"Zna\u010dkov\u00fd Bosch 06019H1008 GSR 18V-21 Akumul\u00e1torov\u00e1 vrta\u010dka 2&#215;2,0 Ah LI baterie v L-Boxx\"}]},{\"@type\":\"WebSite\",\"@id\":\"https:\/\/www.oknobuild.com\/#website\",\"url\":\"https:\/\/www.oknobuild.com\/\",\"name\":\"\",\"description\":\"\",\"potentialAction\":[{\"@type\":\"SearchAction\",\"target\":{\"@type\":\"EntryPoint\",\"urlTemplate\":\"https:\/\/www.oknobuild.com\/?s={search_term_string}\"},\"query-input\":{\"@type\":\"PropertyValueSpecification\",\"valueRequired\":true,\"valueName\":\"search_term_string\"}}],\"inLanguage\":\"cs\"}]}<\/script>\n<!-- \/ Yoast SEO plugin. -->","yoast_head_json":{"title":"Zna\u010dkov\u00fd Bosch 06019H1008 GSR 18V-21 Akumul\u00e1torov\u00e1 vrta\u010dka 2x2,0 Ah LI baterie v L-Boxx -","robots":{"index":"index","follow":"follow","max-snippet":"max-snippet:-1","max-image-preview":"max-image-preview:large","max-video-preview":"max-video-preview:-1"},"canonical":"https:\/\/www.oknobuild.com\/index.php\/produkt\/znackovy-bosch-06019h1008-gsr-18v-21-akumulatorova-vrtacka-2x2-0-ah-li-baterie-v-l-boxx-59150\/","og_locale":"cs_CZ","og_type":"article","og_title":"Zna\u010dkov\u00fd Bosch 06019H1008 GSR 18V-21 Akumul\u00e1torov\u00e1 vrta\u010dka 2x2,0 Ah LI baterie v L-Boxx -","og_description":"Akumul\u00e1torov\u00fd vrtac\u00ed \u0161roubov\u00e1k GSR 18V-21 2&#215;2,0 Ah LI baterie v L-Boxx je praktick\u00e1 z\u00e1kladn\u00ed sada v 18V syst\u00e9mu Bosch.Sou\u010d\u00e1st\u00ed dod\u00e1vky jsou dv\u011b 18V baterie s 2,0 Ah a rychlonab\u00edje\u010dka GAX 18V-30. Tuto nab\u00edje\u010dku lze tak\u00e9 pou\u017e\u00edt k nab\u00edjen\u00ed 12V bateri\u00ed. Dal\u0161\u00ed p\u0159idanou hodnotou vrta\u010dky \/ \u0161roubov\u00e1ku je \u00fadr\u017eba: uhl\u00edkov\u00e9 kart\u00e1\u010de lze vym\u011bnit. Dvoustup\u0148ov\u00e1 kovov\u00e1 p\u0159evodovka [&hellip;]","og_url":"https:\/\/www.oknobuild.com\/index.php\/produkt\/znackovy-bosch-06019h1008-gsr-18v-21-akumulatorova-vrtacka-2x2-0-ah-li-baterie-v-l-boxx-59150\/","og_image":[{"width":700,"height":700,"url":"https:\/\/www.oknobuild.com\/wp-content\/uploads\/2026\/SK0022094-CZ20260425-092328-0-1777080210-001_1257297.webp","type":"image\/webp"}],"twitter_card":"summary_large_image","twitter_misc":{"Odhadovan\u00e1 doba \u010dten\u00ed":"2 minuty"},"schema":{"@context":"https:\/\/schema.org","@graph":[{"@type":"WebPage","@id":"https:\/\/www.oknobuild.com\/index.php\/produkt\/znackovy-bosch-06019h1008-gsr-18v-21-akumulatorova-vrtacka-2x2-0-ah-li-baterie-v-l-boxx-59150\/","url":"https:\/\/www.oknobuild.com\/index.php\/produkt\/znackovy-bosch-06019h1008-gsr-18v-21-akumulatorova-vrtacka-2x2-0-ah-li-baterie-v-l-boxx-59150\/","name":"Zna\u010dkov\u00fd Bosch 06019H1008 GSR 18V-21 Akumul\u00e1torov\u00e1 vrta\u010dka 2x2,0 Ah LI baterie v L-Boxx -","isPartOf":{"@id":"https:\/\/www.oknobuild.com\/#website"},"primaryImageOfPage":{"@id":"https:\/\/www.oknobuild.com\/index.php\/produkt\/znackovy-bosch-06019h1008-gsr-18v-21-akumulatorova-vrtacka-2x2-0-ah-li-baterie-v-l-boxx-59150\/#primaryimage"},"image":{"@id":"https:\/\/www.oknobuild.com\/index.php\/produkt\/znackovy-bosch-06019h1008-gsr-18v-21-akumulatorova-vrtacka-2x2-0-ah-li-baterie-v-l-boxx-59150\/#primaryimage"},"thumbnailUrl":"https:\/\/www.oknobuild.com\/wp-content\/uploads\/2026\/SK0022094-CZ20260425-092328-0-1777080210-001_1257297.webp","datePublished":"2026-04-27T04:43:12+00:00","breadcrumb":{"@id":"https:\/\/www.oknobuild.com\/index.php\/produkt\/znackovy-bosch-06019h1008-gsr-18v-21-akumulatorova-vrtacka-2x2-0-ah-li-baterie-v-l-boxx-59150\/#breadcrumb"},"inLanguage":"cs","potentialAction":[{"@type":"ReadAction","target":["https:\/\/www.oknobuild.com\/index.php\/produkt\/znackovy-bosch-06019h1008-gsr-18v-21-akumulatorova-vrtacka-2x2-0-ah-li-baterie-v-l-boxx-59150\/"]}]},{"@type":"ImageObject","inLanguage":"cs","@id":"https:\/\/www.oknobuild.com\/index.php\/produkt\/znackovy-bosch-06019h1008-gsr-18v-21-akumulatorova-vrtacka-2x2-0-ah-li-baterie-v-l-boxx-59150\/#primaryimage","url":"https:\/\/www.oknobuild.com\/wp-content\/uploads\/2026\/SK0022094-CZ20260425-092328-0-1777080210-001_1257297.webp","contentUrl":"https:\/\/www.oknobuild.com\/wp-content\/uploads\/2026\/SK0022094-CZ20260425-092328-0-1777080210-001_1257297.webp","width":700,"height":700},{"@type":"BreadcrumbList","@id":"https:\/\/www.oknobuild.com\/index.php\/produkt\/znackovy-bosch-06019h1008-gsr-18v-21-akumulatorova-vrtacka-2x2-0-ah-li-baterie-v-l-boxx-59150\/#breadcrumb","itemListElement":[{"@type":"ListItem","position":1,"name":"Home","item":"https:\/\/www.oknobuild.com\/"},{"@type":"ListItem","position":2,"name":"Products","item":"https:\/\/www.oknobuild.com\/index.php\/products\/"},{"@type":"ListItem","position":3,"name":"Zna\u010dkov\u00fd Bosch 06019H1008 GSR 18V-21 Akumul\u00e1torov\u00e1 vrta\u010dka 2&#215;2,0 Ah LI baterie v L-Boxx"}]},{"@type":"WebSite","@id":"https:\/\/www.oknobuild.com\/#website","url":"https:\/\/www.oknobuild.com\/","name":"","description":"","potentialAction":[{"@type":"SearchAction","target":{"@type":"EntryPoint","urlTemplate":"https:\/\/www.oknobuild.com\/?s={search_term_string}"},"query-input":{"@type":"PropertyValueSpecification","valueRequired":true,"valueName":"search_term_string"}}],"inLanguage":"cs"}]}},"_links":{"self":[{"href":"https:\/\/www.oknobuild.com\/index.php\/wp-json\/wp\/v2\/product\/59150","targetHints":{"allow":["GET"]}}],"collection":[{"href":"https:\/\/www.oknobuild.com\/index.php\/wp-json\/wp\/v2\/product"}],"about":[{"href":"https:\/\/www.oknobuild.com\/index.php\/wp-json\/wp\/v2\/types\/product"}],"replies":[{"embeddable":true,"href":"https:\/\/www.oknobuild.com\/index.php\/wp-json\/wp\/v2\/comments?post=59150"}],"wp:featuredmedia":[{"embeddable":true,"href":"https:\/\/www.oknobuild.com\/index.php\/wp-json\/wp\/v2\/media\/59250"}],"wp:attachment":[{"href":"https:\/\/www.oknobuild.com\/index.php\/wp-json\/wp\/v2\/media?parent=59150"}],"wp:term":[{"taxonomy":"product_brand","embeddable":true,"href":"https:\/\/www.oknobuild.com\/index.php\/wp-json\/wp\/v2\/product_brand?post=59150"},{"taxonomy":"product_cat","embeddable":true,"href":"https:\/\/www.oknobuild.com\/index.php\/wp-json\/wp\/v2\/product_cat?post=59150"},{"taxonomy":"product_tag","embeddable":true,"href":"https:\/\/www.oknobuild.com\/index.php\/wp-json\/wp\/v2\/product_tag?post=59150"}],"curies":[{"name":"wp","href":"https:\/\/api.w.org\/{rel}","templated":true}]}}