{"id":62502,"date":"2026-04-27T04:43:23","date_gmt":"2026-04-27T04:43:23","guid":{"rendered":""},"modified":"2026-04-27T04:43:23","modified_gmt":"2026-04-27T04:43:23","slug":"obklad-argenta-marlen-aspen-slat-40x120-cm-mat-1-92-m2-dmarlen412asp-primo-od-vyrobce-62502","status":"publish","type":"product","link":"https:\/\/www.oknobuild.com\/index.php\/produkt\/obklad-argenta-marlen-aspen-slat-40x120-cm-mat-1-92-m2-dmarlen412asp-primo-od-vyrobce-62502\/","title":{"rendered":"Obklad Argenta Marlen aspen slat 40&#215;120 cm mat (1,92 m2) DMARLEN412ASP P\u0159\u00edmo Od V\u00fdrobce"},"content":{"rendered":"<div class=\"ProductDetail-content NoFixImageContainer\" id=\"productDescription\">\n<div class=\"Heading\">\n<h2 class=\"Heading-title\">Popis produktu <span class=''>Obklad Argenta Marlen aspen slat 40&#215;120 cm mat (1,92 m2) DMARLEN412ASP<\/span><\/h2>\n<\/p><\/div>\n<div class=\"ProductDetailContent\">\n<ul>\n<li>Rozm\u011br 40&#215;120 mm<\/li>\n<li>Tlou\u0161\u0165ka 7 mm<\/li>\n<li>Druh v\u00fdrobku obklad<\/li>\n<li>Materi\u00e1l keramika<\/li>\n<li>Ur\u010den\u00ed interi\u00e9r<\/li>\n<li>Barva popisn\u00e1 aspen<\/li>\n<li>Barva z\u00e1kladn\u00ed b\u00e9\u017eov\u00e1<\/li>\n<li>Design d\u0159evo<\/li>\n<li>Povrch mat<\/li>\n<li>Rektifikace ano<\/li>\n<li>Nas\u00e1kavost E&gt;10%<\/li>\n<li>Odst\u00ednov\u00e9 kol\u00eds\u00e1n\u00ed V2 &#8211; mal\u00e9 odchylky<\/li>\n<li>Velkoform\u00e1t ano<\/li>\n<li>Mrazuvzdornost ne<\/li>\n<li>Po\u010det design\u016f 4<\/li>\n<li>Jakost I. jakost kg<\/li>\n<li>Po\u010det v balen\u00ed 4 ks<\/li>\n<li>Hmotnost balen\u00ed 30 kg<\/li>\n<\/ul><\/div>\n<div class=\"ProductDetailContent\">                                                                    <\/div>\n<\/p><\/div>\n<\/p><\/div>\n<\/p><\/div>\n","protected":false},"excerpt":{"rendered":"<p>Popis produktu Obklad Argenta Marlen aspen slat 40&#215;120 cm mat (1,92 m2) DMARLEN412ASP Rozm\u011br 40&#215;120 mm Tlou\u0161\u0165ka 7 mm Druh v\u00fdrobku obklad Materi\u00e1l keramika Ur\u010den\u00ed interi\u00e9r Barva popisn\u00e1 aspen Barva z\u00e1kladn\u00ed b\u00e9\u017eov\u00e1 Design d\u0159evo Povrch mat Rektifikace ano Nas\u00e1kavost E&gt;10% Odst\u00ednov\u00e9 kol\u00eds\u00e1n\u00ed V2 &#8211; mal\u00e9 odchylky Velkoform\u00e1t ano Mrazuvzdornost ne Po\u010det design\u016f 4 Jakost I. [&hellip;]<\/p>\n","protected":false},"featured_media":62602,"comment_status":"open","ping_status":"open","template":"","meta":[],"product_brand":[],"product_cat":[89],"product_tag":[],"class_list":{"0":"post-62502","1":"product","2":"type-product","3":"status-publish","4":"has-post-thumbnail","6":"product_cat-dlazba-a-obklady","8":"first","9":"instock","10":"sale","11":"shipping-taxable","12":"purchasable","13":"product-type-simple"},"yoast_head":"<!-- This site is optimized with the Yoast SEO plugin v26.8 - https:\/\/yoast.com\/product\/yoast-seo-wordpress\/ -->\n<title>Obklad Argenta Marlen aspen slat 40x120 cm mat (1,92 m2) DMARLEN412ASP P\u0159\u00edmo Od V\u00fdrobce -<\/title>\n<meta name=\"robots\" content=\"index, follow, max-snippet:-1, max-image-preview:large, max-video-preview:-1\" \/>\n<link rel=\"canonical\" href=\"https:\/\/www.oknobuild.com\/index.php\/produkt\/obklad-argenta-marlen-aspen-slat-40x120-cm-mat-1-92-m2-dmarlen412asp-primo-od-vyrobce-62502\/\" \/>\n<meta property=\"og:locale\" content=\"cs_CZ\" \/>\n<meta property=\"og:type\" content=\"article\" \/>\n<meta property=\"og:title\" content=\"Obklad Argenta Marlen aspen slat 40x120 cm mat (1,92 m2) DMARLEN412ASP P\u0159\u00edmo Od V\u00fdrobce -\" \/>\n<meta property=\"og:description\" content=\"Popis produktu Obklad Argenta Marlen aspen slat 40&#215;120 cm mat (1,92 m2) DMARLEN412ASP Rozm\u011br 40&#215;120 mm Tlou\u0161\u0165ka 7 mm Druh v\u00fdrobku obklad Materi\u00e1l keramika Ur\u010den\u00ed interi\u00e9r Barva popisn\u00e1 aspen Barva z\u00e1kladn\u00ed b\u00e9\u017eov\u00e1 Design d\u0159evo Povrch mat Rektifikace ano Nas\u00e1kavost E&gt;10% Odst\u00ednov\u00e9 kol\u00eds\u00e1n\u00ed V2 &#8211; mal\u00e9 odchylky Velkoform\u00e1t ano Mrazuvzdornost ne Po\u010det design\u016f 4 Jakost I. [&hellip;]\" \/>\n<meta property=\"og:url\" content=\"https:\/\/www.oknobuild.com\/index.php\/produkt\/obklad-argenta-marlen-aspen-slat-40x120-cm-mat-1-92-m2-dmarlen412asp-primo-od-vyrobce-62502\/\" \/>\n<meta property=\"og:image\" content=\"https:\/\/www.oknobuild.com\/wp-content\/uploads\/2026\/SK0021670-CZ20260425-092632-0-1777080397-obklad-argenta-marlen-aspen-slat-40x120-cm-mat-1-92-m2-dmar.webp\" \/>\n\t<meta property=\"og:image:width\" content=\"600\" \/>\n\t<meta property=\"og:image:height\" content=\"265\" \/>\n\t<meta property=\"og:image:type\" content=\"image\/webp\" \/>\n<meta name=\"twitter:card\" content=\"summary_large_image\" \/>\n<script type=\"application\/ld+json\" class=\"yoast-schema-graph\">{\"@context\":\"https:\/\/schema.org\",\"@graph\":[{\"@type\":\"WebPage\",\"@id\":\"https:\/\/www.oknobuild.com\/index.php\/produkt\/obklad-argenta-marlen-aspen-slat-40x120-cm-mat-1-92-m2-dmarlen412asp-primo-od-vyrobce-62502\/\",\"url\":\"https:\/\/www.oknobuild.com\/index.php\/produkt\/obklad-argenta-marlen-aspen-slat-40x120-cm-mat-1-92-m2-dmarlen412asp-primo-od-vyrobce-62502\/\",\"name\":\"Obklad Argenta Marlen aspen slat 40x120 cm mat (1,92 m2) DMARLEN412ASP P\u0159\u00edmo Od V\u00fdrobce -\",\"isPartOf\":{\"@id\":\"https:\/\/www.oknobuild.com\/#website\"},\"primaryImageOfPage\":{\"@id\":\"https:\/\/www.oknobuild.com\/index.php\/produkt\/obklad-argenta-marlen-aspen-slat-40x120-cm-mat-1-92-m2-dmarlen412asp-primo-od-vyrobce-62502\/#primaryimage\"},\"image\":{\"@id\":\"https:\/\/www.oknobuild.com\/index.php\/produkt\/obklad-argenta-marlen-aspen-slat-40x120-cm-mat-1-92-m2-dmarlen412asp-primo-od-vyrobce-62502\/#primaryimage\"},\"thumbnailUrl\":\"https:\/\/www.oknobuild.com\/wp-content\/uploads\/2026\/SK0021670-CZ20260425-092632-0-1777080397-obklad-argenta-marlen-aspen-slat-40x120-cm-mat-1-92-m2-dmar.webp\",\"datePublished\":\"2026-04-27T04:43:23+00:00\",\"breadcrumb\":{\"@id\":\"https:\/\/www.oknobuild.com\/index.php\/produkt\/obklad-argenta-marlen-aspen-slat-40x120-cm-mat-1-92-m2-dmarlen412asp-primo-od-vyrobce-62502\/#breadcrumb\"},\"inLanguage\":\"cs\",\"potentialAction\":[{\"@type\":\"ReadAction\",\"target\":[\"https:\/\/www.oknobuild.com\/index.php\/produkt\/obklad-argenta-marlen-aspen-slat-40x120-cm-mat-1-92-m2-dmarlen412asp-primo-od-vyrobce-62502\/\"]}]},{\"@type\":\"ImageObject\",\"inLanguage\":\"cs\",\"@id\":\"https:\/\/www.oknobuild.com\/index.php\/produkt\/obklad-argenta-marlen-aspen-slat-40x120-cm-mat-1-92-m2-dmarlen412asp-primo-od-vyrobce-62502\/#primaryimage\",\"url\":\"https:\/\/www.oknobuild.com\/wp-content\/uploads\/2026\/SK0021670-CZ20260425-092632-0-1777080397-obklad-argenta-marlen-aspen-slat-40x120-cm-mat-1-92-m2-dmar.webp\",\"contentUrl\":\"https:\/\/www.oknobuild.com\/wp-content\/uploads\/2026\/SK0021670-CZ20260425-092632-0-1777080397-obklad-argenta-marlen-aspen-slat-40x120-cm-mat-1-92-m2-dmar.webp\",\"width\":600,\"height\":265},{\"@type\":\"BreadcrumbList\",\"@id\":\"https:\/\/www.oknobuild.com\/index.php\/produkt\/obklad-argenta-marlen-aspen-slat-40x120-cm-mat-1-92-m2-dmarlen412asp-primo-od-vyrobce-62502\/#breadcrumb\",\"itemListElement\":[{\"@type\":\"ListItem\",\"position\":1,\"name\":\"Home\",\"item\":\"https:\/\/www.oknobuild.com\/\"},{\"@type\":\"ListItem\",\"position\":2,\"name\":\"Products\",\"item\":\"https:\/\/www.oknobuild.com\/index.php\/products\/\"},{\"@type\":\"ListItem\",\"position\":3,\"name\":\"Obklad Argenta Marlen aspen slat 40&#215;120 cm mat (1,92 m2) DMARLEN412ASP P\u0159\u00edmo Od V\u00fdrobce\"}]},{\"@type\":\"WebSite\",\"@id\":\"https:\/\/www.oknobuild.com\/#website\",\"url\":\"https:\/\/www.oknobuild.com\/\",\"name\":\"\",\"description\":\"\",\"potentialAction\":[{\"@type\":\"SearchAction\",\"target\":{\"@type\":\"EntryPoint\",\"urlTemplate\":\"https:\/\/www.oknobuild.com\/?s={search_term_string}\"},\"query-input\":{\"@type\":\"PropertyValueSpecification\",\"valueRequired\":true,\"valueName\":\"search_term_string\"}}],\"inLanguage\":\"cs\"}]}<\/script>\n<!-- \/ Yoast SEO plugin. -->","yoast_head_json":{"title":"Obklad Argenta Marlen aspen slat 40x120 cm mat (1,92 m2) DMARLEN412ASP P\u0159\u00edmo Od V\u00fdrobce -","robots":{"index":"index","follow":"follow","max-snippet":"max-snippet:-1","max-image-preview":"max-image-preview:large","max-video-preview":"max-video-preview:-1"},"canonical":"https:\/\/www.oknobuild.com\/index.php\/produkt\/obklad-argenta-marlen-aspen-slat-40x120-cm-mat-1-92-m2-dmarlen412asp-primo-od-vyrobce-62502\/","og_locale":"cs_CZ","og_type":"article","og_title":"Obklad Argenta Marlen aspen slat 40x120 cm mat (1,92 m2) DMARLEN412ASP P\u0159\u00edmo Od V\u00fdrobce -","og_description":"Popis produktu Obklad Argenta Marlen aspen slat 40&#215;120 cm mat (1,92 m2) DMARLEN412ASP Rozm\u011br 40&#215;120 mm Tlou\u0161\u0165ka 7 mm Druh v\u00fdrobku obklad Materi\u00e1l keramika Ur\u010den\u00ed interi\u00e9r Barva popisn\u00e1 aspen Barva z\u00e1kladn\u00ed b\u00e9\u017eov\u00e1 Design d\u0159evo Povrch mat Rektifikace ano Nas\u00e1kavost E&gt;10% Odst\u00ednov\u00e9 kol\u00eds\u00e1n\u00ed V2 &#8211; mal\u00e9 odchylky Velkoform\u00e1t ano Mrazuvzdornost ne Po\u010det design\u016f 4 Jakost I. [&hellip;]","og_url":"https:\/\/www.oknobuild.com\/index.php\/produkt\/obklad-argenta-marlen-aspen-slat-40x120-cm-mat-1-92-m2-dmarlen412asp-primo-od-vyrobce-62502\/","og_image":[{"width":600,"height":265,"url":"https:\/\/www.oknobuild.com\/wp-content\/uploads\/2026\/SK0021670-CZ20260425-092632-0-1777080397-obklad-argenta-marlen-aspen-slat-40x120-cm-mat-1-92-m2-dmar.webp","type":"image\/webp"}],"twitter_card":"summary_large_image","schema":{"@context":"https:\/\/schema.org","@graph":[{"@type":"WebPage","@id":"https:\/\/www.oknobuild.com\/index.php\/produkt\/obklad-argenta-marlen-aspen-slat-40x120-cm-mat-1-92-m2-dmarlen412asp-primo-od-vyrobce-62502\/","url":"https:\/\/www.oknobuild.com\/index.php\/produkt\/obklad-argenta-marlen-aspen-slat-40x120-cm-mat-1-92-m2-dmarlen412asp-primo-od-vyrobce-62502\/","name":"Obklad Argenta Marlen aspen slat 40x120 cm mat (1,92 m2) DMARLEN412ASP P\u0159\u00edmo Od V\u00fdrobce -","isPartOf":{"@id":"https:\/\/www.oknobuild.com\/#website"},"primaryImageOfPage":{"@id":"https:\/\/www.oknobuild.com\/index.php\/produkt\/obklad-argenta-marlen-aspen-slat-40x120-cm-mat-1-92-m2-dmarlen412asp-primo-od-vyrobce-62502\/#primaryimage"},"image":{"@id":"https:\/\/www.oknobuild.com\/index.php\/produkt\/obklad-argenta-marlen-aspen-slat-40x120-cm-mat-1-92-m2-dmarlen412asp-primo-od-vyrobce-62502\/#primaryimage"},"thumbnailUrl":"https:\/\/www.oknobuild.com\/wp-content\/uploads\/2026\/SK0021670-CZ20260425-092632-0-1777080397-obklad-argenta-marlen-aspen-slat-40x120-cm-mat-1-92-m2-dmar.webp","datePublished":"2026-04-27T04:43:23+00:00","breadcrumb":{"@id":"https:\/\/www.oknobuild.com\/index.php\/produkt\/obklad-argenta-marlen-aspen-slat-40x120-cm-mat-1-92-m2-dmarlen412asp-primo-od-vyrobce-62502\/#breadcrumb"},"inLanguage":"cs","potentialAction":[{"@type":"ReadAction","target":["https:\/\/www.oknobuild.com\/index.php\/produkt\/obklad-argenta-marlen-aspen-slat-40x120-cm-mat-1-92-m2-dmarlen412asp-primo-od-vyrobce-62502\/"]}]},{"@type":"ImageObject","inLanguage":"cs","@id":"https:\/\/www.oknobuild.com\/index.php\/produkt\/obklad-argenta-marlen-aspen-slat-40x120-cm-mat-1-92-m2-dmarlen412asp-primo-od-vyrobce-62502\/#primaryimage","url":"https:\/\/www.oknobuild.com\/wp-content\/uploads\/2026\/SK0021670-CZ20260425-092632-0-1777080397-obklad-argenta-marlen-aspen-slat-40x120-cm-mat-1-92-m2-dmar.webp","contentUrl":"https:\/\/www.oknobuild.com\/wp-content\/uploads\/2026\/SK0021670-CZ20260425-092632-0-1777080397-obklad-argenta-marlen-aspen-slat-40x120-cm-mat-1-92-m2-dmar.webp","width":600,"height":265},{"@type":"BreadcrumbList","@id":"https:\/\/www.oknobuild.com\/index.php\/produkt\/obklad-argenta-marlen-aspen-slat-40x120-cm-mat-1-92-m2-dmarlen412asp-primo-od-vyrobce-62502\/#breadcrumb","itemListElement":[{"@type":"ListItem","position":1,"name":"Home","item":"https:\/\/www.oknobuild.com\/"},{"@type":"ListItem","position":2,"name":"Products","item":"https:\/\/www.oknobuild.com\/index.php\/products\/"},{"@type":"ListItem","position":3,"name":"Obklad Argenta Marlen aspen slat 40&#215;120 cm mat (1,92 m2) DMARLEN412ASP P\u0159\u00edmo Od V\u00fdrobce"}]},{"@type":"WebSite","@id":"https:\/\/www.oknobuild.com\/#website","url":"https:\/\/www.oknobuild.com\/","name":"","description":"","potentialAction":[{"@type":"SearchAction","target":{"@type":"EntryPoint","urlTemplate":"https:\/\/www.oknobuild.com\/?s={search_term_string}"},"query-input":{"@type":"PropertyValueSpecification","valueRequired":true,"valueName":"search_term_string"}}],"inLanguage":"cs"}]}},"_links":{"self":[{"href":"https:\/\/www.oknobuild.com\/index.php\/wp-json\/wp\/v2\/product\/62502","targetHints":{"allow":["GET"]}}],"collection":[{"href":"https:\/\/www.oknobuild.com\/index.php\/wp-json\/wp\/v2\/product"}],"about":[{"href":"https:\/\/www.oknobuild.com\/index.php\/wp-json\/wp\/v2\/types\/product"}],"replies":[{"embeddable":true,"href":"https:\/\/www.oknobuild.com\/index.php\/wp-json\/wp\/v2\/comments?post=62502"}],"wp:featuredmedia":[{"embeddable":true,"href":"https:\/\/www.oknobuild.com\/index.php\/wp-json\/wp\/v2\/media\/62602"}],"wp:attachment":[{"href":"https:\/\/www.oknobuild.com\/index.php\/wp-json\/wp\/v2\/media?parent=62502"}],"wp:term":[{"taxonomy":"product_brand","embeddable":true,"href":"https:\/\/www.oknobuild.com\/index.php\/wp-json\/wp\/v2\/product_brand?post=62502"},{"taxonomy":"product_cat","embeddable":true,"href":"https:\/\/www.oknobuild.com\/index.php\/wp-json\/wp\/v2\/product_cat?post=62502"},{"taxonomy":"product_tag","embeddable":true,"href":"https:\/\/www.oknobuild.com\/index.php\/wp-json\/wp\/v2\/product_tag?post=62502"}],"curies":[{"name":"wp","href":"https:\/\/api.w.org\/{rel}","templated":true}]}}