{"id":62729,"date":"2026-04-27T04:43:24","date_gmt":"2026-04-27T04:43:24","guid":{"rendered":""},"modified":"2026-04-27T04:43:24","modified_gmt":"2026-04-27T04:43:24","slug":"akce-mereo-bino-koupelnova-skrinka-s-dvojumyvadlem-z-liteho-mramoru-121cm-dub-arlington-cn623m-62729","status":"publish","type":"product","link":"https:\/\/www.oknobuild.com\/index.php\/produkt\/akce-mereo-bino-koupelnova-skrinka-s-dvojumyvadlem-z-liteho-mramoru-121cm-dub-arlington-cn623m-62729\/","title":{"rendered":"Akce Mereo Bino koupelnov\u00e1 sk\u0159\u00ed\u0148ka s dvojumyvadlem z lit\u00e9ho mramoru 121cm, dub Arlington &#8211; CN623M"},"content":{"rendered":"<div class=\"ProductDetail-content NoFixImageContainer\" id=\"productDescription\">\n<div class=\"Heading\">\n<h2 class=\"Heading-title\">Popis produktu <span class=''>Mereo Bino koupelnov\u00e1 sk\u0159\u00ed\u0148ka s dvojumyvadlem z lit\u00e9ho mramoru 121cm, dub Arlington &#8211; CN623M<\/span><\/h2>\n<\/p><\/div>\n<div class=\"ProductDetailContent\">                                                                    <\/div>\n<div class=\"ProductDetailContent\">\n<div class=\"ProductDetailContent-item\">                                            Jednoduchost, efektivnost, elegance. To jsou hlavn\u00ed spole\u010dn\u00e9 jmenovatele koupelnov\u00e9ho n\u00e1bytku Bino, kter\u00fd ozdob\u00ed ka\u017edou koupelnu. D\u00edky kombinaci inovac\u00ed a spolehliv\u00e9ho p\u0159\u00edstupu, pak vznik\u00e1 kvalitn\u00ed a z\u00e1rove\u0148 velmi modern\u00ed n\u00e1bytek. Barevn\u00e9 kombinace b\u00edl\u00fd lesk, dub Arlington a dub Sand Barbera zaji\u0161\u0165uj\u00ed, \u017ee bude n\u00e1bytek ladit do ka\u017ed\u00e9ho typu koupelny. U\u017eivatelsky velmi praktick\u00e9 jsou pak dv\u011b plnov\u00fdsuvn\u00e9 z\u00e1suvky se samozav\u00edrac\u00edmi pojezdy a tlumen\u00edm Strong. Sk\u0159\u00ed\u0148ka se dod\u00e1v\u00e1 ve slo\u017een\u00e9m stavu.<\/p>\n<p>Umyvadlo z lit\u00e9ho mramoru je o\u0161et\u0159eno povrchovou \u00fapravou Gel coat. Jedn\u00e1 se o ochrannou vrstvu, kter\u00e1 zaji\u0161\u0165uje st\u00e1lobarevnost a zvy\u0161uje odolnost proti n\u00e1razu. Umyvadlo je ur\u010deno pro n\u00e1bytek, nelze instalovat samostatn\u011b na ze\u010f. Z\u00e1pustn\u00e1 umyvadla podpo\u0159\u00ed modern\u00ed a elegantn\u00ed vzhled ka\u017ed\u00e9 koupelny a dolad\u00ed tak celkov\u00fd design interi\u00e9ru. Umyvadla lze osadit do desky i ve v\u00edce kusech vedle sebe.                                        <\/div>\n<div class=\"ProductDetailContent-item\">\n<ul>\n<li>Typ: <strong>S dvojumyvadlem<\/strong><\/li>\n<li>Barva: <strong>Dub Arlington<\/strong><\/li>\n<li>S\u00e9rie: <strong>Bino<\/strong><\/li>\n<li>\u0160\u00ed\u0159ka: <strong>1210 mm<\/strong><\/li>\n<li>Hloubka: <strong>460 mm<\/strong><\/li>\n<li>Um\u00edst\u011bn\u00ed: <strong>K zav\u011b\u0161en\u00ed<\/strong><\/li>\n<li>Barva madla: <strong>Chrom<\/strong><\/li>\n<li>D\u00e9lka\/V\u00fd\u0161ka: <strong>578 mm<\/strong><\/li>\n<\/ul><\/div>\n<\/p><\/div>\n<\/p><\/div>\n<\/p><\/div>\n<\/p><\/div>\n","protected":false},"excerpt":{"rendered":"<p>Popis produktu Mereo Bino koupelnov\u00e1 sk\u0159\u00ed\u0148ka s dvojumyvadlem z lit\u00e9ho mramoru 121cm, dub Arlington &#8211; CN623M Jednoduchost, efektivnost, elegance. To jsou hlavn\u00ed spole\u010dn\u00e9 jmenovatele koupelnov\u00e9ho n\u00e1bytku Bino, kter\u00fd ozdob\u00ed ka\u017edou koupelnu. D\u00edky kombinaci inovac\u00ed a spolehliv\u00e9ho p\u0159\u00edstupu, pak vznik\u00e1 kvalitn\u00ed a z\u00e1rove\u0148 velmi modern\u00ed n\u00e1bytek. Barevn\u00e9 kombinace b\u00edl\u00fd lesk, dub Arlington a dub Sand Barbera [&hellip;]<\/p>\n","protected":false},"featured_media":62829,"comment_status":"open","ping_status":"open","template":"","meta":[],"product_brand":[],"product_cat":[47],"product_tag":[],"class_list":{"0":"post-62729","1":"product","2":"type-product","3":"status-publish","4":"has-post-thumbnail","6":"product_cat-specialni-nabidka","8":"first","9":"instock","10":"sale","11":"shipping-taxable","12":"purchasable","13":"product-type-simple"},"yoast_head":"<!-- This site is optimized with the Yoast SEO plugin v26.8 - https:\/\/yoast.com\/product\/yoast-seo-wordpress\/ -->\n<title>Akce Mereo Bino koupelnov\u00e1 sk\u0159\u00ed\u0148ka s dvojumyvadlem z lit\u00e9ho mramoru 121cm, dub Arlington - CN623M -<\/title>\n<meta name=\"robots\" content=\"index, follow, max-snippet:-1, max-image-preview:large, max-video-preview:-1\" \/>\n<link rel=\"canonical\" href=\"https:\/\/www.oknobuild.com\/index.php\/produkt\/akce-mereo-bino-koupelnova-skrinka-s-dvojumyvadlem-z-liteho-mramoru-121cm-dub-arlington-cn623m-62729\/\" \/>\n<meta property=\"og:locale\" content=\"cs_CZ\" \/>\n<meta property=\"og:type\" content=\"article\" \/>\n<meta property=\"og:title\" content=\"Akce Mereo Bino koupelnov\u00e1 sk\u0159\u00ed\u0148ka s dvojumyvadlem z lit\u00e9ho mramoru 121cm, dub Arlington - CN623M -\" \/>\n<meta property=\"og:description\" content=\"Popis produktu Mereo Bino koupelnov\u00e1 sk\u0159\u00ed\u0148ka s dvojumyvadlem z lit\u00e9ho mramoru 121cm, dub Arlington &#8211; CN623M Jednoduchost, efektivnost, elegance. To jsou hlavn\u00ed spole\u010dn\u00e9 jmenovatele koupelnov\u00e9ho n\u00e1bytku Bino, kter\u00fd ozdob\u00ed ka\u017edou koupelnu. D\u00edky kombinaci inovac\u00ed a spolehliv\u00e9ho p\u0159\u00edstupu, pak vznik\u00e1 kvalitn\u00ed a z\u00e1rove\u0148 velmi modern\u00ed n\u00e1bytek. Barevn\u00e9 kombinace b\u00edl\u00fd lesk, dub Arlington a dub Sand Barbera [&hellip;]\" \/>\n<meta property=\"og:url\" content=\"https:\/\/www.oknobuild.com\/index.php\/produkt\/akce-mereo-bino-koupelnova-skrinka-s-dvojumyvadlem-z-liteho-mramoru-121cm-dub-arlington-cn623m-62729\/\" \/>\n<meta property=\"og:image\" content=\"https:\/\/www.oknobuild.com\/wp-content\/uploads\/2026\/SK0021809-CZ20260425-092632-0-1777080397-mereo-bino-koupelnova-skrinka-s-dvojumyvadlem-z-liteho-mram.webp\" \/>\n\t<meta property=\"og:image:width\" content=\"600\" \/>\n\t<meta property=\"og:image:height\" content=\"600\" \/>\n\t<meta property=\"og:image:type\" content=\"image\/webp\" \/>\n<meta name=\"twitter:card\" content=\"summary_large_image\" \/>\n<meta name=\"twitter:label1\" content=\"Odhadovan\u00e1 doba \u010dten\u00ed\" \/>\n\t<meta name=\"twitter:data1\" content=\"1 minuta\" \/>\n<script type=\"application\/ld+json\" class=\"yoast-schema-graph\">{\"@context\":\"https:\/\/schema.org\",\"@graph\":[{\"@type\":\"WebPage\",\"@id\":\"https:\/\/www.oknobuild.com\/index.php\/produkt\/akce-mereo-bino-koupelnova-skrinka-s-dvojumyvadlem-z-liteho-mramoru-121cm-dub-arlington-cn623m-62729\/\",\"url\":\"https:\/\/www.oknobuild.com\/index.php\/produkt\/akce-mereo-bino-koupelnova-skrinka-s-dvojumyvadlem-z-liteho-mramoru-121cm-dub-arlington-cn623m-62729\/\",\"name\":\"Akce Mereo Bino koupelnov\u00e1 sk\u0159\u00ed\u0148ka s dvojumyvadlem z lit\u00e9ho mramoru 121cm, dub Arlington - CN623M -\",\"isPartOf\":{\"@id\":\"https:\/\/www.oknobuild.com\/#website\"},\"primaryImageOfPage\":{\"@id\":\"https:\/\/www.oknobuild.com\/index.php\/produkt\/akce-mereo-bino-koupelnova-skrinka-s-dvojumyvadlem-z-liteho-mramoru-121cm-dub-arlington-cn623m-62729\/#primaryimage\"},\"image\":{\"@id\":\"https:\/\/www.oknobuild.com\/index.php\/produkt\/akce-mereo-bino-koupelnova-skrinka-s-dvojumyvadlem-z-liteho-mramoru-121cm-dub-arlington-cn623m-62729\/#primaryimage\"},\"thumbnailUrl\":\"https:\/\/www.oknobuild.com\/wp-content\/uploads\/2026\/SK0021809-CZ20260425-092632-0-1777080397-mereo-bino-koupelnova-skrinka-s-dvojumyvadlem-z-liteho-mram.webp\",\"datePublished\":\"2026-04-27T04:43:24+00:00\",\"breadcrumb\":{\"@id\":\"https:\/\/www.oknobuild.com\/index.php\/produkt\/akce-mereo-bino-koupelnova-skrinka-s-dvojumyvadlem-z-liteho-mramoru-121cm-dub-arlington-cn623m-62729\/#breadcrumb\"},\"inLanguage\":\"cs\",\"potentialAction\":[{\"@type\":\"ReadAction\",\"target\":[\"https:\/\/www.oknobuild.com\/index.php\/produkt\/akce-mereo-bino-koupelnova-skrinka-s-dvojumyvadlem-z-liteho-mramoru-121cm-dub-arlington-cn623m-62729\/\"]}]},{\"@type\":\"ImageObject\",\"inLanguage\":\"cs\",\"@id\":\"https:\/\/www.oknobuild.com\/index.php\/produkt\/akce-mereo-bino-koupelnova-skrinka-s-dvojumyvadlem-z-liteho-mramoru-121cm-dub-arlington-cn623m-62729\/#primaryimage\",\"url\":\"https:\/\/www.oknobuild.com\/wp-content\/uploads\/2026\/SK0021809-CZ20260425-092632-0-1777080397-mereo-bino-koupelnova-skrinka-s-dvojumyvadlem-z-liteho-mram.webp\",\"contentUrl\":\"https:\/\/www.oknobuild.com\/wp-content\/uploads\/2026\/SK0021809-CZ20260425-092632-0-1777080397-mereo-bino-koupelnova-skrinka-s-dvojumyvadlem-z-liteho-mram.webp\",\"width\":600,\"height\":600},{\"@type\":\"BreadcrumbList\",\"@id\":\"https:\/\/www.oknobuild.com\/index.php\/produkt\/akce-mereo-bino-koupelnova-skrinka-s-dvojumyvadlem-z-liteho-mramoru-121cm-dub-arlington-cn623m-62729\/#breadcrumb\",\"itemListElement\":[{\"@type\":\"ListItem\",\"position\":1,\"name\":\"Home\",\"item\":\"https:\/\/www.oknobuild.com\/\"},{\"@type\":\"ListItem\",\"position\":2,\"name\":\"Products\",\"item\":\"https:\/\/www.oknobuild.com\/index.php\/products\/\"},{\"@type\":\"ListItem\",\"position\":3,\"name\":\"Akce Mereo Bino koupelnov\u00e1 sk\u0159\u00ed\u0148ka s dvojumyvadlem z lit\u00e9ho mramoru 121cm, dub Arlington &#8211; CN623M\"}]},{\"@type\":\"WebSite\",\"@id\":\"https:\/\/www.oknobuild.com\/#website\",\"url\":\"https:\/\/www.oknobuild.com\/\",\"name\":\"\",\"description\":\"\",\"potentialAction\":[{\"@type\":\"SearchAction\",\"target\":{\"@type\":\"EntryPoint\",\"urlTemplate\":\"https:\/\/www.oknobuild.com\/?s={search_term_string}\"},\"query-input\":{\"@type\":\"PropertyValueSpecification\",\"valueRequired\":true,\"valueName\":\"search_term_string\"}}],\"inLanguage\":\"cs\"}]}<\/script>\n<!-- \/ Yoast SEO plugin. -->","yoast_head_json":{"title":"Akce Mereo Bino koupelnov\u00e1 sk\u0159\u00ed\u0148ka s dvojumyvadlem z lit\u00e9ho mramoru 121cm, dub Arlington - CN623M -","robots":{"index":"index","follow":"follow","max-snippet":"max-snippet:-1","max-image-preview":"max-image-preview:large","max-video-preview":"max-video-preview:-1"},"canonical":"https:\/\/www.oknobuild.com\/index.php\/produkt\/akce-mereo-bino-koupelnova-skrinka-s-dvojumyvadlem-z-liteho-mramoru-121cm-dub-arlington-cn623m-62729\/","og_locale":"cs_CZ","og_type":"article","og_title":"Akce Mereo Bino koupelnov\u00e1 sk\u0159\u00ed\u0148ka s dvojumyvadlem z lit\u00e9ho mramoru 121cm, dub Arlington - CN623M -","og_description":"Popis produktu Mereo Bino koupelnov\u00e1 sk\u0159\u00ed\u0148ka s dvojumyvadlem z lit\u00e9ho mramoru 121cm, dub Arlington &#8211; CN623M Jednoduchost, efektivnost, elegance. To jsou hlavn\u00ed spole\u010dn\u00e9 jmenovatele koupelnov\u00e9ho n\u00e1bytku Bino, kter\u00fd ozdob\u00ed ka\u017edou koupelnu. D\u00edky kombinaci inovac\u00ed a spolehliv\u00e9ho p\u0159\u00edstupu, pak vznik\u00e1 kvalitn\u00ed a z\u00e1rove\u0148 velmi modern\u00ed n\u00e1bytek. Barevn\u00e9 kombinace b\u00edl\u00fd lesk, dub Arlington a dub Sand Barbera [&hellip;]","og_url":"https:\/\/www.oknobuild.com\/index.php\/produkt\/akce-mereo-bino-koupelnova-skrinka-s-dvojumyvadlem-z-liteho-mramoru-121cm-dub-arlington-cn623m-62729\/","og_image":[{"width":600,"height":600,"url":"https:\/\/www.oknobuild.com\/wp-content\/uploads\/2026\/SK0021809-CZ20260425-092632-0-1777080397-mereo-bino-koupelnova-skrinka-s-dvojumyvadlem-z-liteho-mram.webp","type":"image\/webp"}],"twitter_card":"summary_large_image","twitter_misc":{"Odhadovan\u00e1 doba \u010dten\u00ed":"1 minuta"},"schema":{"@context":"https:\/\/schema.org","@graph":[{"@type":"WebPage","@id":"https:\/\/www.oknobuild.com\/index.php\/produkt\/akce-mereo-bino-koupelnova-skrinka-s-dvojumyvadlem-z-liteho-mramoru-121cm-dub-arlington-cn623m-62729\/","url":"https:\/\/www.oknobuild.com\/index.php\/produkt\/akce-mereo-bino-koupelnova-skrinka-s-dvojumyvadlem-z-liteho-mramoru-121cm-dub-arlington-cn623m-62729\/","name":"Akce Mereo Bino koupelnov\u00e1 sk\u0159\u00ed\u0148ka s dvojumyvadlem z lit\u00e9ho mramoru 121cm, dub Arlington - CN623M -","isPartOf":{"@id":"https:\/\/www.oknobuild.com\/#website"},"primaryImageOfPage":{"@id":"https:\/\/www.oknobuild.com\/index.php\/produkt\/akce-mereo-bino-koupelnova-skrinka-s-dvojumyvadlem-z-liteho-mramoru-121cm-dub-arlington-cn623m-62729\/#primaryimage"},"image":{"@id":"https:\/\/www.oknobuild.com\/index.php\/produkt\/akce-mereo-bino-koupelnova-skrinka-s-dvojumyvadlem-z-liteho-mramoru-121cm-dub-arlington-cn623m-62729\/#primaryimage"},"thumbnailUrl":"https:\/\/www.oknobuild.com\/wp-content\/uploads\/2026\/SK0021809-CZ20260425-092632-0-1777080397-mereo-bino-koupelnova-skrinka-s-dvojumyvadlem-z-liteho-mram.webp","datePublished":"2026-04-27T04:43:24+00:00","breadcrumb":{"@id":"https:\/\/www.oknobuild.com\/index.php\/produkt\/akce-mereo-bino-koupelnova-skrinka-s-dvojumyvadlem-z-liteho-mramoru-121cm-dub-arlington-cn623m-62729\/#breadcrumb"},"inLanguage":"cs","potentialAction":[{"@type":"ReadAction","target":["https:\/\/www.oknobuild.com\/index.php\/produkt\/akce-mereo-bino-koupelnova-skrinka-s-dvojumyvadlem-z-liteho-mramoru-121cm-dub-arlington-cn623m-62729\/"]}]},{"@type":"ImageObject","inLanguage":"cs","@id":"https:\/\/www.oknobuild.com\/index.php\/produkt\/akce-mereo-bino-koupelnova-skrinka-s-dvojumyvadlem-z-liteho-mramoru-121cm-dub-arlington-cn623m-62729\/#primaryimage","url":"https:\/\/www.oknobuild.com\/wp-content\/uploads\/2026\/SK0021809-CZ20260425-092632-0-1777080397-mereo-bino-koupelnova-skrinka-s-dvojumyvadlem-z-liteho-mram.webp","contentUrl":"https:\/\/www.oknobuild.com\/wp-content\/uploads\/2026\/SK0021809-CZ20260425-092632-0-1777080397-mereo-bino-koupelnova-skrinka-s-dvojumyvadlem-z-liteho-mram.webp","width":600,"height":600},{"@type":"BreadcrumbList","@id":"https:\/\/www.oknobuild.com\/index.php\/produkt\/akce-mereo-bino-koupelnova-skrinka-s-dvojumyvadlem-z-liteho-mramoru-121cm-dub-arlington-cn623m-62729\/#breadcrumb","itemListElement":[{"@type":"ListItem","position":1,"name":"Home","item":"https:\/\/www.oknobuild.com\/"},{"@type":"ListItem","position":2,"name":"Products","item":"https:\/\/www.oknobuild.com\/index.php\/products\/"},{"@type":"ListItem","position":3,"name":"Akce Mereo Bino koupelnov\u00e1 sk\u0159\u00ed\u0148ka s dvojumyvadlem z lit\u00e9ho mramoru 121cm, dub Arlington &#8211; CN623M"}]},{"@type":"WebSite","@id":"https:\/\/www.oknobuild.com\/#website","url":"https:\/\/www.oknobuild.com\/","name":"","description":"","potentialAction":[{"@type":"SearchAction","target":{"@type":"EntryPoint","urlTemplate":"https:\/\/www.oknobuild.com\/?s={search_term_string}"},"query-input":{"@type":"PropertyValueSpecification","valueRequired":true,"valueName":"search_term_string"}}],"inLanguage":"cs"}]}},"_links":{"self":[{"href":"https:\/\/www.oknobuild.com\/index.php\/wp-json\/wp\/v2\/product\/62729","targetHints":{"allow":["GET"]}}],"collection":[{"href":"https:\/\/www.oknobuild.com\/index.php\/wp-json\/wp\/v2\/product"}],"about":[{"href":"https:\/\/www.oknobuild.com\/index.php\/wp-json\/wp\/v2\/types\/product"}],"replies":[{"embeddable":true,"href":"https:\/\/www.oknobuild.com\/index.php\/wp-json\/wp\/v2\/comments?post=62729"}],"wp:featuredmedia":[{"embeddable":true,"href":"https:\/\/www.oknobuild.com\/index.php\/wp-json\/wp\/v2\/media\/62829"}],"wp:attachment":[{"href":"https:\/\/www.oknobuild.com\/index.php\/wp-json\/wp\/v2\/media?parent=62729"}],"wp:term":[{"taxonomy":"product_brand","embeddable":true,"href":"https:\/\/www.oknobuild.com\/index.php\/wp-json\/wp\/v2\/product_brand?post=62729"},{"taxonomy":"product_cat","embeddable":true,"href":"https:\/\/www.oknobuild.com\/index.php\/wp-json\/wp\/v2\/product_cat?post=62729"},{"taxonomy":"product_tag","embeddable":true,"href":"https:\/\/www.oknobuild.com\/index.php\/wp-json\/wp\/v2\/product_tag?post=62729"}],"curies":[{"name":"wp","href":"https:\/\/api.w.org\/{rel}","templated":true}]}}