{"id":63558,"date":"2026-04-27T04:43:26","date_gmt":"2026-04-27T04:43:26","guid":{"rendered":""},"modified":"2026-04-27T04:43:26","modified_gmt":"2026-04-27T04:43:26","slug":"zlevneny-hg-cistic-oken-hgco-63558","status":"publish","type":"product","link":"https:\/\/www.oknobuild.com\/index.php\/produkt\/zlevneny-hg-cistic-oken-hgco-63558\/","title":{"rendered":"Zlevn\u011bn\u00fd HG \u010disti\u010d oken HGCO"},"content":{"rendered":"<div class=\"ProductDetail-content NoFixImageContainer\" id=\"productDescription\">\n<div class=\"Heading\">\n<h2 class=\"Heading-title\">Popis produktu <span class=''>HG \u010disti\u010d oken HGCO<\/span><\/h2>\n<\/p><\/div>\n<div class=\"ProductDetailContent\">\n<p>HG \u010disti\u010d oken je velmi koncentrovan\u00fd v\u00fdrobek, kter\u00fd \u010dist\u00ed a odma\u0161\u0165uje velice intenzivn\u011b a nezanech\u00e1v\u00e1 naprosto \u017e\u00e1dn\u00e9 \u0161mouhy a p\u0159itom neobsahuje amoniak ani l\u00edh. Nen\u00ed to n\u00e1hodou, \u017ee tento v\u00fdrobek pou\u017e\u00edvaj\u00ed profesion\u00e1ln\u00ed my\u010di oken. HG \u010disti\u010d oken vyhovuje v\u0161em profesion\u00e1ln\u00edm po\u017eadavk\u016fm a nav\u00edc m\u00e1 tento v\u00fdrobek neutr\u00e1ln\u00ed pH, tak\u017ee nepo\u0161kozuje barvu, lak ani um\u011blou hmotu a je jemn\u00fd k poko\u017ece rukou.<\/p>\n<p>HG \u010disti\u010d oken je velice \u00fasporn\u00fd v d\u00e1vkov\u00e1n\u00ed, nebo\u0165 jedno balen\u00ed o obsahu 500 ml vysta\u010d\u00ed na nejm\u00e9n\u011b 35 myt\u00ed oken. D\u00e1vkujte po 15 ml (2 a\u017e 3 \u010dajov\u00e9 l\u017ei\u010dky) HG \u010disti\u010d oken do k\u00fdble napln\u011bn\u00e9ho do poloviny vla\u017enou vodou. Pro dosa\u017een\u00ed lep\u0161\u00edho v\u00fdsledku um\u00fdvejte okna kruhov\u00fdmi pohyby. P\u0159i st\u00edr\u00e1n\u00ed vody st\u011brkou se st\u00edran\u00e9 p\u00e1sy maj\u00ed p\u0159ekr\u00fdvat, st\u011brku po ka\u017ed\u00e9m jednotliv\u00e9m set\u0159en\u00ed vysu\u0161te hadrem. Nikdy nemyjte okna na p\u0159\u00edm\u00e9m slunci. Na velice \u0161pinav\u00e1 m\u00edsta lze pou\u017e\u00edt HG \u010disti\u010d oken v nez\u0159ed\u011bn\u00e9 koncentraci. Naneste trochu prost\u0159edku na houbu a poklepejte j\u00ed skvrnu. Nechte chv\u00edli p\u016fsobit a opl\u00e1chn\u011bte vodou.<\/p>\n<\/p><\/div>\n<div class=\"ProductDetailContent\">                                                                    <\/div>\n<\/p><\/div>\n<\/p><\/div>\n<\/p><\/div>\n","protected":false},"excerpt":{"rendered":"<p>Popis produktu HG \u010disti\u010d oken HGCO HG \u010disti\u010d oken je velmi koncentrovan\u00fd v\u00fdrobek, kter\u00fd \u010dist\u00ed a odma\u0161\u0165uje velice intenzivn\u011b a nezanech\u00e1v\u00e1 naprosto \u017e\u00e1dn\u00e9 \u0161mouhy a p\u0159itom neobsahuje amoniak ani l\u00edh. Nen\u00ed to n\u00e1hodou, \u017ee tento v\u00fdrobek pou\u017e\u00edvaj\u00ed profesion\u00e1ln\u00ed my\u010di oken. HG \u010disti\u010d oken vyhovuje v\u0161em profesion\u00e1ln\u00edm po\u017eadavk\u016fm a nav\u00edc m\u00e1 tento v\u00fdrobek neutr\u00e1ln\u00ed pH, tak\u017ee [&hellip;]<\/p>\n","protected":false},"featured_media":63658,"comment_status":"open","ping_status":"open","template":"","meta":[],"product_brand":[],"product_cat":[65],"product_tag":[],"class_list":{"0":"post-63558","1":"product","2":"type-product","3":"status-publish","4":"has-post-thumbnail","6":"product_cat-koupelny","8":"first","9":"instock","10":"sale","11":"shipping-taxable","12":"purchasable","13":"product-type-simple"},"yoast_head":"<!-- This site is optimized with the Yoast SEO plugin v26.8 - https:\/\/yoast.com\/product\/yoast-seo-wordpress\/ -->\n<title>Zlevn\u011bn\u00fd HG \u010disti\u010d oken HGCO -<\/title>\n<meta name=\"robots\" content=\"index, follow, max-snippet:-1, max-image-preview:large, max-video-preview:-1\" \/>\n<link rel=\"canonical\" href=\"https:\/\/www.oknobuild.com\/index.php\/produkt\/zlevneny-hg-cistic-oken-hgco-63558\/\" \/>\n<meta property=\"og:locale\" content=\"cs_CZ\" \/>\n<meta property=\"og:type\" content=\"article\" \/>\n<meta property=\"og:title\" content=\"Zlevn\u011bn\u00fd HG \u010disti\u010d oken HGCO -\" \/>\n<meta property=\"og:description\" content=\"Popis produktu HG \u010disti\u010d oken HGCO HG \u010disti\u010d oken je velmi koncentrovan\u00fd v\u00fdrobek, kter\u00fd \u010dist\u00ed a odma\u0161\u0165uje velice intenzivn\u011b a nezanech\u00e1v\u00e1 naprosto \u017e\u00e1dn\u00e9 \u0161mouhy a p\u0159itom neobsahuje amoniak ani l\u00edh. Nen\u00ed to n\u00e1hodou, \u017ee tento v\u00fdrobek pou\u017e\u00edvaj\u00ed profesion\u00e1ln\u00ed my\u010di oken. HG \u010disti\u010d oken vyhovuje v\u0161em profesion\u00e1ln\u00edm po\u017eadavk\u016fm a nav\u00edc m\u00e1 tento v\u00fdrobek neutr\u00e1ln\u00ed pH, tak\u017ee [&hellip;]\" \/>\n<meta property=\"og:url\" content=\"https:\/\/www.oknobuild.com\/index.php\/produkt\/zlevneny-hg-cistic-oken-hgco-63558\/\" \/>\n<meta property=\"og:image\" content=\"https:\/\/www.oknobuild.com\/wp-content\/uploads\/2026\/SK0022248-CZ20260425-092632-0-1777080397-hg-cistic-oken-hgco-955514.webp\" \/>\n\t<meta property=\"og:image:width\" content=\"600\" \/>\n\t<meta property=\"og:image:height\" content=\"600\" \/>\n\t<meta property=\"og:image:type\" content=\"image\/webp\" \/>\n<meta name=\"twitter:card\" content=\"summary_large_image\" \/>\n<meta name=\"twitter:label1\" content=\"Odhadovan\u00e1 doba \u010dten\u00ed\" \/>\n\t<meta name=\"twitter:data1\" content=\"1 minuta\" \/>\n<script type=\"application\/ld+json\" class=\"yoast-schema-graph\">{\"@context\":\"https:\/\/schema.org\",\"@graph\":[{\"@type\":\"WebPage\",\"@id\":\"https:\/\/www.oknobuild.com\/index.php\/produkt\/zlevneny-hg-cistic-oken-hgco-63558\/\",\"url\":\"https:\/\/www.oknobuild.com\/index.php\/produkt\/zlevneny-hg-cistic-oken-hgco-63558\/\",\"name\":\"Zlevn\u011bn\u00fd HG \u010disti\u010d oken HGCO -\",\"isPartOf\":{\"@id\":\"https:\/\/www.oknobuild.com\/#website\"},\"primaryImageOfPage\":{\"@id\":\"https:\/\/www.oknobuild.com\/index.php\/produkt\/zlevneny-hg-cistic-oken-hgco-63558\/#primaryimage\"},\"image\":{\"@id\":\"https:\/\/www.oknobuild.com\/index.php\/produkt\/zlevneny-hg-cistic-oken-hgco-63558\/#primaryimage\"},\"thumbnailUrl\":\"https:\/\/www.oknobuild.com\/wp-content\/uploads\/2026\/SK0022248-CZ20260425-092632-0-1777080397-hg-cistic-oken-hgco-955514.webp\",\"datePublished\":\"2026-04-27T04:43:26+00:00\",\"breadcrumb\":{\"@id\":\"https:\/\/www.oknobuild.com\/index.php\/produkt\/zlevneny-hg-cistic-oken-hgco-63558\/#breadcrumb\"},\"inLanguage\":\"cs\",\"potentialAction\":[{\"@type\":\"ReadAction\",\"target\":[\"https:\/\/www.oknobuild.com\/index.php\/produkt\/zlevneny-hg-cistic-oken-hgco-63558\/\"]}]},{\"@type\":\"ImageObject\",\"inLanguage\":\"cs\",\"@id\":\"https:\/\/www.oknobuild.com\/index.php\/produkt\/zlevneny-hg-cistic-oken-hgco-63558\/#primaryimage\",\"url\":\"https:\/\/www.oknobuild.com\/wp-content\/uploads\/2026\/SK0022248-CZ20260425-092632-0-1777080397-hg-cistic-oken-hgco-955514.webp\",\"contentUrl\":\"https:\/\/www.oknobuild.com\/wp-content\/uploads\/2026\/SK0022248-CZ20260425-092632-0-1777080397-hg-cistic-oken-hgco-955514.webp\",\"width\":600,\"height\":600},{\"@type\":\"BreadcrumbList\",\"@id\":\"https:\/\/www.oknobuild.com\/index.php\/produkt\/zlevneny-hg-cistic-oken-hgco-63558\/#breadcrumb\",\"itemListElement\":[{\"@type\":\"ListItem\",\"position\":1,\"name\":\"Home\",\"item\":\"https:\/\/www.oknobuild.com\/\"},{\"@type\":\"ListItem\",\"position\":2,\"name\":\"Products\",\"item\":\"https:\/\/www.oknobuild.com\/index.php\/products\/\"},{\"@type\":\"ListItem\",\"position\":3,\"name\":\"Zlevn\u011bn\u00fd HG \u010disti\u010d oken HGCO\"}]},{\"@type\":\"WebSite\",\"@id\":\"https:\/\/www.oknobuild.com\/#website\",\"url\":\"https:\/\/www.oknobuild.com\/\",\"name\":\"\",\"description\":\"\",\"potentialAction\":[{\"@type\":\"SearchAction\",\"target\":{\"@type\":\"EntryPoint\",\"urlTemplate\":\"https:\/\/www.oknobuild.com\/?s={search_term_string}\"},\"query-input\":{\"@type\":\"PropertyValueSpecification\",\"valueRequired\":true,\"valueName\":\"search_term_string\"}}],\"inLanguage\":\"cs\"}]}<\/script>\n<!-- \/ Yoast SEO plugin. -->","yoast_head_json":{"title":"Zlevn\u011bn\u00fd HG \u010disti\u010d oken HGCO -","robots":{"index":"index","follow":"follow","max-snippet":"max-snippet:-1","max-image-preview":"max-image-preview:large","max-video-preview":"max-video-preview:-1"},"canonical":"https:\/\/www.oknobuild.com\/index.php\/produkt\/zlevneny-hg-cistic-oken-hgco-63558\/","og_locale":"cs_CZ","og_type":"article","og_title":"Zlevn\u011bn\u00fd HG \u010disti\u010d oken HGCO -","og_description":"Popis produktu HG \u010disti\u010d oken HGCO HG \u010disti\u010d oken je velmi koncentrovan\u00fd v\u00fdrobek, kter\u00fd \u010dist\u00ed a odma\u0161\u0165uje velice intenzivn\u011b a nezanech\u00e1v\u00e1 naprosto \u017e\u00e1dn\u00e9 \u0161mouhy a p\u0159itom neobsahuje amoniak ani l\u00edh. Nen\u00ed to n\u00e1hodou, \u017ee tento v\u00fdrobek pou\u017e\u00edvaj\u00ed profesion\u00e1ln\u00ed my\u010di oken. HG \u010disti\u010d oken vyhovuje v\u0161em profesion\u00e1ln\u00edm po\u017eadavk\u016fm a nav\u00edc m\u00e1 tento v\u00fdrobek neutr\u00e1ln\u00ed pH, tak\u017ee [&hellip;]","og_url":"https:\/\/www.oknobuild.com\/index.php\/produkt\/zlevneny-hg-cistic-oken-hgco-63558\/","og_image":[{"width":600,"height":600,"url":"https:\/\/www.oknobuild.com\/wp-content\/uploads\/2026\/SK0022248-CZ20260425-092632-0-1777080397-hg-cistic-oken-hgco-955514.webp","type":"image\/webp"}],"twitter_card":"summary_large_image","twitter_misc":{"Odhadovan\u00e1 doba \u010dten\u00ed":"1 minuta"},"schema":{"@context":"https:\/\/schema.org","@graph":[{"@type":"WebPage","@id":"https:\/\/www.oknobuild.com\/index.php\/produkt\/zlevneny-hg-cistic-oken-hgco-63558\/","url":"https:\/\/www.oknobuild.com\/index.php\/produkt\/zlevneny-hg-cistic-oken-hgco-63558\/","name":"Zlevn\u011bn\u00fd HG \u010disti\u010d oken HGCO -","isPartOf":{"@id":"https:\/\/www.oknobuild.com\/#website"},"primaryImageOfPage":{"@id":"https:\/\/www.oknobuild.com\/index.php\/produkt\/zlevneny-hg-cistic-oken-hgco-63558\/#primaryimage"},"image":{"@id":"https:\/\/www.oknobuild.com\/index.php\/produkt\/zlevneny-hg-cistic-oken-hgco-63558\/#primaryimage"},"thumbnailUrl":"https:\/\/www.oknobuild.com\/wp-content\/uploads\/2026\/SK0022248-CZ20260425-092632-0-1777080397-hg-cistic-oken-hgco-955514.webp","datePublished":"2026-04-27T04:43:26+00:00","breadcrumb":{"@id":"https:\/\/www.oknobuild.com\/index.php\/produkt\/zlevneny-hg-cistic-oken-hgco-63558\/#breadcrumb"},"inLanguage":"cs","potentialAction":[{"@type":"ReadAction","target":["https:\/\/www.oknobuild.com\/index.php\/produkt\/zlevneny-hg-cistic-oken-hgco-63558\/"]}]},{"@type":"ImageObject","inLanguage":"cs","@id":"https:\/\/www.oknobuild.com\/index.php\/produkt\/zlevneny-hg-cistic-oken-hgco-63558\/#primaryimage","url":"https:\/\/www.oknobuild.com\/wp-content\/uploads\/2026\/SK0022248-CZ20260425-092632-0-1777080397-hg-cistic-oken-hgco-955514.webp","contentUrl":"https:\/\/www.oknobuild.com\/wp-content\/uploads\/2026\/SK0022248-CZ20260425-092632-0-1777080397-hg-cistic-oken-hgco-955514.webp","width":600,"height":600},{"@type":"BreadcrumbList","@id":"https:\/\/www.oknobuild.com\/index.php\/produkt\/zlevneny-hg-cistic-oken-hgco-63558\/#breadcrumb","itemListElement":[{"@type":"ListItem","position":1,"name":"Home","item":"https:\/\/www.oknobuild.com\/"},{"@type":"ListItem","position":2,"name":"Products","item":"https:\/\/www.oknobuild.com\/index.php\/products\/"},{"@type":"ListItem","position":3,"name":"Zlevn\u011bn\u00fd HG \u010disti\u010d oken HGCO"}]},{"@type":"WebSite","@id":"https:\/\/www.oknobuild.com\/#website","url":"https:\/\/www.oknobuild.com\/","name":"","description":"","potentialAction":[{"@type":"SearchAction","target":{"@type":"EntryPoint","urlTemplate":"https:\/\/www.oknobuild.com\/?s={search_term_string}"},"query-input":{"@type":"PropertyValueSpecification","valueRequired":true,"valueName":"search_term_string"}}],"inLanguage":"cs"}]}},"_links":{"self":[{"href":"https:\/\/www.oknobuild.com\/index.php\/wp-json\/wp\/v2\/product\/63558","targetHints":{"allow":["GET"]}}],"collection":[{"href":"https:\/\/www.oknobuild.com\/index.php\/wp-json\/wp\/v2\/product"}],"about":[{"href":"https:\/\/www.oknobuild.com\/index.php\/wp-json\/wp\/v2\/types\/product"}],"replies":[{"embeddable":true,"href":"https:\/\/www.oknobuild.com\/index.php\/wp-json\/wp\/v2\/comments?post=63558"}],"wp:featuredmedia":[{"embeddable":true,"href":"https:\/\/www.oknobuild.com\/index.php\/wp-json\/wp\/v2\/media\/63658"}],"wp:attachment":[{"href":"https:\/\/www.oknobuild.com\/index.php\/wp-json\/wp\/v2\/media?parent=63558"}],"wp:term":[{"taxonomy":"product_brand","embeddable":true,"href":"https:\/\/www.oknobuild.com\/index.php\/wp-json\/wp\/v2\/product_brand?post=63558"},{"taxonomy":"product_cat","embeddable":true,"href":"https:\/\/www.oknobuild.com\/index.php\/wp-json\/wp\/v2\/product_cat?post=63558"},{"taxonomy":"product_tag","embeddable":true,"href":"https:\/\/www.oknobuild.com\/index.php\/wp-json\/wp\/v2\/product_tag?post=63558"}],"curies":[{"name":"wp","href":"https:\/\/api.w.org\/{rel}","templated":true}]}}