{"id":63693,"date":"2026-04-27T04:43:26","date_gmt":"2026-04-27T04:43:26","guid":{"rendered":""},"modified":"2026-04-27T04:43:26","modified_gmt":"2026-04-27T04:43:26","slug":"znackovy-multi-davkovac-mydla-nastenny-500ml-nerez-dm500nrz-63693","status":"publish","type":"product","link":"https:\/\/www.oknobuild.com\/index.php\/produkt\/znackovy-multi-davkovac-mydla-nastenny-500ml-nerez-dm500nrz-63693\/","title":{"rendered":"Zna\u010dkov\u00fd Multi D\u00e1vkova\u010d m\u00fddla n\u00e1st\u011bnn\u00fd 500ml nerez DM500NRZ"},"content":{"rendered":"<div class=\"ProductDetail-content NoFixImageContainer\" id=\"productDescription\">\n<div class=\"Heading\">\n<h2 class=\"Heading-title\">Popis produktu <span class=''>Multi D\u00e1vkova\u010d m\u00fddla n\u00e1st\u011bnn\u00fd 500ml nerez DM500NRZ<\/span><\/h2>\n<\/p><\/div>\n<div class=\"ProductDetailContent\">\n<div class=\"ng-star-inserted product-description-tab siko-cms-content\">\n<p><strong>Elegantn\u00ed d\u00e1vkova\u010d m\u00fddla<\/strong><\/p>\n<ul>\n<li>V\u00fd\u0161ka 150 mm, \u0161\u00ed\u0159ka 95 mm, jednod\u00edln\u00fd<\/li>\n<li>Vyrobeno z kvalitn\u00ed le\u0161t\u011bn\u00e9 nerezov\u00e9 oceli<\/li>\n<li><strong>Objem d\u00e1vkova\u010de 500 ml<\/strong><\/li>\n<li><strong>N\u00e1hradn\u00ed pumpi\u010dka<\/strong> lze objednat pod k\u00f3dem NDPUMPNRZ<\/li>\n<\/ul>\n<p><strong><strong>N\u00e1vod k pou\u017eit\u00ed:<\/strong><\/strong><\/p>\n<p>Do d\u00e1vkova\u010d\u016f doporu\u010dujeme pou\u017e\u00edvat pouze lehce parfemovan\u00e1 tekut\u00e1 m\u00fddla bez abrazivn\u00edch slo\u017eek a agresivn\u00edch rozpou\u0161t\u011bdel.<\/p>\n<p>Doporu\u010dujeme opakovan\u011b pou\u017e\u00edvat m\u00fddla stejn\u00e9 zna\u010dky a v\u00fdrobce.<\/p>\n<p>Nedoporu\u010dujeme pou\u017e\u00edvat vysoce p\u011bniv\u00e1 m\u00fddla.<\/p>\n<p>P\u0159i zm\u011bn\u011b zna\u010dky m\u00fddla \u0159\u00e1dn\u011b vypl\u00e1chn\u011bte n\u00e1dobku a d\u00e1vkovac\u00ed za\u0159\u00edzen\u00ed (pumpi\u010dku) teplou vodou, a to tak, aby se odstranilo st\u00e1vaj\u00edc\u00ed m\u00fddlo a jeho ztuhl\u00e9 a zaschl\u00e9 zbytky.<\/p>\n<p><strong>Upozorn\u011bn\u00ed! P\u0159i sm\u00ed\u0161en\u00ed r\u016fzn\u00fdch zna\u010dek m\u00fddel zpravidla doch\u00e1z\u00ed k reakci, kter\u00e1 vede k zacp\u00e1n\u00ed nebo neopraviteln\u00e9mu po\u0161kozen\u00ed d\u00e1vkovac\u00edho za\u0159\u00edzen\u00ed.<\/strong><\/p>\n<\/div><\/div>\n<div class=\"ProductDetailContent\">                                                                    <\/div>\n<\/p><\/div>\n<\/p><\/div>\n<\/p><\/div>\n","protected":false},"excerpt":{"rendered":"<p>Popis produktu Multi D\u00e1vkova\u010d m\u00fddla n\u00e1st\u011bnn\u00fd 500ml nerez DM500NRZ Elegantn\u00ed d\u00e1vkova\u010d m\u00fddla V\u00fd\u0161ka 150 mm, \u0161\u00ed\u0159ka 95 mm, jednod\u00edln\u00fd Vyrobeno z kvalitn\u00ed le\u0161t\u011bn\u00e9 nerezov\u00e9 oceli Objem d\u00e1vkova\u010de 500 ml N\u00e1hradn\u00ed pumpi\u010dka lze objednat pod k\u00f3dem NDPUMPNRZ N\u00e1vod k pou\u017eit\u00ed: Do d\u00e1vkova\u010d\u016f doporu\u010dujeme pou\u017e\u00edvat pouze lehce parfemovan\u00e1 tekut\u00e1 m\u00fddla bez abrazivn\u00edch slo\u017eek a agresivn\u00edch rozpou\u0161t\u011bdel. Doporu\u010dujeme [&hellip;]<\/p>\n","protected":false},"featured_media":63793,"comment_status":"open","ping_status":"open","template":"","meta":[],"product_brand":[],"product_cat":[65],"product_tag":[],"class_list":{"0":"post-63693","1":"product","2":"type-product","3":"status-publish","4":"has-post-thumbnail","6":"product_cat-koupelny","8":"first","9":"instock","10":"sale","11":"shipping-taxable","12":"purchasable","13":"product-type-simple"},"yoast_head":"<!-- This site is optimized with the Yoast SEO plugin v26.8 - https:\/\/yoast.com\/product\/yoast-seo-wordpress\/ -->\n<title>Zna\u010dkov\u00fd Multi D\u00e1vkova\u010d m\u00fddla n\u00e1st\u011bnn\u00fd 500ml nerez DM500NRZ -<\/title>\n<meta name=\"robots\" content=\"index, follow, max-snippet:-1, max-image-preview:large, max-video-preview:-1\" \/>\n<link rel=\"canonical\" href=\"https:\/\/www.oknobuild.com\/index.php\/produkt\/znackovy-multi-davkovac-mydla-nastenny-500ml-nerez-dm500nrz-63693\/\" \/>\n<meta property=\"og:locale\" content=\"cs_CZ\" \/>\n<meta property=\"og:type\" content=\"article\" \/>\n<meta property=\"og:title\" content=\"Zna\u010dkov\u00fd Multi D\u00e1vkova\u010d m\u00fddla n\u00e1st\u011bnn\u00fd 500ml nerez DM500NRZ -\" \/>\n<meta property=\"og:description\" content=\"Popis produktu Multi D\u00e1vkova\u010d m\u00fddla n\u00e1st\u011bnn\u00fd 500ml nerez DM500NRZ Elegantn\u00ed d\u00e1vkova\u010d m\u00fddla V\u00fd\u0161ka 150 mm, \u0161\u00ed\u0159ka 95 mm, jednod\u00edln\u00fd Vyrobeno z kvalitn\u00ed le\u0161t\u011bn\u00e9 nerezov\u00e9 oceli Objem d\u00e1vkova\u010de 500 ml N\u00e1hradn\u00ed pumpi\u010dka lze objednat pod k\u00f3dem NDPUMPNRZ N\u00e1vod k pou\u017eit\u00ed: Do d\u00e1vkova\u010d\u016f doporu\u010dujeme pou\u017e\u00edvat pouze lehce parfemovan\u00e1 tekut\u00e1 m\u00fddla bez abrazivn\u00edch slo\u017eek a agresivn\u00edch rozpou\u0161t\u011bdel. Doporu\u010dujeme [&hellip;]\" \/>\n<meta property=\"og:url\" content=\"https:\/\/www.oknobuild.com\/index.php\/produkt\/znackovy-multi-davkovac-mydla-nastenny-500ml-nerez-dm500nrz-63693\/\" \/>\n<meta property=\"og:image\" content=\"https:\/\/www.oknobuild.com\/wp-content\/uploads\/2026\/SK0022287-CZ20260425-092632-0-1777080397-multi-davkovac-mydla-nastenny-500ml-nerez-dm500nrz-955904.p.webp\" \/>\n\t<meta property=\"og:image:width\" content=\"342\" \/>\n\t<meta property=\"og:image:height\" content=\"600\" \/>\n\t<meta property=\"og:image:type\" content=\"image\/webp\" \/>\n<meta name=\"twitter:card\" content=\"summary_large_image\" \/>\n<meta name=\"twitter:label1\" content=\"Odhadovan\u00e1 doba \u010dten\u00ed\" \/>\n\t<meta name=\"twitter:data1\" content=\"1 minuta\" \/>\n<script type=\"application\/ld+json\" class=\"yoast-schema-graph\">{\"@context\":\"https:\/\/schema.org\",\"@graph\":[{\"@type\":\"WebPage\",\"@id\":\"https:\/\/www.oknobuild.com\/index.php\/produkt\/znackovy-multi-davkovac-mydla-nastenny-500ml-nerez-dm500nrz-63693\/\",\"url\":\"https:\/\/www.oknobuild.com\/index.php\/produkt\/znackovy-multi-davkovac-mydla-nastenny-500ml-nerez-dm500nrz-63693\/\",\"name\":\"Zna\u010dkov\u00fd Multi D\u00e1vkova\u010d m\u00fddla n\u00e1st\u011bnn\u00fd 500ml nerez DM500NRZ -\",\"isPartOf\":{\"@id\":\"https:\/\/www.oknobuild.com\/#website\"},\"primaryImageOfPage\":{\"@id\":\"https:\/\/www.oknobuild.com\/index.php\/produkt\/znackovy-multi-davkovac-mydla-nastenny-500ml-nerez-dm500nrz-63693\/#primaryimage\"},\"image\":{\"@id\":\"https:\/\/www.oknobuild.com\/index.php\/produkt\/znackovy-multi-davkovac-mydla-nastenny-500ml-nerez-dm500nrz-63693\/#primaryimage\"},\"thumbnailUrl\":\"https:\/\/www.oknobuild.com\/wp-content\/uploads\/2026\/SK0022287-CZ20260425-092632-0-1777080397-multi-davkovac-mydla-nastenny-500ml-nerez-dm500nrz-955904.p.webp\",\"datePublished\":\"2026-04-27T04:43:26+00:00\",\"breadcrumb\":{\"@id\":\"https:\/\/www.oknobuild.com\/index.php\/produkt\/znackovy-multi-davkovac-mydla-nastenny-500ml-nerez-dm500nrz-63693\/#breadcrumb\"},\"inLanguage\":\"cs\",\"potentialAction\":[{\"@type\":\"ReadAction\",\"target\":[\"https:\/\/www.oknobuild.com\/index.php\/produkt\/znackovy-multi-davkovac-mydla-nastenny-500ml-nerez-dm500nrz-63693\/\"]}]},{\"@type\":\"ImageObject\",\"inLanguage\":\"cs\",\"@id\":\"https:\/\/www.oknobuild.com\/index.php\/produkt\/znackovy-multi-davkovac-mydla-nastenny-500ml-nerez-dm500nrz-63693\/#primaryimage\",\"url\":\"https:\/\/www.oknobuild.com\/wp-content\/uploads\/2026\/SK0022287-CZ20260425-092632-0-1777080397-multi-davkovac-mydla-nastenny-500ml-nerez-dm500nrz-955904.p.webp\",\"contentUrl\":\"https:\/\/www.oknobuild.com\/wp-content\/uploads\/2026\/SK0022287-CZ20260425-092632-0-1777080397-multi-davkovac-mydla-nastenny-500ml-nerez-dm500nrz-955904.p.webp\",\"width\":342,\"height\":600},{\"@type\":\"BreadcrumbList\",\"@id\":\"https:\/\/www.oknobuild.com\/index.php\/produkt\/znackovy-multi-davkovac-mydla-nastenny-500ml-nerez-dm500nrz-63693\/#breadcrumb\",\"itemListElement\":[{\"@type\":\"ListItem\",\"position\":1,\"name\":\"Home\",\"item\":\"https:\/\/www.oknobuild.com\/\"},{\"@type\":\"ListItem\",\"position\":2,\"name\":\"Products\",\"item\":\"https:\/\/www.oknobuild.com\/index.php\/products\/\"},{\"@type\":\"ListItem\",\"position\":3,\"name\":\"Zna\u010dkov\u00fd Multi D\u00e1vkova\u010d m\u00fddla n\u00e1st\u011bnn\u00fd 500ml nerez DM500NRZ\"}]},{\"@type\":\"WebSite\",\"@id\":\"https:\/\/www.oknobuild.com\/#website\",\"url\":\"https:\/\/www.oknobuild.com\/\",\"name\":\"\",\"description\":\"\",\"potentialAction\":[{\"@type\":\"SearchAction\",\"target\":{\"@type\":\"EntryPoint\",\"urlTemplate\":\"https:\/\/www.oknobuild.com\/?s={search_term_string}\"},\"query-input\":{\"@type\":\"PropertyValueSpecification\",\"valueRequired\":true,\"valueName\":\"search_term_string\"}}],\"inLanguage\":\"cs\"}]}<\/script>\n<!-- \/ Yoast SEO plugin. -->","yoast_head_json":{"title":"Zna\u010dkov\u00fd Multi D\u00e1vkova\u010d m\u00fddla n\u00e1st\u011bnn\u00fd 500ml nerez DM500NRZ -","robots":{"index":"index","follow":"follow","max-snippet":"max-snippet:-1","max-image-preview":"max-image-preview:large","max-video-preview":"max-video-preview:-1"},"canonical":"https:\/\/www.oknobuild.com\/index.php\/produkt\/znackovy-multi-davkovac-mydla-nastenny-500ml-nerez-dm500nrz-63693\/","og_locale":"cs_CZ","og_type":"article","og_title":"Zna\u010dkov\u00fd Multi D\u00e1vkova\u010d m\u00fddla n\u00e1st\u011bnn\u00fd 500ml nerez DM500NRZ -","og_description":"Popis produktu Multi D\u00e1vkova\u010d m\u00fddla n\u00e1st\u011bnn\u00fd 500ml nerez DM500NRZ Elegantn\u00ed d\u00e1vkova\u010d m\u00fddla V\u00fd\u0161ka 150 mm, \u0161\u00ed\u0159ka 95 mm, jednod\u00edln\u00fd Vyrobeno z kvalitn\u00ed le\u0161t\u011bn\u00e9 nerezov\u00e9 oceli Objem d\u00e1vkova\u010de 500 ml N\u00e1hradn\u00ed pumpi\u010dka lze objednat pod k\u00f3dem NDPUMPNRZ N\u00e1vod k pou\u017eit\u00ed: Do d\u00e1vkova\u010d\u016f doporu\u010dujeme pou\u017e\u00edvat pouze lehce parfemovan\u00e1 tekut\u00e1 m\u00fddla bez abrazivn\u00edch slo\u017eek a agresivn\u00edch rozpou\u0161t\u011bdel. Doporu\u010dujeme [&hellip;]","og_url":"https:\/\/www.oknobuild.com\/index.php\/produkt\/znackovy-multi-davkovac-mydla-nastenny-500ml-nerez-dm500nrz-63693\/","og_image":[{"width":342,"height":600,"url":"https:\/\/www.oknobuild.com\/wp-content\/uploads\/2026\/SK0022287-CZ20260425-092632-0-1777080397-multi-davkovac-mydla-nastenny-500ml-nerez-dm500nrz-955904.p.webp","type":"image\/webp"}],"twitter_card":"summary_large_image","twitter_misc":{"Odhadovan\u00e1 doba \u010dten\u00ed":"1 minuta"},"schema":{"@context":"https:\/\/schema.org","@graph":[{"@type":"WebPage","@id":"https:\/\/www.oknobuild.com\/index.php\/produkt\/znackovy-multi-davkovac-mydla-nastenny-500ml-nerez-dm500nrz-63693\/","url":"https:\/\/www.oknobuild.com\/index.php\/produkt\/znackovy-multi-davkovac-mydla-nastenny-500ml-nerez-dm500nrz-63693\/","name":"Zna\u010dkov\u00fd Multi D\u00e1vkova\u010d m\u00fddla n\u00e1st\u011bnn\u00fd 500ml nerez DM500NRZ -","isPartOf":{"@id":"https:\/\/www.oknobuild.com\/#website"},"primaryImageOfPage":{"@id":"https:\/\/www.oknobuild.com\/index.php\/produkt\/znackovy-multi-davkovac-mydla-nastenny-500ml-nerez-dm500nrz-63693\/#primaryimage"},"image":{"@id":"https:\/\/www.oknobuild.com\/index.php\/produkt\/znackovy-multi-davkovac-mydla-nastenny-500ml-nerez-dm500nrz-63693\/#primaryimage"},"thumbnailUrl":"https:\/\/www.oknobuild.com\/wp-content\/uploads\/2026\/SK0022287-CZ20260425-092632-0-1777080397-multi-davkovac-mydla-nastenny-500ml-nerez-dm500nrz-955904.p.webp","datePublished":"2026-04-27T04:43:26+00:00","breadcrumb":{"@id":"https:\/\/www.oknobuild.com\/index.php\/produkt\/znackovy-multi-davkovac-mydla-nastenny-500ml-nerez-dm500nrz-63693\/#breadcrumb"},"inLanguage":"cs","potentialAction":[{"@type":"ReadAction","target":["https:\/\/www.oknobuild.com\/index.php\/produkt\/znackovy-multi-davkovac-mydla-nastenny-500ml-nerez-dm500nrz-63693\/"]}]},{"@type":"ImageObject","inLanguage":"cs","@id":"https:\/\/www.oknobuild.com\/index.php\/produkt\/znackovy-multi-davkovac-mydla-nastenny-500ml-nerez-dm500nrz-63693\/#primaryimage","url":"https:\/\/www.oknobuild.com\/wp-content\/uploads\/2026\/SK0022287-CZ20260425-092632-0-1777080397-multi-davkovac-mydla-nastenny-500ml-nerez-dm500nrz-955904.p.webp","contentUrl":"https:\/\/www.oknobuild.com\/wp-content\/uploads\/2026\/SK0022287-CZ20260425-092632-0-1777080397-multi-davkovac-mydla-nastenny-500ml-nerez-dm500nrz-955904.p.webp","width":342,"height":600},{"@type":"BreadcrumbList","@id":"https:\/\/www.oknobuild.com\/index.php\/produkt\/znackovy-multi-davkovac-mydla-nastenny-500ml-nerez-dm500nrz-63693\/#breadcrumb","itemListElement":[{"@type":"ListItem","position":1,"name":"Home","item":"https:\/\/www.oknobuild.com\/"},{"@type":"ListItem","position":2,"name":"Products","item":"https:\/\/www.oknobuild.com\/index.php\/products\/"},{"@type":"ListItem","position":3,"name":"Zna\u010dkov\u00fd Multi D\u00e1vkova\u010d m\u00fddla n\u00e1st\u011bnn\u00fd 500ml nerez DM500NRZ"}]},{"@type":"WebSite","@id":"https:\/\/www.oknobuild.com\/#website","url":"https:\/\/www.oknobuild.com\/","name":"","description":"","potentialAction":[{"@type":"SearchAction","target":{"@type":"EntryPoint","urlTemplate":"https:\/\/www.oknobuild.com\/?s={search_term_string}"},"query-input":{"@type":"PropertyValueSpecification","valueRequired":true,"valueName":"search_term_string"}}],"inLanguage":"cs"}]}},"_links":{"self":[{"href":"https:\/\/www.oknobuild.com\/index.php\/wp-json\/wp\/v2\/product\/63693","targetHints":{"allow":["GET"]}}],"collection":[{"href":"https:\/\/www.oknobuild.com\/index.php\/wp-json\/wp\/v2\/product"}],"about":[{"href":"https:\/\/www.oknobuild.com\/index.php\/wp-json\/wp\/v2\/types\/product"}],"replies":[{"embeddable":true,"href":"https:\/\/www.oknobuild.com\/index.php\/wp-json\/wp\/v2\/comments?post=63693"}],"wp:featuredmedia":[{"embeddable":true,"href":"https:\/\/www.oknobuild.com\/index.php\/wp-json\/wp\/v2\/media\/63793"}],"wp:attachment":[{"href":"https:\/\/www.oknobuild.com\/index.php\/wp-json\/wp\/v2\/media?parent=63693"}],"wp:term":[{"taxonomy":"product_brand","embeddable":true,"href":"https:\/\/www.oknobuild.com\/index.php\/wp-json\/wp\/v2\/product_brand?post=63693"},{"taxonomy":"product_cat","embeddable":true,"href":"https:\/\/www.oknobuild.com\/index.php\/wp-json\/wp\/v2\/product_cat?post=63693"},{"taxonomy":"product_tag","embeddable":true,"href":"https:\/\/www.oknobuild.com\/index.php\/wp-json\/wp\/v2\/product_tag?post=63693"}],"curies":[{"name":"wp","href":"https:\/\/api.w.org\/{rel}","templated":true}]}}