{"id":64334,"date":"2026-04-27T04:43:28","date_gmt":"2026-04-27T04:43:28","guid":{"rendered":""},"modified":"2026-04-27T04:43:28","modified_gmt":"2026-04-27T04:43:28","slug":"akce-sprchova-vanicka-obdelnikova-sat-fusion-160x90-cm-lity-mramor-blanco-satfu16090bl-64334","status":"publish","type":"product","link":"https:\/\/www.oknobuild.com\/index.php\/produkt\/akce-sprchova-vanicka-obdelnikova-sat-fusion-160x90-cm-lity-mramor-blanco-satfu16090bl-64334\/","title":{"rendered":"Akce Sprchov\u00e1 vani\u010dka obd\u00e9ln\u00edkov\u00e1 SAT Fusion 160&#215;90 cm lit\u00fd mramor Blanco SATFU16090BL"},"content":{"rendered":"<div class=\"ProductDetail-content NoFixImageContainer\" id=\"productDescription\">\n<div class=\"Heading\">\n<h2 class=\"Heading-title\">Popis produktu <span class=''>Sprchov\u00e1 vani\u010dka obd\u00e9ln\u00edkov\u00e1 SAT Fusion 160&#215;90 cm lit\u00fd mramor Blanco SATFU16090BL<\/span><\/h2>\n<\/p><\/div>\n<div class=\"ProductDetailContent\">\n<p>SAT Fusion obd\u00e9ln\u00edkov\u00e1 sprchov\u00e1 vani\u010dka je vyrobena z kvalitn\u00edho lit\u00e9ho mramoru (sm\u011bs syntetick\u00e9&nbsp;<strong>prysky\u0159ice<\/strong>&nbsp;a mlet\u00e9ho&nbsp;<strong>dolomitu)<\/strong>, kter\u00fd zaru\u010duje nejen pevnost, ale tak\u00e9 luxusn\u00ed vzhled pro va\u0161i koupelnu. Svou n\u00edzkou v\u00fd\u0161kou dokonale zapad\u00e1 do sou\u010dasn\u00fdch modern\u00edch trend\u016f ve vybavov\u00e1n\u00ed koupelen a je tak\u00e9 vhodn\u00e1 pro bezbari\u00e9rov\u00e9 \u0159e\u0161en\u00ed zapu\u0161t\u011bn\u00edm do podlahy.<\/p>\n<ul>\n<li>Barva: b\u00edl\u00e1<\/li>\n<li>Materi\u00e1l: lit\u00fd mramor<\/li>\n<li>D\u00e9lka: 160 cm<\/li>\n<li>\u0160\u00ed\u0159ka: 90 cm<\/li>\n<li>Tlou\u0161\u0165ka: 3 cm<\/li>\n<li>Dod\u00e1vka <strong>v\u010detn\u011b sifonu, bez no\u017ei\u010dek<\/strong><\/li>\n<li>Pr\u016fm\u011br odpadu: DN40<\/li>\n<\/ul><\/div>\n<div class=\"ProductDetailContent\">\n<div class=\"ProductDetailContent-item\">\n<div style=\"background-color:#f9f9f9; border-left:5px solid #4caf50; border-radius:8px; box-shadow:0 4px 12px rgba(0,0,0,0.1); font-family:Arial,sans-serif; padding:25px 20px 20px 20px; position:relative\"><!-- Ikona info v lev\u00e9m horn\u00edm rohu --><\/p>\n<div style=\"align-items:center; background-color:#4caf50; border-radius:50%; color:#ffffff; display:flex; font-size:18px; font-weight:bold; height:30px; justify-content:center; left:-10px; position:absolute; top:-10px; width:30px\">i<\/div>\n<h3 style=\"margin-left:15px\">Sprchov\u00e9 vani\u010dky z lit\u00e9ho mramoru \u2013 luxusn\u00ed vzhled, odolnost a komfort<\/h3>\n<p><strong>Sprchov\u00e9 vani\u010dky z lit\u00e9ho mramoru<\/strong> jsou synonymem pro kvalitu, eleganci a dlouhou \u017eivotnost. D\u00edky precizn\u00edmu zpracov\u00e1n\u00ed a pevn\u00e9mu materi\u00e1lu poskytuj\u00ed stabilitu, vysokou odolnost a p\u0159\u00edjemn\u00fd pocit p\u0159i ka\u017edodenn\u00edm pou\u017e\u00edv\u00e1n\u00ed.<\/p>\n<h3>Pro\u010d zvolit sprchovou vani\u010dku z lit\u00e9ho mramoru?<\/h3>\n<p>\u2714 <strong>Luxusn\u00ed design<\/strong> \u2013 modern\u00ed a elegantn\u00ed vzhled, kter\u00fd pozvedne vzhled ka\u017ed\u00e9 koupelny.<br \/>\u2714 <strong>Vysok\u00e1 odolnost<\/strong> \u2013 pevn\u00fd materi\u00e1l odol\u00e1v\u00e1 n\u00e1raz\u016fm, po\u0161kr\u00e1b\u00e1n\u00ed i vlhk\u00e9mu prost\u0159ed\u00ed.<br \/>\u2714 <strong>N\u00edzk\u00e1 v\u00fd\u0161ka<\/strong> \u2013 ide\u00e1ln\u00ed pro modern\u00ed bezbari\u00e9rov\u00e9 <strong>sprchov\u00e9 z\u00e1st\u011bny<\/strong>.<br \/>\u2714 <strong>Snadn\u00e1 \u00fadr\u017eba<\/strong> \u2013 hladk\u00fd nepor\u00e9zn\u00ed povrch usnad\u0148uje \u010di\u0161t\u011bn\u00ed a zabra\u0148uje usazov\u00e1n\u00ed ne\u010distot.<\/p>\n<p><strong>Sprchov\u00e9 vani\u010dky z lit\u00e9ho mramoru<\/strong> jsou dostupn\u00e9 v r\u016fzn\u00fdch tvarech, velikostech i barevn\u00fdch proveden\u00edch, tak\u017ee snadno zapadnou do jak\u00e9hokoliv koupelnov\u00e9ho interi\u00e9ru. D\u00edky sv\u00e9 <strong>pevnosti<\/strong> a <strong>dlouh\u00e9 \u017eivotnosti<\/strong> jsou ide\u00e1ln\u00ed investic\u00ed do komfortn\u00edho a stylov\u00e9ho sprchov\u00e9ho prostoru.<\/p>\n<\/div><\/div>\n<\/p><\/div>\n<\/p><\/div>\n<\/p><\/div>\n<\/p><\/div>\n","protected":false},"excerpt":{"rendered":"<p>Popis produktu Sprchov\u00e1 vani\u010dka obd\u00e9ln\u00edkov\u00e1 SAT Fusion 160&#215;90 cm lit\u00fd mramor Blanco SATFU16090BL SAT Fusion obd\u00e9ln\u00edkov\u00e1 sprchov\u00e1 vani\u010dka je vyrobena z kvalitn\u00edho lit\u00e9ho mramoru (sm\u011bs syntetick\u00e9&nbsp;prysky\u0159ice&nbsp;a mlet\u00e9ho&nbsp;dolomitu), kter\u00fd zaru\u010duje nejen pevnost, ale tak\u00e9 luxusn\u00ed vzhled pro va\u0161i koupelnu. Svou n\u00edzkou v\u00fd\u0161kou dokonale zapad\u00e1 do sou\u010dasn\u00fdch modern\u00edch trend\u016f ve vybavov\u00e1n\u00ed koupelen a je tak\u00e9 vhodn\u00e1 pro [&hellip;]<\/p>\n","protected":false},"featured_media":64434,"comment_status":"open","ping_status":"open","template":"","meta":[],"product_brand":[],"product_cat":[65],"product_tag":[],"class_list":{"0":"post-64334","1":"product","2":"type-product","3":"status-publish","4":"has-post-thumbnail","6":"product_cat-koupelny","8":"first","9":"instock","10":"sale","11":"shipping-taxable","12":"purchasable","13":"product-type-simple"},"yoast_head":"<!-- This site is optimized with the Yoast SEO plugin v26.8 - https:\/\/yoast.com\/product\/yoast-seo-wordpress\/ -->\n<title>Akce Sprchov\u00e1 vani\u010dka obd\u00e9ln\u00edkov\u00e1 SAT Fusion 160x90 cm lit\u00fd mramor Blanco SATFU16090BL -<\/title>\n<meta name=\"robots\" content=\"index, follow, max-snippet:-1, max-image-preview:large, max-video-preview:-1\" \/>\n<link rel=\"canonical\" href=\"https:\/\/www.oknobuild.com\/index.php\/produkt\/akce-sprchova-vanicka-obdelnikova-sat-fusion-160x90-cm-lity-mramor-blanco-satfu16090bl-64334\/\" \/>\n<meta property=\"og:locale\" content=\"cs_CZ\" \/>\n<meta property=\"og:type\" content=\"article\" \/>\n<meta property=\"og:title\" content=\"Akce Sprchov\u00e1 vani\u010dka obd\u00e9ln\u00edkov\u00e1 SAT Fusion 160x90 cm lit\u00fd mramor Blanco SATFU16090BL -\" \/>\n<meta property=\"og:description\" content=\"Popis produktu Sprchov\u00e1 vani\u010dka obd\u00e9ln\u00edkov\u00e1 SAT Fusion 160&#215;90 cm lit\u00fd mramor Blanco SATFU16090BL SAT Fusion obd\u00e9ln\u00edkov\u00e1 sprchov\u00e1 vani\u010dka je vyrobena z kvalitn\u00edho lit\u00e9ho mramoru (sm\u011bs syntetick\u00e9&nbsp;prysky\u0159ice&nbsp;a mlet\u00e9ho&nbsp;dolomitu), kter\u00fd zaru\u010duje nejen pevnost, ale tak\u00e9 luxusn\u00ed vzhled pro va\u0161i koupelnu. Svou n\u00edzkou v\u00fd\u0161kou dokonale zapad\u00e1 do sou\u010dasn\u00fdch modern\u00edch trend\u016f ve vybavov\u00e1n\u00ed koupelen a je tak\u00e9 vhodn\u00e1 pro [&hellip;]\" \/>\n<meta property=\"og:url\" content=\"https:\/\/www.oknobuild.com\/index.php\/produkt\/akce-sprchova-vanicka-obdelnikova-sat-fusion-160x90-cm-lity-mramor-blanco-satfu16090bl-64334\/\" \/>\n<meta property=\"og:image\" content=\"https:\/\/www.oknobuild.com\/wp-content\/uploads\/2026\/SK0022629-CZ20260425-092632-0-1777080397-sprchova-vanicka-obdelnikova-sat-fusion-160x90-cm-lity-mram.webp\" \/>\n\t<meta property=\"og:image:width\" content=\"340\" \/>\n\t<meta property=\"og:image:height\" content=\"600\" \/>\n\t<meta property=\"og:image:type\" content=\"image\/webp\" \/>\n<meta name=\"twitter:card\" content=\"summary_large_image\" \/>\n<meta name=\"twitter:label1\" content=\"Odhadovan\u00e1 doba \u010dten\u00ed\" \/>\n\t<meta name=\"twitter:data1\" content=\"1 minuta\" \/>\n<script type=\"application\/ld+json\" class=\"yoast-schema-graph\">{\"@context\":\"https:\/\/schema.org\",\"@graph\":[{\"@type\":\"WebPage\",\"@id\":\"https:\/\/www.oknobuild.com\/index.php\/produkt\/akce-sprchova-vanicka-obdelnikova-sat-fusion-160x90-cm-lity-mramor-blanco-satfu16090bl-64334\/\",\"url\":\"https:\/\/www.oknobuild.com\/index.php\/produkt\/akce-sprchova-vanicka-obdelnikova-sat-fusion-160x90-cm-lity-mramor-blanco-satfu16090bl-64334\/\",\"name\":\"Akce Sprchov\u00e1 vani\u010dka obd\u00e9ln\u00edkov\u00e1 SAT Fusion 160x90 cm lit\u00fd mramor Blanco SATFU16090BL -\",\"isPartOf\":{\"@id\":\"https:\/\/www.oknobuild.com\/#website\"},\"primaryImageOfPage\":{\"@id\":\"https:\/\/www.oknobuild.com\/index.php\/produkt\/akce-sprchova-vanicka-obdelnikova-sat-fusion-160x90-cm-lity-mramor-blanco-satfu16090bl-64334\/#primaryimage\"},\"image\":{\"@id\":\"https:\/\/www.oknobuild.com\/index.php\/produkt\/akce-sprchova-vanicka-obdelnikova-sat-fusion-160x90-cm-lity-mramor-blanco-satfu16090bl-64334\/#primaryimage\"},\"thumbnailUrl\":\"https:\/\/www.oknobuild.com\/wp-content\/uploads\/2026\/SK0022629-CZ20260425-092632-0-1777080397-sprchova-vanicka-obdelnikova-sat-fusion-160x90-cm-lity-mram.webp\",\"datePublished\":\"2026-04-27T04:43:28+00:00\",\"breadcrumb\":{\"@id\":\"https:\/\/www.oknobuild.com\/index.php\/produkt\/akce-sprchova-vanicka-obdelnikova-sat-fusion-160x90-cm-lity-mramor-blanco-satfu16090bl-64334\/#breadcrumb\"},\"inLanguage\":\"cs\",\"potentialAction\":[{\"@type\":\"ReadAction\",\"target\":[\"https:\/\/www.oknobuild.com\/index.php\/produkt\/akce-sprchova-vanicka-obdelnikova-sat-fusion-160x90-cm-lity-mramor-blanco-satfu16090bl-64334\/\"]}]},{\"@type\":\"ImageObject\",\"inLanguage\":\"cs\",\"@id\":\"https:\/\/www.oknobuild.com\/index.php\/produkt\/akce-sprchova-vanicka-obdelnikova-sat-fusion-160x90-cm-lity-mramor-blanco-satfu16090bl-64334\/#primaryimage\",\"url\":\"https:\/\/www.oknobuild.com\/wp-content\/uploads\/2026\/SK0022629-CZ20260425-092632-0-1777080397-sprchova-vanicka-obdelnikova-sat-fusion-160x90-cm-lity-mram.webp\",\"contentUrl\":\"https:\/\/www.oknobuild.com\/wp-content\/uploads\/2026\/SK0022629-CZ20260425-092632-0-1777080397-sprchova-vanicka-obdelnikova-sat-fusion-160x90-cm-lity-mram.webp\",\"width\":340,\"height\":600},{\"@type\":\"BreadcrumbList\",\"@id\":\"https:\/\/www.oknobuild.com\/index.php\/produkt\/akce-sprchova-vanicka-obdelnikova-sat-fusion-160x90-cm-lity-mramor-blanco-satfu16090bl-64334\/#breadcrumb\",\"itemListElement\":[{\"@type\":\"ListItem\",\"position\":1,\"name\":\"Home\",\"item\":\"https:\/\/www.oknobuild.com\/\"},{\"@type\":\"ListItem\",\"position\":2,\"name\":\"Products\",\"item\":\"https:\/\/www.oknobuild.com\/index.php\/products\/\"},{\"@type\":\"ListItem\",\"position\":3,\"name\":\"Akce Sprchov\u00e1 vani\u010dka obd\u00e9ln\u00edkov\u00e1 SAT Fusion 160&#215;90 cm lit\u00fd mramor Blanco SATFU16090BL\"}]},{\"@type\":\"WebSite\",\"@id\":\"https:\/\/www.oknobuild.com\/#website\",\"url\":\"https:\/\/www.oknobuild.com\/\",\"name\":\"\",\"description\":\"\",\"potentialAction\":[{\"@type\":\"SearchAction\",\"target\":{\"@type\":\"EntryPoint\",\"urlTemplate\":\"https:\/\/www.oknobuild.com\/?s={search_term_string}\"},\"query-input\":{\"@type\":\"PropertyValueSpecification\",\"valueRequired\":true,\"valueName\":\"search_term_string\"}}],\"inLanguage\":\"cs\"}]}<\/script>\n<!-- \/ Yoast SEO plugin. -->","yoast_head_json":{"title":"Akce Sprchov\u00e1 vani\u010dka obd\u00e9ln\u00edkov\u00e1 SAT Fusion 160x90 cm lit\u00fd mramor Blanco SATFU16090BL -","robots":{"index":"index","follow":"follow","max-snippet":"max-snippet:-1","max-image-preview":"max-image-preview:large","max-video-preview":"max-video-preview:-1"},"canonical":"https:\/\/www.oknobuild.com\/index.php\/produkt\/akce-sprchova-vanicka-obdelnikova-sat-fusion-160x90-cm-lity-mramor-blanco-satfu16090bl-64334\/","og_locale":"cs_CZ","og_type":"article","og_title":"Akce Sprchov\u00e1 vani\u010dka obd\u00e9ln\u00edkov\u00e1 SAT Fusion 160x90 cm lit\u00fd mramor Blanco SATFU16090BL -","og_description":"Popis produktu Sprchov\u00e1 vani\u010dka obd\u00e9ln\u00edkov\u00e1 SAT Fusion 160&#215;90 cm lit\u00fd mramor Blanco SATFU16090BL SAT Fusion obd\u00e9ln\u00edkov\u00e1 sprchov\u00e1 vani\u010dka je vyrobena z kvalitn\u00edho lit\u00e9ho mramoru (sm\u011bs syntetick\u00e9&nbsp;prysky\u0159ice&nbsp;a mlet\u00e9ho&nbsp;dolomitu), kter\u00fd zaru\u010duje nejen pevnost, ale tak\u00e9 luxusn\u00ed vzhled pro va\u0161i koupelnu. Svou n\u00edzkou v\u00fd\u0161kou dokonale zapad\u00e1 do sou\u010dasn\u00fdch modern\u00edch trend\u016f ve vybavov\u00e1n\u00ed koupelen a je tak\u00e9 vhodn\u00e1 pro [&hellip;]","og_url":"https:\/\/www.oknobuild.com\/index.php\/produkt\/akce-sprchova-vanicka-obdelnikova-sat-fusion-160x90-cm-lity-mramor-blanco-satfu16090bl-64334\/","og_image":[{"width":340,"height":600,"url":"https:\/\/www.oknobuild.com\/wp-content\/uploads\/2026\/SK0022629-CZ20260425-092632-0-1777080397-sprchova-vanicka-obdelnikova-sat-fusion-160x90-cm-lity-mram.webp","type":"image\/webp"}],"twitter_card":"summary_large_image","twitter_misc":{"Odhadovan\u00e1 doba \u010dten\u00ed":"1 minuta"},"schema":{"@context":"https:\/\/schema.org","@graph":[{"@type":"WebPage","@id":"https:\/\/www.oknobuild.com\/index.php\/produkt\/akce-sprchova-vanicka-obdelnikova-sat-fusion-160x90-cm-lity-mramor-blanco-satfu16090bl-64334\/","url":"https:\/\/www.oknobuild.com\/index.php\/produkt\/akce-sprchova-vanicka-obdelnikova-sat-fusion-160x90-cm-lity-mramor-blanco-satfu16090bl-64334\/","name":"Akce Sprchov\u00e1 vani\u010dka obd\u00e9ln\u00edkov\u00e1 SAT Fusion 160x90 cm lit\u00fd mramor Blanco SATFU16090BL -","isPartOf":{"@id":"https:\/\/www.oknobuild.com\/#website"},"primaryImageOfPage":{"@id":"https:\/\/www.oknobuild.com\/index.php\/produkt\/akce-sprchova-vanicka-obdelnikova-sat-fusion-160x90-cm-lity-mramor-blanco-satfu16090bl-64334\/#primaryimage"},"image":{"@id":"https:\/\/www.oknobuild.com\/index.php\/produkt\/akce-sprchova-vanicka-obdelnikova-sat-fusion-160x90-cm-lity-mramor-blanco-satfu16090bl-64334\/#primaryimage"},"thumbnailUrl":"https:\/\/www.oknobuild.com\/wp-content\/uploads\/2026\/SK0022629-CZ20260425-092632-0-1777080397-sprchova-vanicka-obdelnikova-sat-fusion-160x90-cm-lity-mram.webp","datePublished":"2026-04-27T04:43:28+00:00","breadcrumb":{"@id":"https:\/\/www.oknobuild.com\/index.php\/produkt\/akce-sprchova-vanicka-obdelnikova-sat-fusion-160x90-cm-lity-mramor-blanco-satfu16090bl-64334\/#breadcrumb"},"inLanguage":"cs","potentialAction":[{"@type":"ReadAction","target":["https:\/\/www.oknobuild.com\/index.php\/produkt\/akce-sprchova-vanicka-obdelnikova-sat-fusion-160x90-cm-lity-mramor-blanco-satfu16090bl-64334\/"]}]},{"@type":"ImageObject","inLanguage":"cs","@id":"https:\/\/www.oknobuild.com\/index.php\/produkt\/akce-sprchova-vanicka-obdelnikova-sat-fusion-160x90-cm-lity-mramor-blanco-satfu16090bl-64334\/#primaryimage","url":"https:\/\/www.oknobuild.com\/wp-content\/uploads\/2026\/SK0022629-CZ20260425-092632-0-1777080397-sprchova-vanicka-obdelnikova-sat-fusion-160x90-cm-lity-mram.webp","contentUrl":"https:\/\/www.oknobuild.com\/wp-content\/uploads\/2026\/SK0022629-CZ20260425-092632-0-1777080397-sprchova-vanicka-obdelnikova-sat-fusion-160x90-cm-lity-mram.webp","width":340,"height":600},{"@type":"BreadcrumbList","@id":"https:\/\/www.oknobuild.com\/index.php\/produkt\/akce-sprchova-vanicka-obdelnikova-sat-fusion-160x90-cm-lity-mramor-blanco-satfu16090bl-64334\/#breadcrumb","itemListElement":[{"@type":"ListItem","position":1,"name":"Home","item":"https:\/\/www.oknobuild.com\/"},{"@type":"ListItem","position":2,"name":"Products","item":"https:\/\/www.oknobuild.com\/index.php\/products\/"},{"@type":"ListItem","position":3,"name":"Akce Sprchov\u00e1 vani\u010dka obd\u00e9ln\u00edkov\u00e1 SAT Fusion 160&#215;90 cm lit\u00fd mramor Blanco SATFU16090BL"}]},{"@type":"WebSite","@id":"https:\/\/www.oknobuild.com\/#website","url":"https:\/\/www.oknobuild.com\/","name":"","description":"","potentialAction":[{"@type":"SearchAction","target":{"@type":"EntryPoint","urlTemplate":"https:\/\/www.oknobuild.com\/?s={search_term_string}"},"query-input":{"@type":"PropertyValueSpecification","valueRequired":true,"valueName":"search_term_string"}}],"inLanguage":"cs"}]}},"_links":{"self":[{"href":"https:\/\/www.oknobuild.com\/index.php\/wp-json\/wp\/v2\/product\/64334","targetHints":{"allow":["GET"]}}],"collection":[{"href":"https:\/\/www.oknobuild.com\/index.php\/wp-json\/wp\/v2\/product"}],"about":[{"href":"https:\/\/www.oknobuild.com\/index.php\/wp-json\/wp\/v2\/types\/product"}],"replies":[{"embeddable":true,"href":"https:\/\/www.oknobuild.com\/index.php\/wp-json\/wp\/v2\/comments?post=64334"}],"wp:featuredmedia":[{"embeddable":true,"href":"https:\/\/www.oknobuild.com\/index.php\/wp-json\/wp\/v2\/media\/64434"}],"wp:attachment":[{"href":"https:\/\/www.oknobuild.com\/index.php\/wp-json\/wp\/v2\/media?parent=64334"}],"wp:term":[{"taxonomy":"product_brand","embeddable":true,"href":"https:\/\/www.oknobuild.com\/index.php\/wp-json\/wp\/v2\/product_brand?post=64334"},{"taxonomy":"product_cat","embeddable":true,"href":"https:\/\/www.oknobuild.com\/index.php\/wp-json\/wp\/v2\/product_cat?post=64334"},{"taxonomy":"product_tag","embeddable":true,"href":"https:\/\/www.oknobuild.com\/index.php\/wp-json\/wp\/v2\/product_tag?post=64334"}],"curies":[{"name":"wp","href":"https:\/\/api.w.org\/{rel}","templated":true}]}}