{"id":64542,"date":"2026-04-27T04:43:29","date_gmt":"2026-04-27T04:43:29","guid":{"rendered":""},"modified":"2026-04-27T04:43:29","modified_gmt":"2026-04-27T04:43:29","slug":"znackovy-koupelnova-skrinka-s-kryci-deskou-sat-b-way-79x30x45-cm-bila-lesk-bway80wtkub-64542","status":"publish","type":"product","link":"https:\/\/www.oknobuild.com\/index.php\/produkt\/znackovy-koupelnova-skrinka-s-kryci-deskou-sat-b-way-79x30x45-cm-bila-lesk-bway80wtkub-64542\/","title":{"rendered":"Zna\u010dkov\u00fd Koupelnov\u00e1 sk\u0159\u00ed\u0148ka s kryc\u00ed deskou SAT B-WAY 79x30x45 cm b\u00edl\u00e1 lesk BWAY80WTKUB"},"content":{"rendered":"<div class=\"ProductDetail-content NoFixImageContainer\" id=\"productDescription\">\n<div class=\"Heading\">\n<h2 class=\"Heading-title\">Popis produktu <span class=''>Koupelnov\u00e1 sk\u0159\u00ed\u0148ka s kryc\u00ed deskou SAT B-WAY 79x30x45 cm b\u00edl\u00e1 lesk BWAY80WTKUB<\/span><\/h2>\n<\/p><\/div>\n<div class=\"ProductDetailContent\">\n<p>Koupelnov\u00fd n\u00e1bytek ze s\u00e9rie B-Way p\u0159edstavuje inovativn\u00ed kolekci s eleganc\u00ed a nad\u010dasov\u00fdm designem. \u010cist\u00e9 linie s maxim\u00e1ln\u00edm vyu\u017eit\u00edm \u00falo\u017en\u00e9ho prostoru \u010din\u00ed z n\u00e1bytku B-Way ide\u00e1ln\u00edho volbu do va\u0161eho domova.<\/p>\n<ul>\n<li>Druh v\u00fdrobku: koupelnov\u00e1 sk\u0159\u00ed\u0148ka<\/li>\n<li>Barva popisn\u00e1: b\u00edl\u00e1<\/li>\n<li>Barva z\u00e1kladn\u00ed:&nbsp;b\u00edl\u00e1<\/li>\n<li>Povrch: lamino<\/li>\n<li>Typ: s umyvadlem, s bateri\u00ed<\/li>\n<li>Lesk\/mat: lesk<\/li>\n<li>\u0160\u00ed\u0159ka: 79 cm<\/li>\n<li>V\u00fd\u0161ka: 30 cm<\/li>\n<li>Hloubka: 45 cm<\/li>\n<li>Proveden\u00ed: z\u00e1v\u011bsn\u00e1<\/li>\n<li>Materi\u00e1l umyvadla: keramika<\/li>\n<\/ul>\n<p><strong>Obsah balen\u00ed:<\/strong><\/p>\n<ul>\n<li>Koupelnov\u00e1 sk\u0159\u00ed\u0148ka&nbsp;SAT B-Way dub 79x45x30 cm<\/li>\n<li>Kryc\u00ed deska Naturel 80x2x46 cm Gobi black lesk<\/li>\n<li>Umyvadlo na desku SAT Infinitio 39&#215;39 cm bez p\u0159epadu<\/li>\n<li>Vysok\u00e1 umyvadlov\u00e1 baterie SAT B-Way bez v\u00fdpusti b\u00edl\u00e1 matn\u00e1<\/li>\n<\/ul>\n<p>Um\u011bl\u00fd k\u00e1men Technistone, p\u0159edstavuje jedine\u010dn\u00e9 spojen\u00ed p\u0159\u00edrodn\u00edch surovin za pou\u017eit\u00ed modern\u00ed technologie. Stane se chloubou a ozdobou va\u0161\u00ed koupelny! Z\u00e1kladem desky z technick\u00e9ho kamene&nbsp; jsou z 90 % p\u0159\u00edrodn\u00ed suroviny (k\u0159emeny, granity), zrcadlov\u00e9 a sklen\u011bn\u00e9 granul\u00e1ty, mal\u00e9 mno\u017estv\u00ed pigment\u016f a polyesterov\u00e9 prysky\u0159ice.<\/p>\n<p><strong>Deska m\u00e1 2 v\u00fd\u0159ezy<\/strong>&nbsp;&#8211; na sifon a umyvadlovou baterii.<\/p>\n<p><strong>V\u00fdhody:<\/strong><\/p>\n<ul>\n<li>Modern\u00ed design.<\/li>\n<li><strong>Vysok\u00e1 odolnost<\/strong>&nbsp;proti mechanick\u00e9mu i chemick\u00e9mu po\u0161kozen\u00ed.<\/li>\n<li>Um\u011bl\u00fd k\u00e1men je nepronikav\u00fd a neabsorbuje vlhkost, co\u017e z n\u011bj \u010din\u00ed hygienickou volbu pro koupelny. Tato vlastnost br\u00e1n\u00ed vniknut\u00ed bakteri\u00ed a pl\u00edsn\u00ed do povrchu.<\/li>\n<li><strong>O<\/strong>proti p\u0159\u00edrodn\u00edm kamen\u016fm m\u00e1 um\u011bl\u00fd k\u00e1men konzistentn\u00ed vzhled po cel\u00e9 plo\u0161e desky. To usnad\u0148uje vytv\u00e1\u0159en\u00ed jednotn\u00e9ho a&nbsp;designu v cel\u00e9 koupeln\u011b.<\/li>\n<li>Um\u011bl\u00fd k\u00e1men je leh\u010d\u00ed ne\u017e p\u0159\u00edrodn\u00ed k\u00e1men, co\u017e usnad\u0148uje instalaci.&nbsp;<\/li>\n<li>Neobsahuje toxick\u00e9 l\u00e1tky.<\/li>\n<li>Odoln\u00fd teplot\u00e1m a\u017e do 150 \u00b0C.<\/li>\n<\/ul><\/div>\n<div class=\"ProductDetailContent\">                                                                    <\/div>\n<\/p><\/div>\n<\/p><\/div>\n<\/p><\/div>\n","protected":false},"excerpt":{"rendered":"<p>Popis produktu Koupelnov\u00e1 sk\u0159\u00ed\u0148ka s kryc\u00ed deskou SAT B-WAY 79x30x45 cm b\u00edl\u00e1 lesk BWAY80WTKUB Koupelnov\u00fd n\u00e1bytek ze s\u00e9rie B-Way p\u0159edstavuje inovativn\u00ed kolekci s eleganc\u00ed a nad\u010dasov\u00fdm designem. \u010cist\u00e9 linie s maxim\u00e1ln\u00edm vyu\u017eit\u00edm \u00falo\u017en\u00e9ho prostoru \u010din\u00ed z n\u00e1bytku B-Way ide\u00e1ln\u00edho volbu do va\u0161eho domova. Druh v\u00fdrobku: koupelnov\u00e1 sk\u0159\u00ed\u0148ka Barva popisn\u00e1: b\u00edl\u00e1 Barva z\u00e1kladn\u00ed:&nbsp;b\u00edl\u00e1 Povrch: lamino Typ: [&hellip;]<\/p>\n","protected":false},"featured_media":64642,"comment_status":"open","ping_status":"open","template":"","meta":[],"product_brand":[],"product_cat":[65],"product_tag":[],"class_list":{"0":"post-64542","1":"product","2":"type-product","3":"status-publish","4":"has-post-thumbnail","6":"product_cat-koupelny","8":"first","9":"instock","10":"sale","11":"shipping-taxable","12":"purchasable","13":"product-type-simple"},"yoast_head":"<!-- This site is optimized with the Yoast SEO plugin v26.8 - https:\/\/yoast.com\/product\/yoast-seo-wordpress\/ -->\n<title>Zna\u010dkov\u00fd Koupelnov\u00e1 sk\u0159\u00ed\u0148ka s kryc\u00ed deskou SAT B-WAY 79x30x45 cm b\u00edl\u00e1 lesk BWAY80WTKUB -<\/title>\n<meta name=\"robots\" content=\"index, follow, max-snippet:-1, max-image-preview:large, max-video-preview:-1\" \/>\n<link rel=\"canonical\" href=\"https:\/\/www.oknobuild.com\/index.php\/produkt\/znackovy-koupelnova-skrinka-s-kryci-deskou-sat-b-way-79x30x45-cm-bila-lesk-bway80wtkub-64542\/\" \/>\n<meta property=\"og:locale\" content=\"cs_CZ\" \/>\n<meta property=\"og:type\" content=\"article\" \/>\n<meta property=\"og:title\" content=\"Zna\u010dkov\u00fd Koupelnov\u00e1 sk\u0159\u00ed\u0148ka s kryc\u00ed deskou SAT B-WAY 79x30x45 cm b\u00edl\u00e1 lesk BWAY80WTKUB -\" \/>\n<meta property=\"og:description\" content=\"Popis produktu Koupelnov\u00e1 sk\u0159\u00ed\u0148ka s kryc\u00ed deskou SAT B-WAY 79x30x45 cm b\u00edl\u00e1 lesk BWAY80WTKUB Koupelnov\u00fd n\u00e1bytek ze s\u00e9rie B-Way p\u0159edstavuje inovativn\u00ed kolekci s eleganc\u00ed a nad\u010dasov\u00fdm designem. \u010cist\u00e9 linie s maxim\u00e1ln\u00edm vyu\u017eit\u00edm \u00falo\u017en\u00e9ho prostoru \u010din\u00ed z n\u00e1bytku B-Way ide\u00e1ln\u00edho volbu do va\u0161eho domova. Druh v\u00fdrobku: koupelnov\u00e1 sk\u0159\u00ed\u0148ka Barva popisn\u00e1: b\u00edl\u00e1 Barva z\u00e1kladn\u00ed:&nbsp;b\u00edl\u00e1 Povrch: lamino Typ: [&hellip;]\" \/>\n<meta property=\"og:url\" content=\"https:\/\/www.oknobuild.com\/index.php\/produkt\/znackovy-koupelnova-skrinka-s-kryci-deskou-sat-b-way-79x30x45-cm-bila-lesk-bway80wtkub-64542\/\" \/>\n<meta property=\"og:image\" content=\"https:\/\/www.oknobuild.com\/wp-content\/uploads\/2026\/SK0022742-CZ20260425-092632-0-1777080397-koupelnova-skrinka-s-kryci-deskou-sat-b-way-79x30x45-cm-bil.webp\" \/>\n\t<meta property=\"og:image:width\" content=\"600\" \/>\n\t<meta property=\"og:image:height\" content=\"600\" \/>\n\t<meta property=\"og:image:type\" content=\"image\/webp\" \/>\n<meta name=\"twitter:card\" content=\"summary_large_image\" \/>\n<meta name=\"twitter:label1\" content=\"Odhadovan\u00e1 doba \u010dten\u00ed\" \/>\n\t<meta name=\"twitter:data1\" content=\"2 minuty\" \/>\n<script type=\"application\/ld+json\" class=\"yoast-schema-graph\">{\"@context\":\"https:\/\/schema.org\",\"@graph\":[{\"@type\":\"WebPage\",\"@id\":\"https:\/\/www.oknobuild.com\/index.php\/produkt\/znackovy-koupelnova-skrinka-s-kryci-deskou-sat-b-way-79x30x45-cm-bila-lesk-bway80wtkub-64542\/\",\"url\":\"https:\/\/www.oknobuild.com\/index.php\/produkt\/znackovy-koupelnova-skrinka-s-kryci-deskou-sat-b-way-79x30x45-cm-bila-lesk-bway80wtkub-64542\/\",\"name\":\"Zna\u010dkov\u00fd Koupelnov\u00e1 sk\u0159\u00ed\u0148ka s kryc\u00ed deskou SAT B-WAY 79x30x45 cm b\u00edl\u00e1 lesk BWAY80WTKUB -\",\"isPartOf\":{\"@id\":\"https:\/\/www.oknobuild.com\/#website\"},\"primaryImageOfPage\":{\"@id\":\"https:\/\/www.oknobuild.com\/index.php\/produkt\/znackovy-koupelnova-skrinka-s-kryci-deskou-sat-b-way-79x30x45-cm-bila-lesk-bway80wtkub-64542\/#primaryimage\"},\"image\":{\"@id\":\"https:\/\/www.oknobuild.com\/index.php\/produkt\/znackovy-koupelnova-skrinka-s-kryci-deskou-sat-b-way-79x30x45-cm-bila-lesk-bway80wtkub-64542\/#primaryimage\"},\"thumbnailUrl\":\"https:\/\/www.oknobuild.com\/wp-content\/uploads\/2026\/SK0022742-CZ20260425-092632-0-1777080397-koupelnova-skrinka-s-kryci-deskou-sat-b-way-79x30x45-cm-bil.webp\",\"datePublished\":\"2026-04-27T04:43:29+00:00\",\"breadcrumb\":{\"@id\":\"https:\/\/www.oknobuild.com\/index.php\/produkt\/znackovy-koupelnova-skrinka-s-kryci-deskou-sat-b-way-79x30x45-cm-bila-lesk-bway80wtkub-64542\/#breadcrumb\"},\"inLanguage\":\"cs\",\"potentialAction\":[{\"@type\":\"ReadAction\",\"target\":[\"https:\/\/www.oknobuild.com\/index.php\/produkt\/znackovy-koupelnova-skrinka-s-kryci-deskou-sat-b-way-79x30x45-cm-bila-lesk-bway80wtkub-64542\/\"]}]},{\"@type\":\"ImageObject\",\"inLanguage\":\"cs\",\"@id\":\"https:\/\/www.oknobuild.com\/index.php\/produkt\/znackovy-koupelnova-skrinka-s-kryci-deskou-sat-b-way-79x30x45-cm-bila-lesk-bway80wtkub-64542\/#primaryimage\",\"url\":\"https:\/\/www.oknobuild.com\/wp-content\/uploads\/2026\/SK0022742-CZ20260425-092632-0-1777080397-koupelnova-skrinka-s-kryci-deskou-sat-b-way-79x30x45-cm-bil.webp\",\"contentUrl\":\"https:\/\/www.oknobuild.com\/wp-content\/uploads\/2026\/SK0022742-CZ20260425-092632-0-1777080397-koupelnova-skrinka-s-kryci-deskou-sat-b-way-79x30x45-cm-bil.webp\",\"width\":600,\"height\":600},{\"@type\":\"BreadcrumbList\",\"@id\":\"https:\/\/www.oknobuild.com\/index.php\/produkt\/znackovy-koupelnova-skrinka-s-kryci-deskou-sat-b-way-79x30x45-cm-bila-lesk-bway80wtkub-64542\/#breadcrumb\",\"itemListElement\":[{\"@type\":\"ListItem\",\"position\":1,\"name\":\"Home\",\"item\":\"https:\/\/www.oknobuild.com\/\"},{\"@type\":\"ListItem\",\"position\":2,\"name\":\"Products\",\"item\":\"https:\/\/www.oknobuild.com\/index.php\/products\/\"},{\"@type\":\"ListItem\",\"position\":3,\"name\":\"Zna\u010dkov\u00fd Koupelnov\u00e1 sk\u0159\u00ed\u0148ka s kryc\u00ed deskou SAT B-WAY 79x30x45 cm b\u00edl\u00e1 lesk BWAY80WTKUB\"}]},{\"@type\":\"WebSite\",\"@id\":\"https:\/\/www.oknobuild.com\/#website\",\"url\":\"https:\/\/www.oknobuild.com\/\",\"name\":\"\",\"description\":\"\",\"potentialAction\":[{\"@type\":\"SearchAction\",\"target\":{\"@type\":\"EntryPoint\",\"urlTemplate\":\"https:\/\/www.oknobuild.com\/?s={search_term_string}\"},\"query-input\":{\"@type\":\"PropertyValueSpecification\",\"valueRequired\":true,\"valueName\":\"search_term_string\"}}],\"inLanguage\":\"cs\"}]}<\/script>\n<!-- \/ Yoast SEO plugin. -->","yoast_head_json":{"title":"Zna\u010dkov\u00fd Koupelnov\u00e1 sk\u0159\u00ed\u0148ka s kryc\u00ed deskou SAT B-WAY 79x30x45 cm b\u00edl\u00e1 lesk BWAY80WTKUB -","robots":{"index":"index","follow":"follow","max-snippet":"max-snippet:-1","max-image-preview":"max-image-preview:large","max-video-preview":"max-video-preview:-1"},"canonical":"https:\/\/www.oknobuild.com\/index.php\/produkt\/znackovy-koupelnova-skrinka-s-kryci-deskou-sat-b-way-79x30x45-cm-bila-lesk-bway80wtkub-64542\/","og_locale":"cs_CZ","og_type":"article","og_title":"Zna\u010dkov\u00fd Koupelnov\u00e1 sk\u0159\u00ed\u0148ka s kryc\u00ed deskou SAT B-WAY 79x30x45 cm b\u00edl\u00e1 lesk BWAY80WTKUB -","og_description":"Popis produktu Koupelnov\u00e1 sk\u0159\u00ed\u0148ka s kryc\u00ed deskou SAT B-WAY 79x30x45 cm b\u00edl\u00e1 lesk BWAY80WTKUB Koupelnov\u00fd n\u00e1bytek ze s\u00e9rie B-Way p\u0159edstavuje inovativn\u00ed kolekci s eleganc\u00ed a nad\u010dasov\u00fdm designem. \u010cist\u00e9 linie s maxim\u00e1ln\u00edm vyu\u017eit\u00edm \u00falo\u017en\u00e9ho prostoru \u010din\u00ed z n\u00e1bytku B-Way ide\u00e1ln\u00edho volbu do va\u0161eho domova. Druh v\u00fdrobku: koupelnov\u00e1 sk\u0159\u00ed\u0148ka Barva popisn\u00e1: b\u00edl\u00e1 Barva z\u00e1kladn\u00ed:&nbsp;b\u00edl\u00e1 Povrch: lamino Typ: [&hellip;]","og_url":"https:\/\/www.oknobuild.com\/index.php\/produkt\/znackovy-koupelnova-skrinka-s-kryci-deskou-sat-b-way-79x30x45-cm-bila-lesk-bway80wtkub-64542\/","og_image":[{"width":600,"height":600,"url":"https:\/\/www.oknobuild.com\/wp-content\/uploads\/2026\/SK0022742-CZ20260425-092632-0-1777080397-koupelnova-skrinka-s-kryci-deskou-sat-b-way-79x30x45-cm-bil.webp","type":"image\/webp"}],"twitter_card":"summary_large_image","twitter_misc":{"Odhadovan\u00e1 doba \u010dten\u00ed":"2 minuty"},"schema":{"@context":"https:\/\/schema.org","@graph":[{"@type":"WebPage","@id":"https:\/\/www.oknobuild.com\/index.php\/produkt\/znackovy-koupelnova-skrinka-s-kryci-deskou-sat-b-way-79x30x45-cm-bila-lesk-bway80wtkub-64542\/","url":"https:\/\/www.oknobuild.com\/index.php\/produkt\/znackovy-koupelnova-skrinka-s-kryci-deskou-sat-b-way-79x30x45-cm-bila-lesk-bway80wtkub-64542\/","name":"Zna\u010dkov\u00fd Koupelnov\u00e1 sk\u0159\u00ed\u0148ka s kryc\u00ed deskou SAT B-WAY 79x30x45 cm b\u00edl\u00e1 lesk BWAY80WTKUB -","isPartOf":{"@id":"https:\/\/www.oknobuild.com\/#website"},"primaryImageOfPage":{"@id":"https:\/\/www.oknobuild.com\/index.php\/produkt\/znackovy-koupelnova-skrinka-s-kryci-deskou-sat-b-way-79x30x45-cm-bila-lesk-bway80wtkub-64542\/#primaryimage"},"image":{"@id":"https:\/\/www.oknobuild.com\/index.php\/produkt\/znackovy-koupelnova-skrinka-s-kryci-deskou-sat-b-way-79x30x45-cm-bila-lesk-bway80wtkub-64542\/#primaryimage"},"thumbnailUrl":"https:\/\/www.oknobuild.com\/wp-content\/uploads\/2026\/SK0022742-CZ20260425-092632-0-1777080397-koupelnova-skrinka-s-kryci-deskou-sat-b-way-79x30x45-cm-bil.webp","datePublished":"2026-04-27T04:43:29+00:00","breadcrumb":{"@id":"https:\/\/www.oknobuild.com\/index.php\/produkt\/znackovy-koupelnova-skrinka-s-kryci-deskou-sat-b-way-79x30x45-cm-bila-lesk-bway80wtkub-64542\/#breadcrumb"},"inLanguage":"cs","potentialAction":[{"@type":"ReadAction","target":["https:\/\/www.oknobuild.com\/index.php\/produkt\/znackovy-koupelnova-skrinka-s-kryci-deskou-sat-b-way-79x30x45-cm-bila-lesk-bway80wtkub-64542\/"]}]},{"@type":"ImageObject","inLanguage":"cs","@id":"https:\/\/www.oknobuild.com\/index.php\/produkt\/znackovy-koupelnova-skrinka-s-kryci-deskou-sat-b-way-79x30x45-cm-bila-lesk-bway80wtkub-64542\/#primaryimage","url":"https:\/\/www.oknobuild.com\/wp-content\/uploads\/2026\/SK0022742-CZ20260425-092632-0-1777080397-koupelnova-skrinka-s-kryci-deskou-sat-b-way-79x30x45-cm-bil.webp","contentUrl":"https:\/\/www.oknobuild.com\/wp-content\/uploads\/2026\/SK0022742-CZ20260425-092632-0-1777080397-koupelnova-skrinka-s-kryci-deskou-sat-b-way-79x30x45-cm-bil.webp","width":600,"height":600},{"@type":"BreadcrumbList","@id":"https:\/\/www.oknobuild.com\/index.php\/produkt\/znackovy-koupelnova-skrinka-s-kryci-deskou-sat-b-way-79x30x45-cm-bila-lesk-bway80wtkub-64542\/#breadcrumb","itemListElement":[{"@type":"ListItem","position":1,"name":"Home","item":"https:\/\/www.oknobuild.com\/"},{"@type":"ListItem","position":2,"name":"Products","item":"https:\/\/www.oknobuild.com\/index.php\/products\/"},{"@type":"ListItem","position":3,"name":"Zna\u010dkov\u00fd Koupelnov\u00e1 sk\u0159\u00ed\u0148ka s kryc\u00ed deskou SAT B-WAY 79x30x45 cm b\u00edl\u00e1 lesk BWAY80WTKUB"}]},{"@type":"WebSite","@id":"https:\/\/www.oknobuild.com\/#website","url":"https:\/\/www.oknobuild.com\/","name":"","description":"","potentialAction":[{"@type":"SearchAction","target":{"@type":"EntryPoint","urlTemplate":"https:\/\/www.oknobuild.com\/?s={search_term_string}"},"query-input":{"@type":"PropertyValueSpecification","valueRequired":true,"valueName":"search_term_string"}}],"inLanguage":"cs"}]}},"_links":{"self":[{"href":"https:\/\/www.oknobuild.com\/index.php\/wp-json\/wp\/v2\/product\/64542","targetHints":{"allow":["GET"]}}],"collection":[{"href":"https:\/\/www.oknobuild.com\/index.php\/wp-json\/wp\/v2\/product"}],"about":[{"href":"https:\/\/www.oknobuild.com\/index.php\/wp-json\/wp\/v2\/types\/product"}],"replies":[{"embeddable":true,"href":"https:\/\/www.oknobuild.com\/index.php\/wp-json\/wp\/v2\/comments?post=64542"}],"wp:featuredmedia":[{"embeddable":true,"href":"https:\/\/www.oknobuild.com\/index.php\/wp-json\/wp\/v2\/media\/64642"}],"wp:attachment":[{"href":"https:\/\/www.oknobuild.com\/index.php\/wp-json\/wp\/v2\/media?parent=64542"}],"wp:term":[{"taxonomy":"product_brand","embeddable":true,"href":"https:\/\/www.oknobuild.com\/index.php\/wp-json\/wp\/v2\/product_brand?post=64542"},{"taxonomy":"product_cat","embeddable":true,"href":"https:\/\/www.oknobuild.com\/index.php\/wp-json\/wp\/v2\/product_cat?post=64542"},{"taxonomy":"product_tag","embeddable":true,"href":"https:\/\/www.oknobuild.com\/index.php\/wp-json\/wp\/v2\/product_tag?post=64542"}],"curies":[{"name":"wp","href":"https:\/\/api.w.org\/{rel}","templated":true}]}}