{"id":65583,"date":"2026-04-27T04:43:32","date_gmt":"2026-04-27T04:43:32","guid":{"rendered":""},"modified":"2026-04-27T04:43:32","modified_gmt":"2026-04-27T04:43:32","slug":"zlevneny-sapho-kaja-stojankova-umyvadlova-baterie-cerna-mat-hj002b-65583","status":"publish","type":"product","link":"https:\/\/www.oknobuild.com\/index.php\/produkt\/zlevneny-sapho-kaja-stojankova-umyvadlova-baterie-cerna-mat-hj002b-65583\/","title":{"rendered":"Zlevn\u011bn\u00fd Sapho KAJA stoj\u00e1nkov\u00e1 umyvadlov\u00e1 baterie, \u010dern\u00e1 mat HJ002B"},"content":{"rendered":"<div class=\"tabs__content-outer\" id=\"tab_description\" data-hash=\"description\" data-tabindex=\"-1\">\n<div class=\"tabs__content toggle_description\" id=\"content_description\">\n<div class=\"wysiwyg-content\">\n<div class=\"product__tab product__description full-width\">\n<div class=\"container\">\n<div >\n<h3>Sapho KAJA stoj\u00e1nkov\u00e1 umyvadlov\u00e1 baterie, \u010dern\u00e1 mat HJ002B<\/h3>\n<p><\/p>\n<p><b>Vlastnosti<\/b><\/p>\n<ul>\n<li><span>Materi\u00e1l:<\/span> Mosaz<\/li>\n<li><span>Barva:<\/span> \u010cern\u00e1<\/li>\n<li><span>Instalace:<\/span> Stoj\u00e1nkov\u00e1<\/li>\n<li><span>Tvar:<\/span> Kruhov\u00e9<\/li>\n<li><span>V\u00fd\u0161ka:<\/span> 154 mm<\/li>\n<li><span>Druh ovl\u00e1d\u00e1n\u00ed:<\/span> P\u00e1ka<\/li>\n<li><span>V\u00fd\u0161ka v\u00fdtoku:<\/span> 90 mm<\/li>\n<\/ul>\n<\/div><\/div>\n<\/p><\/div>\n<\/p><\/div>\n<\/p><\/div>\n","protected":false},"excerpt":{"rendered":"<p>Sapho KAJA stoj\u00e1nkov\u00e1 umyvadlov\u00e1 baterie, \u010dern\u00e1 mat HJ002B Vlastnosti Materi\u00e1l: Mosaz Barva: \u010cern\u00e1 Instalace: Stoj\u00e1nkov\u00e1 Tvar: Kruhov\u00e9 V\u00fd\u0161ka: 154 mm Druh ovl\u00e1d\u00e1n\u00ed: P\u00e1ka V\u00fd\u0161ka v\u00fdtoku: 90 mm<\/p>\n","protected":false},"featured_media":65683,"comment_status":"open","ping_status":"open","template":"","meta":[],"product_brand":[],"product_cat":[71],"product_tag":[],"class_list":{"0":"post-65583","1":"product","2":"type-product","3":"status-publish","4":"has-post-thumbnail","6":"product_cat-koupelna","8":"first","9":"instock","10":"sale","11":"shipping-taxable","12":"purchasable","13":"product-type-simple"},"yoast_head":"<!-- This site is optimized with the Yoast SEO plugin v26.8 - https:\/\/yoast.com\/product\/yoast-seo-wordpress\/ -->\n<title>Zlevn\u011bn\u00fd Sapho KAJA stoj\u00e1nkov\u00e1 umyvadlov\u00e1 baterie, \u010dern\u00e1 mat HJ002B -<\/title>\n<meta name=\"robots\" content=\"index, follow, max-snippet:-1, max-image-preview:large, max-video-preview:-1\" \/>\n<link rel=\"canonical\" href=\"https:\/\/www.oknobuild.com\/index.php\/produkt\/zlevneny-sapho-kaja-stojankova-umyvadlova-baterie-cerna-mat-hj002b-65583\/\" \/>\n<meta property=\"og:locale\" content=\"cs_CZ\" \/>\n<meta property=\"og:type\" content=\"article\" \/>\n<meta property=\"og:title\" content=\"Zlevn\u011bn\u00fd Sapho KAJA stoj\u00e1nkov\u00e1 umyvadlov\u00e1 baterie, \u010dern\u00e1 mat HJ002B -\" \/>\n<meta property=\"og:description\" content=\"Sapho KAJA stoj\u00e1nkov\u00e1 umyvadlov\u00e1 baterie, \u010dern\u00e1 mat HJ002B Vlastnosti Materi\u00e1l: Mosaz Barva: \u010cern\u00e1 Instalace: Stoj\u00e1nkov\u00e1 Tvar: Kruhov\u00e9 V\u00fd\u0161ka: 154 mm Druh ovl\u00e1d\u00e1n\u00ed: P\u00e1ka V\u00fd\u0161ka v\u00fdtoku: 90 mm\" \/>\n<meta property=\"og:url\" content=\"https:\/\/www.oknobuild.com\/index.php\/produkt\/zlevneny-sapho-kaja-stojankova-umyvadlova-baterie-cerna-mat-hj002b-65583\/\" \/>\n<meta property=\"og:image\" content=\"https:\/\/www.oknobuild.com\/wp-content\/uploads\/2026\/SK0018752-CZ20260425-093041-0-1777080643-634ef13fc27079ed1800e2005a01cf9b.webp\" \/>\n\t<meta property=\"og:image:width\" content=\"650\" \/>\n\t<meta property=\"og:image:height\" content=\"800\" \/>\n\t<meta property=\"og:image:type\" content=\"image\/webp\" \/>\n<meta name=\"twitter:card\" content=\"summary_large_image\" \/>\n<script type=\"application\/ld+json\" class=\"yoast-schema-graph\">{\"@context\":\"https:\/\/schema.org\",\"@graph\":[{\"@type\":\"WebPage\",\"@id\":\"https:\/\/www.oknobuild.com\/index.php\/produkt\/zlevneny-sapho-kaja-stojankova-umyvadlova-baterie-cerna-mat-hj002b-65583\/\",\"url\":\"https:\/\/www.oknobuild.com\/index.php\/produkt\/zlevneny-sapho-kaja-stojankova-umyvadlova-baterie-cerna-mat-hj002b-65583\/\",\"name\":\"Zlevn\u011bn\u00fd Sapho KAJA stoj\u00e1nkov\u00e1 umyvadlov\u00e1 baterie, \u010dern\u00e1 mat HJ002B -\",\"isPartOf\":{\"@id\":\"https:\/\/www.oknobuild.com\/#website\"},\"primaryImageOfPage\":{\"@id\":\"https:\/\/www.oknobuild.com\/index.php\/produkt\/zlevneny-sapho-kaja-stojankova-umyvadlova-baterie-cerna-mat-hj002b-65583\/#primaryimage\"},\"image\":{\"@id\":\"https:\/\/www.oknobuild.com\/index.php\/produkt\/zlevneny-sapho-kaja-stojankova-umyvadlova-baterie-cerna-mat-hj002b-65583\/#primaryimage\"},\"thumbnailUrl\":\"https:\/\/www.oknobuild.com\/wp-content\/uploads\/2026\/SK0018752-CZ20260425-093041-0-1777080643-634ef13fc27079ed1800e2005a01cf9b.webp\",\"datePublished\":\"2026-04-27T04:43:32+00:00\",\"breadcrumb\":{\"@id\":\"https:\/\/www.oknobuild.com\/index.php\/produkt\/zlevneny-sapho-kaja-stojankova-umyvadlova-baterie-cerna-mat-hj002b-65583\/#breadcrumb\"},\"inLanguage\":\"cs\",\"potentialAction\":[{\"@type\":\"ReadAction\",\"target\":[\"https:\/\/www.oknobuild.com\/index.php\/produkt\/zlevneny-sapho-kaja-stojankova-umyvadlova-baterie-cerna-mat-hj002b-65583\/\"]}]},{\"@type\":\"ImageObject\",\"inLanguage\":\"cs\",\"@id\":\"https:\/\/www.oknobuild.com\/index.php\/produkt\/zlevneny-sapho-kaja-stojankova-umyvadlova-baterie-cerna-mat-hj002b-65583\/#primaryimage\",\"url\":\"https:\/\/www.oknobuild.com\/wp-content\/uploads\/2026\/SK0018752-CZ20260425-093041-0-1777080643-634ef13fc27079ed1800e2005a01cf9b.webp\",\"contentUrl\":\"https:\/\/www.oknobuild.com\/wp-content\/uploads\/2026\/SK0018752-CZ20260425-093041-0-1777080643-634ef13fc27079ed1800e2005a01cf9b.webp\",\"width\":650,\"height\":800},{\"@type\":\"BreadcrumbList\",\"@id\":\"https:\/\/www.oknobuild.com\/index.php\/produkt\/zlevneny-sapho-kaja-stojankova-umyvadlova-baterie-cerna-mat-hj002b-65583\/#breadcrumb\",\"itemListElement\":[{\"@type\":\"ListItem\",\"position\":1,\"name\":\"Home\",\"item\":\"https:\/\/www.oknobuild.com\/\"},{\"@type\":\"ListItem\",\"position\":2,\"name\":\"Products\",\"item\":\"https:\/\/www.oknobuild.com\/index.php\/products\/\"},{\"@type\":\"ListItem\",\"position\":3,\"name\":\"Zlevn\u011bn\u00fd Sapho KAJA stoj\u00e1nkov\u00e1 umyvadlov\u00e1 baterie, \u010dern\u00e1 mat HJ002B\"}]},{\"@type\":\"WebSite\",\"@id\":\"https:\/\/www.oknobuild.com\/#website\",\"url\":\"https:\/\/www.oknobuild.com\/\",\"name\":\"\",\"description\":\"\",\"potentialAction\":[{\"@type\":\"SearchAction\",\"target\":{\"@type\":\"EntryPoint\",\"urlTemplate\":\"https:\/\/www.oknobuild.com\/?s={search_term_string}\"},\"query-input\":{\"@type\":\"PropertyValueSpecification\",\"valueRequired\":true,\"valueName\":\"search_term_string\"}}],\"inLanguage\":\"cs\"}]}<\/script>\n<!-- \/ Yoast SEO plugin. -->","yoast_head_json":{"title":"Zlevn\u011bn\u00fd Sapho KAJA stoj\u00e1nkov\u00e1 umyvadlov\u00e1 baterie, \u010dern\u00e1 mat HJ002B -","robots":{"index":"index","follow":"follow","max-snippet":"max-snippet:-1","max-image-preview":"max-image-preview:large","max-video-preview":"max-video-preview:-1"},"canonical":"https:\/\/www.oknobuild.com\/index.php\/produkt\/zlevneny-sapho-kaja-stojankova-umyvadlova-baterie-cerna-mat-hj002b-65583\/","og_locale":"cs_CZ","og_type":"article","og_title":"Zlevn\u011bn\u00fd Sapho KAJA stoj\u00e1nkov\u00e1 umyvadlov\u00e1 baterie, \u010dern\u00e1 mat HJ002B -","og_description":"Sapho KAJA stoj\u00e1nkov\u00e1 umyvadlov\u00e1 baterie, \u010dern\u00e1 mat HJ002B Vlastnosti Materi\u00e1l: Mosaz Barva: \u010cern\u00e1 Instalace: Stoj\u00e1nkov\u00e1 Tvar: Kruhov\u00e9 V\u00fd\u0161ka: 154 mm Druh ovl\u00e1d\u00e1n\u00ed: P\u00e1ka V\u00fd\u0161ka v\u00fdtoku: 90 mm","og_url":"https:\/\/www.oknobuild.com\/index.php\/produkt\/zlevneny-sapho-kaja-stojankova-umyvadlova-baterie-cerna-mat-hj002b-65583\/","og_image":[{"width":650,"height":800,"url":"https:\/\/www.oknobuild.com\/wp-content\/uploads\/2026\/SK0018752-CZ20260425-093041-0-1777080643-634ef13fc27079ed1800e2005a01cf9b.webp","type":"image\/webp"}],"twitter_card":"summary_large_image","schema":{"@context":"https:\/\/schema.org","@graph":[{"@type":"WebPage","@id":"https:\/\/www.oknobuild.com\/index.php\/produkt\/zlevneny-sapho-kaja-stojankova-umyvadlova-baterie-cerna-mat-hj002b-65583\/","url":"https:\/\/www.oknobuild.com\/index.php\/produkt\/zlevneny-sapho-kaja-stojankova-umyvadlova-baterie-cerna-mat-hj002b-65583\/","name":"Zlevn\u011bn\u00fd Sapho KAJA stoj\u00e1nkov\u00e1 umyvadlov\u00e1 baterie, \u010dern\u00e1 mat HJ002B -","isPartOf":{"@id":"https:\/\/www.oknobuild.com\/#website"},"primaryImageOfPage":{"@id":"https:\/\/www.oknobuild.com\/index.php\/produkt\/zlevneny-sapho-kaja-stojankova-umyvadlova-baterie-cerna-mat-hj002b-65583\/#primaryimage"},"image":{"@id":"https:\/\/www.oknobuild.com\/index.php\/produkt\/zlevneny-sapho-kaja-stojankova-umyvadlova-baterie-cerna-mat-hj002b-65583\/#primaryimage"},"thumbnailUrl":"https:\/\/www.oknobuild.com\/wp-content\/uploads\/2026\/SK0018752-CZ20260425-093041-0-1777080643-634ef13fc27079ed1800e2005a01cf9b.webp","datePublished":"2026-04-27T04:43:32+00:00","breadcrumb":{"@id":"https:\/\/www.oknobuild.com\/index.php\/produkt\/zlevneny-sapho-kaja-stojankova-umyvadlova-baterie-cerna-mat-hj002b-65583\/#breadcrumb"},"inLanguage":"cs","potentialAction":[{"@type":"ReadAction","target":["https:\/\/www.oknobuild.com\/index.php\/produkt\/zlevneny-sapho-kaja-stojankova-umyvadlova-baterie-cerna-mat-hj002b-65583\/"]}]},{"@type":"ImageObject","inLanguage":"cs","@id":"https:\/\/www.oknobuild.com\/index.php\/produkt\/zlevneny-sapho-kaja-stojankova-umyvadlova-baterie-cerna-mat-hj002b-65583\/#primaryimage","url":"https:\/\/www.oknobuild.com\/wp-content\/uploads\/2026\/SK0018752-CZ20260425-093041-0-1777080643-634ef13fc27079ed1800e2005a01cf9b.webp","contentUrl":"https:\/\/www.oknobuild.com\/wp-content\/uploads\/2026\/SK0018752-CZ20260425-093041-0-1777080643-634ef13fc27079ed1800e2005a01cf9b.webp","width":650,"height":800},{"@type":"BreadcrumbList","@id":"https:\/\/www.oknobuild.com\/index.php\/produkt\/zlevneny-sapho-kaja-stojankova-umyvadlova-baterie-cerna-mat-hj002b-65583\/#breadcrumb","itemListElement":[{"@type":"ListItem","position":1,"name":"Home","item":"https:\/\/www.oknobuild.com\/"},{"@type":"ListItem","position":2,"name":"Products","item":"https:\/\/www.oknobuild.com\/index.php\/products\/"},{"@type":"ListItem","position":3,"name":"Zlevn\u011bn\u00fd Sapho KAJA stoj\u00e1nkov\u00e1 umyvadlov\u00e1 baterie, \u010dern\u00e1 mat HJ002B"}]},{"@type":"WebSite","@id":"https:\/\/www.oknobuild.com\/#website","url":"https:\/\/www.oknobuild.com\/","name":"","description":"","potentialAction":[{"@type":"SearchAction","target":{"@type":"EntryPoint","urlTemplate":"https:\/\/www.oknobuild.com\/?s={search_term_string}"},"query-input":{"@type":"PropertyValueSpecification","valueRequired":true,"valueName":"search_term_string"}}],"inLanguage":"cs"}]}},"_links":{"self":[{"href":"https:\/\/www.oknobuild.com\/index.php\/wp-json\/wp\/v2\/product\/65583","targetHints":{"allow":["GET"]}}],"collection":[{"href":"https:\/\/www.oknobuild.com\/index.php\/wp-json\/wp\/v2\/product"}],"about":[{"href":"https:\/\/www.oknobuild.com\/index.php\/wp-json\/wp\/v2\/types\/product"}],"replies":[{"embeddable":true,"href":"https:\/\/www.oknobuild.com\/index.php\/wp-json\/wp\/v2\/comments?post=65583"}],"wp:featuredmedia":[{"embeddable":true,"href":"https:\/\/www.oknobuild.com\/index.php\/wp-json\/wp\/v2\/media\/65683"}],"wp:attachment":[{"href":"https:\/\/www.oknobuild.com\/index.php\/wp-json\/wp\/v2\/media?parent=65583"}],"wp:term":[{"taxonomy":"product_brand","embeddable":true,"href":"https:\/\/www.oknobuild.com\/index.php\/wp-json\/wp\/v2\/product_brand?post=65583"},{"taxonomy":"product_cat","embeddable":true,"href":"https:\/\/www.oknobuild.com\/index.php\/wp-json\/wp\/v2\/product_cat?post=65583"},{"taxonomy":"product_tag","embeddable":true,"href":"https:\/\/www.oknobuild.com\/index.php\/wp-json\/wp\/v2\/product_tag?post=65583"}],"curies":[{"name":"wp","href":"https:\/\/api.w.org\/{rel}","templated":true}]}}