{"id":7166,"date":"2026-04-27T04:40:49","date_gmt":"2026-04-27T04:40:49","guid":{"rendered":""},"modified":"2026-04-27T04:40:49","modified_gmt":"2026-04-27T04:40:49","slug":"bezpecna-platba-workersbest-899-00482-sada-hacku-83-ks-7166","status":"publish","type":"product","link":"https:\/\/www.oknobuild.com\/index.php\/produkt\/bezpecna-platba-workersbest-899-00482-sada-hacku-83-ks-7166\/","title":{"rendered":"Bezpe\u010dn\u00e1 Platba WorkersBest 899-00482 sada h\u00e1\u010dk\u016f 83 ks"},"content":{"rendered":"<table>\n<div class=\"tab-pane active product-description\" id=\"popis\" role=\"tabpanel\">\n<div class=\"short-description\" itemprop=\"description\"><\/div>\n<div class=\"description\"><span class='bullet-line'>Materi\u00e1l: ocel <\/span><span class='bullet-line'>Povrch: pozinkovan\u00fd nebo mosaz <\/span><span class='bullet-line'>Obsah: \u0161roubov\u00e9 h\u00e1\u010dky ohnut\u00e9, pozinkovan\u00e9: 3,3x50mm 6 kus\u016f 3,5x75mm 4 kusy \u0161roubov\u00e9 h\u00e1\u010dky rovn\u00e9, galvanizovan\u00e9: 5,2x40mm 8 kus\u016f 5.8x65mm 5 kus\u016f obr\u00e1zek o\u010dka: 12x12mm \/ 16x16mm H\u00e1\u010dky na obr\u00e1zky 8 kus\u016f: 17x5mm \/ 23x7mm 10 kus\u016f 30x20mm 4 kusy ocelov\u00e9 kol\u00edky: 25mm 20 kus\u016f<\/span><\/div>\n<div class=\"parameters\">\n<tr>\n<td>materi\u00e1l<\/td>\n<td>ocel<\/td>\n<\/tr>\n<tr>\n<td>Dal\u0161\u00ed vlastnosti produktu<\/td>\n<td>&#8211;<\/td>\n<\/tr>\n<tr>\n<td>obsah<\/td>\n<td>83 kus\u016f<\/td>\n<\/tr>\n<tr>\n<td>Dal\u0161\u00ed vlastnosti produktu 02<\/td>\n<td>Mosazn\u00fd obrazov\u00fd h\u00e1\u010dek, v\u010detn\u011b kol\u00edk\u016f: 17x5mm 10 kus\u016f 23x7mm 10 kus\u016f 30x20mm 4 kusy ocelov\u00e9 kol\u00edky mosaz: 25mm 20 kus\u016f<\/td>\n<\/tr>\n<tr>\n<td>vhodn\u00e9 pro<\/td>\n<td>&#8211;<\/td>\n<\/tr>\n<tr>\n<td>povrch<\/td>\n<td>galvanizovan\u00e9 nebo mosazn\u00e9<\/td>\n<\/tr>\n<tr>\n<td>rozsah<\/td>\n<td>&#8211;<\/td>\n<\/tr><\/div>\n<\/table>\n","protected":false},"excerpt":{"rendered":"<p>Materi\u00e1l: ocel Povrch: pozinkovan\u00fd nebo mosaz Obsah: \u0161roubov\u00e9 h\u00e1\u010dky ohnut\u00e9, pozinkovan\u00e9: 3,3x50mm 6 kus\u016f 3,5x75mm 4 kusy \u0161roubov\u00e9 h\u00e1\u010dky rovn\u00e9, galvanizovan\u00e9: 5,2x40mm 8 kus\u016f 5.8x65mm 5 kus\u016f obr\u00e1zek o\u010dka: 12x12mm \/ 16x16mm H\u00e1\u010dky na obr\u00e1zky 8 kus\u016f: 17x5mm \/ 23x7mm 10 kus\u016f 30x20mm 4 kusy ocelov\u00e9 kol\u00edky: 25mm 20 kus\u016f materi\u00e1l ocel Dal\u0161\u00ed vlastnosti produktu [&hellip;]<\/p>\n","protected":false},"featured_media":7266,"comment_status":"open","ping_status":"open","template":"","meta":[],"product_brand":[],"product_cat":[43],"product_tag":[],"class_list":{"0":"post-7166","1":"product","2":"type-product","3":"status-publish","4":"has-post-thumbnail","6":"product_cat-dilna","8":"first","9":"instock","10":"sale","11":"shipping-taxable","12":"purchasable","13":"product-type-simple"},"yoast_head":"<!-- This site is optimized with the Yoast SEO plugin v26.8 - https:\/\/yoast.com\/product\/yoast-seo-wordpress\/ -->\n<title>Bezpe\u010dn\u00e1 Platba WorkersBest 899-00482 sada h\u00e1\u010dk\u016f 83 ks -<\/title>\n<meta name=\"robots\" content=\"index, follow, max-snippet:-1, max-image-preview:large, max-video-preview:-1\" \/>\n<link rel=\"canonical\" href=\"https:\/\/www.oknobuild.com\/index.php\/produkt\/bezpecna-platba-workersbest-899-00482-sada-hacku-83-ks-7166\/\" \/>\n<meta property=\"og:locale\" content=\"cs_CZ\" \/>\n<meta property=\"og:type\" content=\"article\" \/>\n<meta property=\"og:title\" content=\"Bezpe\u010dn\u00e1 Platba WorkersBest 899-00482 sada h\u00e1\u010dk\u016f 83 ks -\" \/>\n<meta property=\"og:description\" content=\"Materi\u00e1l: ocel Povrch: pozinkovan\u00fd nebo mosaz Obsah: \u0161roubov\u00e9 h\u00e1\u010dky ohnut\u00e9, pozinkovan\u00e9: 3,3x50mm 6 kus\u016f 3,5x75mm 4 kusy \u0161roubov\u00e9 h\u00e1\u010dky rovn\u00e9, galvanizovan\u00e9: 5,2x40mm 8 kus\u016f 5.8x65mm 5 kus\u016f obr\u00e1zek o\u010dka: 12x12mm \/ 16x16mm H\u00e1\u010dky na obr\u00e1zky 8 kus\u016f: 17x5mm \/ 23x7mm 10 kus\u016f 30x20mm 4 kusy ocelov\u00e9 kol\u00edky: 25mm 20 kus\u016f materi\u00e1l ocel Dal\u0161\u00ed vlastnosti produktu [&hellip;]\" \/>\n<meta property=\"og:url\" content=\"https:\/\/www.oknobuild.com\/index.php\/produkt\/bezpecna-platba-workersbest-899-00482-sada-hacku-83-ks-7166\/\" \/>\n<meta property=\"og:image\" content=\"https:\/\/www.oknobuild.com\/wp-content\/uploads\/2026\/SK0018314-CZ20260425-092328-0-1777080210-207719-1_133522.webp\" \/>\n\t<meta property=\"og:image:width\" content=\"800\" \/>\n\t<meta property=\"og:image:height\" content=\"800\" \/>\n\t<meta property=\"og:image:type\" content=\"image\/webp\" \/>\n<meta name=\"twitter:card\" content=\"summary_large_image\" \/>\n<script type=\"application\/ld+json\" class=\"yoast-schema-graph\">{\"@context\":\"https:\/\/schema.org\",\"@graph\":[{\"@type\":\"WebPage\",\"@id\":\"https:\/\/www.oknobuild.com\/index.php\/produkt\/bezpecna-platba-workersbest-899-00482-sada-hacku-83-ks-7166\/\",\"url\":\"https:\/\/www.oknobuild.com\/index.php\/produkt\/bezpecna-platba-workersbest-899-00482-sada-hacku-83-ks-7166\/\",\"name\":\"Bezpe\u010dn\u00e1 Platba WorkersBest 899-00482 sada h\u00e1\u010dk\u016f 83 ks -\",\"isPartOf\":{\"@id\":\"https:\/\/www.oknobuild.com\/#website\"},\"primaryImageOfPage\":{\"@id\":\"https:\/\/www.oknobuild.com\/index.php\/produkt\/bezpecna-platba-workersbest-899-00482-sada-hacku-83-ks-7166\/#primaryimage\"},\"image\":{\"@id\":\"https:\/\/www.oknobuild.com\/index.php\/produkt\/bezpecna-platba-workersbest-899-00482-sada-hacku-83-ks-7166\/#primaryimage\"},\"thumbnailUrl\":\"https:\/\/www.oknobuild.com\/wp-content\/uploads\/2026\/SK0018314-CZ20260425-092328-0-1777080210-207719-1_133522.webp\",\"datePublished\":\"2026-04-27T04:40:49+00:00\",\"breadcrumb\":{\"@id\":\"https:\/\/www.oknobuild.com\/index.php\/produkt\/bezpecna-platba-workersbest-899-00482-sada-hacku-83-ks-7166\/#breadcrumb\"},\"inLanguage\":\"cs\",\"potentialAction\":[{\"@type\":\"ReadAction\",\"target\":[\"https:\/\/www.oknobuild.com\/index.php\/produkt\/bezpecna-platba-workersbest-899-00482-sada-hacku-83-ks-7166\/\"]}]},{\"@type\":\"ImageObject\",\"inLanguage\":\"cs\",\"@id\":\"https:\/\/www.oknobuild.com\/index.php\/produkt\/bezpecna-platba-workersbest-899-00482-sada-hacku-83-ks-7166\/#primaryimage\",\"url\":\"https:\/\/www.oknobuild.com\/wp-content\/uploads\/2026\/SK0018314-CZ20260425-092328-0-1777080210-207719-1_133522.webp\",\"contentUrl\":\"https:\/\/www.oknobuild.com\/wp-content\/uploads\/2026\/SK0018314-CZ20260425-092328-0-1777080210-207719-1_133522.webp\",\"width\":800,\"height\":800},{\"@type\":\"BreadcrumbList\",\"@id\":\"https:\/\/www.oknobuild.com\/index.php\/produkt\/bezpecna-platba-workersbest-899-00482-sada-hacku-83-ks-7166\/#breadcrumb\",\"itemListElement\":[{\"@type\":\"ListItem\",\"position\":1,\"name\":\"Home\",\"item\":\"https:\/\/www.oknobuild.com\/\"},{\"@type\":\"ListItem\",\"position\":2,\"name\":\"Products\",\"item\":\"https:\/\/www.oknobuild.com\/index.php\/products\/\"},{\"@type\":\"ListItem\",\"position\":3,\"name\":\"Bezpe\u010dn\u00e1 Platba WorkersBest 899-00482 sada h\u00e1\u010dk\u016f 83 ks\"}]},{\"@type\":\"WebSite\",\"@id\":\"https:\/\/www.oknobuild.com\/#website\",\"url\":\"https:\/\/www.oknobuild.com\/\",\"name\":\"\",\"description\":\"\",\"potentialAction\":[{\"@type\":\"SearchAction\",\"target\":{\"@type\":\"EntryPoint\",\"urlTemplate\":\"https:\/\/www.oknobuild.com\/?s={search_term_string}\"},\"query-input\":{\"@type\":\"PropertyValueSpecification\",\"valueRequired\":true,\"valueName\":\"search_term_string\"}}],\"inLanguage\":\"cs\"}]}<\/script>\n<!-- \/ Yoast SEO plugin. -->","yoast_head_json":{"title":"Bezpe\u010dn\u00e1 Platba WorkersBest 899-00482 sada h\u00e1\u010dk\u016f 83 ks -","robots":{"index":"index","follow":"follow","max-snippet":"max-snippet:-1","max-image-preview":"max-image-preview:large","max-video-preview":"max-video-preview:-1"},"canonical":"https:\/\/www.oknobuild.com\/index.php\/produkt\/bezpecna-platba-workersbest-899-00482-sada-hacku-83-ks-7166\/","og_locale":"cs_CZ","og_type":"article","og_title":"Bezpe\u010dn\u00e1 Platba WorkersBest 899-00482 sada h\u00e1\u010dk\u016f 83 ks -","og_description":"Materi\u00e1l: ocel Povrch: pozinkovan\u00fd nebo mosaz Obsah: \u0161roubov\u00e9 h\u00e1\u010dky ohnut\u00e9, pozinkovan\u00e9: 3,3x50mm 6 kus\u016f 3,5x75mm 4 kusy \u0161roubov\u00e9 h\u00e1\u010dky rovn\u00e9, galvanizovan\u00e9: 5,2x40mm 8 kus\u016f 5.8x65mm 5 kus\u016f obr\u00e1zek o\u010dka: 12x12mm \/ 16x16mm H\u00e1\u010dky na obr\u00e1zky 8 kus\u016f: 17x5mm \/ 23x7mm 10 kus\u016f 30x20mm 4 kusy ocelov\u00e9 kol\u00edky: 25mm 20 kus\u016f materi\u00e1l ocel Dal\u0161\u00ed vlastnosti produktu [&hellip;]","og_url":"https:\/\/www.oknobuild.com\/index.php\/produkt\/bezpecna-platba-workersbest-899-00482-sada-hacku-83-ks-7166\/","og_image":[{"width":800,"height":800,"url":"https:\/\/www.oknobuild.com\/wp-content\/uploads\/2026\/SK0018314-CZ20260425-092328-0-1777080210-207719-1_133522.webp","type":"image\/webp"}],"twitter_card":"summary_large_image","schema":{"@context":"https:\/\/schema.org","@graph":[{"@type":"WebPage","@id":"https:\/\/www.oknobuild.com\/index.php\/produkt\/bezpecna-platba-workersbest-899-00482-sada-hacku-83-ks-7166\/","url":"https:\/\/www.oknobuild.com\/index.php\/produkt\/bezpecna-platba-workersbest-899-00482-sada-hacku-83-ks-7166\/","name":"Bezpe\u010dn\u00e1 Platba WorkersBest 899-00482 sada h\u00e1\u010dk\u016f 83 ks -","isPartOf":{"@id":"https:\/\/www.oknobuild.com\/#website"},"primaryImageOfPage":{"@id":"https:\/\/www.oknobuild.com\/index.php\/produkt\/bezpecna-platba-workersbest-899-00482-sada-hacku-83-ks-7166\/#primaryimage"},"image":{"@id":"https:\/\/www.oknobuild.com\/index.php\/produkt\/bezpecna-platba-workersbest-899-00482-sada-hacku-83-ks-7166\/#primaryimage"},"thumbnailUrl":"https:\/\/www.oknobuild.com\/wp-content\/uploads\/2026\/SK0018314-CZ20260425-092328-0-1777080210-207719-1_133522.webp","datePublished":"2026-04-27T04:40:49+00:00","breadcrumb":{"@id":"https:\/\/www.oknobuild.com\/index.php\/produkt\/bezpecna-platba-workersbest-899-00482-sada-hacku-83-ks-7166\/#breadcrumb"},"inLanguage":"cs","potentialAction":[{"@type":"ReadAction","target":["https:\/\/www.oknobuild.com\/index.php\/produkt\/bezpecna-platba-workersbest-899-00482-sada-hacku-83-ks-7166\/"]}]},{"@type":"ImageObject","inLanguage":"cs","@id":"https:\/\/www.oknobuild.com\/index.php\/produkt\/bezpecna-platba-workersbest-899-00482-sada-hacku-83-ks-7166\/#primaryimage","url":"https:\/\/www.oknobuild.com\/wp-content\/uploads\/2026\/SK0018314-CZ20260425-092328-0-1777080210-207719-1_133522.webp","contentUrl":"https:\/\/www.oknobuild.com\/wp-content\/uploads\/2026\/SK0018314-CZ20260425-092328-0-1777080210-207719-1_133522.webp","width":800,"height":800},{"@type":"BreadcrumbList","@id":"https:\/\/www.oknobuild.com\/index.php\/produkt\/bezpecna-platba-workersbest-899-00482-sada-hacku-83-ks-7166\/#breadcrumb","itemListElement":[{"@type":"ListItem","position":1,"name":"Home","item":"https:\/\/www.oknobuild.com\/"},{"@type":"ListItem","position":2,"name":"Products","item":"https:\/\/www.oknobuild.com\/index.php\/products\/"},{"@type":"ListItem","position":3,"name":"Bezpe\u010dn\u00e1 Platba WorkersBest 899-00482 sada h\u00e1\u010dk\u016f 83 ks"}]},{"@type":"WebSite","@id":"https:\/\/www.oknobuild.com\/#website","url":"https:\/\/www.oknobuild.com\/","name":"","description":"","potentialAction":[{"@type":"SearchAction","target":{"@type":"EntryPoint","urlTemplate":"https:\/\/www.oknobuild.com\/?s={search_term_string}"},"query-input":{"@type":"PropertyValueSpecification","valueRequired":true,"valueName":"search_term_string"}}],"inLanguage":"cs"}]}},"_links":{"self":[{"href":"https:\/\/www.oknobuild.com\/index.php\/wp-json\/wp\/v2\/product\/7166","targetHints":{"allow":["GET"]}}],"collection":[{"href":"https:\/\/www.oknobuild.com\/index.php\/wp-json\/wp\/v2\/product"}],"about":[{"href":"https:\/\/www.oknobuild.com\/index.php\/wp-json\/wp\/v2\/types\/product"}],"replies":[{"embeddable":true,"href":"https:\/\/www.oknobuild.com\/index.php\/wp-json\/wp\/v2\/comments?post=7166"}],"wp:featuredmedia":[{"embeddable":true,"href":"https:\/\/www.oknobuild.com\/index.php\/wp-json\/wp\/v2\/media\/7266"}],"wp:attachment":[{"href":"https:\/\/www.oknobuild.com\/index.php\/wp-json\/wp\/v2\/media?parent=7166"}],"wp:term":[{"taxonomy":"product_brand","embeddable":true,"href":"https:\/\/www.oknobuild.com\/index.php\/wp-json\/wp\/v2\/product_brand?post=7166"},{"taxonomy":"product_cat","embeddable":true,"href":"https:\/\/www.oknobuild.com\/index.php\/wp-json\/wp\/v2\/product_cat?post=7166"},{"taxonomy":"product_tag","embeddable":true,"href":"https:\/\/www.oknobuild.com\/index.php\/wp-json\/wp\/v2\/product_tag?post=7166"}],"curies":[{"name":"wp","href":"https:\/\/api.w.org\/{rel}","templated":true}]}}