{"id":73739,"date":"2026-04-27T04:43:55","date_gmt":"2026-04-27T04:43:55","guid":{"rendered":""},"modified":"2026-04-27T04:43:55","modified_gmt":"2026-04-27T04:43:55","slug":"zlevneny-sapho-keramicka-sprchova-vanicka-obdelnik-140x70x2cm-agave-mat-46140704-73739","status":"publish","type":"product","link":"https:\/\/www.oknobuild.com\/index.php\/produkt\/zlevneny-sapho-keramicka-sprchova-vanicka-obdelnik-140x70x2cm-agave-mat-46140704-73739\/","title":{"rendered":"Zlevn\u011bn\u00fd Sapho Keramick\u00e1 sprchov\u00e1 vani\u010dka, obd\u00e9ln\u00edk 140x70x2cm, agave mat 46140704"},"content":{"rendered":"<div class=\"basic-description\">\n<h3>Detailn\u00ed popis produktu<\/h3>\n<p><\/p>\n<p style=\"text-align: justify;\">Keramick\u00e9 vani\u010dky EXTRA FLAT v&nbsp;modern\u00edm designu a n\u00edzk\u00e9 v\u00fd\u0161ce jsou obl\u00edben\u00e9 pro sv\u00e9 praktick\u00e9 vlastnosti &#8211; stoprocentn\u00ed tvarovou st\u00e1lost, odolnost proti po\u0161kr\u00e1b\u00e1n\u00ed, snadnou \u00fadr\u017ebu a neomezenou \u017eivotnost. Nav\u00edc jsou opat\u0159eny protiskluzovou keramickou strukturou.<\/p>\n<p style=\"text-align: justify;\"><strong>Vani\u010dky umo\u017e\u0148uj\u00ed instalaci na podlahu nebo s \u00farovn\u00ed podlahy se zapu\u0161t\u011bn\u00fdm sifonem i&nbsp;klasick\u00e9 podezd\u011bn\u00ed vani\u010dky.<\/strong><\/p>\n<p><strong>Boky vani\u010dek, kter\u00e9 jsou neglazovan\u00e9 (ur\u010den\u00e9 k&nbsp;zazd\u011bn\u00ed do zdi, \u010di pod obklad), jsou na technick\u00e9m v\u00fdkresu ozna\u010deny &#8222;not glazed side&#8220;.<\/strong><\/p>\n<ul>\n<li>Rozm\u011brov\u00e1 tolerance u&nbsp;sanit\u00e1rn\u00ed keramiky:&nbsp; +1 %<\/li>\n<\/ul>\n<p><span>P\u0159i instalaci vani\u010dek je nutn\u00e9 nechat mezi vani\u010dkou a obklady dilata\u010dn\u00ed sp\u00e1ru, kterou vypln\u00edte pru\u017en\u00fdm tmelem (silikonem). Vani\u010dka nesm\u00ed b\u00fdt zabudov\u00e1na \u00fapln\u011b napevno kv\u016fli mo\u017en\u00fdm pohyb\u016fm stavby. T\u00edmto postupem p\u0159edejdete jej\u00edmu mo\u017en\u00e9mu po\u0161kozen\u00ed. Podrobn\u00e9 instrukce viz n\u00e1vod.<\/span><\/p>\n<h2 class=\"props-title\">Vlastnosti<\/h2>\n<table>\n<tr>\n<th>Zna\u010dka<\/th>\n<td>GSI<\/td>\n<\/tr>\n<tr>\n<th>S\u00e9rie<\/th>\n<td>EXTRA FLAT<\/td>\n<\/tr>\n<tr>\n<th>Rozm\u011br<\/th>\n<td>140x70x2 cm<\/td>\n<\/tr>\n<tr>\n<th>D\u00e9lka<\/th>\n<td>1400&nbsp;mm<\/td>\n<\/tr>\n<tr>\n<th>\u0160\u00ed\u0159ka<\/th>\n<td>700&nbsp;mm<\/td>\n<\/tr>\n<tr>\n<th>V\u00fd\u0161ka<\/th>\n<td>20&nbsp;mm<\/td>\n<\/tr>\n<tr>\n<th>Barva<\/th>\n<td>Zelen\u00e1<\/td>\n<\/tr>\n<tr>\n<th>Materi\u00e1l<\/th>\n<td>Keramika<\/td>\n<\/tr>\n<tr>\n<th>Tvar<\/th>\n<td>Obd\u00e9ln\u00edkov\u00e9<\/td>\n<\/tr>\n<tr>\n<th>Pr\u016fm\u011br odpadu<\/th>\n<td>90&nbsp;mm<\/td>\n<\/tr>\n<tr>\n<th>Nosnost<\/th>\n<td>150.0000&nbsp;kg<\/td>\n<\/tr>\n<tr>\n<th>Reli\u00e9f (povrch) dna<\/th>\n<td>Hladk\u00fd<\/td>\n<\/tr>\n<tr>\n<th>Hmotnost \/ ks<\/th>\n<td>35.0000&nbsp;kg<\/td>\n<\/tr>\n<tr>\n<th>Balen\u00ed<\/th>\n<td>1&nbsp;ks<\/td>\n<\/tr>\n<tr>\n<th>EAN<\/th>\n<td>8057729353162<\/td>\n<\/tr>\n<tr>\n<th>Taric<\/th>\n<td>69109000<\/td>\n<\/tr>\n<tr>\n<th>Z\u00e1ruka<\/th>\n<td>2 roky<\/td>\n<\/tr>\n<\/table>\n<p>   Upozorn\u011bn\u00ed pro z\u00e1kazn\u00edky ke koupi produkt\u016f na objedn\u00e1n\u00ed: Toto zbo\u017e\u00ed nen\u00ed standardn\u00edm s\u00e9riov\u00fdm v\u00fdrobkem. Bude vyrobeno na p\u0159\u00e1n\u00ed z\u00e1kazn\u00edka a proto jej nelze dodavateli v z\u00e1konn\u00e9 lh\u016ft\u011b vr\u00e1tit. (viz \u00a71837 odst.d, ob\u010dansk\u00e9ho z\u00e1kon\u00edku). V tomto p\u0159\u00edpad\u011b m\u016f\u017eeme po\u017eadovat nevratnou z\u00e1lohu a\u017e do v\u00fd\u0161e 100 % z ceny v\u00fdrobku.                            <\/p><\/div>\n","protected":false},"excerpt":{"rendered":"<p>Detailn\u00ed popis produktu Keramick\u00e9 vani\u010dky EXTRA FLAT v&nbsp;modern\u00edm designu a n\u00edzk\u00e9 v\u00fd\u0161ce jsou obl\u00edben\u00e9 pro sv\u00e9 praktick\u00e9 vlastnosti &#8211; stoprocentn\u00ed tvarovou st\u00e1lost, odolnost proti po\u0161kr\u00e1b\u00e1n\u00ed, snadnou \u00fadr\u017ebu a neomezenou \u017eivotnost. Nav\u00edc jsou opat\u0159eny protiskluzovou keramickou strukturou. Vani\u010dky umo\u017e\u0148uj\u00ed instalaci na podlahu nebo s \u00farovn\u00ed podlahy se zapu\u0161t\u011bn\u00fdm sifonem i&nbsp;klasick\u00e9 podezd\u011bn\u00ed vani\u010dky. Boky vani\u010dek, kter\u00e9 jsou [&hellip;]<\/p>\n","protected":false},"featured_media":73839,"comment_status":"open","ping_status":"open","template":"","meta":[],"product_brand":[],"product_cat":[56],"product_tag":[],"class_list":{"0":"post-73739","1":"product","2":"type-product","3":"status-publish","4":"has-post-thumbnail","6":"product_cat-sprchove-kouty","8":"first","9":"instock","10":"sale","11":"shipping-taxable","12":"purchasable","13":"product-type-simple"},"yoast_head":"<!-- This site is optimized with the Yoast SEO plugin v26.8 - https:\/\/yoast.com\/product\/yoast-seo-wordpress\/ -->\n<title>Zlevn\u011bn\u00fd Sapho Keramick\u00e1 sprchov\u00e1 vani\u010dka, obd\u00e9ln\u00edk 140x70x2cm, agave mat 46140704 -<\/title>\n<meta name=\"robots\" content=\"index, follow, max-snippet:-1, max-image-preview:large, max-video-preview:-1\" \/>\n<link rel=\"canonical\" href=\"https:\/\/www.oknobuild.com\/index.php\/produkt\/zlevneny-sapho-keramicka-sprchova-vanicka-obdelnik-140x70x2cm-agave-mat-46140704-73739\/\" \/>\n<meta property=\"og:locale\" content=\"cs_CZ\" \/>\n<meta property=\"og:type\" content=\"article\" \/>\n<meta property=\"og:title\" content=\"Zlevn\u011bn\u00fd Sapho Keramick\u00e1 sprchov\u00e1 vani\u010dka, obd\u00e9ln\u00edk 140x70x2cm, agave mat 46140704 -\" \/>\n<meta property=\"og:description\" content=\"Detailn\u00ed popis produktu Keramick\u00e9 vani\u010dky EXTRA FLAT v&nbsp;modern\u00edm designu a n\u00edzk\u00e9 v\u00fd\u0161ce jsou obl\u00edben\u00e9 pro sv\u00e9 praktick\u00e9 vlastnosti &#8211; stoprocentn\u00ed tvarovou st\u00e1lost, odolnost proti po\u0161kr\u00e1b\u00e1n\u00ed, snadnou \u00fadr\u017ebu a neomezenou \u017eivotnost. Nav\u00edc jsou opat\u0159eny protiskluzovou keramickou strukturou. Vani\u010dky umo\u017e\u0148uj\u00ed instalaci na podlahu nebo s \u00farovn\u00ed podlahy se zapu\u0161t\u011bn\u00fdm sifonem i&nbsp;klasick\u00e9 podezd\u011bn\u00ed vani\u010dky. Boky vani\u010dek, kter\u00e9 jsou [&hellip;]\" \/>\n<meta property=\"og:url\" content=\"https:\/\/www.oknobuild.com\/index.php\/produkt\/zlevneny-sapho-keramicka-sprchova-vanicka-obdelnik-140x70x2cm-agave-mat-46140704-73739\/\" \/>\n<meta property=\"og:image\" content=\"https:\/\/www.oknobuild.com\/wp-content\/uploads\/2026\/SK0019042-CZ20260425-093631-0-1777080994-328331_sapho-keramicka-sprchova-vanicka--obdelnik-140x70x2c.webp\" \/>\n\t<meta property=\"og:image:width\" content=\"1000\" \/>\n\t<meta property=\"og:image:height\" content=\"750\" \/>\n\t<meta property=\"og:image:type\" content=\"image\/webp\" \/>\n<meta name=\"twitter:card\" content=\"summary_large_image\" \/>\n<meta name=\"twitter:label1\" content=\"Odhadovan\u00e1 doba \u010dten\u00ed\" \/>\n\t<meta name=\"twitter:data1\" content=\"1 minuta\" \/>\n<script type=\"application\/ld+json\" class=\"yoast-schema-graph\">{\"@context\":\"https:\/\/schema.org\",\"@graph\":[{\"@type\":\"WebPage\",\"@id\":\"https:\/\/www.oknobuild.com\/index.php\/produkt\/zlevneny-sapho-keramicka-sprchova-vanicka-obdelnik-140x70x2cm-agave-mat-46140704-73739\/\",\"url\":\"https:\/\/www.oknobuild.com\/index.php\/produkt\/zlevneny-sapho-keramicka-sprchova-vanicka-obdelnik-140x70x2cm-agave-mat-46140704-73739\/\",\"name\":\"Zlevn\u011bn\u00fd Sapho Keramick\u00e1 sprchov\u00e1 vani\u010dka, obd\u00e9ln\u00edk 140x70x2cm, agave mat 46140704 -\",\"isPartOf\":{\"@id\":\"https:\/\/www.oknobuild.com\/#website\"},\"primaryImageOfPage\":{\"@id\":\"https:\/\/www.oknobuild.com\/index.php\/produkt\/zlevneny-sapho-keramicka-sprchova-vanicka-obdelnik-140x70x2cm-agave-mat-46140704-73739\/#primaryimage\"},\"image\":{\"@id\":\"https:\/\/www.oknobuild.com\/index.php\/produkt\/zlevneny-sapho-keramicka-sprchova-vanicka-obdelnik-140x70x2cm-agave-mat-46140704-73739\/#primaryimage\"},\"thumbnailUrl\":\"https:\/\/www.oknobuild.com\/wp-content\/uploads\/2026\/SK0019042-CZ20260425-093631-0-1777080994-328331_sapho-keramicka-sprchova-vanicka--obdelnik-140x70x2c.webp\",\"datePublished\":\"2026-04-27T04:43:55+00:00\",\"breadcrumb\":{\"@id\":\"https:\/\/www.oknobuild.com\/index.php\/produkt\/zlevneny-sapho-keramicka-sprchova-vanicka-obdelnik-140x70x2cm-agave-mat-46140704-73739\/#breadcrumb\"},\"inLanguage\":\"cs\",\"potentialAction\":[{\"@type\":\"ReadAction\",\"target\":[\"https:\/\/www.oknobuild.com\/index.php\/produkt\/zlevneny-sapho-keramicka-sprchova-vanicka-obdelnik-140x70x2cm-agave-mat-46140704-73739\/\"]}]},{\"@type\":\"ImageObject\",\"inLanguage\":\"cs\",\"@id\":\"https:\/\/www.oknobuild.com\/index.php\/produkt\/zlevneny-sapho-keramicka-sprchova-vanicka-obdelnik-140x70x2cm-agave-mat-46140704-73739\/#primaryimage\",\"url\":\"https:\/\/www.oknobuild.com\/wp-content\/uploads\/2026\/SK0019042-CZ20260425-093631-0-1777080994-328331_sapho-keramicka-sprchova-vanicka--obdelnik-140x70x2c.webp\",\"contentUrl\":\"https:\/\/www.oknobuild.com\/wp-content\/uploads\/2026\/SK0019042-CZ20260425-093631-0-1777080994-328331_sapho-keramicka-sprchova-vanicka--obdelnik-140x70x2c.webp\",\"width\":1000,\"height\":750},{\"@type\":\"BreadcrumbList\",\"@id\":\"https:\/\/www.oknobuild.com\/index.php\/produkt\/zlevneny-sapho-keramicka-sprchova-vanicka-obdelnik-140x70x2cm-agave-mat-46140704-73739\/#breadcrumb\",\"itemListElement\":[{\"@type\":\"ListItem\",\"position\":1,\"name\":\"Home\",\"item\":\"https:\/\/www.oknobuild.com\/\"},{\"@type\":\"ListItem\",\"position\":2,\"name\":\"Products\",\"item\":\"https:\/\/www.oknobuild.com\/index.php\/products\/\"},{\"@type\":\"ListItem\",\"position\":3,\"name\":\"Zlevn\u011bn\u00fd Sapho Keramick\u00e1 sprchov\u00e1 vani\u010dka, obd\u00e9ln\u00edk 140x70x2cm, agave mat 46140704\"}]},{\"@type\":\"WebSite\",\"@id\":\"https:\/\/www.oknobuild.com\/#website\",\"url\":\"https:\/\/www.oknobuild.com\/\",\"name\":\"\",\"description\":\"\",\"potentialAction\":[{\"@type\":\"SearchAction\",\"target\":{\"@type\":\"EntryPoint\",\"urlTemplate\":\"https:\/\/www.oknobuild.com\/?s={search_term_string}\"},\"query-input\":{\"@type\":\"PropertyValueSpecification\",\"valueRequired\":true,\"valueName\":\"search_term_string\"}}],\"inLanguage\":\"cs\"}]}<\/script>\n<!-- \/ Yoast SEO plugin. -->","yoast_head_json":{"title":"Zlevn\u011bn\u00fd Sapho Keramick\u00e1 sprchov\u00e1 vani\u010dka, obd\u00e9ln\u00edk 140x70x2cm, agave mat 46140704 -","robots":{"index":"index","follow":"follow","max-snippet":"max-snippet:-1","max-image-preview":"max-image-preview:large","max-video-preview":"max-video-preview:-1"},"canonical":"https:\/\/www.oknobuild.com\/index.php\/produkt\/zlevneny-sapho-keramicka-sprchova-vanicka-obdelnik-140x70x2cm-agave-mat-46140704-73739\/","og_locale":"cs_CZ","og_type":"article","og_title":"Zlevn\u011bn\u00fd Sapho Keramick\u00e1 sprchov\u00e1 vani\u010dka, obd\u00e9ln\u00edk 140x70x2cm, agave mat 46140704 -","og_description":"Detailn\u00ed popis produktu Keramick\u00e9 vani\u010dky EXTRA FLAT v&nbsp;modern\u00edm designu a n\u00edzk\u00e9 v\u00fd\u0161ce jsou obl\u00edben\u00e9 pro sv\u00e9 praktick\u00e9 vlastnosti &#8211; stoprocentn\u00ed tvarovou st\u00e1lost, odolnost proti po\u0161kr\u00e1b\u00e1n\u00ed, snadnou \u00fadr\u017ebu a neomezenou \u017eivotnost. Nav\u00edc jsou opat\u0159eny protiskluzovou keramickou strukturou. Vani\u010dky umo\u017e\u0148uj\u00ed instalaci na podlahu nebo s \u00farovn\u00ed podlahy se zapu\u0161t\u011bn\u00fdm sifonem i&nbsp;klasick\u00e9 podezd\u011bn\u00ed vani\u010dky. Boky vani\u010dek, kter\u00e9 jsou [&hellip;]","og_url":"https:\/\/www.oknobuild.com\/index.php\/produkt\/zlevneny-sapho-keramicka-sprchova-vanicka-obdelnik-140x70x2cm-agave-mat-46140704-73739\/","og_image":[{"width":1000,"height":750,"url":"https:\/\/www.oknobuild.com\/wp-content\/uploads\/2026\/SK0019042-CZ20260425-093631-0-1777080994-328331_sapho-keramicka-sprchova-vanicka--obdelnik-140x70x2c.webp","type":"image\/webp"}],"twitter_card":"summary_large_image","twitter_misc":{"Odhadovan\u00e1 doba \u010dten\u00ed":"1 minuta"},"schema":{"@context":"https:\/\/schema.org","@graph":[{"@type":"WebPage","@id":"https:\/\/www.oknobuild.com\/index.php\/produkt\/zlevneny-sapho-keramicka-sprchova-vanicka-obdelnik-140x70x2cm-agave-mat-46140704-73739\/","url":"https:\/\/www.oknobuild.com\/index.php\/produkt\/zlevneny-sapho-keramicka-sprchova-vanicka-obdelnik-140x70x2cm-agave-mat-46140704-73739\/","name":"Zlevn\u011bn\u00fd Sapho Keramick\u00e1 sprchov\u00e1 vani\u010dka, obd\u00e9ln\u00edk 140x70x2cm, agave mat 46140704 -","isPartOf":{"@id":"https:\/\/www.oknobuild.com\/#website"},"primaryImageOfPage":{"@id":"https:\/\/www.oknobuild.com\/index.php\/produkt\/zlevneny-sapho-keramicka-sprchova-vanicka-obdelnik-140x70x2cm-agave-mat-46140704-73739\/#primaryimage"},"image":{"@id":"https:\/\/www.oknobuild.com\/index.php\/produkt\/zlevneny-sapho-keramicka-sprchova-vanicka-obdelnik-140x70x2cm-agave-mat-46140704-73739\/#primaryimage"},"thumbnailUrl":"https:\/\/www.oknobuild.com\/wp-content\/uploads\/2026\/SK0019042-CZ20260425-093631-0-1777080994-328331_sapho-keramicka-sprchova-vanicka--obdelnik-140x70x2c.webp","datePublished":"2026-04-27T04:43:55+00:00","breadcrumb":{"@id":"https:\/\/www.oknobuild.com\/index.php\/produkt\/zlevneny-sapho-keramicka-sprchova-vanicka-obdelnik-140x70x2cm-agave-mat-46140704-73739\/#breadcrumb"},"inLanguage":"cs","potentialAction":[{"@type":"ReadAction","target":["https:\/\/www.oknobuild.com\/index.php\/produkt\/zlevneny-sapho-keramicka-sprchova-vanicka-obdelnik-140x70x2cm-agave-mat-46140704-73739\/"]}]},{"@type":"ImageObject","inLanguage":"cs","@id":"https:\/\/www.oknobuild.com\/index.php\/produkt\/zlevneny-sapho-keramicka-sprchova-vanicka-obdelnik-140x70x2cm-agave-mat-46140704-73739\/#primaryimage","url":"https:\/\/www.oknobuild.com\/wp-content\/uploads\/2026\/SK0019042-CZ20260425-093631-0-1777080994-328331_sapho-keramicka-sprchova-vanicka--obdelnik-140x70x2c.webp","contentUrl":"https:\/\/www.oknobuild.com\/wp-content\/uploads\/2026\/SK0019042-CZ20260425-093631-0-1777080994-328331_sapho-keramicka-sprchova-vanicka--obdelnik-140x70x2c.webp","width":1000,"height":750},{"@type":"BreadcrumbList","@id":"https:\/\/www.oknobuild.com\/index.php\/produkt\/zlevneny-sapho-keramicka-sprchova-vanicka-obdelnik-140x70x2cm-agave-mat-46140704-73739\/#breadcrumb","itemListElement":[{"@type":"ListItem","position":1,"name":"Home","item":"https:\/\/www.oknobuild.com\/"},{"@type":"ListItem","position":2,"name":"Products","item":"https:\/\/www.oknobuild.com\/index.php\/products\/"},{"@type":"ListItem","position":3,"name":"Zlevn\u011bn\u00fd Sapho Keramick\u00e1 sprchov\u00e1 vani\u010dka, obd\u00e9ln\u00edk 140x70x2cm, agave mat 46140704"}]},{"@type":"WebSite","@id":"https:\/\/www.oknobuild.com\/#website","url":"https:\/\/www.oknobuild.com\/","name":"","description":"","potentialAction":[{"@type":"SearchAction","target":{"@type":"EntryPoint","urlTemplate":"https:\/\/www.oknobuild.com\/?s={search_term_string}"},"query-input":{"@type":"PropertyValueSpecification","valueRequired":true,"valueName":"search_term_string"}}],"inLanguage":"cs"}]}},"_links":{"self":[{"href":"https:\/\/www.oknobuild.com\/index.php\/wp-json\/wp\/v2\/product\/73739","targetHints":{"allow":["GET"]}}],"collection":[{"href":"https:\/\/www.oknobuild.com\/index.php\/wp-json\/wp\/v2\/product"}],"about":[{"href":"https:\/\/www.oknobuild.com\/index.php\/wp-json\/wp\/v2\/types\/product"}],"replies":[{"embeddable":true,"href":"https:\/\/www.oknobuild.com\/index.php\/wp-json\/wp\/v2\/comments?post=73739"}],"wp:featuredmedia":[{"embeddable":true,"href":"https:\/\/www.oknobuild.com\/index.php\/wp-json\/wp\/v2\/media\/73839"}],"wp:attachment":[{"href":"https:\/\/www.oknobuild.com\/index.php\/wp-json\/wp\/v2\/media?parent=73739"}],"wp:term":[{"taxonomy":"product_brand","embeddable":true,"href":"https:\/\/www.oknobuild.com\/index.php\/wp-json\/wp\/v2\/product_brand?post=73739"},{"taxonomy":"product_cat","embeddable":true,"href":"https:\/\/www.oknobuild.com\/index.php\/wp-json\/wp\/v2\/product_cat?post=73739"},{"taxonomy":"product_tag","embeddable":true,"href":"https:\/\/www.oknobuild.com\/index.php\/wp-json\/wp\/v2\/product_tag?post=73739"}],"curies":[{"name":"wp","href":"https:\/\/api.w.org\/{rel}","templated":true}]}}