{"id":74708,"date":"2026-04-27T04:43:58","date_gmt":"2026-04-27T04:43:58","guid":{"rendered":""},"modified":"2026-04-27T04:43:58","modified_gmt":"2026-04-27T04:43:58","slug":"znackovy-sapho-rona-stojankova-drezova-baterie-med-mat-jk125pg-74708","status":"publish","type":"product","link":"https:\/\/www.oknobuild.com\/index.php\/produkt\/znackovy-sapho-rona-stojankova-drezova-baterie-med-mat-jk125pg-74708\/","title":{"rendered":"Zna\u010dkov\u00fd Sapho RONA stoj\u00e1nkov\u00e1 d\u0159ezov\u00e1 baterie, m\u011b\u010f mat JK125PG"},"content":{"rendered":"<div class=\"basic-description\">\n<h3>Detailn\u00ed popis produktu<\/h3>\n<p><\/p>\n<h2 class=\"props-title\">Vlastnosti<\/h2>\n<table>\n<tr>\n<th>Zna\u010dka<\/th>\n<td>SAPHO<\/td>\n<\/tr>\n<tr>\n<th>3D model<\/th>\n<td>ANO<\/td>\n<\/tr>\n<tr>\n<th>\u0160\u00ed\u0159ka<\/th>\n<td>99&nbsp;mm<\/td>\n<\/tr>\n<tr>\n<th>V\u00fd\u0161ka<\/th>\n<td>315&nbsp;mm<\/td>\n<\/tr>\n<tr>\n<th>Barva<\/th>\n<td>M\u011b\u010f mat<\/td>\n<\/tr>\n<tr>\n<th>Materi\u00e1l<\/th>\n<td>Mosaz<\/td>\n<\/tr>\n<tr>\n<th>Tvar<\/th>\n<td>Kruhov\u00e9<\/td>\n<\/tr>\n<tr>\n<th>Instalace<\/th>\n<td>Stoj\u00e1nkov\u00e1<\/td>\n<\/tr>\n<tr>\n<th>Druh ovl\u00e1d\u00e1n\u00ed<\/th>\n<td>P\u00e1ka<\/td>\n<\/tr>\n<tr>\n<th>Pr\u016fm\u011br kartu\u0161e<\/th>\n<td>35&nbsp;mm<\/td>\n<\/tr>\n<tr>\n<th>V\u00fd\u0161ka v\u00fdtoku<\/th>\n<td>284&nbsp;mm<\/td>\n<\/tr>\n<tr>\n<th>Ostatn\u00ed<\/th>\n<td>Oto\u010dn\u00e9 ram\u00ednko<\/td>\n<\/tr>\n<tr>\n<th>Hmotnost \/ ks<\/th>\n<td>1.7200&nbsp;kg<\/td>\n<\/tr>\n<tr>\n<th>Balen\u00ed<\/th>\n<td>1&nbsp;ks<\/td>\n<\/tr>\n<tr>\n<th>EAN<\/th>\n<td>8590913995422<\/td>\n<\/tr>\n<tr>\n<th>Taric<\/th>\n<td>84818011<\/td>\n<\/tr>\n<tr>\n<th>Z\u00e1ruka<\/th>\n<td>6 let<\/td>\n<\/tr>\n<\/table><\/div>\n","protected":false},"excerpt":{"rendered":"<p>Detailn\u00ed popis produktu Vlastnosti Zna\u010dka SAPHO 3D model ANO \u0160\u00ed\u0159ka 99&nbsp;mm V\u00fd\u0161ka 315&nbsp;mm Barva M\u011b\u010f mat Materi\u00e1l Mosaz Tvar Kruhov\u00e9 Instalace Stoj\u00e1nkov\u00e1 Druh ovl\u00e1d\u00e1n\u00ed P\u00e1ka Pr\u016fm\u011br kartu\u0161e 35&nbsp;mm V\u00fd\u0161ka v\u00fdtoku 284&nbsp;mm Ostatn\u00ed Oto\u010dn\u00e9 ram\u00ednko Hmotnost \/ ks 1.7200&nbsp;kg Balen\u00ed 1&nbsp;ks EAN 8590913995422 Taric 84818011 Z\u00e1ruka 6 let<\/p>\n","protected":false},"featured_media":74808,"comment_status":"open","ping_status":"open","template":"","meta":[],"product_brand":[],"product_cat":[54],"product_tag":[],"class_list":{"0":"post-74708","1":"product","2":"type-product","3":"status-publish","4":"has-post-thumbnail","6":"product_cat-vodovodni-baterie","8":"first","9":"instock","10":"sale","11":"shipping-taxable","12":"purchasable","13":"product-type-simple"},"yoast_head":"<!-- This site is optimized with the Yoast SEO plugin v26.8 - https:\/\/yoast.com\/product\/yoast-seo-wordpress\/ -->\n<title>Zna\u010dkov\u00fd Sapho RONA stoj\u00e1nkov\u00e1 d\u0159ezov\u00e1 baterie, m\u011b\u010f mat JK125PG -<\/title>\n<meta name=\"robots\" content=\"index, follow, max-snippet:-1, max-image-preview:large, max-video-preview:-1\" \/>\n<link rel=\"canonical\" href=\"https:\/\/www.oknobuild.com\/index.php\/produkt\/znackovy-sapho-rona-stojankova-drezova-baterie-med-mat-jk125pg-74708\/\" \/>\n<meta property=\"og:locale\" content=\"cs_CZ\" \/>\n<meta property=\"og:type\" content=\"article\" \/>\n<meta property=\"og:title\" content=\"Zna\u010dkov\u00fd Sapho RONA stoj\u00e1nkov\u00e1 d\u0159ezov\u00e1 baterie, m\u011b\u010f mat JK125PG -\" \/>\n<meta property=\"og:description\" content=\"Detailn\u00ed popis produktu Vlastnosti Zna\u010dka SAPHO 3D model ANO \u0160\u00ed\u0159ka 99&nbsp;mm V\u00fd\u0161ka 315&nbsp;mm Barva M\u011b\u010f mat Materi\u00e1l Mosaz Tvar Kruhov\u00e9 Instalace Stoj\u00e1nkov\u00e1 Druh ovl\u00e1d\u00e1n\u00ed P\u00e1ka Pr\u016fm\u011br kartu\u0161e 35&nbsp;mm V\u00fd\u0161ka v\u00fdtoku 284&nbsp;mm Ostatn\u00ed Oto\u010dn\u00e9 ram\u00ednko Hmotnost \/ ks 1.7200&nbsp;kg Balen\u00ed 1&nbsp;ks EAN 8590913995422 Taric 84818011 Z\u00e1ruka 6 let\" \/>\n<meta property=\"og:url\" content=\"https:\/\/www.oknobuild.com\/index.php\/produkt\/znackovy-sapho-rona-stojankova-drezova-baterie-med-mat-jk125pg-74708\/\" \/>\n<meta property=\"og:image\" content=\"https:\/\/www.oknobuild.com\/wp-content\/uploads\/2026\/SK0019550-CZ20260425-093631-0-1777080994-329867-1_jk125pg-259553463636833.webp\" \/>\n\t<meta property=\"og:image:width\" content=\"1000\" \/>\n\t<meta property=\"og:image:height\" content=\"750\" \/>\n\t<meta property=\"og:image:type\" content=\"image\/webp\" \/>\n<meta name=\"twitter:card\" content=\"summary_large_image\" \/>\n<script type=\"application\/ld+json\" class=\"yoast-schema-graph\">{\"@context\":\"https:\/\/schema.org\",\"@graph\":[{\"@type\":\"WebPage\",\"@id\":\"https:\/\/www.oknobuild.com\/index.php\/produkt\/znackovy-sapho-rona-stojankova-drezova-baterie-med-mat-jk125pg-74708\/\",\"url\":\"https:\/\/www.oknobuild.com\/index.php\/produkt\/znackovy-sapho-rona-stojankova-drezova-baterie-med-mat-jk125pg-74708\/\",\"name\":\"Zna\u010dkov\u00fd Sapho RONA stoj\u00e1nkov\u00e1 d\u0159ezov\u00e1 baterie, m\u011b\u010f mat JK125PG -\",\"isPartOf\":{\"@id\":\"https:\/\/www.oknobuild.com\/#website\"},\"primaryImageOfPage\":{\"@id\":\"https:\/\/www.oknobuild.com\/index.php\/produkt\/znackovy-sapho-rona-stojankova-drezova-baterie-med-mat-jk125pg-74708\/#primaryimage\"},\"image\":{\"@id\":\"https:\/\/www.oknobuild.com\/index.php\/produkt\/znackovy-sapho-rona-stojankova-drezova-baterie-med-mat-jk125pg-74708\/#primaryimage\"},\"thumbnailUrl\":\"https:\/\/www.oknobuild.com\/wp-content\/uploads\/2026\/SK0019550-CZ20260425-093631-0-1777080994-329867-1_jk125pg-259553463636833.webp\",\"datePublished\":\"2026-04-27T04:43:58+00:00\",\"breadcrumb\":{\"@id\":\"https:\/\/www.oknobuild.com\/index.php\/produkt\/znackovy-sapho-rona-stojankova-drezova-baterie-med-mat-jk125pg-74708\/#breadcrumb\"},\"inLanguage\":\"cs\",\"potentialAction\":[{\"@type\":\"ReadAction\",\"target\":[\"https:\/\/www.oknobuild.com\/index.php\/produkt\/znackovy-sapho-rona-stojankova-drezova-baterie-med-mat-jk125pg-74708\/\"]}]},{\"@type\":\"ImageObject\",\"inLanguage\":\"cs\",\"@id\":\"https:\/\/www.oknobuild.com\/index.php\/produkt\/znackovy-sapho-rona-stojankova-drezova-baterie-med-mat-jk125pg-74708\/#primaryimage\",\"url\":\"https:\/\/www.oknobuild.com\/wp-content\/uploads\/2026\/SK0019550-CZ20260425-093631-0-1777080994-329867-1_jk125pg-259553463636833.webp\",\"contentUrl\":\"https:\/\/www.oknobuild.com\/wp-content\/uploads\/2026\/SK0019550-CZ20260425-093631-0-1777080994-329867-1_jk125pg-259553463636833.webp\",\"width\":1000,\"height\":750},{\"@type\":\"BreadcrumbList\",\"@id\":\"https:\/\/www.oknobuild.com\/index.php\/produkt\/znackovy-sapho-rona-stojankova-drezova-baterie-med-mat-jk125pg-74708\/#breadcrumb\",\"itemListElement\":[{\"@type\":\"ListItem\",\"position\":1,\"name\":\"Home\",\"item\":\"https:\/\/www.oknobuild.com\/\"},{\"@type\":\"ListItem\",\"position\":2,\"name\":\"Products\",\"item\":\"https:\/\/www.oknobuild.com\/index.php\/products\/\"},{\"@type\":\"ListItem\",\"position\":3,\"name\":\"Zna\u010dkov\u00fd Sapho RONA stoj\u00e1nkov\u00e1 d\u0159ezov\u00e1 baterie, m\u011b\u010f mat JK125PG\"}]},{\"@type\":\"WebSite\",\"@id\":\"https:\/\/www.oknobuild.com\/#website\",\"url\":\"https:\/\/www.oknobuild.com\/\",\"name\":\"\",\"description\":\"\",\"potentialAction\":[{\"@type\":\"SearchAction\",\"target\":{\"@type\":\"EntryPoint\",\"urlTemplate\":\"https:\/\/www.oknobuild.com\/?s={search_term_string}\"},\"query-input\":{\"@type\":\"PropertyValueSpecification\",\"valueRequired\":true,\"valueName\":\"search_term_string\"}}],\"inLanguage\":\"cs\"}]}<\/script>\n<!-- \/ Yoast SEO plugin. -->","yoast_head_json":{"title":"Zna\u010dkov\u00fd Sapho RONA stoj\u00e1nkov\u00e1 d\u0159ezov\u00e1 baterie, m\u011b\u010f mat JK125PG -","robots":{"index":"index","follow":"follow","max-snippet":"max-snippet:-1","max-image-preview":"max-image-preview:large","max-video-preview":"max-video-preview:-1"},"canonical":"https:\/\/www.oknobuild.com\/index.php\/produkt\/znackovy-sapho-rona-stojankova-drezova-baterie-med-mat-jk125pg-74708\/","og_locale":"cs_CZ","og_type":"article","og_title":"Zna\u010dkov\u00fd Sapho RONA stoj\u00e1nkov\u00e1 d\u0159ezov\u00e1 baterie, m\u011b\u010f mat JK125PG -","og_description":"Detailn\u00ed popis produktu Vlastnosti Zna\u010dka SAPHO 3D model ANO \u0160\u00ed\u0159ka 99&nbsp;mm V\u00fd\u0161ka 315&nbsp;mm Barva M\u011b\u010f mat Materi\u00e1l Mosaz Tvar Kruhov\u00e9 Instalace Stoj\u00e1nkov\u00e1 Druh ovl\u00e1d\u00e1n\u00ed P\u00e1ka Pr\u016fm\u011br kartu\u0161e 35&nbsp;mm V\u00fd\u0161ka v\u00fdtoku 284&nbsp;mm Ostatn\u00ed Oto\u010dn\u00e9 ram\u00ednko Hmotnost \/ ks 1.7200&nbsp;kg Balen\u00ed 1&nbsp;ks EAN 8590913995422 Taric 84818011 Z\u00e1ruka 6 let","og_url":"https:\/\/www.oknobuild.com\/index.php\/produkt\/znackovy-sapho-rona-stojankova-drezova-baterie-med-mat-jk125pg-74708\/","og_image":[{"width":1000,"height":750,"url":"https:\/\/www.oknobuild.com\/wp-content\/uploads\/2026\/SK0019550-CZ20260425-093631-0-1777080994-329867-1_jk125pg-259553463636833.webp","type":"image\/webp"}],"twitter_card":"summary_large_image","schema":{"@context":"https:\/\/schema.org","@graph":[{"@type":"WebPage","@id":"https:\/\/www.oknobuild.com\/index.php\/produkt\/znackovy-sapho-rona-stojankova-drezova-baterie-med-mat-jk125pg-74708\/","url":"https:\/\/www.oknobuild.com\/index.php\/produkt\/znackovy-sapho-rona-stojankova-drezova-baterie-med-mat-jk125pg-74708\/","name":"Zna\u010dkov\u00fd Sapho RONA stoj\u00e1nkov\u00e1 d\u0159ezov\u00e1 baterie, m\u011b\u010f mat JK125PG -","isPartOf":{"@id":"https:\/\/www.oknobuild.com\/#website"},"primaryImageOfPage":{"@id":"https:\/\/www.oknobuild.com\/index.php\/produkt\/znackovy-sapho-rona-stojankova-drezova-baterie-med-mat-jk125pg-74708\/#primaryimage"},"image":{"@id":"https:\/\/www.oknobuild.com\/index.php\/produkt\/znackovy-sapho-rona-stojankova-drezova-baterie-med-mat-jk125pg-74708\/#primaryimage"},"thumbnailUrl":"https:\/\/www.oknobuild.com\/wp-content\/uploads\/2026\/SK0019550-CZ20260425-093631-0-1777080994-329867-1_jk125pg-259553463636833.webp","datePublished":"2026-04-27T04:43:58+00:00","breadcrumb":{"@id":"https:\/\/www.oknobuild.com\/index.php\/produkt\/znackovy-sapho-rona-stojankova-drezova-baterie-med-mat-jk125pg-74708\/#breadcrumb"},"inLanguage":"cs","potentialAction":[{"@type":"ReadAction","target":["https:\/\/www.oknobuild.com\/index.php\/produkt\/znackovy-sapho-rona-stojankova-drezova-baterie-med-mat-jk125pg-74708\/"]}]},{"@type":"ImageObject","inLanguage":"cs","@id":"https:\/\/www.oknobuild.com\/index.php\/produkt\/znackovy-sapho-rona-stojankova-drezova-baterie-med-mat-jk125pg-74708\/#primaryimage","url":"https:\/\/www.oknobuild.com\/wp-content\/uploads\/2026\/SK0019550-CZ20260425-093631-0-1777080994-329867-1_jk125pg-259553463636833.webp","contentUrl":"https:\/\/www.oknobuild.com\/wp-content\/uploads\/2026\/SK0019550-CZ20260425-093631-0-1777080994-329867-1_jk125pg-259553463636833.webp","width":1000,"height":750},{"@type":"BreadcrumbList","@id":"https:\/\/www.oknobuild.com\/index.php\/produkt\/znackovy-sapho-rona-stojankova-drezova-baterie-med-mat-jk125pg-74708\/#breadcrumb","itemListElement":[{"@type":"ListItem","position":1,"name":"Home","item":"https:\/\/www.oknobuild.com\/"},{"@type":"ListItem","position":2,"name":"Products","item":"https:\/\/www.oknobuild.com\/index.php\/products\/"},{"@type":"ListItem","position":3,"name":"Zna\u010dkov\u00fd Sapho RONA stoj\u00e1nkov\u00e1 d\u0159ezov\u00e1 baterie, m\u011b\u010f mat JK125PG"}]},{"@type":"WebSite","@id":"https:\/\/www.oknobuild.com\/#website","url":"https:\/\/www.oknobuild.com\/","name":"","description":"","potentialAction":[{"@type":"SearchAction","target":{"@type":"EntryPoint","urlTemplate":"https:\/\/www.oknobuild.com\/?s={search_term_string}"},"query-input":{"@type":"PropertyValueSpecification","valueRequired":true,"valueName":"search_term_string"}}],"inLanguage":"cs"}]}},"_links":{"self":[{"href":"https:\/\/www.oknobuild.com\/index.php\/wp-json\/wp\/v2\/product\/74708","targetHints":{"allow":["GET"]}}],"collection":[{"href":"https:\/\/www.oknobuild.com\/index.php\/wp-json\/wp\/v2\/product"}],"about":[{"href":"https:\/\/www.oknobuild.com\/index.php\/wp-json\/wp\/v2\/types\/product"}],"replies":[{"embeddable":true,"href":"https:\/\/www.oknobuild.com\/index.php\/wp-json\/wp\/v2\/comments?post=74708"}],"wp:featuredmedia":[{"embeddable":true,"href":"https:\/\/www.oknobuild.com\/index.php\/wp-json\/wp\/v2\/media\/74808"}],"wp:attachment":[{"href":"https:\/\/www.oknobuild.com\/index.php\/wp-json\/wp\/v2\/media?parent=74708"}],"wp:term":[{"taxonomy":"product_brand","embeddable":true,"href":"https:\/\/www.oknobuild.com\/index.php\/wp-json\/wp\/v2\/product_brand?post=74708"},{"taxonomy":"product_cat","embeddable":true,"href":"https:\/\/www.oknobuild.com\/index.php\/wp-json\/wp\/v2\/product_cat?post=74708"},{"taxonomy":"product_tag","embeddable":true,"href":"https:\/\/www.oknobuild.com\/index.php\/wp-json\/wp\/v2\/product_tag?post=74708"}],"curies":[{"name":"wp","href":"https:\/\/api.w.org\/{rel}","templated":true}]}}